CREATE TABLE IF NOT EXISTS `llx_product_pricerules` (
  `rowid` int(11) NOT NULL AUTO_INCREMENT,
  `level` int(11) NOT NULL,
  `fk_level` int(11) NOT NULL,
  `var_percent` double NOT NULL,
  `var_min_percent` double NOT NULL,
  PRIMARY KEY (`rowid`),
  UNIQUE KEY `unique_level` (`level`)
) ENGINE=InnoDB DEFAULT CHARSET=utf8 COLLATE=utf8_unicode_ci;

-- --------------------------------------------------------

--
-- Structure de la table `llx_product_price_by_qty`
--

CREATE TABLE IF NOT EXISTS `llx_product_price_by_qty` (
  `rowid` int(11) NOT NULL AUTO_INCREMENT,
  `fk_product_price` int(11) NOT NULL,
  `price` double(24,8) DEFAULT '0.00000000',
  `price_base_type` varchar(3) COLLATE utf8_unicode_ci DEFAULT 'HT',
  `quantity` double DEFAULT NULL,
  `remise_percent` double NOT NULL DEFAULT '0',
  `remise` double NOT NULL DEFAULT '0',
  `unitprice` double(24,8) DEFAULT '0.00000000',
  `fk_user_creat` int(11) DEFAULT NULL,
  `fk_user_modif` int(11) DEFAULT NULL,
  `fk_multicurrency` int(11) DEFAULT NULL,
  `multicurrency_code` varchar(3) COLLATE utf8_unicode_ci DEFAULT NULL,
  `multicurrency_tx` double(24,8) DEFAULT '1.00000000',
  `multicurrency_price` double(24,8) DEFAULT NULL,
  `multicurrency_price_ttc` double(24,8) DEFAULT NULL,
  `tms` timestamp NULL DEFAULT CURRENT_TIMESTAMP ON UPDATE CURRENT_TIMESTAMP,
  `import_key` varchar(14) COLLATE utf8_unicode_ci DEFAULT NULL,
  PRIMARY KEY (`rowid`),
  UNIQUE KEY `uk_product_price_by_qty_level` (`fk_product_price`,`quantity`),
  KEY `idx_product_price_by_qty_fk_product_price` (`fk_product_price`)
) ENGINE=InnoDB DEFAULT CHARSET=utf8 COLLATE=utf8_unicode_ci;

-- --------------------------------------------------------

--
-- Structure de la table `llx_product_price_extrafields`
--

CREATE TABLE IF NOT EXISTS `llx_product_price_extrafields` (
  `rowid` int(11) NOT NULL AUTO_INCREMENT,
  `tms` timestamp NULL DEFAULT CURRENT_TIMESTAMP ON UPDATE CURRENT_TIMESTAMP,
  `fk_object` int(11) NOT NULL,
  `import_key` varchar(14) COLLATE utf8_unicode_ci DEFAULT NULL,
  PRIMARY KEY (`rowid`),
  UNIQUE KEY `uk_product_price_extrafields` (`fk_object`)
) ENGINE=InnoDB DEFAULT CHARSET=utf8 COLLATE=utf8_unicode_ci;

-- --------------------------------------------------------

--
-- Structure de la table `llx_product_stock`
--

CREATE TABLE IF NOT EXISTS `llx_product_stock` (
  `rowid` int(11) NOT NULL AUTO_INCREMENT,
  `tms` timestamp NULL DEFAULT CURRENT_TIMESTAMP ON UPDATE CURRENT_TIMESTAMP,
  `fk_product` int(11) NOT NULL,
  `fk_entrepot` int(11) NOT NULL,
  `reel` double DEFAULT NULL,
  `import_key` varchar(14) COLLATE utf8_unicode_ci DEFAULT NULL,
  PRIMARY KEY (`rowid`),
  UNIQUE KEY `uk_product_stock` (`fk_product`,`fk_entrepot`),
  KEY `idx_product_stock_fk_product` (`fk_product`),
  KEY `idx_product_stock_fk_entrepot` (`fk_entrepot`)
) ENGINE=InnoDB AUTO_INCREMENT=3 DEFAULT CHARSET=utf8 COLLATE=utf8_unicode_ci;

--
-- Déchargement des données de la table `llx_product_stock`
--

INSERT INTO `llx_product_stock` (`rowid`, `tms`, `fk_product`, `fk_entrepot`, `reel`, `import_key`) VALUES
(1, '2025-12-24 14:19:04', 2464, 1, 30, NULL),
(2, '2025-12-26 11:00:09', 378, 1, 13, NULL);

-- --------------------------------------------------------

--
-- Structure de la table `llx_product_thirdparty`
--

CREATE TABLE IF NOT EXISTS `llx_product_thirdparty` (
  `rowid` int(11) NOT NULL AUTO_INCREMENT,
  `fk_product` int(11) NOT NULL,
  `fk_soc` int(11) NOT NULL,
  `fk_product_thirdparty_relation_type` int(11) NOT NULL,
  `date_start` datetime DEFAULT NULL,
  `date_end` datetime DEFAULT NULL,
  `fk_project` int(11) DEFAULT NULL,
  `description` text COLLATE utf8_unicode_ci,
  `note_public` text COLLATE utf8_unicode_ci,
  `note_private` text COLLATE utf8_unicode_ci,
  `date_creation` datetime NOT NULL,
  `tms` timestamp NULL DEFAULT CURRENT_TIMESTAMP ON UPDATE CURRENT_TIMESTAMP,
  `fk_user_creat` int(11) NOT NULL,
  `fk_user_modif` int(11) DEFAULT NULL,
  `last_main_doc` varchar(255) COLLATE utf8_unicode_ci DEFAULT NULL,
  `import_key` varchar(14) COLLATE utf8_unicode_ci DEFAULT NULL,
  `model_pdf` varchar(255) COLLATE utf8_unicode_ci DEFAULT NULL,
  `status` int(11) NOT NULL DEFAULT '1',
  PRIMARY KEY (`rowid`)
) ENGINE=InnoDB DEFAULT CHARSET=utf8 COLLATE=utf8_unicode_ci;

-- --------------------------------------------------------

--
-- Structure de la table `llx_product_warehouse_properties`
--

CREATE TABLE IF NOT EXISTS `llx_product_warehouse_properties` (
  `rowid` int(11) NOT NULL AUTO_INCREMENT,
  `tms` timestamp NULL DEFAULT CURRENT_TIMESTAMP ON UPDATE CURRENT_TIMESTAMP,
  `fk_product` int(11) NOT NULL,
  `fk_entrepot` int(11) NOT NULL,
  `seuil_stock_alerte` float DEFAULT '0',
  `desiredstock` float DEFAULT '0',
  `import_key` varchar(14) COLLATE utf8_unicode_ci DEFAULT NULL,
  PRIMARY KEY (`rowid`)
) ENGINE=InnoDB DEFAULT CHARSET=utf8 COLLATE=utf8_unicode_ci;

-- --------------------------------------------------------

--
-- Structure de la table `llx_projet`
--

CREATE TABLE IF NOT EXISTS `llx_projet` (
  `rowid` int(11) NOT NULL AUTO_INCREMENT,
  `fk_project` int(11) DEFAULT NULL,
  `fk_soc` int(11) DEFAULT NULL,
  `datec` datetime DEFAULT NULL,
  `tms` timestamp NULL DEFAULT CURRENT_TIMESTAMP ON UPDATE CURRENT_TIMESTAMP,
  `dateo` date DEFAULT NULL,
  `datee` date DEFAULT NULL,
  `ref` varchar(50) COLLATE utf8_unicode_ci DEFAULT NULL,
  `ref_ext` varchar(50) COLLATE utf8_unicode_ci DEFAULT NULL,
  `entity` int(11) NOT NULL DEFAULT '1',
  `title` varchar(255) COLLATE utf8_unicode_ci NOT NULL,
  `description` text COLLATE utf8_unicode_ci,
  `fk_user_creat` int(11) NOT NULL,
  `fk_user_modif` int(11) DEFAULT NULL,
  `public` int(11) DEFAULT NULL,
  `fk_statut` int(11) NOT NULL DEFAULT '0',
  `fk_opp_status` int(11) DEFAULT NULL,
  `opp_percent` double(5,2) DEFAULT NULL,
  `fk_opp_status_end` int(11) DEFAULT NULL,
  `date_close` datetime DEFAULT NULL,
  `fk_user_close` int(11) DEFAULT NULL,
  `note_private` text COLLATE utf8_unicode_ci,
  `note_public` text COLLATE utf8_unicode_ci,
  `email_msgid` varchar(175) COLLATE utf8_unicode_ci DEFAULT NULL,
  `email_date` datetime DEFAULT NULL,
  `opp_amount` double(24,8) DEFAULT NULL,
  `budget_amount` double(24,8) DEFAULT NULL,
  `usage_opportunity` int(11) DEFAULT '0',
  `usage_task` int(11) DEFAULT '1',
  `usage_bill_time` int(11) DEFAULT '0',
  `usage_organize_event` int(11) DEFAULT '0',
  `date_start_event` datetime DEFAULT NULL,
  `date_end_event` datetime DEFAULT NULL,
  `location` varchar(255) COLLATE utf8_unicode_ci DEFAULT NULL,
  `accept_conference_suggestions` int(11) DEFAULT '0',
  `accept_booth_suggestions` int(11) DEFAULT '0',
  `max_attendees` int(11) DEFAULT '0',
  `price_registration` double(24,8) DEFAULT NULL,
  `price_booth` double(24,8) DEFAULT NULL,
  `model_pdf` varchar(255) COLLATE utf8_unicode_ci DEFAULT NULL,
  `ip` varchar(250) COLLATE utf8_unicode_ci DEFAULT NULL,
  `last_main_doc` varchar(255) COLLATE utf8_unicode_ci DEFAULT NULL,
  `import_key` varchar(14) COLLATE utf8_unicode_ci DEFAULT NULL,
  `extraparams` varchar(255) COLLATE utf8_unicode_ci DEFAULT NULL,
  PRIMARY KEY (`rowid`),
  UNIQUE KEY `uk_projet_ref` (`ref`,`entity`),
  KEY `idx_projet_fk_soc` (`fk_soc`),
  KEY `idx_projet_ref` (`ref`),
  KEY `idx_projet_fk_statut` (`fk_statut`),
  KEY `idx_projet_fk_opp_status` (`fk_opp_status`)
) ENGINE=InnoDB AUTO_INCREMENT=2 DEFAULT CHARSET=utf8 COLLATE=utf8_unicode_ci;

-- --------------------------------------------------------

--
-- Structure de la table `llx_projet_extrafields`
--

CREATE TABLE IF NOT EXISTS `llx_projet_extrafields` (
  `rowid` int(11) NOT NULL AUTO_INCREMENT,
  `tms` timestamp NULL DEFAULT CURRENT_TIMESTAMP ON UPDATE CURRENT_TIMESTAMP,
  `fk_object` int(11) NOT NULL,
  `import_key` varchar(14) COLLATE utf8_unicode_ci DEFAULT NULL,
  PRIMARY KEY (`rowid`),
  UNIQUE KEY `uk_projet_extrafields` (`fk_object`)
) ENGINE=InnoDB DEFAULT CHARSET=utf8 COLLATE=utf8_unicode_ci;

-- --------------------------------------------------------

--
-- Structure de la table `llx_projet_task`
--

CREATE TABLE IF NOT EXISTS `llx_projet_task` (
  `rowid` int(11) NOT NULL AUTO_INCREMENT,
  `ref` varchar(50) COLLATE utf8_unicode_ci DEFAULT NULL,
  `entity` int(11) NOT NULL DEFAULT '1',
  `fk_projet` int(11) NOT NULL,
  `fk_task_parent` int(11) NOT NULL DEFAULT '0',
  `datec` datetime DEFAULT NULL,
  `tms` timestamp NULL DEFAULT CURRENT_TIMESTAMP ON UPDATE CURRENT_TIMESTAMP,
  `dateo` datetime DEFAULT NULL,
  `datee` datetime DEFAULT NULL,
  `datev` datetime DEFAULT NULL,
  `label` varchar(255) COLLATE utf8_unicode_ci NOT NULL,
  `description` text COLLATE utf8_unicode_ci,
  `duration_effective` double DEFAULT '0',
  `planned_workload` double DEFAULT '0',
  `progress` int(11) DEFAULT '0',
  `priority` int(11) DEFAULT '0',
  `budget_amount` double(24,8) DEFAULT NULL,
  `fk_user_creat` int(11) DEFAULT NULL,
  `fk_user_modif` int(11) DEFAULT NULL,
  `fk_user_valid` int(11) DEFAULT NULL,
  `fk_statut` smallint(6) NOT NULL DEFAULT '0',
  `note_private` text COLLATE utf8_unicode_ci,
  `note_public` text COLLATE utf8_unicode_ci,
  `rang` int(11) DEFAULT '0',
  `model_pdf` varchar(255) COLLATE utf8_unicode_ci DEFAULT NULL,
  `import_key` varchar(14) COLLATE utf8_unicode_ci DEFAULT NULL,
  `billable` smallint(6) DEFAULT '1',
  PRIMARY KEY (`rowid`),
  UNIQUE KEY `uk_projet_task_ref` (`ref`,`entity`),
  KEY `idx_projet_task_fk_projet` (`fk_projet`),
  KEY `idx_projet_task_fk_user_creat` (`fk_user_creat`),
  KEY `idx_projet_task_fk_user_valid` (`fk_user_valid`)
) ENGINE=InnoDB DEFAULT CHARSET=utf8 COLLATE=utf8_unicode_ci;

-- --------------------------------------------------------

--
-- Structure de la table `llx_projet_task_extrafields`
--

CREATE TABLE IF NOT EXISTS `llx_projet_task_extrafields` (
  `rowid` int(11) NOT NULL AUTO_INCREMENT,
  `tms` timestamp NULL DEFAULT CURRENT_TIMESTAMP ON UPDATE CURRENT_TIMESTAMP,
  `fk_object` int(11) NOT NULL,
  `import_key` varchar(14) COLLATE utf8_unicode_ci DEFAULT NULL,
  PRIMARY KEY (`rowid`),
  UNIQUE KEY `uk_projet_task_extrafields` (`fk_object`)
) ENGINE=InnoDB DEFAULT CHARSET=utf8 COLLATE=utf8_unicode_ci;

-- --------------------------------------------------------

--
-- Structure de la table `llx_propal`
--

CREATE TABLE IF NOT EXISTS `llx_propal` (
  `rowid` int(11) NOT NULL AUTO_INCREMENT,
  `ref` varchar(30) COLLATE utf8_unicode_ci NOT NULL,
  `entity` int(11) NOT NULL DEFAULT '1',
  `ref_ext` varchar(255) COLLATE utf8_unicode_ci DEFAULT NULL,
  `ref_client` varchar(255) COLLATE utf8_unicode_ci DEFAULT NULL,
  `fk_soc` int(11) DEFAULT NULL,
  `fk_projet` int(11) DEFAULT NULL,
  `tms` timestamp NULL DEFAULT CURRENT_TIMESTAMP ON UPDATE CURRENT_TIMESTAMP,
  `datec` datetime DEFAULT NULL,
  `datep` date DEFAULT NULL,
  `fin_validite` datetime DEFAULT NULL,
  `date_valid` datetime DEFAULT NULL,
  `date_signature` datetime DEFAULT NULL,
  `date_cloture` datetime DEFAULT NULL,
  `fk_user_author` int(11) DEFAULT NULL,
  `fk_user_modif` int(11) DEFAULT NULL,
  `fk_user_valid` int(11) DEFAULT NULL,
  `fk_user_signature` int(11) DEFAULT NULL,
  `fk_user_cloture` int(11) DEFAULT NULL,
  `fk_statut` smallint(6) NOT NULL DEFAULT '0',
  `price` double DEFAULT '0',
  `remise_percent` double DEFAULT '0',
  `remise_absolue` double DEFAULT '0',
  `remise` double DEFAULT '0',
  `total_ht` double(24,8) DEFAULT '0.00000000',
  `total_tva` double(24,8) DEFAULT '0.00000000',
  `localtax1` double(24,8) DEFAULT '0.00000000',
  `localtax2` double(24,8) DEFAULT '0.00000000',
  `total_ttc` double(24,8) DEFAULT '0.00000000',
  `fk_account` int(11) DEFAULT NULL,
  `fk_currency` varchar(3) COLLATE utf8_unicode_ci DEFAULT NULL,
  `fk_cond_reglement` int(11) DEFAULT NULL,
  `deposit_percent` varchar(63) COLLATE utf8_unicode_ci DEFAULT NULL,
  `fk_mode_reglement` int(11) DEFAULT NULL,
  `online_sign_ip` varchar(48) COLLATE utf8_unicode_ci DEFAULT NULL,
  `online_sign_name` varchar(64) COLLATE utf8_unicode_ci DEFAULT NULL,
  `note_private` text COLLATE utf8_unicode_ci,
  `note_public` text COLLATE utf8_unicode_ci,
  `model_pdf` varchar(255) COLLATE utf8_unicode_ci DEFAULT NULL,
  `model_pdf_pos_sign` varchar(32) COLLATE utf8_unicode_ci DEFAULT NULL,
  `last_main_doc` varchar(255) COLLATE utf8_unicode_ci DEFAULT NULL,
  `date_livraison` date DEFAULT NULL,
  `fk_shipping_method` int(11) DEFAULT NULL,
  `fk_warehouse` int(11) DEFAULT NULL,
  `fk_availability` int(11) DEFAULT NULL,
  `fk_input_reason` int(11) DEFAULT NULL,
  `fk_incoterms` int(11) DEFAULT NULL,
  `location_incoterms` varchar(255) COLLATE utf8_unicode_ci DEFAULT NULL,
  `import_key` varchar(14) COLLATE utf8_unicode_ci DEFAULT NULL,
  `extraparams` varchar(255) COLLATE utf8_unicode_ci DEFAULT NULL,
  `fk_delivery_address` int(11) DEFAULT NULL,
  `fk_multicurrency` int(11) DEFAULT NULL,
  `multicurrency_code` varchar(3) COLLATE utf8_unicode_ci DEFAULT NULL,
  `multicurrency_tx` double(24,8) DEFAULT '1.00000000',
  `multicurrency_total_ht` double(24,8) DEFAULT '0.00000000',
  `multicurrency_total_tva` double(24,8) DEFAULT '0.00000000',
  `multicurrency_total_ttc` double(24,8) DEFAULT '0.00000000',
  `objet1` varchar(55) COLLATE utf8_unicode_ci DEFAULT NULL,
  `objet2` varchar(255) COLLATE utf8_unicode_ci DEFAULT NULL,
  `fk_domaine` int(11) DEFAULT NULL,
  `fk_activite` int(11) DEFAULT NULL,
  `fk_miseoeuvre` int(11) DEFAULT NULL,
  `fk_type_marche` int(11) DEFAULT NULL,
  `fk_periode` int(11) DEFAULT NULL,
  `site` int(11) DEFAULT NULL,
  `zone` int(11) DEFAULT NULL,
  `delai_execution` varchar(255) COLLATE utf8_unicode_ci DEFAULT NULL,
  `pourcentage_avance` double DEFAULT NULL,
  PRIMARY KEY (`rowid`),
  UNIQUE KEY `uk_propal_ref` (`ref`,`entity`),
  KEY `idx_propal_fk_soc` (`fk_soc`),
  KEY `idx_propal_fk_user_author` (`fk_user_author`),
  KEY `idx_propal_fk_user_valid` (`fk_user_valid`),
  KEY `idx_propal_fk_user_signature` (`fk_user_signature`),
  KEY `idx_propal_fk_user_cloture` (`fk_user_cloture`),
  KEY `idx_propal_fk_projet` (`fk_projet`),
  KEY `idx_propal_fk_account` (`fk_account`),
  KEY `idx_propal_fk_currency` (`fk_currency`),
  KEY `idx_propal_fk_warehouse` (`fk_warehouse`)
) ENGINE=InnoDB AUTO_INCREMENT=7 DEFAULT CHARSET=utf8 COLLATE=utf8_unicode_ci;

--
-- Déchargement des données de la table `llx_propal`
--

INSERT INTO `llx_propal` (`rowid`, `ref`, `entity`, `ref_ext`, `ref_client`, `fk_soc`, `fk_projet`, `tms`, `datec`, `datep`, `fin_validite`, `date_valid`, `date_signature`, `date_cloture`, `fk_user_author`, `fk_user_modif`, `fk_user_valid`, `fk_user_signature`, `fk_user_cloture`, `fk_statut`, `price`, `remise_percent`, `remise_absolue`, `remise`, `total_ht`, `total_tva`, `localtax1`, `localtax2`, `total_ttc`, `fk_account`, `fk_currency`, `fk_cond_reglement`, `deposit_percent`, `fk_mode_reglement`, `online_sign_ip`, `online_sign_name`, `note_private`, `note_public`, `model_pdf`, `model_pdf_pos_sign`, `last_main_doc`, `date_livraison`, `fk_shipping_method`, `fk_warehouse`, `fk_availability`, `fk_input_reason`, `fk_incoterms`, `location_incoterms`, `import_key`, `extraparams`, `fk_delivery_address`, `fk_multicurrency`, `multicurrency_code`, `multicurrency_tx`, `multicurrency_total_ht`, `multicurrency_total_tva`, `multicurrency_total_ttc`, `objet1`, `objet2`, `fk_domaine`, `fk_activite`, `fk_miseoeuvre`, `fk_type_marche`, `fk_periode`, `site`, `zone`, `delai_execution`, `pourcentage_avance`) VALUES
(1, 'UDV250001', 1, '', '', 132, NULL, '2025-10-03 17:24:36', '2025-10-03 17:23:14', '2025-10-03', '2025-10-18 12:00:00', '2025-10-03 17:24:36', NULL, NULL, 11, NULL, 11, NULL, NULL, 1, 0, 0, 0, 0, 1140000.00000000, 205200.00000000, 0.00000000, 0.00000000, 1345200.00000000, NULL, NULL, NULL, NULL, NULL, NULL, NULL, '', '', 'cyan', NULL, 'propale/UDV250001/UDV250001.pdf', NULL, NULL, NULL, 0, 0, 0, '', NULL, NULL, NULL, 0, 'XOF', 1.00000000, 1140000.00000000, 205200.00000000, 1345200.00000000, NULL, NULL, NULL, NULL, NULL, NULL, NULL, NULL, 1, NULL, NULL),
(2, '(PROV2)', 1, '', '', 105, NULL, '2025-10-21 14:54:02', '2025-10-21 14:54:00', '2025-10-21', '2025-11-05 12:00:00', NULL, NULL, NULL, 11, NULL, NULL, NULL, NULL, 0, 0, 0, 0, 0, 0.00000000, 0.00000000, 0.00000000, 0.00000000, 0.00000000, NULL, NULL, NULL, NULL, NULL, NULL, NULL, '', '', 'cyan', NULL, 'propale/(PROV2)/(PROV2).pdf', NULL, NULL, NULL, 0, 0, 0, '', NULL, NULL, NULL, 0, 'XOF', 1.00000000, 0.00000000, 0.00000000, 0.00000000, NULL, NULL, 2, 2, 1, 1, NULL, NULL, NULL, NULL, NULL),
(3, 'UDV250002', 1, '', '', 110, NULL, '2025-12-31 13:42:00', '2025-12-06 18:31:01', '2025-12-06', '2025-12-21 12:00:00', '2025-12-06 18:32:15', '2025-12-06 18:32:32', NULL, 7, NULL, 7, 7, NULL, 2, 0, 0, 0, 0, 150000.00000000, 27000.00000000, 0.00000000, 0.00000000, 177000.00000000, NULL, NULL, NULL, NULL, NULL, NULL, NULL, '', '', 'cyan', NULL, 'propale/UDV250002/UDV250002.pdf', NULL, NULL, NULL, 0, 0, 0, '', NULL, NULL, NULL, 0, 'XOF', 1.00000000, 150000.00000000, 27000.00000000, 177000.00000000, 'POSE ET FOURNITURE', 'REHABILITATION', 2, 2, 2, 6, NULL, 14, 13, NULL, NULL),
(4, '(PROV4)', 1, '', '', 105, NULL, '2025-12-17 14:27:40', '2025-12-17 14:27:37', '2025-12-17', '2026-01-01 12:00:00', NULL, NULL, NULL, 11, NULL, NULL, NULL, NULL, 0, 0, 0, 0, 0, 0.00000000, 0.00000000, 0.00000000, 0.00000000, 0.00000000, NULL, NULL, NULL, NULL, NULL, NULL, NULL, '', '', 'cyan', NULL, 'propale/(PROV4)/(PROV4).pdf', NULL, NULL, NULL, 7, 0, 0, '', NULL, NULL, NULL, 0, 'XOF', 1.00000000, 0.00000000, 0.00000000, 0.00000000, 'FOURNITURE ET REMPLACEMENT DES LUMINAIRES', NULL, 2, 2, 2, 1, NULL, NULL, 1, '01 JOUR', NULL),
(5, 'UDV250003', 1, '', 'CGRAE', 105, NULL, '2025-12-29 10:30:59', '2025-12-29 10:20:54', '2025-12-29', '2026-01-28 12:00:00', '2025-12-29 10:30:59', NULL, NULL, 7, NULL, 7, NULL, NULL, 1, 0, 0, 0, 0, 10315000.00000000, 1856700.00000000, 0.00000000, 0.00000000, 12171700.00000000, NULL, NULL, 3, NULL, 7, NULL, NULL, 'Le client a demandé une remise de 15%', '', 'cyan', NULL, 'propale/UDV250003/UDV250003.pdf', NULL, NULL, NULL, 0, 5, 0, '', NULL, NULL, NULL, 0, 'XOF', 1.00000000, 10315000.00000000, 1856700.00000000, 12171700.00000000, 'FOURNITURE ET REMPLACEMENT DE SPLITS', NULL, 1, 2, 1, 1, NULL, 26, 1, '2 JRS', 50000),
(6, '(PROV6)', 1, '', '', 110, NULL, '2025-12-31 13:56:47', '2025-12-31 13:56:46', '2025-12-31', '2026-01-15 12:00:00', NULL, NULL, NULL, 7, NULL, NULL, NULL, NULL, 0, 0, 0, 0, 0, 0.00000000, 0.00000000, 0.00000000, 0.00000000, 0.00000000, NULL, NULL, 3, NULL, 2, NULL, NULL, '', '', 'cyan', NULL, 'propale/(PROV6)/(PROV6).pdf', NULL, NULL, NULL, 0, 0, 0, '', NULL, NULL, NULL, 0, 'XOF', 1.00000000, 0.00000000, 0.00000000, 0.00000000, NULL, NULL, 1, 2, 1, NULL, NULL, 14, 101, '15/12/2025', NULL);

-- --------------------------------------------------------

--
-- Structure de la table `llx_propaldet`
--

CREATE TABLE IF NOT EXISTS `llx_propaldet` (
  `rowid` int(11) NOT NULL AUTO_INCREMENT,
  `fk_propal` int(11) NOT NULL,
  `fk_parent_line` int(11) DEFAULT NULL,
  `fk_product` int(11) DEFAULT NULL,
  `label` varchar(255) COLLATE utf8_unicode_ci DEFAULT NULL,
  `description` text COLLATE utf8_unicode_ci,
  `fk_remise_except` int(11) DEFAULT NULL,
  `vat_src_code` varchar(10) COLLATE utf8_unicode_ci DEFAULT '',
  `tva_tx` double(7,4) DEFAULT '0.0000',
  `localtax1_tx` double(7,4) DEFAULT '0.0000',
  `localtax1_type` varchar(10) COLLATE utf8_unicode_ci DEFAULT NULL,
  `localtax2_tx` double(7,4) DEFAULT '0.0000',
  `localtax2_type` varchar(10) COLLATE utf8_unicode_ci DEFAULT NULL,
  `qty` double DEFAULT NULL,
  `remise_percent` double DEFAULT '0',
  `remise` double DEFAULT '0',
  `price` double DEFAULT NULL,
  `subprice` double(24,8) DEFAULT '0.00000000',
  `subprice_ttc` double(24,8) DEFAULT '0.00000000',
  `total_ht` double(24,8) DEFAULT '0.00000000',
  `total_tva` double(24,8) DEFAULT '0.00000000',
  `total_localtax1` double(24,8) DEFAULT '0.00000000',
  `total_localtax2` double(24,8) DEFAULT '0.00000000',
  `total_ttc` double(24,8) DEFAULT '0.00000000',
  `product_type` int(11) DEFAULT '0',
  `date_start` datetime DEFAULT NULL,
  `date_end` datetime DEFAULT NULL,
  `info_bits` int(11) DEFAULT '0',
  `buy_price_ht` double(24,8) DEFAULT '0.00000000',
  `fk_product_fournisseur_price` int(11) DEFAULT NULL,
  `special_code` int(11) DEFAULT '0',
  `rang` int(11) DEFAULT '0',
  `fk_unit` int(11) DEFAULT NULL,
  `fk_multicurrency` int(11) DEFAULT NULL,
  `multicurrency_code` varchar(3) COLLATE utf8_unicode_ci DEFAULT NULL,
  `multicurrency_subprice` double(24,8) DEFAULT '0.00000000',
  `multicurrency_subprice_ttc` double(24,8) DEFAULT '0.00000000',
  `multicurrency_total_ht` double(24,8) DEFAULT '0.00000000',
  `multicurrency_total_tva` double(24,8) DEFAULT '0.00000000',
  `multicurrency_total_ttc` double(24,8) DEFAULT '0.00000000',
  `import_key` varchar(14) COLLATE utf8_unicode_ci DEFAULT NULL,
  PRIMARY KEY (`rowid`),
  KEY `idx_propaldet_fk_propal` (`fk_propal`),
  KEY `idx_propaldet_fk_product` (`fk_product`),
  KEY `fk_propaldet_fk_unit` (`fk_unit`)
) ENGINE=InnoDB AUTO_INCREMENT=5 DEFAULT CHARSET=utf8 COLLATE=utf8_unicode_ci;

--
-- Déchargement des données de la table `llx_propaldet`
--

INSERT INTO `llx_propaldet` (`rowid`, `fk_propal`, `fk_parent_line`, `fk_product`, `label`, `description`, `fk_remise_except`, `vat_src_code`, `tva_tx`, `localtax1_tx`, `localtax1_type`, `localtax2_tx`, `localtax2_type`, `qty`, `remise_percent`, `remise`, `price`, `subprice`, `subprice_ttc`, `total_ht`, `total_tva`, `total_localtax1`, `total_localtax2`, `total_ttc`, `product_type`, `date_start`, `date_end`, `info_bits`, `buy_price_ht`, `fk_product_fournisseur_price`, `special_code`, `rang`, `fk_unit`, `fk_multicurrency`, `multicurrency_code`, `multicurrency_subprice`, `multicurrency_subprice_ttc`, `multicurrency_total_ht`, `multicurrency_total_tva`, `multicurrency_total_ttc`, `import_key`) VALUES
(1, 1, NULL, NULL, NULL, 'cables&nbsp;', NULL, '', 18.0000, 0.0000, '2', 0.0000, '0', 100, 5, 0, NULL, 12000.00000000, 0.00000000, 1140000.00000000, 205200.00000000, 0.00000000, 0.00000000, 1345200.00000000, 0, NULL, NULL, 0, 0.00000000, NULL, 0, 1, 37, NULL, 'XOF', 12000.00000000, 0.00000000, 1140000.00000000, 205200.00000000, 1345200.00000000, NULL),
(2, 3, NULL, 1900, NULL, '', NULL, '', 18.0000, 0.0000, '2', 0.0000, '0', 1, 0, 0, NULL, 150000.00000000, 0.00000000, 150000.00000000, 27000.00000000, 0.00000000, 0.00000000, 177000.00000000, 0, NULL, NULL, 0, 0.00000000, NULL, 0, 1, 37, NULL, 'XOF', 150000.00000000, 0.00000000, 150000.00000000, 27000.00000000, 177000.00000000, NULL),
(3, 5, NULL, 2469, NULL, '', NULL, '', 18.0000, 0.0000, '2', 0.0000, '0', 1, 0, 0, NULL, 10000000.00000000, 0.00000000, 10000000.00000000, 1800000.00000000, 0.00000000, 0.00000000, 11800000.00000000, 0, NULL, NULL, 0, 0.00000000, NULL, 0, 1, 37, NULL, 'XOF', 10000000.00000000, 0.00000000, 10000000.00000000, 1800000.00000000, 11800000.00000000, NULL),
(4, 5, NULL, NULL, NULL, 'Mise en oeuvre', NULL, '', 18.0000, 0.0000, '2', 0.0000, '0', 1, 10, 0, 0, 350000.00000000, 0.00000000, 315000.00000000, 56700.00000000, 0.00000000, 0.00000000, 371700.00000000, 1, NULL, NULL, 0, 0.00000000, NULL, 0, 2, 37, NULL, 'XOF', 350000.00000000, 0.00000000, 315000.00000000, 56700.00000000, 371700.00000000, NULL);

-- --------------------------------------------------------

--
-- Structure de la table `llx_propaldet_extrafields`
--

CREATE TABLE IF NOT EXISTS `llx_propaldet_extrafields` (
  `rowid` int(11) NOT NULL AUTO_INCREMENT,
  `tms` timestamp NULL DEFAULT CURRENT_TIMESTAMP ON UPDATE CURRENT_TIMESTAMP,
  `fk_object` int(11) NOT NULL,
  `import_key` varchar(14) COLLATE utf8_unicode_ci DEFAULT NULL,
  PRIMARY KEY (`rowid`),
  UNIQUE KEY `uk_propaldet_extrafields` (`fk_object`)
) ENGINE=InnoDB DEFAULT CHARSET=utf8 COLLATE=utf8_unicode_ci;

-- --------------------------------------------------------

--
-- Structure de la table `llx_propal_extrafields`
--

CREATE TABLE IF NOT EXISTS `llx_propal_extrafields` (
  `rowid` int(11) NOT NULL AUTO_INCREMENT,
  `tms` timestamp NULL DEFAULT CURRENT_TIMESTAMP ON UPDATE CURRENT_TIMESTAMP,
  `fk_object` int(11) NOT NULL,
  `import_key` varchar(14) COLLATE utf8_unicode_ci DEFAULT NULL,
  PRIMARY KEY (`rowid`),
  UNIQUE KEY `uk_propal_extrafields` (`fk_object`)
) ENGINE=InnoDB DEFAULT CHARSET=utf8 COLLATE=utf8_unicode_ci;

-- --------------------------------------------------------

--
-- Structure de la table `llx_propal_merge_pdf_product`
--

CREATE TABLE IF NOT EXISTS `llx_propal_merge_pdf_product` (
  `rowid` int(11) NOT NULL AUTO_INCREMENT,
  `fk_product` int(11) NOT NULL,
  `file_name` varchar(200) COLLATE utf8_unicode_ci NOT NULL,
  `lang` varchar(5) COLLATE utf8_unicode_ci DEFAULT NULL,
  `fk_user_author` int(11) DEFAULT NULL,
  `fk_user_mod` int(11) NOT NULL,
  `datec` datetime NOT NULL,
  `tms` timestamp NULL DEFAULT CURRENT_TIMESTAMP ON UPDATE CURRENT_TIMESTAMP,
  `import_key` varchar(14) COLLATE utf8_unicode_ci DEFAULT NULL,
  PRIMARY KEY (`rowid`)
) ENGINE=InnoDB DEFAULT CHARSET=utf8 COLLATE=utf8_unicode_ci;

-- --------------------------------------------------------

--
-- Structure de la table `llx_reception`
--

CREATE TABLE IF NOT EXISTS `llx_reception` (
  `rowid` int(11) NOT NULL AUTO_INCREMENT,
  `tms` timestamp NULL DEFAULT CURRENT_TIMESTAMP ON UPDATE CURRENT_TIMESTAMP,
  `ref` varchar(30) COLLATE utf8_unicode_ci NOT NULL,
  `entity` int(11) NOT NULL DEFAULT '1',
  `fk_soc` int(11) NOT NULL,
  `fk_projet` int(11) DEFAULT NULL,
  `ref_ext` varchar(30) COLLATE utf8_unicode_ci DEFAULT NULL,
  `ref_supplier` varchar(255) COLLATE utf8_unicode_ci DEFAULT NULL,
  `date_creation` datetime DEFAULT NULL,
  `fk_user_author` int(11) DEFAULT NULL,
  `fk_user_modif` int(11) DEFAULT NULL,
  `date_valid` datetime DEFAULT NULL,
  `fk_user_valid` int(11) DEFAULT NULL,
  `date_delivery` datetime DEFAULT NULL,
  `date_reception` datetime DEFAULT NULL,
  `fk_shipping_method` int(11) DEFAULT NULL,
  `tracking_number` varchar(50) COLLATE utf8_unicode_ci DEFAULT NULL,
  `fk_statut` smallint(6) DEFAULT '0',
  `billed` smallint(6) DEFAULT '0',
  `height` float DEFAULT NULL,
  `width` float DEFAULT NULL,
  `size_units` int(11) DEFAULT NULL,
  `size` float DEFAULT NULL,
  `weight_units` int(11) DEFAULT NULL,
  `weight` float DEFAULT NULL,
  `note_private` text COLLATE utf8_unicode_ci,
  `note_public` text COLLATE utf8_unicode_ci,
  `model_pdf` varchar(255) COLLATE utf8_unicode_ci DEFAULT NULL,
  `fk_incoterms` int(11) DEFAULT NULL,
  `location_incoterms` varchar(255) COLLATE utf8_unicode_ci DEFAULT NULL,
  `import_key` varchar(14) COLLATE utf8_unicode_ci DEFAULT NULL,
  `extraparams` varchar(255) COLLATE utf8_unicode_ci DEFAULT NULL,
  PRIMARY KEY (`rowid`),
  UNIQUE KEY `idx_reception_uk_ref` (`ref`,`entity`),
  KEY `idx_reception_fk_soc` (`fk_soc`),
  KEY `idx_reception_fk_user_author` (`fk_user_author`),
  KEY `idx_reception_fk_user_valid` (`fk_user_valid`),
  KEY `idx_reception_fk_shipping_method` (`fk_shipping_method`)
) ENGINE=InnoDB AUTO_INCREMENT=2 DEFAULT CHARSET=utf8 COLLATE=utf8_unicode_ci;

--
-- Déchargement des données de la table `llx_reception`
--

INSERT INTO `llx_reception` (`rowid`, `tms`, `ref`, `entity`, `fk_soc`, `fk_projet`, `ref_ext`, `ref_supplier`, `date_creation`, `fk_user_author`, `fk_user_modif`, `date_valid`, `fk_user_valid`, `date_delivery`, `date_reception`, `fk_shipping_method`, `tracking_number`, `fk_statut`, `billed`, `height`, `width`, `size_units`, `size`, `weight_units`, `weight`, `note_private`, `note_public`, `model_pdf`, `fk_incoterms`, `location_incoterms`, `import_key`, `extraparams`) VALUES
(1, '2025-12-26 10:58:02', 'RCP2512-0001', 1, 424, 0, NULL, NULL, '2025-12-26 10:50:28', 7, NULL, '2025-12-26 10:50:43', 7, NULL, NULL, NULL, '', 2, 0, NULL, NULL, 0, NULL, 0, NULL, NULL, NULL, NULL, 0, '', NULL, NULL);

-- --------------------------------------------------------

--
-- Structure de la table `llx_receptiondet_batch`
--

CREATE TABLE IF NOT EXISTS `llx_receptiondet_batch` (
  `rowid` int(11) NOT NULL AUTO_INCREMENT,
  `fk_reception` int(11) DEFAULT NULL,
  `fk_element` int(11) DEFAULT NULL,
  `fk_elementdet` int(11) DEFAULT NULL,
  `element_type` varchar(50) COLLATE utf8_unicode_ci NOT NULL DEFAULT 'supplier_order',
  `fk_product` int(11) DEFAULT NULL,
  `qty` float DEFAULT NULL,
  `fk_entrepot` int(11) DEFAULT NULL,
  `fk_projet` int(11) DEFAULT NULL,
  `comment` varchar(255) COLLATE utf8_unicode_ci DEFAULT NULL,
  `batch` varchar(128) COLLATE utf8_unicode_ci DEFAULT NULL,
  `eatby` date DEFAULT NULL,
  `sellby` date DEFAULT NULL,
  `status` int(11) DEFAULT NULL,
  `fk_user` int(11) DEFAULT NULL,
  `datec` datetime DEFAULT NULL,
  `tms` timestamp NULL DEFAULT CURRENT_TIMESTAMP ON UPDATE CURRENT_TIMESTAMP,
  `cost_price` double(24,8) DEFAULT '0.00000000',
  PRIMARY KEY (`rowid`),
  KEY `idx_receptiondet_batch_fk_element` (`fk_element`),
  KEY `idx_receptiondet_batch_fk_reception` (`fk_reception`),
  KEY `idx_receptiondet_batch_fk_product` (`fk_product`),
  KEY `idx_receptiondet_batch_fk_elementdet` (`fk_elementdet`)
) ENGINE=InnoDB AUTO_INCREMENT=2 DEFAULT CHARSET=utf8 COLLATE=utf8_unicode_ci;

--
-- Déchargement des données de la table `llx_receptiondet_batch`
--

INSERT INTO `llx_receptiondet_batch` (`rowid`, `fk_reception`, `fk_element`, `fk_elementdet`, `element_type`, `fk_product`, `qty`, `fk_entrepot`, `fk_projet`, `comment`, `batch`, `eatby`, `sellby`, `status`, `fk_user`, `datec`, `tms`, `cost_price`) VALUES
(1, 1, 6, 7, 'supplier_order', 378, 15, 1, NULL, '', '', NULL, NULL, 1, 7, '2025-12-26 10:50:28', '2025-12-26 10:50:28', 1600.00000000);

-- --------------------------------------------------------

--
-- Structure de la table `llx_receptiondet_batch_extrafields`
--

CREATE TABLE IF NOT EXISTS `llx_receptiondet_batch_extrafields` (
  `rowid` int(11) NOT NULL AUTO_INCREMENT,
  `tms` timestamp NULL DEFAULT CURRENT_TIMESTAMP ON UPDATE CURRENT_TIMESTAMP,
  `fk_object` int(11) NOT NULL,
  `import_key` varchar(14) COLLATE utf8_unicode_ci DEFAULT NULL,
  PRIMARY KEY (`rowid`),
  UNIQUE KEY `uk_receptiondet_batch_extrafields` (`fk_object`)
) ENGINE=InnoDB DEFAULT CHARSET=utf8 COLLATE=utf8_unicode_ci;

-- --------------------------------------------------------

--
-- Structure de la table `llx_reception_extrafields`
--

CREATE TABLE IF NOT EXISTS `llx_reception_extrafields` (
  `rowid` int(11) NOT NULL AUTO_INCREMENT,
  `tms` timestamp NULL DEFAULT CURRENT_TIMESTAMP ON UPDATE CURRENT_TIMESTAMP,
  `fk_object` int(11) NOT NULL,
  `import_key` varchar(14) COLLATE utf8_unicode_ci DEFAULT NULL,
  PRIMARY KEY (`rowid`),
  UNIQUE KEY `uk_reception_extrafields` (`fk_object`)
) ENGINE=InnoDB DEFAULT CHARSET=utf8 COLLATE=utf8_unicode_ci;

-- --------------------------------------------------------

--
-- Structure de la table `llx_resource`
--

CREATE TABLE IF NOT EXISTS `llx_resource` (
  `rowid` int(11) NOT NULL AUTO_INCREMENT,
  `entity` int(11) NOT NULL DEFAULT '1',
  `ref` varchar(255) COLLATE utf8_unicode_ci DEFAULT NULL,
  `asset_number` varchar(255) COLLATE utf8_unicode_ci DEFAULT NULL,
  `description` text COLLATE utf8_unicode_ci,
  `fk_code_type_resource` varchar(32) COLLATE utf8_unicode_ci DEFAULT NULL,
  `address` varchar(255) COLLATE utf8_unicode_ci DEFAULT NULL,
  `zip` varchar(25) COLLATE utf8_unicode_ci DEFAULT NULL,
  `town` varchar(50) COLLATE utf8_unicode_ci DEFAULT NULL,
  `photo_filename` varchar(255) COLLATE utf8_unicode_ci DEFAULT NULL,
  `max_users` int(11) DEFAULT NULL,
  `phone` varchar(20) COLLATE utf8_unicode_ci DEFAULT NULL,
  `email` varchar(255) COLLATE utf8_unicode_ci DEFAULT NULL,
  `url` varchar(255) COLLATE utf8_unicode_ci DEFAULT NULL,
  `datec` datetime DEFAULT NULL,
  `date_valid` datetime DEFAULT NULL,
  `fk_user_author` int(11) DEFAULT NULL,
  `fk_user_modif` int(11) DEFAULT NULL,
  `fk_user_valid` int(11) DEFAULT NULL,
  `fk_statut` smallint(6) NOT NULL DEFAULT '0',
  `note_public` text COLLATE utf8_unicode_ci,
  `note_private` text COLLATE utf8_unicode_ci,
  `import_key` varchar(14) COLLATE utf8_unicode_ci DEFAULT NULL,
  `extraparams` varchar(255) COLLATE utf8_unicode_ci DEFAULT NULL,
  `fk_country` int(11) DEFAULT NULL,
  `fk_state` int(11) DEFAULT NULL,
  `tms` timestamp NULL DEFAULT CURRENT_TIMESTAMP ON UPDATE CURRENT_TIMESTAMP,
  PRIMARY KEY (`rowid`),
  UNIQUE KEY `uk_resource_ref` (`ref`,`entity`),
  KEY `fk_code_type_resource_idx` (`fk_code_type_resource`),
  KEY `idx_resource_fk_country` (`fk_country`),
  KEY `idx_resource_fk_state` (`fk_state`)
) ENGINE=InnoDB DEFAULT CHARSET=utf8 COLLATE=utf8_unicode_ci;

-- --------------------------------------------------------

--
-- Structure de la table `llx_resource_extrafields`
--

CREATE TABLE IF NOT EXISTS `llx_resource_extrafields` (
  `rowid` int(11) NOT NULL AUTO_INCREMENT,
  `tms` timestamp NULL DEFAULT CURRENT_TIMESTAMP ON UPDATE CURRENT_TIMESTAMP,
  `fk_object` int(11) NOT NULL,
  `import_key` varchar(14) COLLATE utf8_unicode_ci DEFAULT NULL,
  PRIMARY KEY (`rowid`),
  UNIQUE KEY `uk_resource_extrafields` (`fk_object`)
) ENGINE=InnoDB DEFAULT CHARSET=utf8 COLLATE=utf8_unicode_ci;

-- --------------------------------------------------------

--
-- Structure de la table `llx_rights_def`
--

CREATE TABLE IF NOT EXISTS `llx_rights_def` (
  `id` int(11) NOT NULL,
  `entity` int(11) NOT NULL DEFAULT '1',
  `libelle` varchar(255) COLLATE utf8_unicode_ci DEFAULT NULL,
  `module` varchar(64) COLLATE utf8_unicode_ci DEFAULT NULL,
  `module_origin` varchar(64) COLLATE utf8_unicode_ci DEFAULT NULL,
  `module_position` int(11) NOT NULL DEFAULT '0',
  `family_position` int(11) NOT NULL DEFAULT '0',
  `perms` varchar(50) COLLATE utf8_unicode_ci DEFAULT NULL,
  `subperms` varchar(50) COLLATE utf8_unicode_ci DEFAULT NULL,
  `type` varchar(1) COLLATE utf8_unicode_ci DEFAULT NULL,
  `bydefault` tinyint(4) DEFAULT '0',
  `enabled` text COLLATE utf8_unicode_ci,
  PRIMARY KEY (`id`,`entity`)
) ENGINE=InnoDB DEFAULT CHARSET=utf8 COLLATE=utf8_unicode_ci;

--
-- Déchargement des données de la table `llx_rights_def`
--

INSERT INTO `llx_rights_def` (`id`, `entity`, `libelle`, `module`, `module_origin`, `module_position`, `family_position`, `perms`, `subperms`, `type`, `bydefault`, `enabled`) VALUES
(11, 1, 'Read invoices', 'facture', '', 11, 0, 'lire', '', 'a', 0, '1'),
(12, 1, 'Create and update invoices', 'facture', '', 11, 0, 'creer', '', 'a', 0, '1'),
(13, 1, 'Devalidate invoices', 'facture', '', 11, 0, 'invoice_advance', 'unvalidate', 'a', 0, '1'),
(14, 1, 'Validate invoices', 'facture', '', 11, 0, 'invoice_advance', 'validate', 'a', 0, '1'),
(15, 1, 'Send invoices by email', 'facture', '', 11, 0, 'invoice_advance', 'send', 'a', 0, '1'),
(16, 1, 'Issue payments on invoices', 'facture', '', 11, 0, 'paiement', '', 'a', 0, '1'),
(19, 1, 'Delete invoices', 'facture', '', 11, 0, 'supprimer', '', 'a', 0, '1'),
(21, 1, 'Read commercial proposals', 'propale', '', 10, 0, 'lire', '', 'r', 0, '1'),
(22, 1, 'Create and update commercial proposals', 'propale', '', 10, 0, 'creer', '', 'w', 0, '1'),
(24, 1, 'Validate commercial proposals', 'propale', '', 10, 0, 'propal_advance', 'validate', 'd', 0, '1'),
(25, 1, 'Send commercial proposals to customers', 'propale', '', 10, 0, 'propal_advance', 'send', 'd', 0, '1'),
(26, 1, 'Close commercial proposals', 'propale', '', 10, 0, 'propal_advance', 'close', 'd', 0, '1'),
(27, 1, 'Delete commercial proposals', 'propale', '', 10, 0, 'supprimer', '', 'd', 0, '1'),
(28, 1, 'Exporting commercial proposals and attributes', 'propale', '', 10, 0, 'export', '', 'r', 0, '1'),
(31, 1, 'Read products', 'produit', '', 26, 0, 'lire', '', 'r', 0, '1'),
(32, 1, 'Create/modify products', 'produit', '', 26, 0, 'creer', '', 'w', 0, '1'),
(33, 1, 'Read prices products', 'produit', '', 26, 0, 'product_advance', 'read_prices', 'w', 0, '1'),
(34, 1, 'Delete products', 'produit', '', 26, 0, 'supprimer', '', 'd', 0, '1'),
(35, 1, 'Modifier l\'affectation des données client sur l\'équipement', 'produit', NULL, 26, 0, 'modifier_client', NULL, 'w', 0, '1'),
(36, 1, 'Supprimer l\'affectation des données client sur l\'équipement', 'produit', NULL, 26, 0, 'supprimer_client', NULL, 'd', 0, '1'),
(38, 1, 'Export products', 'produit', '', 26, 0, 'export', '', 'r', 0, '1'),
(39, 1, 'Ignore minimum price', 'produit', '', 26, 0, 'ignore_price_min_advance', '', 'r', 0, '1'),
(41, 1, 'Read projects and tasks (shared projects or projects I am contact for)', 'projet', '', 14, 0, 'lire', '', 'r', 0, '1'),
(42, 1, 'Create/modify projects and tasks (shared projects or projects I am contact for)', 'projet', '', 14, 0, 'creer', '', 'w', 0, '1'),
(44, 1, 'Delete project and tasks (shared projects or projects I am contact for)', 'projet', '', 14, 0, 'supprimer', '', 'd', 0, '1'),
(45, 1, 'Export projects', 'projet', '', 14, 0, 'export', '', 'd', 0, '1'),
(61, 1, 'Lire les fiches d\'intervention', 'ficheinter', '', 41, 0, 'lire', '', 'r', 0, '1'),
(62, 1, 'Creer/modifier les fiches d\'intervention', 'ficheinter', '', 41, 0, 'creer', '', 'w', 0, '1'),
(64, 1, 'Supprimer les fiches d\'intervention', 'ficheinter', '', 41, 0, 'supprimer', '', 'd', 0, '1'),
(67, 1, 'Exporter les fiches interventions', 'ficheinter', '', 41, 0, 'export', '', 'r', 0, '1'),
(68, 1, 'Envoyer les fiches d\'intervention par courriel', 'ficheinter', '', 41, 0, 'ficheinter_advance', 'send', 'r', 0, '1'),
(69, 1, 'Valider les fiches d\'intervention ', 'ficheinter', '', 41, 0, 'ficheinter_advance', 'validate', 'a', 0, '1'),
(70, 1, 'Dévalider les fiches d\'intervention', 'ficheinter', '', 41, 0, 'ficheinter_advance', 'unvalidate', 'a', 0, '1'),
(81, 1, 'Read sales orders', 'commande', '', 11, 0, 'lire', '', 'r', 0, '1'),
(82, 1, 'Creeat/modify sales orders', 'commande', '', 11, 0, 'creer', '', 'w', 0, '1'),
(83, 1, 'Afficher la quantité disponible en stock au niveau du demande de matériel', 'commande', NULL, 11, 0, 'consulter_stock', NULL, 'w', 0, NULL),
(84, 1, 'Validate sales orders', 'commande', '', 11, 0, 'order_advance', 'validate', 'd', 0, '1'),
(85, 1, 'Generate the documents sales orders', 'commande', '', 11, 0, 'order_advance', 'generetedoc', 'd', 0, '1'),
(86, 1, 'Send sales orders by email', 'commande', '', 11, 0, 'order_advance', 'send', 'd', 0, '1'),
(87, 1, 'Close sale orders', 'commande', '', 11, 0, 'order_advance', 'close', 'd', 0, '1'),
(88, 1, 'Cancel sale orders', 'commande', '', 11, 0, 'order_advance', 'annuler', 'd', 0, '1'),
(89, 1, 'Delete sales orders', 'commande', '', 11, 0, 'supprimer', '', 'd', 0, '1'),
(90, 1, 'Approuver une demande de matériel externe par le SH ou une demande de prestation externe par Sce/Direction', 'commande', NULL, 11, 0, 'approuversh', NULL, 'w', 0, NULL),
(91, 1, 'Read social contibutions', 'tax', '', 50, 0, 'charges', 'lire', 'r', 0, '1'),
(92, 1, 'Create/modify social contributions', 'tax', '', 50, 0, 'charges', 'creer', 'w', 0, '1'),
(93, 1, 'Delete social contributions', 'tax', '', 50, 0, 'charges', 'supprimer', 'd', 0, '1'),
(94, 1, 'Export social contributions', 'tax', '', 50, 0, 'charges', 'export', 'r', 0, '1'),
(98, 1, 'Approuver une demande de matériel externe par le RAV ou une demande de prestation externe par RLP', 'commande', NULL, 11, 0, 'approuverrsa', NULL, 'w', 0, NULL),
(99, 1, 'Approuver la demande de matériel externe par le directeur technique ou la demande de prestation externe par le directeur technique', 'commande', NULL, 11, 0, 'approuverdt', NULL, 'w', 0, NULL),
(101, 1, 'Read shipments', 'expedition', '', 40, 0, 'lire', '', 'r', 0, '1'),
(102, 1, 'Create/modify shipments', 'expedition', '', 40, 0, 'creer', '', 'w', 0, '1'),
(104, 1, 'Validate shipments', 'expedition', '', 40, 0, 'shipping_advance', 'validate', 'd', 0, '1'),
(105, 1, 'Send shipments by email to customers', 'expedition', '', 40, 0, 'shipping_advance', 'send', 'd', 0, '1'),
(106, 1, 'Export shipments', 'expedition', '', 40, 0, 'shipment', 'export', 'r', 0, '1'),
(109, 1, 'Delete shipments', 'expedition', '', 40, 0, 'supprimer', '', 'd', 0, '1'),
(111, 1, 'Read bank account and transactions', 'banque', '', 51, 0, 'lire', '', 'r', 0, '1'),
(112, 1, 'Creer/modifier montant/supprimer ecriture bancaire', 'banque', '', 51, 0, 'modifier', '', 'w', 0, '1'),
(113, 1, 'Configurer les comptes bancaires (creer, gerer categories)', 'banque', '', 51, 0, 'configurer', '', 'a', 0, '1'),
(114, 1, 'Rapprocher les ecritures bancaires', 'banque', '', 51, 0, 'consolidate', '', 'w', 0, '1'),
(115, 1, 'Exporter transactions et releves', 'banque', '', 51, 0, 'export', '', 'r', 0, '1'),
(116, 1, 'Virements entre comptes', 'banque', '', 51, 0, 'transfer', '', 'w', 0, '1'),
(117, 1, 'Gerer les envois de cheques', 'banque', '', 51, 0, 'cheque', '', 'w', 0, '1'),
(121, 1, 'Read third parties', 'societe', '', 9, 0, 'lire', '', 'r', 0, '1'),
(122, 1, 'Create and update third parties', 'societe', '', 9, 0, 'creer', '', 'w', 0, '1'),
(123, 1, 'Modifier les sites du client', 'societe', '', 9, 0, 'modifier_site', NULL, 'w', 0, NULL),
(124, 1, 'Supprimer les sites du client', 'societe', '', 9, 0, 'supprimer_site', NULL, 'w', 0, NULL),
(125, 1, 'Delete third parties', 'societe', '', 9, 0, 'supprimer', '', 'd', 0, '1'),
(126, 1, 'Export third parties', 'societe', '', 9, 0, 'export', '', 'r', 0, '1'),
(127, 1, 'Supprimer les sites du client', 'societe', '', 9, 0, 'supprimer_site', NULL, 'w', 0, NULL),
(130, 1, 'Modify thirdparty information payment', 'societe', '', 9, 0, 'thirdparty_paymentinformation_advance', 'write', 'w', 0, '1'),
(141, 1, 'Read all projects and tasks (also private projects I am not contact for)', 'projet', '', 14, 0, 'all', 'lire', 'r', 0, '1'),
(142, 1, 'Create/modify all projects and tasks (also private projects I am not contact for)', 'projet', '', 14, 0, 'all', 'creer', 'w', 0, '1'),
(144, 1, 'Delete all projects and tasks (also private projects I am not contact for)', 'projet', '', 14, 0, 'all', 'supprimer', 'd', 0, '1'),
(145, 1, 'Can enter time consumed on assigned tasks (timesheet)', 'projet', '', 14, 0, 'time', '', 'w', 0, '1'),
(161, 1, 'Lire les contrats', 'contrat', '', 41, 0, 'lire', '', 'r', 0, '1'),
(162, 1, 'Creer / modifier les contrats', 'contrat', '', 41, 0, 'creer', '', 'w', 0, '1'),
(163, 1, 'Activer un service d\'un contrat', 'contrat', '', 41, 0, 'activer', '', 'w', 0, '1'),
(164, 1, 'Desactiver un service d\'un contrat', 'contrat', '', 41, 0, 'desactiver', '', 'w', 0, '1'),
(165, 1, 'Supprimer un contrat', 'contrat', '', 41, 0, 'supprimer', '', 'd', 0, '1'),
(167, 1, 'Export contracts', 'contrat', '', 41, 0, 'export', '', 'r', 0, '1'),
(241, 1, 'Lire les categories', 'categorie', '', 25, 0, 'lire', '', 'r', 0, '1'),
(242, 1, 'Creer/modifier les categories', 'categorie', '', 25, 0, 'creer', '', 'w', 0, '1'),
(243, 1, 'Supprimer les categories', 'categorie', '', 25, 0, 'supprimer', '', 'd', 0, '1'),
(251, 1, 'Read information of other users, groups and permissions', 'user', '', 5, 0, 'user', 'lire', 'w', 0, '1'),
(252, 1, 'Read permissions of other users', 'user', '', 5, 0, 'user_advance', 'readperms', 'w', 0, '1'),
(253, 1, 'Create/modify internal and external users, groups and permissions', 'user', '', 5, 0, 'user', 'creer', 'w', 0, '1'),
(254, 1, 'Create/modify external users only', 'user', '', 5, 0, 'user_advance', 'write', 'w', 0, '1'),
(255, 1, 'Modify the password of other users', 'user', '', 5, 0, 'user', 'password', 'w', 0, '1'),
(256, 1, 'Delete or disable other users', 'user', '', 5, 0, 'user', 'supprimer', 'w', 0, '1'),
(262, 1, 'Read all third parties (and their objects) by internal users (otherwise only if commercial contact). Not effective for external users (limited to themselves).', 'societe', '', 9, 0, 'client', 'voir', 'r', 0, '1'),
(281, 1, 'Read contacts', 'societe', '', 9, 0, 'contact', 'lire', 'r', 0, '1'),
(282, 1, 'Create and update contact', 'societe', '', 9, 0, 'contact', 'creer', 'w', 0, '1'),
(283, 1, 'Delete contacts', 'societe', '', 9, 0, 'contact', 'supprimer', 'd', 0, '1'),
(286, 1, 'Export contacts', 'societe', '', 9, 0, 'contact', 'export', 'd', 0, '1'),
(341, 1, 'Read its own permissions', 'user', '', 5, 0, 'self_advance', 'readperms', 'w', 0, '1'),
(342, 1, 'Create/modify of its own user', 'user', '', 5, 0, 'self', 'creer', 'w', 0, '1'),
(343, 1, 'Modify its own password', 'user', '', 5, 0, 'self', 'password', 'w', 0, '1'),
(344, 1, 'Modify its own permissions', 'user', '', 5, 0, 'self_advance', 'writeperms', 'w', 0, '1'),
(351, 1, 'Read groups', 'user', '', 5, 0, 'group_advance', 'read', 'w', 0, '1'),
(352, 1, 'Read permissions of groups', 'user', '', 5, 0, 'group_advance', 'readperms', 'w', 0, '1'),
(353, 1, 'Create/modify groups and permissions', 'user', '', 5, 0, 'group_advance', 'write', 'w', 0, '1'),
(354, 1, 'Delete groups', 'user', '', 5, 0, 'group_advance', 'delete', 'w', 0, '1'),
(358, 1, 'Export all users', 'user', '', 5, 0, 'user', 'export', 'w', 0, '1'),
(431, 1, 'Use Debug Bar', 'debugbar', '', 75, 0, 'read', '', 'u', 0, '1'),
(511, 1, 'Read employee salaries and payments (yours and your subordinates)', 'salaries', '', 50, 0, 'read', '', 'r', 0, '1'),
(512, 1, 'Create/modify payments of empoyee salaries', 'salaries', '', 50, 0, 'write', '', 'w', 0, '1'),
(514, 1, 'Delete payments of employee salary', 'salaries', '', 50, 0, 'delete', '', 'd', 0, '1'),
(517, 1, 'Read salaries and payments of all employees', 'salaries', '', 50, 0, 'readall', '', 'r', 0, '1'),
(519, 1, 'Export payments of employee salaries', 'salaries', '', 50, 0, 'export', '', 'r', 0, '1'),
(531, 1, 'Read services', 'service', '', 29, 0, 'lire', '', 'r', 0, '1'),
(532, 1, 'Create/modify services', 'service', '', 29, 0, 'creer', '', 'w', 0, '1'),
(533, 1, 'Read prices services', 'service', '', 29, 0, 'service_advance', 'read_prices', 'w', 0, '1'),
(534, 1, 'Delete les services', 'service', '', 29, 0, 'supprimer', '', 'd', 0, '1'),
(538, 1, 'Export services', 'service', '', 29, 0, 'export', '', 'r', 0, '1'),
(1001, 1, 'Read stocks', 'stock', '', 39, 0, 'lire', '', 'r', 0, '1'),
(1002, 1, 'Create/Modify stocks', 'stock', '', 39, 0, 'creer', '', 'w', 0, '1'),
(1003, 1, 'Delete stock', 'stock', '', 39, 0, 'supprimer', '', 'd', 0, '1'),
(1004, 1, 'Read stock movements', 'stock', '', 39, 0, 'mouvement', 'lire', 'r', 0, '1'),
(1005, 1, 'Create/modify stock movements', 'stock', '', 39, 0, 'mouvement', 'creer', 'w', 0, '1'),
(1011, 1, 'inventoryReadPermission', 'stock', '', 39, 0, 'inventory_advance', 'read', 'w', 0, '1'),
(1012, 1, 'inventoryCreatePermission', 'stock', '', 39, 0, 'inventory_advance', 'write', 'w', 0, '1'),
(1013, 1, 'inventoryDeletePermission', 'stock', '', 39, 0, 'inventory_advance', 'delete', 'w', 0, '1'),
(1101, 1, 'Read delivery receipts', 'expedition', '', 40, 0, 'delivery', 'lire', 'r', 0, '1'),
(1102, 1, 'Create/modify delivery receipts', 'expedition', '', 40, 0, 'delivery', 'creer', 'w', 0, '1'),
(1104, 1, 'Validate delivery receipts', 'expedition', '', 40, 0, 'delivery_advance', 'validate', 'd', 0, '1'),
(1109, 1, 'Delete delivery receipts', 'expedition', '', 40, 0, 'delivery', 'supprimer', 'd', 0, '1'),
(1121, 1, 'Read supplier proposals', 'supplier_proposal', '', 35, 0, 'lire', '', 'w', 0, '1'),
(1122, 1, 'Create/modify supplier proposals', 'supplier_proposal', '', 35, 0, 'creer', '', 'w', 0, '1'),
(1123, 1, 'Validate supplier proposals', 'supplier_proposal', '', 35, 0, 'validate_advance', '', 'w', 0, '1'),
(1124, 1, 'Envoyer les demandes fournisseurs', 'supplier_proposal', '', 35, 0, 'send_advance', '', 'w', 0, '1'),
(1125, 1, 'Delete supplier proposals', 'supplier_proposal', '', 35, 0, 'supprimer', '', 'w', 0, '1'),
(1126, 1, 'Close supplier price requests', 'supplier_proposal', '', 35, 0, 'cloturer', '', 'w', 0, '1'),
(1181, 1, 'Consulter les fournisseurs', 'fournisseur', '', 12, 0, 'lire', '', 'r', 0, '1'),
(1182, 1, 'Consulter les commandes fournisseur', 'fournisseur', '', 12, 0, 'commande', 'lire', 'r', 0, '1'),
(1183, 1, 'Creer une commande fournisseur', 'fournisseur', '', 12, 0, 'commande', 'creer', 'w', 0, '1'),
(1184, 1, 'Valider une commande fournisseur', 'fournisseur', '', 12, 0, 'supplier_order_advance', 'validate', 'w', 0, '1'),
(1185, 1, 'Approuver une commande fournisseur', 'fournisseur', '', 12, 0, 'commande', 'approuver', 'w', 0, '1'),
(1186, 1, 'Commander une commande fournisseur', 'fournisseur', '', 12, 0, 'commande', 'commander', 'w', 0, '1'),
(1187, 1, 'Receptionner une commande fournisseur', 'fournisseur', '', 12, 0, 'commande', 'receptionner', 'd', 0, '1'),
(1188, 1, 'Supprimer une commande fournisseur', 'fournisseur', '', 12, 0, 'commande', 'supprimer', 'd', 0, '1'),
(1189, 1, 'Check/Uncheck a supplier order reception', 'fournisseur', '', 12, 0, 'commande_advance', 'check', 'w', 0, '1'),
(1190, 1, 'Approve supplier order (second level)', 'fournisseur', '', 12, 0, 'commande', 'approve2', 'w', 0, '1'),
(1191, 1, 'Exporter les commande fournisseurs, attributs', 'fournisseur', '', 12, 0, 'commande', 'export', 'r', 0, '1'),
(1192, 1, 'Approuver la commande d\'achat par le directeur financier & comptable', 'fournisseur', NULL, 12, 0, 'commande', 'approve3', 'w', 0, NULL),
(1193, 1, 'Approuver la commande d\'achat par le directeur général', 'fournisseur', NULL, 12, 0, 'commande', 'approve4', 'w', 0, NULL),
(1194, 1, 'Approuver par le contrôleur de gestion', 'fournisseur', NULL, 12, 0, 'commande', 'approvecontrolegestion', 'w', 0, '1'),
(1201, 1, 'Read exports', 'export', '', 72, 0, 'lire', '', 'r', 0, '1'),
(1202, 1, 'Creeate/modify export', 'export', '', 72, 0, 'creer', '', 'w', 0, '1'),
(1231, 1, 'Consulter les factures fournisseur', 'fournisseur', '', 12, 0, 'facture', 'lire', 'r', 0, '1'),
(1232, 1, 'Creer une facture fournisseur', 'fournisseur', '', 12, 0, 'facture', 'creer', 'w', 0, '1'),
(1233, 1, 'Valider une facture fournisseur', 'fournisseur', '', 12, 0, 'supplier_invoice_advance', 'validate', 'w', 0, '1'),
(1234, 1, 'Supprimer une facture fournisseur', 'fournisseur', '', 12, 0, 'facture', 'supprimer', 'd', 0, '1'),
(1235, 1, 'Envoyer les factures par mail', 'fournisseur', '', 12, 0, 'supplier_invoice_advance', 'send', 'a', 0, '1'),
(1236, 1, 'Exporter les factures fournisseurs, attributes et reglements', 'fournisseur', '', 12, 0, 'facture', 'export', 'r', 0, '1'),
(1251, 1, 'Run mass imports of external data (data load)', 'import', '', 70, 0, 'run', '', 'r', 0, '1'),
(1321, 1, 'Export customer invoices, attributes and payments', 'facture', '', 11, 0, 'facture', 'export', 'r', 0, '1'),
(1322, 1, 'Re-open a fully paid invoice', 'facture', '', 11, 0, 'invoice_advance', 'reopen', 'r', 0, '1'),
(1421, 1, 'Export sales orders and attributes', 'commande', '', 11, 0, 'commande', 'export', 'r', 0, '1'),
(2401, 1, 'Read actions/tasks linked to his account', 'agenda', '', 16, 0, 'myactions', 'read', 'r', 0, '1'),
(2402, 1, 'Create/modify actions/tasks linked to his account', 'agenda', '', 16, 0, 'myactions', 'create', 'w', 0, '1'),
(2403, 1, 'Delete actions/tasks linked to his account', 'agenda', '', 16, 0, 'myactions', 'delete', 'w', 0, '1'),
(2411, 1, 'Read actions/tasks of others', 'agenda', '', 16, 0, 'allactions', 'read', 'r', 0, '1'),
(2412, 1, 'Create/modify actions/tasks of others', 'agenda', '', 16, 0, 'allactions', 'create', 'w', 0, '1'),
(2413, 1, 'Delete actions/tasks of others', 'agenda', '', 16, 0, 'allactions', 'delete', 'w', 0, '1'),
(2414, 1, 'Export actions/tasks of others', 'agenda', '', 16, 0, 'export', '', 'w', 0, '1'),
(2451, 1, 'Read objects of EventOrganization', 'eventorganization', '', 15, 0, 'read', '', 'w', 0, '1'),
(2452, 1, 'Create/Update objects of EventOrganization', 'eventorganization', '', 15, 0, 'write', '', 'w', 0, '1'),
(2453, 1, 'Delete objects of EventOrganization', 'eventorganization', '', 15, 0, 'delete', '', 'w', 0, '1'),
(3201, 1, 'Read archived events and fingerprints', 'blockedlog', '', 76, 0, 'read', '', 'w', 0, '1'),
(3301, 1, 'Generate new modules', 'modulebuilder', '', 90, 0, 'run', '', 'a', 0, '1'),
(23001, 1, 'Read cron jobs', 'cron', '', 50, 0, 'read', '', 'w', 0, '1'),
(23002, 1, 'Create cron Jobs', 'cron', '', 50, 0, 'create', '', 'w', 0, '1'),
(23003, 1, 'Delete cron Jobs', 'cron', '', 50, 0, 'delete', '', 'w', 0, '1'),
(23004, 1, 'Execute cron Jobs', 'cron', '', 50, 0, 'execute', '', 'w', 0, '1'),
(40001, 1, 'Read currencies and their rates', 'multicurrency', '', 40, 0, 'currency', 'read', 'r', 1, '1'),
(40002, 1, 'Create/Update currencies and their rates', 'multicurrency', '', 40, 0, 'currency', 'write', 'w', 0, '1'),
(40003, 1, 'Delete currencies and their rates', 'multicurrency', '', 40, 0, 'currency', 'delete', 'w', 0, '1'),
(50401, 1, 'Bind products and invoices with accounting accounts', 'accounting', '', 61, 0, 'bind', 'write', 'r', 0, '1'),
(50411, 1, 'Read operations in Ledger', 'accounting', '', 61, 0, 'mouvements', 'lire', 'r', 0, '1'),
(50412, 1, 'Write/Edit operations in Ledger', 'accounting', '', 61, 0, 'mouvements', 'creer', 'w', 0, '1'),
(50414, 1, 'Delete operations in Ledger', 'accounting', '', 61, 0, 'mouvements', 'supprimer', 'd', 0, '1'),
(50415, 1, 'Delete all operations by year and journal in Ledger', 'accounting', '', 61, 0, 'mouvements', 'supprimer_tous', 'd', 0, '1'),
(50418, 1, 'Export operations of the Ledger', 'accounting', '', 61, 0, 'mouvements', 'export', 'r', 0, '1'),
(50420, 1, 'Report and export reports (turnover, balance, journals, ledger)', 'accounting', '', 61, 0, 'comptarapport', 'lire', 'r', 0, '1'),
(50430, 1, 'Manage fiscal periods, validate movements and close periods', 'accounting', '', 61, 0, 'fiscalyear', 'write', 'r', 0, '1'),
(50440, 1, 'Manage chart of accounts, setup of accountancy', 'accounting', '', 61, 0, 'chartofaccount', '', 'r', 0, '1'),
(200002, 1, 'Valider une demande de matériel externe ou une demande de prestation externe', 'commande', NULL, 11, 0, 'valideexterne', NULL, 'w', 0, '1'),
(200003, 1, 'Approuver une demande de matériel ou de prestation interne par le demandeur ', 'commande', '', 11, 0, 'approuverdemandeur', NULL, 'w', 0, '1'),
(200004, 1, 'Approuver une demande de matériel ou de prestation interne par le responsable logistique ', 'commande', '', 11, 0, 'approuverresplog', NULL, 'w', 0, '1'),
(200005, 1, 'Approuver une demande de matériel ou de prestation interne par le directeur ', 'commande', '', 11, 0, 'approuverdirecteur', NULL, 'w', 0, '1'),
(200006, 1, 'Valider une demande de matériel ou de prestation interne par le demandeur', 'commande', NULL, 11, 0, 'validateinterne', NULL, 'w', 0, '1'),
(200007, 1, 'Créer une demande de matériel ou prestation externe', 'commande', NULL, 11, 0, 'create_externe', NULL, 'w', 0, '1'),
(941601, 1, 'Read receptions', 'reception', '', 40, 0, 'lire', '', 'r', 0, '1'),
(941602, 1, 'Create receptions', 'reception', '', 40, 0, 'creer', '', 'w', 0, '1'),
(941603, 1, 'Validate receptions', 'reception', '', 40, 0, 'reception_advance', 'validate', 'd', 0, '1'),
(941604, 1, 'Send receptions to customers', 'reception', '', 40, 0, 'reception_advance', 'send', 'd', 0, '1'),
(941605, 1, 'Export receptions', 'reception', '', 40, 0, 'reception', 'export', 'r', 0, '1'),
(941606, 1, 'Delete receptions', 'reception', '', 40, 0, 'supprimer', '', 'd', 0, '1'),
(1048560, 1, 'LISTINCSVExport', 'listincsv', '', 100050, 0, 'export', '', 'w', 0, '1'),
(5100001, 1, 'Read Planaction object of Pa', 'pa', '', 100090, 0, 'planaction', 'read', 'w', 0, '1'),
(5100002, 1, 'Create/Update Planaction object of Pa', 'pa', '', 100090, 0, 'planaction', 'write', 'w', 0, '1'),
(5100003, 1, 'Delete Planaction object of Pa', 'pa', '', 100090, 0, 'planaction', 'delete', 'w', 0, '1'),
(19049041, 1, 'consulter', 'parcmateriel', '', 100050, 0, 'lire', '', 'r', 1, '1'),
(19049042, 1, 'Ajouter/Modifier', 'parcmateriel', '', 100050, 0, 'creer', '', 'w', 0, '1'),
(19049043, 1, 'Supprimer', 'parcmateriel', '', 100050, 0, 'supprimer', '', 'd', 0, '1'),
(31000001, 1, 'Consulter les demande d\'intervention', 'di', '', 100090, 0, 'demande', 'read', 'w', 0, '1'),
(31000002, 1, 'Créer/modifier les demande d\'intervention', 'di', '', 100090, 0, 'demande', 'write', 'w', 0, '1'),
(31000003, 1, 'Supprimer les demande d\'intervention', 'di', '', 100090, 0, 'demande', 'delete', 'w', 0, '1'),
(44000001, 1, 'Read Devis object of Demandedevis', 'demandedevis', '', 100090, 0, 'devis', 'read', 'w', 0, '1'),
(44000002, 1, 'Create/Update Devis object of Demandedevis', 'demandedevis', '', 100090, 0, 'devis', 'write', 'w', 0, '1'),
(44000003, 1, 'Delete Devis object of Demandedevis', 'demandedevis', '', 100090, 0, 'devis', 'delete', 'w', 0, '1'),
(52000001, 1, 'Read Gamme object of Gamme', 'gamme', '', 100090, 0, 'gamme', 'read', 'w', 0, '1'),
(52000002, 1, 'Create/Update Gamme object of Gamme', 'gamme', '', 100090, 0, 'gamme', 'write', 'w', 0, '1'),
(52000003, 1, 'Delete Gamme object of Gamme', 'gamme', '', 100090, 0, 'gamme', 'delete', 'w', 0, '1'),
(53000001, 1, 'Read Simulateur object of Simulateur', 'simulateur', '', 100090, 0, 'simulateur', 'read', 'w', 0, '1'),
(53000002, 1, 'Create/Update Simulateur object of Simulateur', 'simulateur', '', 100090, 0, 'simulateur', 'write', 'w', 0, '1'),
(53000003, 1, 'Delete Simulateur object of Simulateur', 'simulateur', '', 100090, 0, 'simulateur', 'delete', 'w', 0, '1'),
(59000001, 1, 'Read Cheque object of Demandecheque', 'demandecheque', '', 100090, 0, 'cheque', 'read', 'w', 0, '1'),
(59000002, 1, 'Create/Update Cheque object of Demandecheque', 'demandecheque', '', 100090, 0, 'cheque', 'write', 'w', 0, '1'),
(59000003, 1, 'Delete Cheque object of Demandecheque', 'demandecheque', '', 100090, 0, 'cheque', 'delete', 'w', 0, '1'),
(59000004, 1, 'Valider une demande de paiement fournisseur par le demandeur', 'demandecheque', NULL, 100090, 0, 'cheque', 'validd', 'w', 0, '1'),
(59000005, 1, 'Valider une demande de paiement fournisseur par le supérieur hiérarchique', 'demandecheque', NULL, 100090, 0, 'cheque', 'validsh', 'w', 0, '1'),
(59000006, 1, 'Valider une demande de paiement fournisseur par le controleur de gestion', 'demandecheque', NULL, 100090, 0, 'cheque', 'validcg', 'w', 0, '1'),
(59000007, 1, 'Valider une demande de paiement fournisseur par le directeur gestion', 'demandecheque', NULL, 100090, 0, 'cheque', 'validdf', 'w', 0, '1');

-- --------------------------------------------------------

--
-- Structure de la table `llx_salary`
--

CREATE TABLE IF NOT EXISTS `llx_salary` (
  `rowid` int(11) NOT NULL AUTO_INCREMENT,
  `ref` varchar(30) COLLATE utf8_unicode_ci DEFAULT NULL,
  `ref_ext` varchar(255) COLLATE utf8_unicode_ci DEFAULT NULL,
  `tms` timestamp NULL DEFAULT CURRENT_TIMESTAMP ON UPDATE CURRENT_TIMESTAMP,
  `datec` datetime DEFAULT NULL,
  `fk_user` int(11) NOT NULL,
  `datep` date DEFAULT NULL,
  `datev` date DEFAULT NULL,
  `salary` double(24,8) DEFAULT NULL,
  `amount` double(24,8) NOT NULL DEFAULT '0.00000000',
  `fk_projet` int(11) DEFAULT NULL,
  `fk_typepayment` int(11) NOT NULL,
  `num_payment` varchar(50) COLLATE utf8_unicode_ci DEFAULT NULL,
  `label` varchar(255) COLLATE utf8_unicode_ci DEFAULT NULL,
  `datesp` date DEFAULT NULL,
  `dateep` date DEFAULT NULL,
  `entity` int(11) NOT NULL DEFAULT '1',
  `note` text COLLATE utf8_unicode_ci,
  `note_public` text COLLATE utf8_unicode_ci,
  `fk_bank` int(11) DEFAULT NULL,
  `paye` smallint(6) NOT NULL DEFAULT '0',
  `fk_account` int(11) DEFAULT NULL,
  `fk_user_author` int(11) DEFAULT NULL,
  `fk_user_modif` int(11) DEFAULT NULL,
  PRIMARY KEY (`rowid`)
) ENGINE=InnoDB DEFAULT CHARSET=utf8 COLLATE=utf8_unicode_ci;

-- --------------------------------------------------------

--
-- Structure de la table `llx_salary_extrafields`
--

CREATE TABLE IF NOT EXISTS `llx_salary_extrafields` (
  `rowid` int(11) NOT NULL AUTO_INCREMENT,
  `tms` timestamp NULL DEFAULT CURRENT_TIMESTAMP ON UPDATE CURRENT_TIMESTAMP,
  `fk_object` int(11) NOT NULL,
  `import_key` varchar(14) COLLATE utf8_unicode_ci DEFAULT NULL,
  PRIMARY KEY (`rowid`),
  UNIQUE KEY `uk_salary_extrafields` (`fk_object`)
) ENGINE=InnoDB DEFAULT CHARSET=utf8 COLLATE=utf8_unicode_ci;

-- --------------------------------------------------------

--
-- Structure de la table `llx_simulateur_simulateur`
--

CREATE TABLE IF NOT EXISTS `llx_simulateur_simulateur` (
  `rowid` int(11) NOT NULL AUTO_INCREMENT,
  `ref` varchar(128) COLLATE utf8_unicode_ci NOT NULL,
  `date_creation` datetime NOT NULL,
  `tms` timestamp NULL DEFAULT CURRENT_TIMESTAMP ON UPDATE CURRENT_TIMESTAMP,
  `fk_user_creat` int(11) NOT NULL,
  `fk_user_modif` int(11) DEFAULT NULL,
  `last_main_doc` varchar(255) COLLATE utf8_unicode_ci DEFAULT NULL,
  `import_key` varchar(14) COLLATE utf8_unicode_ci DEFAULT NULL,
  `model_pdf` varchar(255) COLLATE utf8_unicode_ci DEFAULT NULL,
  `status` int(11) DEFAULT '0',
  `date_fin_declenchement` date DEFAULT NULL,
  `fk_plan` int(11) DEFAULT NULL,
  `fk_soc` int(11) DEFAULT NULL,
  PRIMARY KEY (`rowid`),
  UNIQUE KEY `uk_simulateur_simulateur_ref` (`ref`),
  KEY `idx_simulateur_simulateur_rowid` (`rowid`),
  KEY `idx_simulateur_simulateur_status` (`status`)
) ENGINE=InnoDB DEFAULT CHARSET=utf8 COLLATE=utf8_unicode_ci;

-- --------------------------------------------------------

--
-- Structure de la table `llx_simulateur_simulateurline`
--

CREATE TABLE IF NOT EXISTS `llx_simulateur_simulateurline` (
  `rowid` int(11) NOT NULL AUTO_INCREMENT,
  `qty` double DEFAULT NULL,
  `description` text COLLATE utf8_unicode_ci,
  `date_creation` datetime NOT NULL,
  `tms` timestamp NULL DEFAULT CURRENT_TIMESTAMP ON UPDATE CURRENT_TIMESTAMP,
  `fk_user_creat` int(11) NOT NULL,
  `fk_user_modif` int(11) DEFAULT NULL,
  `fk_site` int(11) DEFAULT NULL,
  `fk_equipement` int(11) DEFAULT NULL,
  `fk_gamme` int(11) DEFAULT NULL,
  `fk_contrat` int(11) DEFAULT NULL,
  `fk_periodicite` int(11) DEFAULT NULL,
  `nb_per` int(11) DEFAULT NULL,
  `fk_declenchement` int(11) DEFAULT NULL,
  `fk_simulateur` int(11) NOT NULL,
  `date_debut` date DEFAULT NULL,
  `statut_ligne` int(11) DEFAULT '0',
  PRIMARY KEY (`rowid`),
  KEY `idx_simulateur_simulateurline_rowid` (`rowid`)
) ENGINE=InnoDB DEFAULT CHARSET=utf8 COLLATE=utf8_unicode_ci;

-- --------------------------------------------------------

--
-- Structure de la table `llx_simulateur_simulateurline_extrafields`
--

CREATE TABLE IF NOT EXISTS `llx_simulateur_simulateurline_extrafields` (
  `rowid` int(11) NOT NULL AUTO_INCREMENT,
  `tms` timestamp NULL DEFAULT NULL,
  `fk_object` int(11) NOT NULL,
  `import_key` varchar(14) COLLATE utf8_unicode_ci DEFAULT NULL,
  PRIMARY KEY (`rowid`),
  UNIQUE KEY `uk_simulateurline_fk_object` (`fk_object`)
) ENGINE=InnoDB DEFAULT CHARSET=utf8 COLLATE=utf8_unicode_ci;

-- --------------------------------------------------------

--
-- Structure de la table `llx_simulateur_simulateur_extrafields`
--

CREATE TABLE IF NOT EXISTS `llx_simulateur_simulateur_extrafields` (
  `rowid` int(11) NOT NULL AUTO_INCREMENT,
  `tms` timestamp NULL DEFAULT NULL,
  `fk_object` int(11) NOT NULL,
  `import_key` varchar(14) COLLATE utf8_unicode_ci DEFAULT NULL,
  PRIMARY KEY (`rowid`),
  UNIQUE KEY `uk_simulateur_fk_object` (`fk_object`)
) ENGINE=InnoDB DEFAULT CHARSET=utf8 COLLATE=utf8_unicode_ci;

-- --------------------------------------------------------

--
-- Structure de la table `llx_site_client`
--

CREATE TABLE IF NOT EXISTS `llx_site_client` (
  `rowid` int(11) NOT NULL AUTO_INCREMENT,
  `fk_client` int(11) DEFAULT NULL,
  `site` varchar(255) COLLATE utf8_unicode_ci DEFAULT NULL,
  `emplacement` varchar(255) COLLATE utf8_unicode_ci DEFAULT NULL,
  `responsable` varchar(255) COLLATE utf8_unicode_ci DEFAULT NULL,
  `tel_responsable` varchar(55) COLLATE utf8_unicode_ci DEFAULT NULL,
  `email_responsable` varchar(255) COLLATE utf8_unicode_ci DEFAULT NULL,
  PRIMARY KEY (`rowid`)
) ENGINE=MyISAM AUTO_INCREMENT=132 DEFAULT CHARSET=utf8 COLLATE=utf8_unicode_ci;

--
-- Déchargement des données de la table `llx_site_client`
--

INSERT INTO `llx_site_client` (`rowid`, `fk_client`, `site`, `emplacement`, `responsable`, `tel_responsable`, `email_responsable`) VALUES
(1, 2, 'NSIA PARTICIPATION', 'VALLON', 'AFFRAN', NULL, NULL),
(2, 114, 'SIEGE CONSEIL CONSTITUTIONNEL', 'SIEGE PLATEAU', 'Mme CISSE', '2720253850', ''),
(3, 110, 'DOMICILE DG', '1er ETAGE', 'Mme TANO ROSINE', NULL, NULL),
(4, 126, 'SVDG AFRIQUE', 'ANGRE 7em TRANCHE', 'AFFRAN', '', ''),
(122, 106, 'YAKRO', 'YAMOUSSOUKRO', 'Mme KACHI', '', ''),
(6, 107, 'ADMINISTRATION', 'TREICHVILLE', 'Mme BOITINI', '', ''),
(7, 107, 'LOGISTIC', 'TREICHVILLE', 'Mme BOITINI', '', ''),
(8, 107, 'DOMICILE DG', 'COCODY', 'Mme BOITINI', '', ''),
(9, 131, 'PNLP RIVIERA 3', 'PNLP REZ DE CHAUSSEE', 'Mr BONY', '', ''),
(10, 131, 'PNLP RIVIERA 3', 'PNLP 1er ETAGE', 'Mr BONY', NULL, NULL),
(11, 108, 'ODYSSEY II PLATEAU', 'SOUS SOL', 'Mr LASME', '', ''),
(12, 108, 'ODYSSEY II PLATEAU', '1er ETAGE', 'Mr LASME', '', ''),
(13, 110, 'DOMICILE', 'REZ DE CHAUSSEE', '.', '', ''),
(14, 110, 'SIEGE', '*', '*', '', ''),
(15, 693, 'MAGASIN', '*', 'TREICHVILLE', '', ''),
(16, 693, 'GOLF', 'COCODY', '*', '', ''),
(17, 694, 'UCP RIVIERA', 'UCP RIVIERA', '*', '', ''),
(18, 127, 'II PLATEAU', 'II PLATEAU', 'Mme AKELE', '', ''),
(19, 1, 'ABIDJAN', 'ZONE 1', 'Mme KOUASSI', NULL, NULL),
(20, 1, 'BOUAKE', 'ZONE 2', 'Mme KOUASSI', NULL, NULL),
(21, 111, 'SIEGE', 'UNIVELECT', 'Mme KOUASSI', '', ''),
(25, 105, 'ARCHIVE', 'PLATEAU', 'Mr BERTHE', NULL, NULL),
(22, 1, 'YAMOUSSOUKRO', 'ZONE 2', 'Mme KOUASSI', '', ''),
(23, 1, 'KORHOGO', 'ZONE 2', 'Mme KOUASSI', '', ''),
(24, 1, 'SAN PEDRO', 'ZONE 2', 'Mme KOUASSI', '', ''),
(26, 105, 'PACIFIQUE', 'PLATEAU', 'Mr BERTHE', '', ''),
(28, 105, 'CASTAING 3em ETAGE', 'PLATEAU', 'Mr BERTHE', '', ''),
(29, 105, 'CASTAING 2em Etage', 'PLATEAU', 'Mr BERTHE', '', ''),
(30, 105, 'CASTAING 1em ETAGE', 'PLATEAU', 'Mr BERTHE', NULL, NULL),
(31, 105, 'CASTAING 5em ETAGE', 'PLATEAU', 'Mr BERTHE', '', ''),
(32, 105, 'REPROGRAPHIE', 'REPROGRAPHIE', 'Mr BERTHE', '', ''),
(33, 105, 'KORHOGO', 'RDC', 'Mr BERTHE', '', ''),
(34, 105, 'SAN PEDRO', 'RDC', 'Mr BERTHE', '', ''),
(35, 105, 'SAN PEDRO', '1er ETAGE', '*', '', ''),
(36, 105, 'MAN', 'RDC', 'Mr BERTHE', '', ''),
(37, 105, 'TREICHVILLE', '1er ETAGE A', 'Mr BERTHE', '', ''),
(38, 105, 'CASTAING', '*', 'Mr BERTHE', '', ''),
(39, 105, 'ODIENNE', 'RDC', 'Mr BERTHE', '', ''),
(40, 105, 'YAMOUSSOUKRO', 'RDC', 'Mr BERTHE', '', ''),
(41, 104, 'BOUAKE ELEPHANT', '*', 'SOUMAH', '', ''),
(42, 104, 'BOUAKE GARE', '*', 'SOUMAH', '', ''),
(43, 104, 'BOUAKE KAMANOUKRO', '*', '*', '', ''),
(45, 104, 'BOUAKE ROUTE D\'ABIDJAN 1', '*', 'SOUMAH', '', ''),
(46, 104, 'BOUAKE ROUTE D\'ABIDJAN 2', '*', 'SOUMAH', '', ''),
(47, 104, 'DO KASSERE', '*', 'SOUMAH', '', ''),
(48, 104, 'BOUAKE ROUTE KATIOLA', '*', 'SOUMAH', '', ''),
(49, 104, 'BOUAKE ROUTE M\'BAHAIKRO', '*', 'SOUMAH', '', ''),
(50, 104, 'RAN BOUAKE', '*', 'SOUMAH', '', ''),
(51, 104, 'MANKONO', '*', 'SOUMAH', '', ''),
(53, 104, 'SINFRA', '*', 'SOUMAH', '', ''),
(54, 104, 'AUTOROUTE DU CARREFOUR TOUMODI 1', '*', 'SOUMAH', '', ''),
(55, 104, 'AUTOROUTE DU CARREFOUR TOUMODI 2', '*', 'SOUMAH', '', ''),
(56, 104, 'TOUMODI 1', '*', 'SOUMAH', '', ''),
(57, 104, 'TOUMODI 2', '*', 'SOUMAH', '', ''),
(58, 104, 'COFFRET ONDULE', '*', 'SOUMAH', '', ''),
(59, 104, 'YAKRO 1', '*', 'SOUMAH', '', ''),
(60, 104, 'YAKRO LACS', '*', 'SOUMAH', '', ''),
(61, 104, 'YAKRO MOROFE', '*', 'SOUMAH', '', ''),
(62, 104, 'DO ADJAMENE', '*', 'SOUMAH', '', ''),
(63, 104, 'DO SAN PEDRO BARDOT', '*', 'SOUMAH', '', ''),
(64, 104, 'DO VAVOUA', '*', 'SOUMAH', '', ''),
(65, 104, 'SA Bazra', '*', 'SOUMAH', '', ''),
(66, 104, 'DO Dagadji', '*', 'SOUMAH', '', ''),
(67, 104, 'DALOA GARE', '*', 'SOUMAH', '', ''),
(68, 104, 'LA DIEGONEFLA', '*', 'SOUMAH', '', ''),
(69, 104, 'DIVO', '*', 'SOUMAH', '', ''),
(70, 104, 'DIVO MALINDI', '*', 'SOUMAH', '', ''),
(71, 104, 'GAGNOA GARE ROUTIERE', '*', 'SOUMAH', '', ''),
(72, 104, 'LA GAGNOA', '*', 'SOUMAH', '', ''),
(73, 104, 'GRAND BEREBY', '*', 'SOUMAH', '', ''),
(74, 104, 'HERMANKONO', '*', 'SOUMAH', '', ''),
(75, 104, 'LAKOTA', '*', 'SOUMAH', '', ''),
(76, 104, 'OUME MALINDI', '*', 'SOUMAH', '', ''),
(77, 104, 'LA SAN PEDRO', '*', 'SOUMAH', '', ''),
(78, 104, 'RO SAN PEDRO BARDOT', '*', 'SOUMAH', '', ''),
(79, 104, 'SAN PEDRO GARE ROUTIERE', '*', 'SOUMAH', '', ''),
(80, 104, 'SAN PEDRO ZI', '*', 'SOUMAH', '', ''),
(82, 104, 'SEGUELA', '*', 'SOUMAH', '', ''),
(83, 104, 'SA Seguela', '*', 'SOUMAH', '', ''),
(84, 104, 'SOGB', '*', 'SOUMAH', '', ''),
(85, 104, 'SA Vavoua', '*', 'SOUMAH', '', ''),
(86, 104, 'BOUNDIALI', '*', 'SOUMAH', '', ''),
(87, 104, 'CO DABAKALA', '*', 'SOUMAH', '', ''),
(88, 104, 'SA Ferke', '*', 'SOUMAH', '', ''),
(89, 104, 'KANAWOLO', '*', 'SOUMAH', '', ''),
(90, 104, 'KATIOLA', '*', 'SOUMAH', '', ''),
(91, 104, 'KORHOGO', '*', 'SOUMAH', '', ''),
(92, 104, 'KORHOGO 2', '*', 'SOUMAH', '', ''),
(93, 104, 'KORHOGO UNIVERSITE', '*', 'SOUMAH', '', ''),
(94, 104, 'SA Korhogo', '*', 'SOUMAH', '', ''),
(95, 104, 'CO OUANGOLO', '*', 'SOUMAH', '', ''),
(96, 104, 'TINGRELA', '*', 'SOUMAH', '', ''),
(97, 104, 'TIORONIARADOUGOU', '*', 'SOUMAH', '', ''),
(98, 104, 'BEOUMI', '*', 'SOUMAH', '', ''),
(99, 104, 'AO GABIADJI', '*', 'SOUMAH', '', ''),
(100, 104, 'AO MEAGUI', '*', 'SOUMAH', '', ''),
(101, 104, 'AO OUPOYO', '*', 'SOUMAH', '', ''),
(102, 104, 'DANANE ROUTE DE MAN', '*', 'SOUMAH', '', ''),
(103, 104, 'DANANE RTE ZOUAN HOUIN', '*', 'SOUMAH', '', ''),
(104, 104, 'DUEKOUE', '*', 'SOUMAH', '', ''),
(105, 104, 'MAN CHAPELLE', '*', 'SOUMAH', '', ''),
(106, 104, 'MAN GARE ROUTIERE', '*', 'SOUMAH', '', ''),
(107, 104, 'MAN TONKPI', '*', 'SOUMAH', '', ''),
(108, 104, 'SA Man', '*', 'SOUMAH', '', ''),
(109, 104, 'MEAGUI', '*', 'SOUMAH', '', ''),
(110, 104, 'ODIENNE', '*', 'SOUMAH', '', ''),
(111, 104, 'ODIENNE 2', '*', 'SOUMAH', '', ''),
(112, 104, 'SASSANDRA', '*', 'SOUMAH', '', ''),
(113, 104, 'SOUBRE GARE ROUTIERE', '*', 'SOUMAH', '', ''),
(114, 104, 'SAP SAN PEDRO BARDOT SUD ', '*', 'SOUMAH', '', ''),
(115, 104, 'SAP SAN PEDRO LAC ', '*', 'SOUMAH', '', ''),
(116, 104, 'TOUBA', '*', 'SOUMAH', '', ''),
(117, 104, 'Toulepleu', '*', 'SOUMAH', '', ''),
(118, 120, 'SIEGE', 'ANGRE', 'ADOUBI', '', ''),
(119, 787, 'BOUAKE', 'BOUAKE', 'Mr KOUMAN', '', ''),
(120, 128, 'RIVIERA CIAD', 'CIAD', 'Mr ESSIS', '', ''),
(121, 112, 'KORHOGO', 'KORHOGO', 'Mr YEO', '', ''),
(123, 106, 'DOM DG', 'COCODY GOLF', 'Mme KACHI', '', ''),
(124, 106, 'YOPOUGON', 'YOPOUGON', 'Mme KACHI', '', ''),
(125, 106, 'DAAF', 'COCODY', 'Mme KACHI', '', ''),
(126, 106, 'CENTRAL', 'ANGRE', 'Mme KACHI', '', ''),
(127, 106, 'SECRETARIAT', 'ANGRE', 'Mme KACHI', '', ''),
(128, 106, 'SIEGE', 'ANGRE', 'Mme KACHI', '', ''),
(129, 137, 'ATTINGUE PK24', 'Mr OUATTARA', 'PK24', '', ''),
(130, 117, 'SIEGE', 'TREICHVILLE', 'Mr BINDE', '', ''),
(131, 118, 'YOPOUGON ZONE INDUSTRIELLE PK44', 'PK44', 'Mr HONEL', '', '');

-- --------------------------------------------------------

--
-- Structure de la table `llx_site_zone`
--

CREATE TABLE IF NOT EXISTS `llx_site_zone` (
  `rowid` int(11) NOT NULL AUTO_INCREMENT,
  `site` varchar(255) COLLATE utf8_unicode_ci DEFAULT NULL,
  `zone` varchar(255) COLLATE utf8_unicode_ci DEFAULT NULL,
  `fk_client` int(11) DEFAULT NULL,
  `idligne_site` int(11) DEFAULT NULL,
  `code_zone` varchar(255) COLLATE utf8_unicode_ci DEFAULT NULL,
  PRIMARY KEY (`rowid`)
) ENGINE=MyISAM AUTO_INCREMENT=605 DEFAULT CHARSET=utf8 COLLATE=utf8_unicode_ci;

--
-- Déchargement des données de la table `llx_site_zone`
--

INSERT INTO `llx_site_zone` (`rowid`, `site`, `zone`, `fk_client`, `idligne_site`, `code_zone`) VALUES
(1, 'NSIA PARTICIPATION', 'LOCAL TECHNIQUE', 2, 1, 'LOCAL TECHNIQUE'),
(2, 'SIEGE CONSEIL CONSTITUTIONNEL', 'LOCAL GROUPE ELECTROGENE', 114, 2, 'LCAL GE'),
(3, 'DOMICILE DG', 'SALON DG', 110, 3, 'SALON'),
(6, NULL, 'HALL1', 126, 4, 'HALL1'),
(8, 'SVDG AFRIQUE', 'HALL2', 126, 4, 'HALL2'),
(7, 'SVDG AFRIQUE', 'BUREAU COLLABORATEUR', 126, 4, 'BUREAU COLLABORATEUR'),
(9, 'SVDG AFRIQUE', 'BUREAU DIRECTEUR', 126, 4, 'BUREAU DIRECTEUR'),
(596, 'DOM DG', 'LOCAL GE', 106, 123, 'LT DG'),
(11, 'ADMINISTRATION', 'ACCUEIL', 107, 6, 'ACC'),
(12, 'ADMINISTRATION', 'SALLE DE REUNION ET COMMUNICATION', 107, 6, 'RCOM'),
(13, 'ADMINISTRATION', 'FINANCE MANAGER', 107, 6, 'FIN'),
(14, 'ADMINISTRATION', 'COUNTRY MANAGER', 107, 6, 'COUM'),
(15, 'ADMINISTRATION', 'SALLE INFORMATIQUE', 107, 6, 'INFO'),
(16, 'ADMINISTRATION', 'SERVICE OPERATION', 107, 6, 'OPER'),
(17, 'ADMINISTRATION', 'SERVICE CLIENTELE', 107, 6, 'CLIEN'),
(18, 'LOGISTIC', 'OPEN - SPACO - COMPTOIRS', 107, 7, 'OSC'),
(19, 'LOGISTIC', 'ACCUEIL ET COMPTOIRS', 107, 7, 'ACOM'),
(20, 'LOGISTIC', 'OPEN - SPACO', 107, 7, 'OSP'),
(21, 'LOGISTIC', 'SALLE DE REUNION', 107, 7, 'REU'),
(22, 'LOGISTIC', 'CUISINE LOGISTIC', 107, 7, 'CUI LOG'),
(23, 'LOGISTIC', 'SALLE SERVER', 107, 7, 'SSER'),
(24, 'LOGISTIC', 'BUREAU1', 107, 7, 'BUR1'),
(25, 'LOGISTIC', 'HALL 1', 107, 7, 'HAL1'),
(26, 'LOGISTIC', 'HALL 2', 107, 7, 'HAL2'),
(27, 'LOGISTIC', 'COULOIR LOG', 107, 7, 'COUL'),
(28, 'LOGISTIC', 'BUREAU 2', 107, 7, 'BUR2'),
(29, 'LOGISTIC', 'BUREAU 3', 107, 7, 'BUR3'),
(30, 'LOGISTIC', 'BUREAU 4', 107, 7, 'BUR4'),
(31, 'LOGISTIC', 'BUREAU 5', 107, 7, 'BUR5'),
(32, 'LOGISTIC', 'HALL 3', 107, 7, 'HAL3'),
(33, 'DOMICILE DG', 'CUISINE DG', 107, 8, 'CUI DG'),
(34, 'DOMICILE DG', 'SALON', 107, 8, 'SALO1'),
(35, 'DOMICILE DG', 'SALLE A MANGER', 107, 8, 'AMAN'),
(36, 'DOMICILE DG', 'SALON 2', 107, 8, 'SALO2'),
(37, 'DOMICILE DG', 'CHAMBRE PRINCIPALE', 107, 8, 'CHAP'),
(38, 'DOMICILE DG', 'CHAMBRE ENFANT', 107, 8, 'CHAE1'),
(39, 'DOMICILE DG', 'CHAMBRE ENFANT 2', 107, 8, 'CHAE2'),
(40, 'DOMICILE DG', 'BUREAU', 107, 8, 'BUR DG'),
(41, 'PNLP RIVIERA 3', 'BUREAU COMPTABLE RAF', 131, 9, 'BUCR'),
(42, 'PNLP RIVIERA 3', 'BUREAU CHEF COMPTABLE', 131, 9, 'BUCC'),
(43, 'PNLP RIVIERA 3', 'SALLE COMPTABLE', 131, 9, 'SCOM'),
(44, 'PNLP RIVIERA 3', 'BUREAU DG', 131, 9, 'BUDG'),
(45, 'PNLP RIVIERA 3', 'SECRETARIAT', 131, 9, 'BSC'),
(46, 'PNLP RIVIERA 3', 'SALLE DE RECHERCHE', 131, 9, 'SDRE'),
(47, 'PNLP RIVIERA 3', 'BUREAU CHEF DE RECHERCHE', 131, 9, 'BUCR'),
(48, 'PNLP RIVIERA 3', 'BUREAU MOYENS GENERAUX', 131, 9, 'BUMG'),
(49, 'PNLP RIVIERA 3', 'MAGASIN MOYENS GENERAUX', 131, 9, 'MMG'),
(50, 'PNLP RIVIERA 3', 'SALLE ARCHIVES', 131, 9, 'SARH'),
(51, 'PNLP RIVIERA 3', 'BUREAU 1 NON OCCUPE', 131, 10, 'B1NO'),
(52, 'PNLP RIVIERA 3', 'BUREAU 2 NON OCCUPE', 131, 10, 'B2NO'),
(53, 'PNLP RIVIERA 3', 'SALLE LOGISTIQUE', 131, 10, 'SLOG'),
(54, 'PNLP RIVIERA 3', 'SALLE D\'ATTENTE', 131, 10, 'SATE'),
(55, 'PNLP RIVIERA 3', 'SALLE COMMUNICATION', 131, 10, 'SCOM'),
(56, 'PNLP RIVIERA 3', 'BUREAU RESPONSBLE COMMUNICATION', 131, 10, 'BRCOM'),
(57, 'PNLP RIVIERA 3', 'SALLE DE CONFERENCE', 131, 10, 'SCONF'),
(58, 'PNLP RIVIERA 3', 'BUREAU CHEF SERVICE EVALUATION', 131, 10, 'BCSE'),
(59, 'PNLP RIVIERA 3', 'BUREAU CHEF PREVENTION', 131, 10, 'BCPR'),
(60, 'PNLP RIVIERA 3', 'BUREAU GESTIONNAIRE', 131, 10, 'BGES'),
(61, 'PNLP RIVIERA 3', 'BUREAU CONSULTANT', 131, 10, 'BCON'),
(62, 'PNLP RIVIERA 3', 'SALLE SERVEUR', 131, 10, 'SSERV'),
(63, 'PNLP RIVIERA 3', 'BUREAU COURRIER', 131, 10, 'BCOUR'),
(64, 'PNLP RIVIERA 3', 'BUREAU CONDUCTEUR', 131, 10, 'BCOND'),
(65, 'PNLP RIVIERA 3', 'BUREAU DCA', 131, 10, 'BDCA'),
(66, 'PNLP RIVIERA 3', 'BUREAU FERME', 131, 10, 'BFER'),
(67, 'PNLP RIVIERA 3', 'BUREAU CHEF DE SERVICE SUIVI EVALUATION', 131, 10, 'BCSSE'),
(68, 'PNLP RIVIERA 3', 'BUREAU SERVICE SUIVI EVALUATION', 131, 10, 'BSSE'),
(69, 'PNLP RIVIERA 3', 'BUREAU SERVICE PREVENTION', 131, 10, 'BSP'),
(70, 'PNLP RIVIERA 3', 'BUREAU SERVICE PRISE EN CHARGE', 131, 10, 'BSPC'),
(71, 'PNLP RIVIERA 3', 'CONTENEUR N°2 BUREAU 1 EN BAS', 131, 10, 'CB1B'),
(72, 'PNLP RIVIERA 3', 'CONTENEUR N°2 BUREAU 2 EN BAS', 131, 10, 'CB2B'),
(73, 'PNLP RIVIERA 3', 'CONTENEUR N°2 BUREAU 1er EN HAUT', 131, 10, 'CB1H'),
(74, 'PNLP RIVIERA 3', 'CONTENEUR N°2 BUREAU 2 EN HAUT', 131, 10, 'CB2H'),
(75, 'PNLP RIVIERA 3', 'CONTENEUR N°3 BUREAU 1 EN BAS', 131, 10, 'CB3B'),
(76, 'PNLP RIVIERA 3', 'CONTENEUR N°3 BUREAU 2 EN BAS', 131, 10, 'CB4B'),
(77, 'PNLP RIVIERA 3', 'CONTENEUR N°3 BUREAU 1er EN HAUT', 131, 10, 'CB3H'),
(78, 'PNLP RIVIERA 3', 'CONTENEUR N°3 BUREAU 2 EN HAUT', 131, 10, 'CB4H'),
(79, 'PNLP RIVIERA 3', 'SALLE COMPTABLE', 131, 10, 'SCOM'),
(80, 'PNLP RIVIERA 3', 'CHEF DE SERVICE ADMINISTRATIF ET FINANCIER', 131, 10, 'CSAF'),
(81, 'PNLP RIVIERA 3', 'CHEF DE SERVICE DE LA PRISE EN CHARGE', 131, 10, 'CSPC'),
(82, 'PNLP RIVIERA 3', 'LOCAL GE', 131, 10, 'LGE'),
(83, 'PNLP RIVIERA 3', 'DIRECTRICE COORDINNATRICE ADJOINTE', 131, 10, 'DCA'),
(84, 'ODYSSEY II PLATEAU', 'SALLE DE REUNION', 108, 11, 'SARU'),
(85, 'ODYSSEY II PLATEAU', 'HALL', 108, 11, 'HAL'),
(86, 'ODYSSEY II PLATEAU', 'SERVICE INFORMATIQUE', 108, 11, 'SINFO'),
(87, 'ODYSSEY II PLATEAU', 'SERVICE MEDICAL', 108, 11, 'SMED'),
(88, 'ODYSSEY II PLATEAU', 'DIRECTEUR DES SYSTEMES D\'INFO', 108, 11, 'DDSI'),
(89, 'ODYSSEY II PLATEAU', 'SERVICE COMPTABILITE', 108, 12, 'SCOMP'),
(90, 'ODYSSEY II PLATEAU', 'SERVICE PRODUCTION', 108, 12, 'SPROD'),
(91, 'ODYSSEY II PLATEAU', 'SECRETARIAT DG', 108, 12, 'SCDG'),
(92, 'ODYSSEY II PLATEAU', 'SERVICE INDEMNISATION', 108, 12, 'SINDEM'),
(94, 'DOMICILE DG', 'SALON', 110, 3, 'SAL'),
(96, 'DOMICILE DG', 'CHAE1', 110, 3, 'CHAMBRE ENFANT 1'),
(97, 'DOMICILE DG', 'CHAMBRE ENFANT 2', 110, 3, 'CHAE2'),
(98, 'DOMICILE DG', 'BUR', 110, 3, 'BUREAU'),
(99, 'DOMICILE DG', 'CHAMBRE PRINCIPALE', 110, 3, 'CHAP'),
(100, 'DOMICILE', 'GRAND SALON', 110, 13, 'GSAL'),
(101, 'SIEGE', 'LOCAL GE', 110, 14, 'LGE'),
(102, 'SIEGE', 'LOCAL INFORMATIQUE', 110, 14, 'LINF'),
(103, 'DOMICILE DG', 'CHAMBRE ENFANT 1', 110, 3, 'CHAE1'),
(104, 'MAGASIN', 'CHAMBRE FROIDE', 693, 15, 'CHF'),
(105, 'MAGASIN', 'LOCAL TECHNIQUE', 693, 15, 'LT'),
(106, 'MAGASIN', 'BUREAU RESPONSABLE', 693, 15, 'BRP'),
(107, 'MAGASIN', 'MAGASIN STOCKAGE', 693, 15, 'MST'),
(108, 'GOLF', 'GUERITE ENTREE PERSONNELS', 693, 16, 'BLOC A GEP'),
(109, 'GOLF', 'SALLE DE JEUX', 693, 16, 'BLOC A SDJ'),
(110, 'GOLF', 'U-REPORT', 693, 16, 'BLOC A URP'),
(111, 'GOLF', 'DRIVERS', 693, 16, 'BLOC A DRI'),
(112, 'GOLF', 'SALLE ASSOCIATION DU PERSONNEL', 693, 16, 'BLOC A SAP'),
(113, 'GOLF', 'SALLE REUNION INNOVATION (GAUCHE)', 693, 16, 'BLOC A SRIG'),
(114, 'GOLF', 'SALLE REUNION INNOVATION (DROITE)', 693, 16, 'BLOC ASRID'),
(115, 'GOLF', 'SALLE REUNION INNOVATION', 693, 16, 'BLOC A SIN'),
(116, 'GOLF', 'LOCAL BATTERIE', 693, 16, 'BLOC A LBT'),
(117, 'GOLF', 'SBC', 693, 16, 'BLOC A BCS'),
(118, 'GOLF', 'CSD', 693, 16, 'BLOC A CSD'),
(119, 'GOLF', 'CHIEF CSD', 693, 16, 'BLOC A CHI'),
(120, 'GOLF', 'VIH CHIEF (SANTE)', 693, 16, 'BLOC A VCS'),
(121, 'GOLF', 'VIH SANTE', 693, 16, 'BLOC A VIS'),
(122, 'GOLF', 'SOCIAL POLICY M&E STAFF', 693, 16, 'BLOC A SPS'),
(123, 'GOLF', 'CHIEF NUTRITION', 693, 16, 'BLOC A CHN'),
(124, 'GOLF', 'DEPUTY REPRESENTATIVE OFFICE', 693, 16, 'BLOC A DRO'),
(125, 'GOLF', 'EXECUTIVE ASSISTANT & SR BUDGET ASSISTANT', 693, 16, 'BLOC A EBA'),
(126, 'GOLF', 'SALLE PROGRAMME', 693, 16, 'BLOC A SPR'),
(127, 'GOLF', 'ASSISTANTS CHILD SURVIVAL', 693, 16, 'BLOC A ACS'),
(128, 'GOLF', 'BUREAU PROTECTION', 693, 16, 'BLOC A BPO'),
(129, 'GOLF', 'SALLE SERVEUR', 693, 16, 'BLOC A SSR'),
(130, 'GOLF', 'SECTION EDUCATION', 693, 16, 'BLOC A SED'),
(131, 'GOLF', 'ALAITEMENT', 693, 16, 'BLOC A ALT'),
(132, 'GOLF', 'SR EXECUTIVE ASSISTANT REPRESENTATION', 693, 16, 'BLOC B EAR'),
(133, 'GOLF', 'RESOURCE MOBILIZATION SPECIALIST', 693, 16, 'BLOC B RMS'),
(134, 'GOLF', 'COMMUNICATION ET ENGAGEMENT DES JEUNES', 693, 16, 'BLOC B CEJ'),
(135, 'GOLF', 'DEPUTY REPRESENTATIVE OPERATION', 693, 16, 'BLOC B DRO'),
(136, 'GOLF', 'EXECUTIVE ASSISTANT OPERATION', 693, 16, 'BLOC B EAO'),
(137, 'GOLF', 'ADMINISTRATION OFFICER', 693, 16, 'BLOC B ADO'),
(138, 'GOLF', 'ADMINISTRATIONS ASSISTANTS AND OFFICER', 693, 16, 'BLOC B AAO'),
(139, 'GOLF', 'SUPPLY ET LOGISTIC MANAGER', 693, 16, 'BLOC B SLM'),
(140, 'GOLF', 'SUPPLY ASSISTANTS AND OFFICER', 693, 16, 'BLOC B SAO'),
(141, 'GOLF', 'ICT STAFF', 693, 16, 'BLOC B ICT'),
(142, 'GOLF', 'PEV BUREAU', 693, 16, 'BLOC B PEV'),
(143, 'GOLF', 'GUERITE ENTREE VISITEURS', 693, 16, 'BLOC B GEV'),
(146, 'GOLF', 'ADO ET JEUNE', 693, 16, 'BLOC B AEJ'),
(145, 'GOLF', 'BUREAU CHEF DE SECURITE', 693, 16, 'BLOC A BCS'),
(147, 'GOLF', 'U-REPORT', 693, 16, 'BLOC URP'),
(148, 'GOLF', 'ICT STAFF (CONSTRUCTION)', 693, 16, 'ICT STAFF'),
(149, 'GOLF', 'HUMAN RESOURCES SPECIALIST', 693, 16, 'BLOC B HRS'),
(150, 'GOLF', 'HUMAN RESOURCES ASSISTANT AND OFFIER', 693, 16, 'BLOC B HRA'),
(151, 'GOLF', 'FINANCE OFFICER', 693, 16, 'BLOC B FOF'),
(152, 'GOLF', 'ICT SERVER ROOM', 693, 16, 'BLOC B ISR'),
(153, 'GOLF', 'LOCAL TECHNIQUE', 693, 16, 'BLOC B LT'),
(154, 'GOLF', 'PETITE SALLE DE REUNION OPERATION', 693, 16, 'BLOC B PSRO'),
(155, 'GOLF', 'PETITE SALLE DE REUNION ONU SIDA', 693, 16, 'BLOC B PSRS'),
(156, 'GOLF', 'GRANDE SALLE DE REUNION', 693, 16, 'BLOC B GSR'),
(157, 'GOLF', 'REPRESENTATIVE OFFICE', 693, 16, 'BLOC RPO'),
(158, 'GOLF', 'CHEF SOCIAL POLICY', 693, 16, 'BLOC B CSP'),
(159, 'GOLF', 'FINANCE OFFICER', 693, 16, 'BLOC B FNO'),
(160, 'GOLF', 'PETIT BUREAU ENTREE REPRESENTANT', 693, 16, 'BLOC B PBER'),
(161, 'GOLF', 'COUNTRY DIRECTOR', 693, 16, 'BLOC O-S CDR'),
(162, 'GOLF', 'TECHNICAL ADVISERS', 693, 16, 'BLOC O-S TAD'),
(163, 'GOLF', 'ADMINISTRATIVE ASSISTANT', 693, 16, 'BLOC O-S ADA'),
(164, 'GOLF', 'BUREAU CONSULTANT', 693, 16, 'BLOC O-S BCO'),
(165, 'GOLF', 'FINANCE ASSISTANT', 693, 16, 'BLOC O-S FNA'),
(166, 'GOLF', 'REPRESENTATIVE OFFICE', 693, 16, 'BLOC O-S RPO'),
(167, 'GOLF', 'ADO ET JEUNE', 693, 16, 'BLOC O-S AEJ'),
(168, 'GOLF', 'CANTINE', 693, 16, 'BLOC O-S CAN'),
(169, 'UCP RIVIERA', 'RESPONSABLE RISQUE ET AUDIT', 694, 17, 'RRA'),
(170, 'UCP RIVIERA', 'SERVICE AUDIT', 694, 17, 'SAT'),
(171, 'UCP RIVIERA', 'CHEF COMPTABLE', 694, 17, 'CCO'),
(172, 'UCP RIVIERA', 'COMPTABILITE', 694, 17, 'CPT'),
(173, 'UCP RIVIERA', 'RESPONSABLE PASSATION MARCHE', 694, 17, 'RPM'),
(174, 'UCP RIVIERA', 'CONTROLEUR DE GESTION', 694, 17, 'CTG'),
(175, 'UCP RIVIERA', 'BUREAU SPECIALISTE PASSATION DE MARCHE', 694, 17, 'SPM'),
(176, 'UCP RIVIERA', 'HALL COMPTABLE A L\'ETAGE', 694, 17, 'HCE'),
(177, 'UCP RIVIERA', 'CONTRÔLE DE GESTION', 694, 17, 'CTG'),
(178, 'UCP RIVIERA', 'BUREAU SUIVI-EVALUATION RDC', 694, 17, 'BDE'),
(179, 'UCP RIVIERA', 'SECRETARIAT RDC', 694, 17, 'SEC'),
(180, 'UCP RIVIERA', 'BUREAU RESPONSABLE ADMINISTRATIF ET FINANCIER', 694, 17, 'RAF'),
(181, 'UCP RIVIERA', 'BUREAU RESPONSABLE PLANIFICATION', 694, 17, 'BRP'),
(182, 'UCP RIVIERA', 'SALLE DE REUNION RDC', 694, 17, 'SAR'),
(183, 'UCP RIVIERA', 'SALLE SERVEUR', 694, 17, 'SSV'),
(184, 'UCP RIVIERA', 'BUREAU 2 INFORMATIQUE', 694, 17, 'BIF'),
(185, 'UCP RIVIERA', 'BUREAU RESPONSABLE INFORMATIQUE ET LOGISTIQUE', 694, 17, 'RIL'),
(186, 'UCP RIVIERA', 'BUREAU COORDONNATEUR', 694, 17, 'BCR'),
(187, 'II PLATEAU', 'HALL CÔTE DROIT', 127, 18, 'HCD'),
(188, 'II PLATEAU', 'HALL CÔTE GAUCHE', 127, 18, 'HCG'),
(189, 'II PLATEAU', 'DIRECTRICE', 127, 18, 'DIR'),
(190, 'II PLATEAU', 'ADMINISTRATION', 127, 18, 'ADM'),
(191, 'II PLATEAU', 'COMMUNICATION', 127, 18, 'COM'),
(192, 'II PLATEAU', 'PROJET', 127, 18, 'PRO'),
(193, 'II PLATEAU', 'CUISINE', 127, 18, 'CUI'),
(194, 'II PLATEAU', 'COMPTABILITE', 127, 18, 'CPT'),
(195, 'II PLATEAU', 'SERVICE COURRIERS', 127, 18, 'SCR'),
(196, 'ABIDJAN', 'ZONE 1', 1, 19, 'ZONE 1'),
(197, 'BOUAKE', 'ZONE 2', 1, 20, 'ZONE 2'),
(198, 'YAMOUSSOUKRO', 'ZONE 2', 1, 22, 'ZONE 2'),
(199, 'KORHOGO', 'ZONE 2', 1, 23, 'ZONE 2'),
(200, 'SAN PEDRO', 'ZONE 2', 1, 24, 'ZONE 2'),
(201, 'ARCHIVE', 'RESPONSABLE ARCHIVES', 105, 25, 'RAR'),
(202, 'ARCHIVE', 'HALL 2', 105, 25, 'HA2A'),
(203, 'ARCHIVE', 'HALL 1', 105, 25, 'HA1A'),
(204, 'ARCHIVE', 'ARCHIVISTE', 105, 25, 'ARC'),
(205, 'ARCHIVE', 'PREPARATION', 105, 25, 'PRE'),
(206, 'ARCHIVE', 'SCANNING CENTER', 105, 25, 'SCC'),
(207, 'PACIFIQUE', 'LOCAL TECHNIQUE', 105, 26, 'LTE P'),
(208, 'PACIFIQUE', 'HALL 1', 105, 26, 'HA1P'),
(209, 'PACIFIQUE', 'HALL 2', 105, 26, 'HA2P'),
(210, 'PACIFIQUE', 'SECRETARIAT QUALITE', 105, 26, 'SCQ'),
(211, 'PACIFIQUE', 'DIRECTEUR QUALITE', 105, 26, 'DRQ'),
(212, 'PACIFIQUE', 'BUREAU DEPARTEMENT QUALITE N°4', 105, 26, 'BDQ4'),
(213, 'PACIFIQUE', 'SALLE D\'ATTENTE N°3', 105, 26, 'SAT3'),
(214, 'PACIFIQUE', 'SECRETARIAT DG', 105, 26, 'SDGP'),
(215, 'PACIFIQUE', 'BUREAU DG 1', 105, 26, 'BDG1'),
(216, 'PACIFIQUE', 'BUREAU DG 2', 105, 26, 'BDG2'),
(217, 'PACIFIQUE', 'BUREAU AUDIT', 105, 26, 'BAU'),
(218, 'PACIFIQUE', 'CHEF DE DEPARTEMENT CONTRÔLE INTERNE N°19', 105, 26, 'CDCI19'),
(219, 'PACIFIQUE', 'CHEF DE DEPARTEMENT AUDIT', 105, 26, 'CDA'),
(220, 'PACIFIQUE', 'BUREAU AUDIT ET CONTRÔLE INTERNE N°6', 105, 26, 'BACI6'),
(221, 'PACIFIQUE', 'BUREAU DG N°19', 105, 26, 'BDG19'),
(222, 'PACIFIQUE', 'BUREAU AUDIT ET CONTRÔLE INTERNE N°7', 105, 26, 'BACI7'),
(223, 'PACIFIQUE', 'BUREAU N° 20', 105, 26, 'BUR20'),
(224, 'PACIFIQUE', 'BUREAU AUDIT ET CONTRÔLE INTERNE N°17', 105, 26, 'BACI17'),
(225, 'PACIFIQUE', 'SALLE DE REUNION', 105, 26, 'SDR P'),
(226, 'PACIFIQUE', 'BUREAU N°9', 105, 26, 'BUR9'),
(227, 'PACIFIQUE', 'CONTRÔLE DE GESTION (7)', 105, 26, 'CDG7'),
(228, 'PACIFIQUE', 'CONTRÔLE DE GESTION (10)', 105, 26, 'CDG10'),
(229, 'PACIFIQUE', 'CONTRÔLE DE GESTION (10)', 105, 26, 'CDG10'),
(230, 'PACIFIQUE', 'RECOURS GRACIEUX (11)', 105, 26, 'RGR11'),
(231, 'PACIFIQUE', 'BUREAU N°12', 105, 26, 'BUR12'),
(232, 'PACIFIQUE', 'BUREAU N°13', 105, 26, 'BRU13'),
(233, 'PACIFIQUE', 'BUREAU N°14', 105, 26, 'BUR14'),
(234, 'PACIFIQUE', 'HALL 1', 105, 26, 'HB1P'),
(235, 'PACIFIQUE', 'HALL 2', 105, 26, 'HB2P'),
(236, 'CASTAING 3em ETAGE', 'CHEFS DES SERVICES DEVELOPPEMENT, MAINTENANCE & APPLICATION', 105, 28, 'CSDM'),
(237, 'CASTAING 3em ETAGE', 'CHEF DE SERVICE SUIVI DES PROJETS INFORMATIQUES + EQUIPE', 105, 28, 'CSSP'),
(238, 'CASTAING 3em ETAGE', 'SERVICE COMMUNICATION 1 AUDITE JURIDIQUE', 105, 28, 'SCAJ'),
(239, 'CASTAING 3em ETAGE', 'SERVICE INFORMATIQUE', 105, 28, 'SINF'),
(240, 'CASTAING 3em ETAGE', 'INSPECTEUR TECHNIQUE', 105, 28, 'INT'),
(241, 'CASTAING 3em ETAGE', 'DIRECTEUR ADJOINT AUDIT CONTRÔLE TECHNIQUE', 105, 28, 'DACT'),
(242, 'CASTAING 3em ETAGE', 'COORDINATEUR', 105, 28, 'COO'),
(243, 'CASTAING 3em ETAGE', 'QUALITE', 105, 28, 'QTE'),
(244, 'CASTAING 3em ETAGE', 'SALLE DE CONFERENCE', 105, 28, 'SLC'),
(245, 'CASTAING 3em ETAGE', 'INSPECTION GENERALE', 105, 28, 'ING'),
(246, 'CASTAING 3em ETAGE', 'QUALITE 2', 105, 28, 'QTE2'),
(247, 'CASTAING 3em ETAGE', 'RESPONSABLE MARKETING', 105, 28, 'RMG'),
(248, 'CASTAING 3em ETAGE', 'CI & RM SERVICE', 105, 28, 'CRS'),
(249, 'CASTAING 3em ETAGE', 'RESPONSABLE COMMUNICATION Ie', 105, 28, 'RCM'),
(250, 'CASTAING 3em ETAGE', 'INSPECTEUR TECHNIQUE', 105, 28, 'ITC'),
(251, 'CASTAING 3em ETAGE', 'LOCAL TECHNIQUE', 105, 28, 'LTE3C'),
(252, 'CASTAING 2em Etage', 'BUREAU3', 105, 29, 'BUR3'),
(253, 'CASTAING 2em Etage', 'BUREAU5', 105, 29, 'BU5'),
(254, 'CASTAING 2em Etage', 'BUREAU7', 105, 29, 'BUR7'),
(255, 'CASTAING 2em Etage', 'BURAU6', 105, 29, 'BUR6'),
(256, 'CASTAING 2em Etage', 'BURAU4', 105, 29, 'BU4'),
(257, 'CASTAING 2em Etage', 'SALLE DE REUNION', 105, 29, 'SRE'),
(258, 'CASTAING 2em Etage', 'CUISINE', 105, 29, 'CUIS'),
(259, 'CASTAING 2em Etage', 'BUREAU 13', 105, 29, 'BUR13'),
(260, 'CASTAING 2em Etage', 'BURAU10', 105, 29, 'BUR10'),
(261, 'CASTAING 2em Etage', 'HALL1', 105, 29, 'HAL1'),
(262, 'CASTAING 2em Etage', 'LOCAL TECHNIQUE', 105, 29, 'LOCT'),
(263, 'CASTAING 2em Etage', 'BUREAU8', 105, 29, 'BUR8'),
(264, 'CASTAING 2em Etage', 'SECRETARIAT', 105, 29, 'SEC'),
(265, 'CASTAING 2em Etage', 'INSPECTEUR GENERAL', 105, 29, 'INSG'),
(266, 'CASTAING 2em Etage', 'HALL2', 105, 29, 'HAL2'),
(267, 'CASTAING 1em ETAGE', 'SECRETARIAT COMMUNICATION ET MARKETING', 105, 30, 'SCM'),
(268, 'CASTAING 1em ETAGE', 'BUREAU DG COMMUNICATION', 105, 30, 'BDGC'),
(269, 'CASTAING 1em ETAGE', 'BUREAU CHEF DE SEVICE MARKETING -COMMUNICATION INTERNE', 105, 30, 'BCSM'),
(270, 'CASTAING 1em ETAGE', 'FORMATION DRH', 105, 30, 'FDRH'),
(271, 'CASTAING 1em ETAGE', 'BUREAU CHEF DE SERVICE FORMATION DRH', 105, 30, 'BCSF'),
(272, 'CASTAING 1em ETAGE', 'BUREAU DIRECTEUR ADJOINT', 105, 30, 'BDAT'),
(273, 'CASTAING 1em ETAGE', 'BUREAU CHEF DE SRVICE COMMUNICATION EXTERNE', 105, 30, 'BCSC'),
(274, 'CASTAING 1em ETAGE', 'BUREAU CELLULE COMMUNICATION', 105, 30, 'BCC'),
(275, 'CASTAING 1em ETAGE', 'SALLE DE REUNION', 105, 30, 'SDB'),
(276, 'CASTAING 1em ETAGE', 'BUREAU CELLULE COMMUNICATION INTERNE ET EXTERNE', 105, 30, 'CCIE'),
(277, 'CASTAING 1em ETAGE', 'LOCAL TECHNIQUE', 105, 30, 'LTL'),
(278, 'CASTAING 1em ETAGE', 'HALL 1', 105, 30, 'HL1'),
(279, 'CASTAING 1em ETAGE', 'HALL 2', 105, 30, 'HL2'),
(280, 'CASTAING 1em ETAGE', 'CUISINE', 105, 30, 'CUIC1'),
(281, 'CASTAING 1em ETAGE', 'MAGASIN', 105, 30, 'MAAG'),
(283, 'CASTAING 5em ETAGE', 'SALLE DE REUNION', 105, 31, 'SRN'),
(284, 'CASTAING 5em ETAGE', 'BUREAU M. BERTHE', 105, 31, 'BBERT'),
(285, 'CASTAING 5em ETAGE', 'GUERITE', 105, 31, 'GUE'),
(286, 'CASTAING 5em ETAGE', 'MOYEN GENERAUX', 105, 31, 'MGX'),
(287, 'CASTAING 5em ETAGE', 'TOILETTE DOGBO BLE', 105, 31, 'TOIL'),
(288, 'CASTAING 5em ETAGE', 'DOCTRINE 1 DOOR', 105, 31, 'DOC1'),
(289, 'CASTAING 5em ETAGE', 'HALL GAUCHE', 105, 31, 'HAG'),
(290, 'CASTAING 5em ETAGE', 'INSPECTION GENERALE', 105, 31, 'INGE'),
(291, 'CASTAING 5em ETAGE', 'CUISINE', 105, 31, 'CUS'),
(292, 'CASTAING 5em ETAGE', 'HALL DROIT', 105, 31, 'HAD'),
(293, 'CASTAING 5em ETAGE', 'HALL DROIT', 105, 31, 'HAD'),
(294, 'CASTAING 5em ETAGE', 'M. BAMOGBE', 105, 31, 'BAM'),
(295, 'CASTAING 5em ETAGE', 'RELATION CLIENT', 105, 31, 'CRC'),
(296, 'CASTAING 5em ETAGE', 'BUREAU FDRG', 105, 31, 'FDRG'),
(297, 'CASTAING 5em ETAGE', 'LOCAL TECHNIQUE', 105, 31, 'LTE'),
(298, 'CASTAING 5em ETAGE', 'MOYEN GENERAUX', 105, 31, 'MYG'),
(299, 'CASTAING 5em ETAGE', 'CONSULTANT DG1', 105, 31, 'CDG1'),
(300, 'CASTAING 5em ETAGE', 'CONSULTANT DG2', 105, 31, 'CDG2'),
(301, 'CASTAING 5em ETAGE', 'DIRECTION GENERAL (ATTACHEE DE DIRECTION)', 105, 31, 'DGAD'),
(302, 'CASTAING 5em ETAGE', 'CHEF DE DEPARTEMENT PATRIMOINE', 105, 31, 'CDP'),
(303, 'CASTAING 5em ETAGE', 'BUREAU COMPLIANCE 2', 105, 31, 'BCE2'),
(304, 'REPROGRAPHIE', 'SALLE MACHINE', 105, 32, 'SLM'),
(305, 'REPROGRAPHIE', 'RESPONSABLE REPROGRAPHIE', 105, 32, 'RRP'),
(306, 'REPROGRAPHIE', 'SERVICE ACCEUIL', 105, 32, 'SRA'),
(307, 'REPROGRAPHIE', 'INFORMATION COMMUNICATION', 105, 32, 'ICM'),
(308, 'REPROGRAPHIE', 'PLATEAU', 105, 32, 'PLA'),
(309, 'KORHOGO', 'SALLE POLYVALENTE', 105, 33, 'SPTE'),
(310, 'KORHOGO', 'ATTACHEE DE DIRECTION', 105, 33, 'ATD'),
(311, 'KORHOGO', 'CNAM', 105, 33, 'CNAM'),
(312, 'KORHOGO', 'CHEF DE SECTION ACCUEIL INFO ET COMMUNICATION', 105, 33, 'CSAI'),
(313, 'KORHOGO', 'ACCUEIL 1', 105, 33, 'ACC1'),
(314, NULL, 'ACCUEIL 2', 105, 33, 'ACC 2'),
(315, 'KORHOGO', 'GUERITE', 105, 33, 'GUE'),
(316, 'KORHOGO', 'CANTINE', 105, 33, 'CAN'),
(317, 'KORHOGO', 'SALLE POLYVALENTE', 105, 33, 'SPT'),
(318, 'KORHOGO', 'LOCAL TECHNIQUE', 105, 33, 'LTEK1'),
(319, 'KORHOGO', 'LOCAL TECHNIQUE', 105, 33, 'LTEK2'),
(320, 'KORHOGO', 'DIRECTEUR D\'AGENCE', 105, 33, 'DAE'),
(321, 'KORHOGO', 'SOUS DIRECTEUR', 105, 33, 'SDI'),
(322, 'KORHOGO', 'CHEF DE SECTION ET D\'EXPLOITATION SOCIALE', 105, 33, 'CSES'),
(323, 'KORHOGO', 'CHEF DE SECTION RECLAMATION ET REQUËTE', 105, 33, 'SRRQ'),
(324, 'KORHOGO', 'GESTIONNAIRE D\'EXPLOITATION', 105, 33, 'GEP'),
(325, 'KORHOGO', 'SALLE DE REUNION', 105, 33, 'SRI'),
(326, 'KORHOGO', 'ATTACHEE DE DIRECTION', 105, 33, 'ADD'),
(327, 'KORHOGO', 'GESTIONNAIRE D\'EXPLOITATION', 105, 33, 'GEE'),
(328, 'KORHOGO', 'DATA CENTER', 105, 33, 'DTC'),
(329, 'KORHOGO', 'DATA CENTER', 105, 33, 'DTC'),
(330, 'KORHOGO', 'ARCHIVE', 105, 33, 'ARCK'),
(331, 'KORHOGO', 'MAGASIN', 105, 33, 'MAG'),
(332, 'SAN PEDRO', 'SALLE DE CONFERENCE', 105, 34, 'SCF'),
(333, 'SAN PEDRO', 'ACCUEIL', 105, 34, 'ACU'),
(334, 'SAN PEDRO', 'LOCAL TECHNIQUE', 105, 34, 'LCL'),
(335, 'SAN PEDRO', 'LOCAL TECH NIQUE CÔTE ASCENSEUR', 105, 34, 'LTA'),
(336, 'SAN PEDRO', 'CANTINE', 105, 34, 'CNT'),
(337, 'SAN PEDRO', 'BUREAU CMU', 105, 34, 'CMU'),
(338, 'SAN PEDRO', 'BUREAU CHEF DE SECTION ACCUEIL', 105, 34, 'CSA'),
(339, 'SAN PEDRO', 'SALLE VIP', 105, 34, 'SVP'),
(340, 'SAN PEDRO', 'SALLE POOL AUTO', 105, 34, 'SPA'),
(341, 'SAN PEDRO', 'MAGASIN', 105, 34, 'MAG'),
(342, 'SAN PEDRO', 'SALLE DE REUNION', 105, 35, 'SLR'),
(343, 'SAN PEDRO', 'LOCAL TECHNIQUE', 105, 35, 'LTC'),
(344, 'SAN PEDRO', 'SALLE DE FORMATION', 105, 35, 'SFN'),
(345, 'SAN PEDRO', 'SECRETARIAT', 105, 35, 'SCT'),
(346, 'SAN PEDRO', 'SALLE ARCHIVES', 105, 35, 'SAR'),
(347, 'SAN PEDRO', 'BUREAU DU DIRECTEUR', 105, 35, 'BDD'),
(348, 'SAN PEDRO', 'BUREAU GESTIONNAIRE D\'EXPLOITATION', 105, 35, 'BGE1'),
(349, 'SAN PEDRO', 'CHEF DE SECTION TRAITEMENT DES RECLAMATIONS ET REQUÊTES', 105, 35, 'CSTR'),
(350, 'SAN PEDRO', 'BUREAU GESTION D\'EXPLOITATION', 105, 35, 'BGE'),
(351, 'SAN PEDRO', 'BUREAU CHEF DE SECTION GESTION DES PRESTATIONS SOCIALES', 105, 35, 'CSGP'),
(352, 'MAN', 'ACCUEIL', 105, 36, 'ACC'),
(353, 'MAN', 'BUREAU N°1', 105, 36, 'BUR1'),
(354, 'MAN', 'CHEF DE SECTION ACCUEIL INFO ET COMMUNICATION', 105, 36, 'CSIC'),
(355, 'MAN', 'DATA CENTER', 105, 36, 'DCR'),
(356, 'MAN', 'BUREAU LIBRE N°1', 105, 36, 'BLE1'),
(357, 'MAN', 'CNAM', 105, 36, 'CNA'),
(358, 'MAN', 'GUERITE', 105, 36, 'GRT'),
(359, 'MAN', 'LOCAL TECH ELECTRICITE', 105, 36, 'LTEM'),
(360, 'MAN', 'LOCAL TECH INFO', 105, 36, 'LTI'),
(361, 'MAN', 'AGENT D\'ENTRETIEN', 105, 36, 'AEN'),
(362, 'MAN', 'CHEF DE SECTION RECLAMATION ET REQUËTE', 105, 36, 'CSR'),
(363, 'MAN', 'SALLE DE REUNION', 105, 36, 'SRU'),
(364, 'MAN', 'CHEF DE SECTION PRESTATION', 105, 36, 'CSP'),
(365, 'MAN', 'BUREAU LIBRE N°1', 105, 36, 'BLR1'),
(366, 'MAN', 'SECRETARIAT DIRECTEUR', 105, 36, 'SCD'),
(367, 'MAN', 'BUREAU DIRECTEUR D\'AGENCE', 105, 36, 'BDA'),
(368, 'MAN', 'BUREAU CADRE D\'EXPLOITATION', 105, 36, 'BCE'),
(369, 'MAN', 'GESTIONNAIRE D\'EXPLOITATION', 105, 36, 'GEX'),
(370, 'MAN', 'SALLE ARCHIVES', 105, 36, 'SCH'),
(371, 'MAN', 'SALLE POLYVALENTE', 105, 36, 'SLP'),
(372, 'TREICHVILLE', 'CHEF DEPARTEMENT AUDIT INTERNE', 105, 37, 'CDAI'),
(373, 'TREICHVILLE', 'CHEF DE DEPARTEMENT CONTRÔLE INTERNE ET GESTION DES RISQUES', 105, 37, 'CDCG'),
(374, 'TREICHVILLE', 'DEPARTEMENT AUDIT INTERNE', 105, 37, 'DAI'),
(375, 'TREICHVILLE', 'LOCAL TECHNIQUUE', 105, 37, 'LTET1'),
(376, 'TREICHVILLE', 'CONTRÔLE INTERNE', 105, 37, 'CTI'),
(377, 'TREICHVILLE', 'DIRECTEUR ADJOINT AUDIT - CONTRÔLE INTERNE', 105, 37, 'DAAC'),
(378, 'TREICHVILLE', 'DIRECTEUR DE L\'AUDIT ET DU CONTRÔLE INTERNE', 105, 37, 'DACI'),
(379, 'TREICHVILLE', 'SALLE DE REUNION DU DIRECTEUR', 105, 37, 'SRD'),
(380, 'TREICHVILLE', 'SERVICE REGLEMENTATION DOCTRINE ET CONTENTIEUX', 105, 37, 'SRDC'),
(381, 'TREICHVILLE', 'DIRECTEUR', 105, 37, 'DRR'),
(382, 'TREICHVILLE', 'DIRECTEUR', 105, 37, 'DRR'),
(383, 'TREICHVILLE', 'LOCAL TECHNIQUUE', 105, 37, 'LTET2'),
(384, 'TREICHVILLE', 'CHEF DE SERVICE', 105, 37, 'CHS'),
(385, 'TREICHVILLE', 'SECRETARIAT', 105, 37, 'SECT'),
(386, 'TREICHVILLE', 'SERVICE ETUDE TECHNIQUE ET FINANCIERE', 105, 37, 'SETF'),
(387, 'TREICHVILLE', 'COOPERATION EXTERIEUR', 105, 37, 'COEX'),
(388, 'TREICHVILLE', 'DIRECTEUR', 105, 37, 'DTR'),
(389, 'TREICHVILLE', 'ACTUALISATION ET OPERATION DES RISQUES', 105, 37, 'AOR'),
(390, 'TREICHVILLE', 'CHEF DE PROJET INFOS', 105, 37, 'CPI'),
(391, 'TREICHVILLE', 'SOLUTION ET DEVELOPPEMENT', 105, 37, 'SED'),
(392, 'TREICHVILLE', 'SDMMA', 105, 37, 'SDM'),
(393, 'TREICHVILLE', 'GESTION ELECTRONIQUE DES DOCS', 105, 37, 'GED'),
(394, 'TREICHVILLE', 'LOCAL TECHNIQUUE', 105, 37, 'LTE3e'),
(395, 'TREICHVILLE', 'STMA', 105, 37, 'STM'),
(396, 'TREICHVILLE', 'DIRECTEUR 1', 105, 37, 'DIR1'),
(397, 'TREICHVILLE', 'DIRECTEUR 2', 105, 37, 'DIR2'),
(398, 'TREICHVILLE', 'CHEF DE SERVICE BASE DE DONNEES', 105, 37, 'SBDD'),
(399, 'TREICHVILLE', 'CANTINE 1', 105, 37, 'CTI1'),
(400, 'TREICHVILLE', 'CANTINE 2', 105, 37, 'CTI2'),
(401, 'TREICHVILLE', 'CANTINE 3', 105, 37, 'CTI3'),
(402, 'TREICHVILLE', 'SALLON VIP', 105, 37, 'SVIP'),
(403, 'TREICHVILLE', 'CANTINE 4', 105, 37, 'CTI4'),
(404, 'TREICHVILLE', 'SALLE POLYVALENTE 1', 105, 37, 'SPL1'),
(405, 'TREICHVILLE', 'SALLE POLYVALENTE 2', 105, 37, 'SPL2'),
(406, 'TREICHVILLE', 'SALLE POLYVALENTE 3', 105, 37, 'SPL3'),
(407, 'TREICHVILLE', 'LOCAL TECHNIQUUE', 105, 37, 'LTE RB'),
(408, 'TREICHVILLE', 'LOCAL TECHNIQUE', 105, 37, 'LTE RA'),
(409, 'TREICHVILLE', 'GUERITE', 105, 37, 'GUE A'),
(410, 'TREICHVILLE', 'SALLE D\'OBSERVATION', 105, 37, 'SOB'),
(411, 'TREICHVILLE', 'BUREAU INFIRMIER', 105, 37, 'INF'),
(412, 'TREICHVILLE', 'BUREAU MEDECIN', 105, 37, 'MED'),
(413, 'TREICHVILLE', 'ACCUEIL', 105, 37, 'ACL'),
(414, 'TREICHVILLE', 'SALLE ATTENTE', 105, 37, 'SAT'),
(415, 'TREICHVILLE', 'LOCAL TECHNIQUE', 105, 37, 'LTE 1er'),
(416, 'TREICHVILLE', 'SALLE DE REUNION', 105, 37, 'SDR 3'),
(417, 'TREICHVILLE', 'LOCAL TECHNIQUE', 105, 37, 'LTE 2e'),
(418, 'TREICHVILLE', 'LOCAL TECHNIQUE', 105, 37, 'LTE 3e'),
(419, 'TREICHVILLE', 'SALLE DE REUNION', 105, 37, 'SRD1 4e'),
(420, 'TREICHVILLE', 'LOCAL TECHNIQUE', 105, 37, 'LTE 4e'),
(421, 'TREICHVILLE', 'SALLE DE REUNION', 105, 37, 'SRD2 4e'),
(422, 'TREICHVILLE', 'LOCAL ASCENSEUR', 105, 37, 'LAS'),
(423, 'CASTAING', 'ENTREE HALL', 105, 38, 'EHL'),
(424, 'CASTAING', 'CHEF DEPARTEMENT RH: M. COULIBALY', 105, 38, 'DRH'),
(425, 'CASTAING', 'COMMUNICATION INTERNE', 105, 38, 'CMI1'),
(426, 'CASTAING', 'COMMUNICATION INTERNE: PRESTATION', 105, 38, 'CIP'),
(427, 'CASTAING', 'COMMUNICATION INTERNE', 105, 38, 'CMI2'),
(428, 'CASTAING', 'LOCAL TECHNIQUE', 105, 38, 'LTE C'),
(429, 'ODIENNE', 'SALLE POLYVALENTE 1', 105, 39, 'SPT O1'),
(430, 'ODIENNE', 'SALLE POLYVALENTE 2', 105, 39, 'SPT O2'),
(431, 'ODIENNE', 'SALLE POLYVALENTE 3', 105, 39, 'SPT O3'),
(432, 'ODIENNE', 'SALLE POLYVALENTE 4', 105, 39, 'SPT O4'),
(433, 'ODIENNE', 'SALLE POLYVALENTE 5', 105, 39, 'SPT O5'),
(434, 'ODIENNE', 'LOCAL TECHNIQUE', 105, 39, 'LTE O'),
(435, 'ODIENNE', 'LOCAL TECHNIQUE INFORMATIQUE', 105, 39, 'LTI O'),
(436, 'ODIENNE', 'HALL', 105, 39, 'HLL'),
(437, 'ODIENNE', 'GUERITE', 105, 39, 'GUT'),
(438, 'ODIENNE', 'LOCAL GENDAMERIE', 105, 39, 'LGN'),
(439, 'ODIENNE', 'LOCAL TECHNICIEN DE SURFACE', 105, 39, 'LTS'),
(440, 'ODIENNE', 'BUREAU DIRECTEUR', 105, 39, 'BDR'),
(441, 'ODIENNE', 'SECRETARIAT DU DR', 105, 39, 'SEDR'),
(442, 'ODIENNE', 'CHEF DE SERVICE AC', 105, 39, 'CAC'),
(443, 'ODIENNE', 'CHEF DE SERVICE RECLAMATION', 105, 39, 'CSRC'),
(444, 'ODIENNE', 'LOCAL TECHNIQUE ELECTRICITE R+1', 105, 39, 'LTE OR1'),
(445, 'ODIENNE', 'SALLE DE REUNION', 105, 39, 'REU'),
(446, 'ODIENNE', 'COULOIR CIRCULATION', 105, 39, 'CCN'),
(447, 'ODIENNE', 'SERVICE PRESTATION', 105, 39, 'SPR'),
(448, 'ODIENNE', 'BUREAU 4', 105, 39, 'BUR4'),
(449, 'ODIENNE', 'BUREAU 5', 105, 39, 'BUR5'),
(450, 'ODIENNE', 'SALLE ATTENTE INFIRMERIE', 105, 39, 'SAI'),
(451, 'ODIENNE', 'BUREAU INFIRMIER', 105, 39, 'INF O'),
(452, 'ODIENNE', 'SALLE HOSPITALISATION', 105, 39, 'SHN'),
(453, 'ODIENNE', 'BUREAU ARCHIVE', 105, 39, 'BAR'),
(454, 'ODIENNE', 'SALLE ARCHIVE 1', 105, 39, 'SAR1'),
(455, 'ODIENNE', 'SALLE ARCHIVE 2', 105, 39, 'SAR2'),
(456, 'ODIENNE', 'SALLE ARCHIVE 3', 105, 39, 'SAR3'),
(457, 'ODIENNE', 'CANTINE 1', 105, 39, 'CAT1'),
(458, 'ODIENNE', 'CANTINE 2', 105, 39, 'CAT2'),
(459, 'YAMOUSSOUKRO', 'SALLE D\'ATTENTE', 105, 40, 'STE'),
(460, 'YAMOUSSOUKRO', 'SALLE POLYVALENTE', 105, 40, 'SPE'),
(461, 'YAMOUSSOUKRO', 'SALLE VIP', 105, 40, 'SLVP'),
(462, 'YAMOUSSOUKRO', 'CHEF DE SECTION ACCUEIL ET COMMUNICATION', 105, 40, 'CSAC1'),
(463, 'YAMOUSSOUKRO', 'ATTACHE DE DIRECTION 02', 105, 40, 'ATD2'),
(464, 'YAMOUSSOUKRO', 'ATTACHE DE DIRECTION 01', 105, 40, 'ATD1'),
(465, 'YAMOUSSOUKRO', 'LOCAL SMART BUNKER', 105, 40, 'LSB'),
(466, 'YAMOUSSOUKRO', 'CANTINE 01', 105, 40, 'CNT1'),
(467, 'YAMOUSSOUKRO', 'SALLE DE REUNION 02', 105, 40, 'SLR2'),
(468, 'YAMOUSSOUKRO', 'SALLE REUNION 01', 105, 40, 'SLR1'),
(469, 'YAMOUSSOUKRO', 'CHEF DE SECTION ACCUEIL ET COMMUNICATION', 105, 40, 'CSAC'),
(470, 'YAMOUSSOUKRO', 'LOCAL TECHNIQUE ELT', 105, 40, 'ELT Y'),
(471, 'YAMOUSSOUKRO', 'HALL 01', 105, 40, 'HLL1'),
(472, 'YAMOUSSOUKRO', 'HALL02', 105, 40, 'HLL2'),
(473, 'YAMOUSSOUKRO', 'CANTINE 02', 105, 40, 'CNT2'),
(474, NULL, 'HALL 03', 105, 40, 'HLL3'),
(475, 'YAMOUSSOUKRO', 'HALL 04', 105, 40, 'HLL4'),
(476, 'YAMOUSSOUKRO', 'SALLE OBSERVATION', 105, 40, 'SOBS'),
(477, 'YAMOUSSOUKRO', 'CONSULTATION', 105, 40, 'CSL'),
(478, 'YAMOUSSOUKRO', 'SALLE DE SOIN', 105, 40, 'SLS'),
(479, 'YAMOUSSOUKRO', 'LOCAL TECHNIQUE INFO', 105, 40, 'LTI Y'),
(480, 'YAMOUSSOUKRO', 'CHEF DE SECTION RECLAMATION ET REQUETE', 105, 40, 'SRR 1er'),
(481, 'YAMOUSSOUKRO', 'OPEN SPACE 01', 105, 40, 'OSP1'),
(482, 'YAMOUSSOUKRO', 'OPEN SPACE 02', 105, 40, 'OSP2'),
(483, 'YAMOUSSOUKRO', 'OPEN SPACE 03', 105, 40, 'OSP3'),
(484, 'YAMOUSSOUKRO', 'SECTION PRESTATION 01', 105, 40, 'SPN1'),
(485, 'YAMOUSSOUKRO', 'SALLE DE SPORT 01', 105, 40, 'SPT1'),
(486, 'YAMOUSSOUKRO', 'SALLE DE SPORT 02', 105, 40, 'SPT2'),
(487, 'YAMOUSSOUKRO', 'SECRETARIAT DIRECTEUR', 105, 40, 'SDR'),
(488, 'YAMOUSSOUKRO', 'SECTION PRESTATION 03', 105, 40, 'SPN3'),
(489, 'YAMOUSSOUKRO', 'BUREAU DIRECTEUR 01', 105, 40, 'BDR1'),
(490, 'YAMOUSSOUKRO', 'DIRECTEUR ADJOINT', 105, 40, 'DIA'),
(491, 'YAMOUSSOUKRO', 'BUREAU DIRECTEUR 02', 105, 40, 'BDR2'),
(492, 'YAMOUSSOUKRO', 'LOCAL TECHNIQUE ELT', 105, 40, 'ELT'),
(493, 'YAMOUSSOUKRO', 'BUREAU DIRECTEUR 03', 105, 40, 'BDR3'),
(494, 'YAMOUSSOUKRO', 'SALLE REUNION 02', 105, 40, 'SRN2'),
(495, 'YAMOUSSOUKRO', 'SECTION PRESTATION 02', 105, 40, 'SPN2'),
(496, 'YAMOUSSOUKRO', 'SECTION PRESTATION 03', 105, 40, 'SPN3'),
(497, 'YAMOUSSOUKRO', 'SALLE DE REUNION 01', 105, 40, 'SRN1'),
(498, 'YAMOUSSOUKRO', 'CHEF DE SECTION PRESTATION 01', 105, 40, 'CSP1'),
(499, 'YAMOUSSOUKRO', 'LOCAL TECHNIQUE INFO', 105, 40, 'LIF'),
(500, 'YAMOUSSOUKRO', 'CHEF SECTION PRESTATION 02', 105, 40, 'CSP2'),
(501, 'YAMOUSSOUKRO', 'AGENT ENTRETIEN', 105, 40, 'AET'),
(502, 'YAMOUSSOUKRO', 'SECTION RECLAMATION 02', 105, 40, 'SRC2'),
(503, 'YAMOUSSOUKRO', 'SECTION RECLAMATION 01', 105, 40, 'SRC1'),
(504, 'YAMOUSSOUKRO', 'SECRETARIAT DIRECTEUR ADJOINT', 105, 40, 'SDA'),
(505, 'YAMOUSSOUKRO', 'SECRETARIAT DIRECTEUR ADJOINT', 105, 40, 'SDA'),
(506, 'YAMOUSSOUKRO', 'BUREAU 10', 105, 40, 'BU10'),
(507, 'YAMOUSSOUKRO', 'OPEN SPACE 04', 105, 40, 'OSP'),
(508, 'YAMOUSSOUKRO', 'ARCHIVES', 105, 40, 'ARH'),
(509, 'YAMOUSSOUKRO', 'RESERVE FOURNITURE', 105, 40, 'RFO'),
(510, 'YAMOUSSOUKRO', 'BUREAU CNAM 02', 105, 40, 'BCNA2'),
(511, 'YAMOUSSOUKRO', 'BUREAU CNAM 01', 105, 40, 'BCNA1'),
(512, 'YAMOUSSOUKRO', 'CHEF DE SECTION RECLAMATION ET REQUETE', 105, 40, 'CSRR'),
(513, 'YAMOUSSOUKRO', 'CANTINE 03', 105, 40, 'CNT3'),
(514, 'BOUAKE ELEPHANT', 'LOCAL TECHNIQUE BOUAKE ELEPHANT', 104, 41, 'LTE BKE ELP'),
(515, 'BOUAKE GARE', 'LOCAL TECHNIQUE BOUAKE GARE', 104, 42, 'LTE BKE GAR'),
(516, 'BOUAKE KAMANOUKRO', 'LOCAL TECHNIQUE KAMANOUKRO', 104, 43, 'LTE BKE KAM'),
(518, 'BOUAKE ROUTE D\'ABIDJAN 1', 'LOCAL TECHNIQUE BOUAKE ROUTE ABIDJAN', 104, 44, 'LTE BKE RAB1'),
(519, 'BOUAKE ROUTE D\'ABIDJAN 1', 'LOCAL TECHNIQUE BOUAKE ROUTE ABIDJAN', 104, 44, 'LTE BKE RAB1'),
(520, 'BOUAKE ROUTE D\'ABIDJAN 1', 'LOCAL TECHNIQUE BOUAKE ROUTE ABIDJAN', 104, 45, 'LTE BKE RAB1'),
(521, 'BOUAKE ROUTE D\'ABIDJAN 2', 'LOCAL TECHNIQUE BOUAKE ROUTE ABIDJAN2', 104, 46, 'LTE BKE RAB2'),
(522, 'DO KASSERE', 'LOCAL TECHNIQUE DO KASSERE', 104, 47, 'LTE DO KAS'),
(523, 'BOUAKE ROUTE KATIOLA', 'LOCAL TECHNIQUE BOUAKE ROUTE KATIOLA', 104, 48, 'LTE BKE KAT'),
(524, 'BOUAKE ROUTE M\'BAHAIKRO', 'LOCAL TECHNIQUE ROUTE M\'BAHAIKRO', 104, 49, 'LTE BKE MBA'),
(525, 'RAN BOUAKE', 'LOCAL TECHNIQUE RAN BOUAKE', 104, 50, 'LTE BKE RAN'),
(526, 'MANKONO', 'LOCAL TECHNIQUE MANKONO', 104, 51, 'LTE MAN'),
(527, 'SINFRA', 'LOCAL TECHNIQUE SINFRA', 104, 53, 'LTE SIN'),
(528, 'AUTOROUTE DU CARREFOUR TOUMODI 1', 'LOCAL TECHNIQUE CARREFOUR TOUMODI 1', 104, 54, 'LTE CAR TOU1'),
(529, 'AUTOROUTE DU CARREFOUR TOUMODI 2', 'LOCAL TECHNIQUE CARREFOUR TOUMODI 2', 104, 55, 'LTE CAR TOU2'),
(530, 'TOUMODI 1', 'LOCAL TECHNIQUE TOUMODI 1', 104, 56, 'LTE TOU1'),
(531, 'TOUMODI 2', 'LOCAL TECHNIQUE TOUMODI 2', 104, 57, 'LTE TOU2'),
(532, 'COFFRET ONDULE', 'LOCAL TECHNIQUE LA YAKRO', 104, 58, 'LTE LA YAK'),
(533, 'YAKRO 1', 'LOCAL TECHNIQUE YAKRO 1', 104, 59, 'LTE YAK1'),
(534, 'YAKRO LACS', 'LOCAL TECHNIQUE YAKRO LC', 104, 60, 'LTE YAK LC'),
(535, 'YAKRO MOROFE', 'LOCAL TECHNIQUE YAKRO MOROFE', 104, 61, 'LTE YAK MOR'),
(536, 'DO ADJAMENE', 'LOCAL TECHNIQUE DO ADJAMENE', 104, 62, 'LTE DO ADJ'),
(537, 'DO SAN PEDRO BARDOT', 'LOCAL TECHNIQUE DO SAN PEDRO BARDOT', 104, 63, 'LTE DO SPBAT'),
(538, 'DO VAVOUA', 'LOCAL TECHNIQUE DO VAVOUA', 104, 64, 'LTE DO VAV'),
(539, 'SA Bazra', 'LOCAL TECHNIQUE SA BAZRA', 104, 65, 'LTE SA BAZ'),
(540, 'DO Dagadji', 'LOCAL TECHNIQUE DO DAG', 104, 66, 'LTE DO DAG'),
(541, 'DALOA GARE', 'LOCAL TECHNIQUE DALOA GARE', 104, 67, 'LTE DAL GAR'),
(542, 'LA DIEGONEFLA', 'LOCAL TECHNIQUE LA DIEGONEFLA', 104, 68, 'LTE LA DIE'),
(543, 'DIVO', 'LOCAL TECHNIQUE DIVO', 104, 69, 'LTE DIV'),
(544, 'DIVO MALINDI', 'LOCAL TECHNIQUE DIVO MALINDI', 104, 70, 'LTE DIV MAL'),
(545, 'GAGNOA GARE ROUTIERE', 'LOCAL TECHNIQUE GAGNOA GARE ROUTIERE', 104, 71, 'LTE GGR'),
(546, 'LA GAGNOA', 'LOCAL TECHNIQUE LA GAGNOA', 104, 72, 'LTE LA GA'),
(547, 'GRAND BEREBY', 'LOCAL TECHNIQUE GRAND BEREBY', 104, 73, 'LTE GRB'),
(548, 'HERMANKONO', 'LOCAL TECHNIQUE HERMANKONO', 104, 74, 'LTE HER'),
(549, 'LAKOTA', 'LOCAL TECHNIQUE LAKOTA', 104, 75, 'LTE LAK'),
(550, 'OUME MALINDI', 'LOCAL TECHNIQUE OUME MALINDI', 104, 76, 'LTE OUM MAL'),
(551, 'LA SAN PEDRO', 'LOCAL TECHNIQUE LA SAN PEDRO', 104, 77, 'LTE LA SP'),
(552, 'RO SAN PEDRO BARDOT', 'LOCAL TECHNIQUE RO SAN PEDRO BARDOT', 104, 78, 'LTE RO SPBAT'),
(553, 'SAN PEDRO GARE ROUTIERE', 'LOCAL TECHNIQUE SAN PEDRO GARE ROUTIERE', 104, 79, 'LTE SPGR'),
(554, 'SAN PEDRO ZI', 'LOCAL TECHNIQUE SAN PEDRO ZI', 104, 80, 'LTE SPZI'),
(555, 'SEGUELA', 'LOCAL TECHNIQUE SEGUELA', 104, 82, 'LTE SEG'),
(556, 'SA Seguela', 'LOCAL TECHNIQUE SA SEGUELA', 104, 83, 'LTE SASEG'),
(557, 'SOGB', 'LOCAL TECHNIQUE SOGB', 104, 84, 'LTE SOGB'),
(558, 'SA Vavoua', 'LOCAL TECHNIQUE SA VAVOUA', 104, 85, 'LTE SAVAV'),
(559, 'BOUNDIALI', 'LOCAL TECHNIQUE BOUNDIALI', 104, 86, 'LTE BON'),
(560, 'CO DABAKALA', 'LOCAL TECHNIQUE CO DABAKALA', 104, 87, 'LTE CO DAB'),
(561, 'SA Ferke', 'LOCAL TECHNIQUE SA FERKE', 104, 88, 'LTE SA FER'),
(562, 'KANAWOLO', 'LOCAL TECHNIQUE KANAWOLO', 104, 89, 'LTE KAN'),
(563, 'KATIOLA', 'LOCAL TECHNIQUE KATIOLA', 104, 90, 'LTE KAT'),
(564, 'KORHOGO', 'LOCAL TECHNIQUE KORHOGO', 104, 91, 'LTE KOR'),
(565, 'KORHOGO 2', 'LOCAL TECHNIQUE KORHOGO 2', 104, 92, 'LTE KOR 2'),
(566, 'KORHOGO UNIVERSITE', 'LOCAL TECHNIQUE KORHOGO UNIVERSITE', 104, 93, 'LTE KOR U'),
(567, 'SA Korhogo', 'LOCAL TECHNIQUE SA KORHOGO', 104, 94, 'LTE SA KOR'),
(568, 'CO OUANGOLO', 'LOCAL TECHNIQUE CO OUANGOLO', 104, 95, 'LTE CO OUA'),
(569, 'TINGRELA', 'LOCAL TECHNIQUE TINGRELA', 104, 96, 'LTE TIN'),
(570, 'TIORONIARADOUGOU', 'LOCAL TECHNIQUE TIORONIARADOUGOU', 104, 97, 'LTE TIO'),
(571, 'BEOUMI', 'LOCAL TECHNIQUE BEOUMIN', 104, 98, 'LTE BEO'),
(572, 'AO GABIADJI', 'LOCAL TECHNIQUE AO GABIADJI', 104, 99, 'LTE AO GAB'),
(573, 'AO MEAGUI', 'LOCAL TECHNIQUE AO MEAGUI', 104, 100, 'LTE AO MEA'),
(574, 'AO OUPOYO', 'LOCAL TECHNIQUE AO OUP', 104, 101, 'LTE AO OUP'),
(575, 'DANANE ROUTE DE MAN', 'LOCAL TECHNIQUE DANANE ROUTE DE MAN', 104, 102, 'LTE DAN RTE MAN'),
(576, 'DANANE RTE ZOUAN HOUIN', 'LOCAL TECHNIQUE DANANE ROUTE ZOUAN HOUIN', 104, 103, 'LTE DAN RTE ZHN'),
(577, 'DUEKOUE', 'LOCAL TECHNIQUE DUEKOUE', 104, 104, 'LTE DUE'),
(578, 'MAN CHAPELLE', 'LOCAL TECHNIQUE MAN CHAPELLE', 104, 105, 'LTE MACH'),
(579, 'MAN GARE ROUTIERE', 'LOCAL TECHNIQUE MAN GARE ROUTIERE', 104, 106, 'LTE MAGR'),
(580, 'MAN TONKPI', 'LOCAL TECHNIQUE MAN TONKPI', 104, 107, 'LTE TONK'),
(581, 'SA Man', 'LOCAL TECHNIQUE SA MAN', 104, 108, 'LTE SAMA'),
(582, 'MEAGUI', 'LOCAL TECHNIQUE MEAGUI', 104, 109, 'LTE MEA'),
(583, 'ODIENNE', 'LOCAL TECHNIQUE ODIENNE', 104, 110, 'LTE ODI'),
(584, 'ODIENNE 2', 'LOCAL TECHNIQUE ODIENNE 2', 104, 111, 'LTE ODI 2'),
(585, 'SASSANDRA', 'LOCAL TECHNIQUE SASSANDRA', 104, 112, 'LTE SAS'),
(586, 'SOUBRE GARE ROUTIERE', 'LOCAL TECHNIQUE SOUBRE GARE ROUTIERE', 104, 113, 'LTE SGR'),
(587, 'SAP SAN PEDRO BARDOT SUD ', 'LOCAL TECHNIQUE SAP SAN PEDRO BARDOT SUD', 104, 114, 'LTE SAP'),
(588, 'SAP SAN PEDRO LAC ', 'LOCAL TECHNIQUE SAP SAN PEDRO LAC', 104, 115, 'LTE SPLAC'),
(589, 'TOUBA', 'LOCAL TECHNIQUE TOUBA', 104, 116, 'LTE TOU'),
(590, 'Toulepleu', 'LOCAL TECHNIQUE TOULEEPLEU', 104, 117, 'LTE TLP'),
(591, 'SIEGE', 'LOCAL GE', 120, 118, 'LT SIE'),
(592, 'BOUAKE', 'LOCAL TECHNIQUE SITAB', 787, 119, 'LTE SIT'),
(593, 'RIVIERA CIAD', 'LOCAL TECHNIQUE BIT', 128, 120, 'LTE BIT'),
(594, 'KORHOGO', 'LOCAL TECHNIQUE PRI', 112, 121, 'LTE PRI'),
(595, 'YAKRO', 'LOCAL GE', 106, 122, 'LT YAK'),
(597, 'YOPOUGON', 'LOCAL GE', 106, 124, 'LT YOP'),
(598, 'DAAF', 'LOCAL GE', 106, 125, 'LT DAF'),
(599, 'CENTRAL', 'LOCAL GE', 106, 126, 'LT CEN'),
(600, 'SECRETARIAT', 'LOCAL GE', 106, 127, 'LT SEC'),
(601, 'SIEGE', 'LOCAL GE', 106, 128, 'LT SIE'),
(602, 'ATTINGUE PK24', 'LOCAL TECHNIQUE CHE', 137, 129, 'LTE CHE'),
(603, 'SIEGE', 'LOCAL GE', 117, 130, 'LT LNS'),
(604, 'YOPOUGON ZONE INDUSTRIELLE PK44', 'LOCAL TECHNIQUE MONDI', 118, 131, 'LTE MON');

-- --------------------------------------------------------

--
-- Structure de la table `llx_societe`
--

CREATE TABLE IF NOT EXISTS `llx_societe` (
  `rowid` int(11) NOT NULL AUTO_INCREMENT,
  `nom` varchar(128) COLLATE utf8_unicode_ci DEFAULT NULL,
  `name_alias` varchar(128) COLLATE utf8_unicode_ci DEFAULT NULL,
  `entity` int(11) NOT NULL DEFAULT '1',
  `ref_ext` varchar(255) COLLATE utf8_unicode_ci DEFAULT NULL,
  `statut` tinyint(4) DEFAULT '0',
  `parent` int(11) DEFAULT NULL,
  `status` tinyint(4) DEFAULT '1',
  `code_client` varchar(24) COLLATE utf8_unicode_ci DEFAULT NULL,
  `code_fournisseur` varchar(24) COLLATE utf8_unicode_ci DEFAULT NULL,
  `tp_payment_reference` varchar(25) COLLATE utf8_unicode_ci DEFAULT NULL,
  `accountancy_code_customer_general` varchar(32) COLLATE utf8_unicode_ci DEFAULT NULL,
  `code_compta` varchar(32) COLLATE utf8_unicode_ci DEFAULT NULL,
  `accountancy_code_supplier_general` varchar(32) COLLATE utf8_unicode_ci DEFAULT NULL,
  `code_compta_fournisseur` varchar(32) COLLATE utf8_unicode_ci DEFAULT NULL,
  `address` varchar(255) COLLATE utf8_unicode_ci DEFAULT NULL,
  `zip` varchar(25) COLLATE utf8_unicode_ci DEFAULT NULL,
  `town` varchar(50) COLLATE utf8_unicode_ci DEFAULT NULL,
  `fk_departement` int(11) DEFAULT '0',
  `fk_pays` int(11) DEFAULT '0',
  `geolat` double(24,8) DEFAULT NULL,
  `geolong` double(24,8) DEFAULT NULL,
  `geopoint` point DEFAULT NULL,
  `georesultcode` varchar(16) COLLATE utf8_unicode_ci DEFAULT NULL,
  `phone` varchar(20) COLLATE utf8_unicode_ci DEFAULT NULL,
  `phone_mobile` varchar(20) COLLATE utf8_unicode_ci DEFAULT NULL,
  `fax` varchar(20) COLLATE utf8_unicode_ci DEFAULT NULL,
  `url` varchar(255) COLLATE utf8_unicode_ci DEFAULT NULL,
  `email` varchar(128) COLLATE utf8_unicode_ci DEFAULT NULL,
  `fk_account` int(11) DEFAULT '0',
  `socialnetworks` text COLLATE utf8_unicode_ci,
  `fk_effectif` int(11) DEFAULT '0',
  `fk_typent` int(11) DEFAULT NULL,
  `fk_forme_juridique` int(11) DEFAULT '0',
  `fk_currency` varchar(3) COLLATE utf8_unicode_ci DEFAULT NULL,
  `siren` varchar(128) COLLATE utf8_unicode_ci DEFAULT NULL,
  `siret` varchar(128) COLLATE utf8_unicode_ci DEFAULT NULL,
  `ape` varchar(128) COLLATE utf8_unicode_ci DEFAULT NULL,
  `idprof4` varchar(128) COLLATE utf8_unicode_ci DEFAULT NULL,
  `idprof5` varchar(128) COLLATE utf8_unicode_ci DEFAULT NULL,
  `idprof6` varchar(128) COLLATE utf8_unicode_ci DEFAULT NULL,
  `tva_intra` varchar(20) COLLATE utf8_unicode_ci DEFAULT NULL,
  `capital` double(24,8) DEFAULT NULL,
  `fk_stcomm` int(11) NOT NULL DEFAULT '0',
  `note_private` text COLLATE utf8_unicode_ci,
  `note_public` text COLLATE utf8_unicode_ci,
  `model_pdf` varchar(255) COLLATE utf8_unicode_ci DEFAULT NULL,
  `last_main_doc` varchar(255) COLLATE utf8_unicode_ci DEFAULT NULL,
  `prefix_comm` varchar(5) COLLATE utf8_unicode_ci DEFAULT NULL,
  `client` tinyint(4) DEFAULT '0',
  `fournisseur` tinyint(4) DEFAULT '0',
  `supplier_account` varchar(32) COLLATE utf8_unicode_ci DEFAULT NULL,
  `fk_prospectlevel` varchar(12) COLLATE utf8_unicode_ci DEFAULT NULL,
  `fk_incoterms` int(11) DEFAULT NULL,
  `location_incoterms` varchar(255) COLLATE utf8_unicode_ci DEFAULT NULL,
  `customer_bad` tinyint(4) DEFAULT '0',
  `customer_rate` double DEFAULT '0',
  `supplier_rate` double DEFAULT '0',
  `remise_client` double DEFAULT '0',
  `remise_supplier` double DEFAULT '0',
  `mode_reglement` tinyint(4) DEFAULT NULL,
  `cond_reglement` tinyint(4) DEFAULT NULL,
  `deposit_percent` varchar(63) COLLATE utf8_unicode_ci DEFAULT NULL,
  `transport_mode` tinyint(4) DEFAULT NULL,
  `mode_reglement_supplier` tinyint(4) DEFAULT NULL,
  `cond_reglement_supplier` tinyint(4) DEFAULT NULL,
  `transport_mode_supplier` tinyint(4) DEFAULT NULL,
  `fk_shipping_method` int(11) DEFAULT NULL,
  `tva_assuj` tinyint(4) DEFAULT '1',
  `vat_reverse_charge` tinyint(4) DEFAULT '0',
  `localtax1_assuj` tinyint(4) DEFAULT '0',
  `localtax1_value` double(7,4) DEFAULT NULL,
  `localtax2_assuj` tinyint(4) DEFAULT '0',
  `localtax2_value` double(7,4) DEFAULT NULL,
  `barcode` varchar(180) COLLATE utf8_unicode_ci DEFAULT NULL,
  `fk_barcode_type` int(11) DEFAULT '0',
  `price_level` int(11) DEFAULT NULL,
  `outstanding_limit` double(24,8) DEFAULT NULL,
  `order_min_amount` double(24,8) DEFAULT NULL,
  `supplier_order_min_amount` double(24,8) DEFAULT NULL,
  `default_lang` varchar(6) COLLATE utf8_unicode_ci DEFAULT NULL,
  `logo` varchar(255) COLLATE utf8_unicode_ci DEFAULT NULL,
  `logo_squarred` varchar(255) COLLATE utf8_unicode_ci DEFAULT NULL,
  `canvas` varchar(32) COLLATE utf8_unicode_ci DEFAULT NULL,
  `fk_warehouse` int(11) DEFAULT NULL,
  `webservices_url` varchar(255) COLLATE utf8_unicode_ci DEFAULT NULL,
  `webservices_key` varchar(128) COLLATE utf8_unicode_ci DEFAULT NULL,
  `accountancy_code_sell` varchar(32) COLLATE utf8_unicode_ci DEFAULT NULL,
  `accountancy_code_buy` varchar(32) COLLATE utf8_unicode_ci DEFAULT NULL,
  `tms` timestamp NULL DEFAULT CURRENT_TIMESTAMP ON UPDATE CURRENT_TIMESTAMP,
  `datec` datetime DEFAULT NULL,
  `fk_user_creat` int(11) DEFAULT NULL,
  `fk_user_modif` int(11) DEFAULT NULL,
  `fk_multicurrency` int(11) DEFAULT NULL,
  `multicurrency_code` varchar(3) COLLATE utf8_unicode_ci DEFAULT NULL,
  `ip` varchar(250) COLLATE utf8_unicode_ci DEFAULT NULL,
  `import_key` varchar(14) COLLATE utf8_unicode_ci DEFAULT NULL,
  PRIMARY KEY (`rowid`),
  UNIQUE KEY `uk_societe_prefix_comm` (`prefix_comm`,`entity`),
  UNIQUE KEY `uk_societe_code_client` (`code_client`,`entity`),
  UNIQUE KEY `uk_societe_code_fournisseur` (`code_fournisseur`,`entity`),
  UNIQUE KEY `uk_societe_barcode` (`barcode`,`fk_barcode_type`,`entity`),
  KEY `idx_societe_nom` (`nom`),
  KEY `idx_societe_user_creat` (`fk_user_creat`),
  KEY `idx_societe_user_modif` (`fk_user_modif`),
  KEY `idx_societe_stcomm` (`fk_stcomm`),
  KEY `idx_societe_pays` (`fk_pays`),
  KEY `idx_societe_account` (`fk_account`),
  KEY `idx_societe_prospectlevel` (`fk_prospectlevel`),
  KEY `idx_societe_typent` (`fk_typent`),
  KEY `idx_societe_forme_juridique` (`fk_forme_juridique`),
  KEY `idx_societe_shipping_method` (`fk_shipping_method`)
) ENGINE=InnoDB AUTO_INCREMENT=807 DEFAULT CHARSET=utf8 COLLATE=utf8_unicode_ci;

--
-- Déchargement des données de la table `llx_societe`
--

INSERT INTO `llx_societe` (`rowid`, `nom`, `name_alias`, `entity`, `ref_ext`, `statut`, `parent`, `status`, `code_client`, `code_fournisseur`, `tp_payment_reference`, `accountancy_code_customer_general`, `code_compta`, `accountancy_code_supplier_general`, `code_compta_fournisseur`, `address`, `zip`, `town`, `fk_departement`, `fk_pays`, `geolat`, `geolong`, `geopoint`, `georesultcode`, `phone`, `phone_mobile`, `fax`, `url`, `email`, `fk_account`, `socialnetworks`, `fk_effectif`, `fk_typent`, `fk_forme_juridique`, `fk_currency`, `siren`, `siret`, `ape`, `idprof4`, `idprof5`, `idprof6`, `tva_intra`, `capital`, `fk_stcomm`, `note_private`, `note_public`, `model_pdf`, `last_main_doc`, `prefix_comm`, `client`, `fournisseur`, `supplier_account`, `fk_prospectlevel`, `fk_incoterms`, `location_incoterms`, `customer_bad`, `customer_rate`, `supplier_rate`, `remise_client`, `remise_supplier`, `mode_reglement`, `cond_reglement`, `deposit_percent`, `transport_mode`, `mode_reglement_supplier`, `cond_reglement_supplier`, `transport_mode_supplier`, `fk_shipping_method`, `tva_assuj`, `vat_reverse_charge`, `localtax1_assuj`, `localtax1_value`, `localtax2_assuj`, `localtax2_value`, `barcode`, `fk_barcode_type`, `price_level`, `outstanding_limit`, `order_min_amount`, `supplier_order_min_amount`, `default_lang`, `logo`, `logo_squarred`, `canvas`, `fk_warehouse`, `webservices_url`, `webservices_key`, `accountancy_code_sell`, `accountancy_code_buy`, `tms`, `datec`, `fk_user_creat`, `fk_user_modif`, `fk_multicurrency`, `multicurrency_code`, `ip`, `import_key`) VALUES
(1, 'UNIVELECT', '', 1, NULL, 0, NULL, 1, 'CU2510-00001', NULL, NULL, NULL, NULL, NULL, NULL, '', NULL, NULL, NULL, 21, NULL, NULL, NULL, NULL, NULL, NULL, NULL, NULL, NULL, 0, '[]', NULL, 0, NULL, NULL, '', '', '', '', '', '', '', NULL, 0, NULL, NULL, '', NULL, NULL, 1, 0, NULL, '', 0, NULL, 0, 0, 0, 0, 0, NULL, NULL, NULL, NULL, NULL, NULL, NULL, NULL, 1, 0, NULL, 0.0000, NULL, 0.0000, NULL, 0, NULL, NULL, NULL, NULL, NULL, NULL, NULL, NULL, NULL, NULL, NULL, '', '', '2025-10-01 09:46:07', '2025-10-01 09:46:07', 1, 1, 0, '', '', NULL),
(2, 'NSIA', 'NSIA PARTICIPATION', 1, NULL, 0, NULL, 1, 'CU2510-00002', NULL, NULL, NULL, 'CLT0175', NULL, NULL, 'II PLATEAUX VALLON', '01 BP 1393', 'ABIDJAN', NULL, 21, NULL, NULL, NULL, NULL, '+2252722221919', '+2250789001785', NULL, NULL, 'fatou.kone@groupensia.com', 0, '[]', NULL, 0, NULL, NULL, '41 05 414 P', '', '', '', '', '', '', NULL, 0, NULL, NULL, '', NULL, NULL, 1, 0, NULL, '', 0, NULL, 0, 0, 0, 0, 0, 7, 3, NULL, NULL, NULL, NULL, NULL, NULL, 1, 0, NULL, 0.0000, NULL, 0.0000, NULL, 0, NULL, NULL, NULL, NULL, NULL, NULL, NULL, NULL, NULL, NULL, NULL, '', '', '2025-12-26 15:29:56', '2025-10-01 16:10:03', 10, 32, 0, '', '', NULL),
(104, 'VIVO ENERGY CI', '', 1, NULL, 0, NULL, 1, 'CLT0055', NULL, NULL, NULL, 'CLT0055', NULL, NULL, 'Zone industrielle de Vridi , Rue des Pétroliers', '15 BP 378', NULL, NULL, 21, NULL, NULL, NULL, NULL, '2721752727', '0143416490', NULL, NULL, 'armel.niamien@vivoenergy.com', 4, '[]', NULL, 0, NULL, NULL, '01 00 690 X', '', '', '', '', '', '', NULL, 0, NULL, NULL, '', NULL, NULL, 1, 0, NULL, '', 0, NULL, 0, 0, 0, 0, 0, 2, 5, NULL, NULL, NULL, NULL, NULL, NULL, 1, 0, NULL, 0.0000, NULL, 0.0000, NULL, 0, NULL, NULL, NULL, NULL, NULL, NULL, NULL, NULL, NULL, NULL, NULL, '', '', '2026-01-06 10:02:52', NULL, 1, 32, 0, '', NULL, '20251003144943'),
(105, 'IPS CGRAE', 'Institution de Prévoyance Sociale Caisse Générale des Agents de L\'Etat', 1, NULL, 0, NULL, 1, 'CLT0063', NULL, NULL, NULL, 'CLT0063', NULL, NULL, 'Plateau, rue du commerce, non loin de la Galerie Peyrissac', 'BVP 164', 'ABIDJAN', NULL, 21, NULL, NULL, NULL, NULL, '2720251212', NULL, '2720251100', NULL, NULL, NULL, '[]', NULL, 5, NULL, NULL, '13 39 592 Y', '', '', '', '', '', '', NULL, 0, NULL, NULL, '', NULL, NULL, 1, 0, NULL, '', 0, NULL, 0, 0, 0, 0, 0, 7, 3, NULL, NULL, NULL, NULL, NULL, NULL, 1, 0, NULL, 0.0000, NULL, 0.0000, NULL, 0, NULL, NULL, NULL, NULL, NULL, NULL, NULL, NULL, NULL, NULL, NULL, '', '', '2026-01-06 10:50:32', NULL, 1, 32, 0, '', NULL, '20251003144943'),
(106, 'CEI', 'Commission Electorale Indépendante', 1, NULL, 0, NULL, 1, 'CU2510-00006', NULL, NULL, NULL, 'CLT0144', NULL, NULL, 'Blvd Latrille, Résidence Angoua, Cocody II plateaux', '08 BP 2648', 'ABIDJAN', NULL, 21, NULL, NULL, NULL, NULL, '+2252722528610', '+2252722400992', NULL, NULL, 'maylisfian@gmail.com', 4, '[]', NULL, 5, NULL, NULL, '', '', '', '', '', '', '', NULL, 0, NULL, NULL, '', NULL, NULL, 1, 0, NULL, '', 0, NULL, 0, 0, 0, 0, 0, 2, 5, NULL, NULL, NULL, NULL, NULL, NULL, 1, 0, NULL, 0.0000, NULL, 0.0000, NULL, 0, NULL, NULL, NULL, NULL, NULL, NULL, NULL, NULL, NULL, NULL, NULL, '', '', '2025-12-26 11:24:24', NULL, 1, 32, 0, '', NULL, '20251003144943'),
(107, 'OMA CI', 'OIL & MARINE AGENCIES COTE D’IVOIRE', 1, NULL, 0, NULL, 1, 'CU2510-00007', NULL, NULL, NULL, 'CLT0149', NULL, NULL, '105, Boulevard de Marseille, Rue des Brasseurs - Zone 3', '11 BP 1460', 'ABIDJAN', NULL, 21, NULL, NULL, NULL, NULL, '+2252721250292', '0788248647', NULL, NULL, 'elimelec.tanon@omagroup.com', NULL, '[]', NULL, 2, NULL, NULL, '16 17 358 K', '', '', '', '', '', '', NULL, 0, NULL, NULL, '', NULL, NULL, 1, 0, NULL, '', 0, NULL, 0, 0, 0, 0, 0, 7, 2, NULL, NULL, NULL, NULL, NULL, NULL, 1, 0, NULL, 0.0000, NULL, 0.0000, NULL, 0, NULL, NULL, NULL, NULL, NULL, NULL, NULL, NULL, NULL, NULL, NULL, '', '', '2025-12-26 15:46:28', NULL, 1, 32, 0, '', NULL, '20251003144943'),
(108, 'ODISSEY GS', '', 1, NULL, 0, NULL, 1, 'CU2510-00008', NULL, NULL, NULL, 'CLT0230', NULL, NULL, 'II PLATEAUX VALLON RUE BOGA DOUDOU', '28 BPM 410', 'ABIDJAN', NULL, 21, NULL, NULL, NULL, NULL, '2722228282', '0757277017', NULL, NULL, 'scomoe@odisseygs.com', NULL, '[]', NULL, 0, NULL, NULL, '24 04 240 Q', '', '', '', '', '', '', NULL, 0, NULL, NULL, '', NULL, NULL, 1, 0, NULL, '', 0, NULL, 0, 0, 0, 0, 0, 7, 3, NULL, NULL, NULL, NULL, NULL, NULL, 1, 0, NULL, 0.0000, NULL, 0.0000, NULL, 0, NULL, NULL, NULL, NULL, NULL, NULL, NULL, NULL, NULL, NULL, NULL, '', '', '2025-12-26 15:36:30', NULL, 1, 32, 0, '', NULL, '20251003144943'),
(109, 'C C PAKIDIE', 'Compagnie des Caoutchoucs PAKIDIE', 1, NULL, 0, NULL, 1, 'CU2510-00009', NULL, NULL, NULL, 'CLT0142', NULL, NULL, 'Km 2 Route Adzopé-Anyama', '01 BP 1191', 'ABIJAN', NULL, 21, NULL, NULL, NULL, NULL, '+2252720305115', NULL, NULL, NULL, 'kouassi.gerard@pakidie.com', NULL, '[]', NULL, 2, NULL, NULL, '60 14 528 J', '', '', '', '', '', '', NULL, 0, NULL, NULL, '', NULL, NULL, 1, 0, NULL, '', 0, NULL, 0, 0, 0, 0, 0, 7, 4, NULL, NULL, NULL, NULL, NULL, NULL, 1, 0, NULL, 0.0000, NULL, 0.0000, NULL, 0, NULL, NULL, NULL, NULL, NULL, NULL, NULL, NULL, NULL, NULL, NULL, '', '', '2025-12-26 11:25:20', NULL, 1, 32, 0, '', NULL, '20251003144943'),
(110, 'TULLOW CI', 'Tullow Côte d\'Ivoire Onshore Ltd', 1, NULL, 0, NULL, 1, 'CLT0102', NULL, NULL, NULL, 'CLT0102', NULL, NULL, 'Plateau, Immeuble Roume 3ème étage', '01 BP 11857', 'ABIDJAN', NULL, 21, NULL, NULL, NULL, NULL, '+22520255266', '+22564465684', NULL, NULL, 'murielle.akele@tullowoil.com', 4, '[]', NULL, 0, NULL, NULL, '16 47 352 K', '', '', '', '', '', '', NULL, 0, NULL, NULL, '', NULL, NULL, 1, 0, NULL, '', 0, NULL, 0, 0, 0, 0, 0, 2, 3, NULL, NULL, NULL, NULL, NULL, NULL, NULL, 0, NULL, 0.0000, NULL, 0.0000, NULL, 0, NULL, NULL, NULL, NULL, NULL, NULL, NULL, NULL, NULL, NULL, NULL, '', '', '2026-01-06 15:16:59', NULL, 1, 32, 0, '', NULL, '20251003144943'),
(111, 'UNIVELECT', NULL, 1, NULL, 0, NULL, 1, 'CU2510-00011', NULL, NULL, NULL, NULL, NULL, NULL, NULL, NULL, NULL, NULL, 21, NULL, NULL, NULL, NULL, NULL, NULL, NULL, NULL, NULL, NULL, NULL, NULL, NULL, NULL, NULL, NULL, NULL, NULL, NULL, NULL, NULL, NULL, NULL, 0, NULL, NULL, NULL, NULL, NULL, 1, 0, NULL, NULL, NULL, NULL, 0, 0, 0, 0, 0, NULL, NULL, NULL, NULL, NULL, NULL, NULL, NULL, NULL, 0, 0, NULL, 0, NULL, NULL, 0, NULL, NULL, NULL, NULL, NULL, NULL, NULL, NULL, NULL, NULL, NULL, NULL, NULL, '2025-10-03 14:49:43', NULL, 1, NULL, NULL, NULL, NULL, '20251003144943'),
(112, 'CC PRICI', 'Projet de Connectivité Inclusive et Infrastructures Rurale', 1, NULL, 0, NULL, 1, 'CU2510-00012', NULL, NULL, NULL, 'CLT0227', NULL, NULL, 'II PLATEAUX VALLONS', NULL, NULL, NULL, 21, NULL, NULL, NULL, NULL, '+2252722409090', '+2252722413559', NULL, NULL, NULL, NULL, '[]', NULL, 2, NULL, NULL, '', '', '', '', '', '', '', NULL, 0, NULL, NULL, '', NULL, NULL, 1, 0, NULL, '', 0, NULL, 0, 0, 0, 0, 0, 7, 3, NULL, NULL, NULL, NULL, NULL, NULL, 1, 0, NULL, 0.0000, NULL, 0.0000, NULL, 0, NULL, NULL, NULL, NULL, NULL, NULL, NULL, NULL, NULL, NULL, NULL, '', '', '2025-12-26 10:51:21', NULL, 1, 32, 0, '', NULL, '20251003144943'),
(113, 'CBRE', 'CBRE Excellerate', 1, NULL, 0, NULL, 1, 'CU2510-00013', NULL, NULL, NULL, 'CLT0197', NULL, NULL, 'Ericsson AB IVORY COAST,IMMEUBLE CRRAE-UMOA -5e Etage 13161', 'BP779 Cidex03', 'ABIDJAN', NULL, 21, NULL, NULL, NULL, NULL, '+2252722402791', '0707406739', NULL, NULL, 'konan.honore@cbreexcellerate.com', 4, '[]', NULL, 2, NULL, NULL, '18 49 689 R', '', '', '', '', '', '', NULL, 0, NULL, NULL, '', NULL, NULL, 1, 0, NULL, '', 0, NULL, 0, 0, 0, 0, 0, 2, 3, NULL, NULL, NULL, NULL, NULL, NULL, 1, 0, NULL, 0.0000, NULL, 0.0000, NULL, 0, NULL, NULL, NULL, NULL, NULL, NULL, NULL, NULL, NULL, NULL, NULL, '', '', '2025-12-26 10:38:25', NULL, 1, 32, 0, '', NULL, '20251003144943'),
(114, 'CONSEIL CONSTITUTIONNEL', '', 1, NULL, 0, NULL, 1, 'CLT0059', NULL, NULL, NULL, 'CLT0059', NULL, NULL, 'Plateau 22 Boulevard Card, Plateau', '01 BP 4642', 'ABIDJAN', NULL, 21, NULL, NULL, NULL, NULL, '+2252720253850', '0505328111', NULL, NULL, 'adai.wobe@conseil-constitutionnel.ci', 4, '[]', NULL, 5, NULL, NULL, '97 13 388 J', '', '', '', '', '', '', NULL, 0, NULL, NULL, '', NULL, NULL, 1, 0, NULL, '', 0, NULL, 0, 0, 0, 0, 0, 2, 3, NULL, NULL, NULL, NULL, NULL, NULL, 1, 0, NULL, 0.0000, NULL, 0.0000, NULL, 0, NULL, NULL, NULL, NULL, NULL, 'logo-conseil-constitutionnel-rci.png', NULL, NULL, NULL, NULL, NULL, '', '', '2026-01-06 10:49:47', NULL, 1, 32, 0, '', NULL, '20251003144943'),
(115, 'ACI', 'Agriculture Commerce Industrie', 1, NULL, 0, NULL, 1, 'CU2510-00015', NULL, NULL, NULL, 'CLT0224', NULL, NULL, '1, Rue Marconi zone 4C', '04 BP 938', 'ABIDJAN', NULL, 21, NULL, NULL, NULL, NULL, '+2252721359517', NULL, '+2252721351199', NULL, 'servicemagasin@acichimie.com', NULL, '[]', NULL, 2, NULL, NULL, '85 03 417 V', '', '', '', '', '', '', NULL, 0, NULL, NULL, '', NULL, NULL, 1, 0, NULL, '', 0, NULL, 0, 0, 0, 0, 0, 7, 1, NULL, NULL, NULL, NULL, NULL, NULL, 1, 0, NULL, 0.0000, NULL, 0.0000, NULL, 0, NULL, NULL, NULL, NULL, NULL, NULL, NULL, NULL, NULL, NULL, NULL, '', '', '2025-12-26 08:01:25', NULL, 1, 32, 0, '', NULL, '20251003144943'),
(116, 'IFCI', 'INSTITUT FRANCAIS CI', 1, NULL, 0, NULL, 1, 'CU2510-00016', NULL, NULL, NULL, 'CLT0177', NULL, NULL, 'Avenue Franchet d\'Esperey, Plateau', NULL, 'ABIDJAN', NULL, 21, NULL, NULL, NULL, NULL, '+2252720204060', '+2250749298927', NULL, NULL, NULL, 4, '[]', NULL, 5, NULL, NULL, '', '', '', '', '', '', '', NULL, 0, NULL, NULL, '', NULL, NULL, 1, 0, NULL, '', 0, NULL, 0, 0, 0, 0, 0, 2, 3, NULL, NULL, NULL, NULL, NULL, NULL, NULL, 0, NULL, 0.0000, NULL, 0.0000, NULL, 0, NULL, NULL, NULL, NULL, NULL, NULL, NULL, NULL, NULL, NULL, NULL, '', '', '2025-12-26 14:24:07', NULL, 1, 32, 0, '', NULL, '20251003144943'),
(117, 'LNSP', 'LABORATOIRE NATIONAL DE LA SANTE PUBLIQUE', 1, NULL, 0, NULL, 1, 'CLT0039', NULL, NULL, NULL, 'CLT0039', NULL, NULL, 'Bd. De Marseille, en face de Africauto - Zone 3 Treichville', '18 BP 2403', 'ABIDJAN', NULL, 21, NULL, NULL, NULL, NULL, '(+225)2721213200', '+2250707542189', NULL, NULL, 'apabepi@gmail.com', 4, '[]', NULL, 5, NULL, NULL, '', '', '', '', '', '', '', NULL, 0, NULL, NULL, '', NULL, NULL, 1, 0, NULL, '', 0, NULL, 0, 0, 0, 0, 0, 2, 2, NULL, NULL, NULL, NULL, NULL, NULL, 1, 0, NULL, 0.0000, NULL, 0.0000, NULL, 0, NULL, NULL, NULL, NULL, NULL, NULL, NULL, NULL, NULL, NULL, NULL, '', '', '2026-01-06 09:41:23', NULL, 1, 32, 0, '', NULL, '20251003144943'),
(118, 'MONDI ABIDJAN', '', 1, NULL, 0, NULL, 1, 'CU2510-00018', NULL, NULL, NULL, 'CLT0202', NULL, NULL, 'Zone Industrielle de Yopougon', '01 BP 174', 'ABIDJAN', NULL, 21, NULL, NULL, NULL, NULL, '+2252720217055', '+2250161201106', NULL, NULL, 'monnean.mahan@mondigroup.com', 4, '[]', NULL, 2, NULL, NULL, '13 31 525 L', '', '', '', '', '', '', NULL, 0, NULL, NULL, '', NULL, NULL, 1, 0, NULL, '', 0, NULL, 0, 0, 0, 0, 0, 2, 3, NULL, NULL, NULL, NULL, NULL, NULL, 1, 0, NULL, 0.0000, NULL, 0.0000, NULL, 0, NULL, NULL, NULL, NULL, NULL, NULL, NULL, NULL, NULL, NULL, NULL, '', '', '2025-12-26 15:20:31', NULL, 1, 32, 0, '', NULL, '20251003144943'),
(119, 'NSIA PARTICIPATIONS ', NULL, 1, NULL, 0, NULL, 1, 'CU2510-00019', NULL, NULL, NULL, NULL, NULL, NULL, NULL, NULL, NULL, NULL, 21, NULL, NULL, NULL, NULL, NULL, NULL, NULL, NULL, NULL, NULL, NULL, NULL, NULL, NULL, NULL, NULL, NULL, NULL, NULL, NULL, NULL, NULL, NULL, 0, NULL, NULL, NULL, NULL, NULL, 1, 0, NULL, NULL, NULL, NULL, 0, 0, 0, 0, 0, NULL, NULL, NULL, NULL, NULL, NULL, NULL, NULL, NULL, 0, 0, NULL, 0, NULL, NULL, 0, NULL, NULL, NULL, NULL, NULL, NULL, NULL, NULL, NULL, NULL, NULL, NULL, NULL, '2025-10-03 14:49:43', NULL, 1, NULL, NULL, NULL, NULL, '20251003144943'),
(120, 'PAPS GOUV', '', 1, NULL, 0, NULL, 1, 'CU2510-00020', NULL, NULL, NULL, 'CLT0172', NULL, NULL, '', NULL, NULL, NULL, 21, NULL, NULL, NULL, NULL, '2722599785', '0777650367', NULL, NULL, NULL, NULL, '[]', NULL, 0, NULL, NULL, '', '', '', '', '', '', '', NULL, 0, NULL, NULL, '', NULL, NULL, 1, 0, NULL, '', 0, NULL, 0, 0, 0, 0, 0, 7, 3, NULL, NULL, NULL, NULL, NULL, NULL, 1, 0, NULL, 0.0000, NULL, 0.0000, NULL, 0, NULL, NULL, NULL, NULL, NULL, NULL, NULL, NULL, NULL, NULL, NULL, '', '', '2025-12-26 15:55:29', NULL, 1, 32, 0, '', NULL, '20251003144943'),
(121, 'PHAS', '', 1, NULL, 0, NULL, 1, 'CU2510-00021', NULL, NULL, NULL, 'CLT0186', NULL, NULL, '', '01 PV 55', NULL, NULL, 21, NULL, NULL, NULL, NULL, '+2252720338860', '0703828887', NULL, NULL, 'eake2000@yahoo.fr', 4, '[]', NULL, 0, NULL, NULL, '22 44 169 N', '', '', '', '', '', '', NULL, 0, NULL, NULL, '', NULL, NULL, 1, 0, NULL, '', 0, NULL, 0, 0, 0, 0, 0, 2, 3, NULL, NULL, NULL, NULL, NULL, NULL, 1, 0, NULL, 0.0000, NULL, 0.0000, NULL, 0, NULL, NULL, NULL, NULL, NULL, NULL, NULL, NULL, NULL, NULL, NULL, '', '', '2025-12-26 16:02:32', NULL, 1, 32, 0, '', NULL, '20251003144943'),
(122, 'PNUD', 'Programme des Nations Unies pour le Développement', 1, NULL, 0, NULL, 1, 'CLT0113', NULL, NULL, NULL, 'CLT0113', NULL, NULL, 'Bureau du Coordonnateur Resident Angle Rue Gourgas et Avenue Marchand /Plateau', '01 BP 1747', 'ABIDJAN', NULL, 21, NULL, NULL, NULL, NULL, '+2252720317473', '+2250788951815', NULL, NULL, 'hermann.nguessan@undp.org', 2, '[]', NULL, 0, NULL, NULL, '91 02 688 L', '', '', '', '', '', '', NULL, 0, NULL, NULL, '', NULL, NULL, 1, 0, NULL, '', 0, NULL, 0, 0, 0, 0, 0, 2, 3, NULL, NULL, NULL, NULL, NULL, NULL, NULL, 0, NULL, 0.0000, NULL, 0.0000, NULL, 0, NULL, NULL, NULL, NULL, NULL, NULL, NULL, NULL, NULL, NULL, NULL, '', '', '2026-01-06 15:21:23', NULL, 1, 32, 0, '', NULL, '20251003144943'),
(123, 'SGABS', 'Société Générale African Business Services Abidjan', 1, NULL, 0, NULL, 1, 'CU2510-00023', NULL, NULL, NULL, 'CLT0187', NULL, NULL, 'MARCORY Z4 BOULEVARD VGE', NULL, NULL, NULL, 21, NULL, NULL, NULL, NULL, NULL, '+2250702656770', NULL, NULL, 'jean-brice.nguessan@socgen.com', 4, '[]', NULL, 0, NULL, NULL, '19 38 756 C', '', '', '', '', '', '', NULL, 0, NULL, NULL, '', NULL, NULL, 1, 0, NULL, '', 0, NULL, 0, 0, 0, 0, 0, 2, 2, NULL, NULL, NULL, NULL, NULL, NULL, 1, 0, NULL, 0.0000, NULL, 0.0000, NULL, 0, NULL, NULL, NULL, NULL, NULL, NULL, NULL, NULL, NULL, NULL, NULL, '', '', '2025-12-26 16:19:32', NULL, 1, 32, 0, '', NULL, '20251003144943'),
(124, 'SIRIUS FINANCES', '', 1, NULL, 0, NULL, 1, 'CU2510-00024', NULL, NULL, NULL, 'CLT0170', NULL, NULL, 'Cocody Angré 8ème tranche, face Orca Déco - Angré 8è tranche', NULL, NULL, NULL, 21, NULL, NULL, NULL, NULL, '(+225)2722551014', NULL, NULL, NULL, 'narcisse.apka@siruisfinances.ci', NULL, '[]', NULL, 0, NULL, NULL, '18 02 911 R', '', '', '', '', '', '', NULL, 0, NULL, NULL, '', NULL, NULL, 1, 0, NULL, '', 0, NULL, 0, 0, 0, 0, 0, 7, 2, NULL, NULL, NULL, NULL, NULL, NULL, 1, 0, NULL, 0.0000, NULL, 0.0000, NULL, 0, NULL, NULL, NULL, NULL, NULL, NULL, NULL, NULL, NULL, NULL, NULL, '', '', '2026-01-07 15:24:13', NULL, 1, 7, 0, '', NULL, '20251003144943'),
(125, 'SOGELUX', 'SOCIETE GENERALE D\'ELECTRICITE DE LUXE', 1, NULL, 0, NULL, 1, 'CU2510-00025', NULL, NULL, NULL, 'CLT0019', NULL, NULL, 'Bd. de Marseille, 500m après Sitarail Treichville', '18 BP 1686', 'ABIDJAN', NULL, 21, NULL, NULL, NULL, NULL, '+225)2721349999', '0708882882', NULL, NULL, NULL, NULL, '[]', NULL, 0, NULL, NULL, '03 14 246 N', '', '', '', '', '', '', NULL, 0, NULL, NULL, '', NULL, NULL, 1, 0, NULL, '', 0, NULL, 0, 0, 0, 0, 0, 7, 2, NULL, NULL, NULL, NULL, NULL, NULL, 1, 0, NULL, 0.0000, NULL, 0.0000, NULL, 0, NULL, NULL, NULL, NULL, NULL, NULL, NULL, NULL, NULL, NULL, NULL, '', '', '2025-12-26 16:33:59', NULL, 1, 32, 0, '', NULL, '20251003144943'),
(126, 'SVDG', '', 1, NULL, 0, NULL, 1, 'CU2510-00026', NULL, NULL, NULL, 'CLT0162', NULL, NULL, 'COCODY ANGRE', '18 BP 245', NULL, NULL, 21, NULL, NULL, NULL, NULL, '2722544434', NULL, NULL, NULL, 'karamoco.gbane@svdgafrique.onmicrosoft.com', NULL, '[]', NULL, 0, NULL, NULL, '', '', '', '', '', '', '', NULL, 0, NULL, NULL, '', NULL, NULL, 1, 0, NULL, '', 0, NULL, 0, 0, 0, 0, 0, 7, 3, NULL, NULL, NULL, NULL, NULL, NULL, 1, 0, NULL, 0.0000, NULL, 0.0000, NULL, 0, NULL, NULL, NULL, NULL, NULL, NULL, NULL, NULL, NULL, NULL, NULL, '', '', '2025-12-26 16:39:48', NULL, 1, 32, 0, '', NULL, '20251003144943'),
(127, 'CN - ZLECAF', 'Comité National de la Zone de Libre Echange Continentale Africaine', 1, NULL, 0, NULL, 1, 'CU2510-00027', NULL, NULL, NULL, 'CLT0159', NULL, NULL, 'Cocody 2 plateaux, Carrefour Duncan', NULL, 'ABIDJAN', NULL, 21, NULL, NULL, NULL, NULL, '+2252722599805', NULL, NULL, NULL, 'm.koman@cnzlecaf.gouv.ci', 4, '[]', NULL, 5, NULL, NULL, '', '', '', '', '', '', '', NULL, 0, NULL, NULL, '', NULL, NULL, 1, 0, NULL, '', 0, NULL, 0, 0, 0, 0, 0, 2, 3, NULL, NULL, NULL, NULL, NULL, NULL, 1, 0, NULL, 0.0000, NULL, 0.0000, NULL, 0, NULL, NULL, NULL, NULL, NULL, NULL, NULL, NULL, NULL, NULL, NULL, '', '', '2025-12-26 11:52:25', NULL, 1, 32, 0, '', NULL, '20251003144943'),
(128, 'BIT', 'BUREAU INTERNATIONAL DU TRAVAIL', 1, NULL, 0, NULL, 1, 'CU2510-00028', NULL, NULL, NULL, 'CLT0160', NULL, NULL, '', NULL, NULL, NULL, 21, NULL, NULL, NULL, NULL, '+2252720378900', '0707932871', NULL, NULL, 'kone@ilo.org', NULL, '[]', NULL, 5, NULL, NULL, '91 03 042 G', '', '', '', '', '', '', NULL, 0, NULL, NULL, '', NULL, NULL, 1, 0, NULL, '', 0, NULL, 0, 0, 0, 0, 0, 7, 4, NULL, NULL, NULL, NULL, NULL, NULL, NULL, 0, NULL, 0.0000, NULL, 0.0000, NULL, 0, NULL, NULL, NULL, NULL, NULL, NULL, NULL, NULL, NULL, NULL, NULL, '', '', '2025-12-26 10:03:42', NULL, 1, 32, 0, '', NULL, '20251003144943'),
(129, 'SIFAL', 'SOCIETE IVOIRIENNE DE FABRICATION DE LUBRIFIANTS', 1, NULL, 0, NULL, 1, 'CLT0072', NULL, NULL, NULL, 'CLT0072', NULL, NULL, 'Zone Industrielle de Vridi, Rue des pétroliers', '15 BP 143', 'ABIDJAN', NULL, 21, NULL, NULL, NULL, NULL, '+225272521752848', '0142857973', NULL, NULL, 'mael.kessedou@vivoenergy.com', NULL, '[]', NULL, 2, NULL, NULL, '50 11 477 K', '', '', '', '', '', '', NULL, 0, NULL, NULL, '', NULL, NULL, 1, 0, NULL, '', 0, NULL, 0, 0, 0, 0, 0, 7, 4, NULL, NULL, NULL, NULL, NULL, NULL, 1, 0, NULL, 0.0000, NULL, 0.0000, NULL, 0, NULL, NULL, NULL, NULL, NULL, NULL, NULL, NULL, NULL, NULL, NULL, '', '', '2026-01-06 10:53:31', NULL, 1, 32, 0, '', NULL, '20251003144943'),
(130, 'PNLT', 'PROGRAMME NATIONAL DE LUTTE CONTRE LA TUBERCULOSE', 1, NULL, 0, NULL, 1, 'CLT0034', NULL, NULL, NULL, 'CLT0034', NULL, NULL, 'Centre antituberculeux, Marché Gouro Adjamé', '05 BP 1054', 'ABIDJAN', NULL, 21, NULL, NULL, NULL, NULL, '2720007745', '0707108025', NULL, NULL, NULL, NULL, '[]', NULL, 5, NULL, NULL, '', '', '', '', '', '', '', NULL, 0, NULL, NULL, '', NULL, NULL, 1, 0, NULL, '', 0, NULL, 0, 0, 0, 0, 0, 7, 3, NULL, NULL, NULL, NULL, NULL, NULL, 1, 0, NULL, 0.0000, NULL, 0.0000, NULL, 0, NULL, NULL, NULL, NULL, NULL, NULL, NULL, NULL, NULL, NULL, NULL, '', '', '2026-01-06 09:39:29', NULL, 1, 32, 0, '', NULL, '20251003144943'),
(131, 'PNLP', 'Programme national de lutte contre le paludisme en Côte d\'Ivoire', 1, NULL, 0, NULL, 1, 'CLT0077', NULL, NULL, '-1', 'CLT0077', NULL, NULL, 'Ministère de la Santé, de l\'hygiène Publique et de la Couverture Maladie', '01 BP 1355', 'ABIDJAN', NULL, 21, NULL, NULL, NULL, NULL, '+2252722470212', '0101598748', NULL, NULL, 'honore.adjoumane@pnlpcotedivoire.org', NULL, '[]', NULL, 5, NULL, NULL, '01 00 774 W', '', '', '', '', '', '', NULL, 0, NULL, NULL, '', NULL, NULL, 1, 0, NULL, '', 0, NULL, 0, 0, 0, 0, 0, 7, 3, NULL, NULL, NULL, NULL, NULL, NULL, 1, 0, NULL, 0.0000, NULL, 0.0000, NULL, 0, NULL, NULL, NULL, NULL, NULL, NULL, NULL, NULL, NULL, NULL, NULL, '', '', '2026-01-06 10:57:01', NULL, 1, 32, 0, '', NULL, '20251003144943'),
(132, 'CI SUPERMARCHE', ' AUCHAN', 1, NULL, 0, 132, 1, 'CLT0210', NULL, NULL, '4111', NULL, NULL, NULL, 'PALM TOWERS BOULEVARDS B', '06 BP 304', 'ABIDJAN', NULL, 21, NULL, NULL, NULL, NULL, '0506835018', '0704527668', NULL, NULL, 'm.tchagodomou@auchan.ci', 2, '[]', NULL, 2, NULL, NULL, '2114866J', '', '', '', '', '', '', NULL, 0, NULL, NULL, '', NULL, NULL, 1, 0, NULL, '', 0, NULL, 0, 0, 0, 0, 0, 2, 2, NULL, NULL, NULL, NULL, NULL, NULL, 1, 0, NULL, 0.0000, NULL, 0.0000, NULL, 0, NULL, NULL, NULL, NULL, NULL, NULL, NULL, NULL, NULL, NULL, NULL, '', '', '2025-11-21 09:28:09', NULL, 1, 32, 0, '', NULL, '20251003144943'),
(133, ' ARTELIA COTE D\'IVOIRE', 'ARTELIA CI', 1, NULL, 0, 133, 1, 'CLT0216', NULL, NULL, NULL, 'CLT0216', NULL, NULL, 'RUE DE PAPAYERS COCODY RESIDENCE DIA', '08 BP 4101', 'ABIDJAN', NULL, 21, NULL, NULL, NULL, NULL, '+2252722516670', '0586917561', '0708537714', NULL, 'nda-richmond.nguessan@arteliagroup.com', NULL, '[]', NULL, 2, NULL, NULL, '1637450G', '', '', '', '', '', '', NULL, 0, NULL, NULL, '', NULL, NULL, 1, 0, NULL, '', 0, NULL, 0, 0, 0, 0, 0, 4, 1, NULL, NULL, NULL, NULL, NULL, NULL, 1, 0, NULL, 0.0000, NULL, 0.0000, NULL, 0, NULL, NULL, NULL, NULL, NULL, NULL, NULL, NULL, NULL, NULL, NULL, '', '', '2025-11-21 14:58:53', NULL, 1, 32, 0, '', NULL, '20251003144943'),
(134, 'ELTON OIL COMPANY Côte d’Ivoire', 'ELTON OIL', 1, NULL, 0, NULL, 1, 'CLT0201', NULL, NULL, NULL, 'CLT0201', NULL, NULL, 'Rue des brasseurs-zone3\r\nImmeuble rive droite 3ème étage', '27 BP 813', 'ABIDJAN', NULL, 21, NULL, NULL, NULL, NULL, '+2252721700337', '0789796408', NULL, NULL, 'zie.coulibaly@elton.ci', NULL, '[]', NULL, 2, NULL, NULL, '1419218H', '', '', '', '', '', '', NULL, 0, NULL, NULL, '', NULL, NULL, 1, 0, NULL, '', 0, NULL, 0, 0, 0, 0, 0, 7, 2, NULL, NULL, NULL, NULL, NULL, NULL, 1, 0, NULL, 0.0000, NULL, 0.0000, NULL, 0, NULL, NULL, NULL, NULL, NULL, NULL, NULL, NULL, NULL, NULL, NULL, '', '', '2025-11-21 15:29:20', NULL, 1, 32, 0, '', NULL, '20251003144943'),
(136, ' TECHNO SMART', '', 1, NULL, 0, NULL, 1, 'CU2510-00036', NULL, NULL, NULL, 'CLT0240', NULL, NULL, '', NULL, 'ABIDJAN', NULL, 21, NULL, NULL, NULL, NULL, '+2250501517777', '+2250702713207', NULL, NULL, 'technosmartci@gmail.com', NULL, '[]', NULL, 3, NULL, NULL, '23 04 658 D', '', '', '', '', '', '', NULL, 0, NULL, NULL, '', NULL, NULL, 3, 0, NULL, '', 0, NULL, 0, 0, 0, 0, 0, 7, 2, NULL, NULL, NULL, NULL, NULL, NULL, 1, 0, NULL, 0.0000, NULL, 0.0000, NULL, 0, NULL, NULL, NULL, NULL, NULL, NULL, NULL, NULL, NULL, NULL, NULL, '', '', '2025-12-26 09:38:34', NULL, 1, 32, 0, '', NULL, '20251003144943'),
(137, 'SCE CHEMICALS', '', 1, NULL, 0, NULL, 1, 'CU2510-00037', NULL, NULL, NULL, 'CLT0229', NULL, NULL, 'MARCORY Z4', '01 BP 681', 'ABIDJAN', NULL, 21, NULL, NULL, NULL, NULL, '+2252721350602', '0768618597', NULL, NULL, 'j.bomisso@sce.ma', 4, '[]', NULL, 0, NULL, NULL, '', '', '', '', '', '', '', NULL, 0, NULL, NULL, '', NULL, NULL, 1, 0, NULL, '', 0, NULL, 0, 0, 0, 0, 0, 2, 1, NULL, NULL, NULL, NULL, NULL, NULL, 1, 0, NULL, 0.0000, NULL, 0.0000, NULL, 0, NULL, NULL, NULL, NULL, NULL, NULL, NULL, NULL, NULL, NULL, NULL, '', '', '2025-12-22 10:58:37', NULL, 1, 32, 0, '', NULL, '20251003144943'),
(138, 'SPCI', 'STOCKAGE PETROLIER DE COTE D\'IVOIRE', 1, NULL, 0, NULL, 1, 'CLT0128', NULL, NULL, NULL, 'CLT0128', NULL, NULL, 'Canal A La Rue Des Petrolier', '12 BP 2141', 'ABIDJAN', NULL, 21, NULL, NULL, NULL, NULL, '+2252721217005', NULL, NULL, NULL, 'marcel.sablin@spci.ci', 4, '[]', NULL, 0, NULL, NULL, '19 14 098 M', '', '', '', '', '', '', NULL, 0, NULL, NULL, '', NULL, NULL, 1, 0, NULL, '', 0, NULL, 0, 0, 0, 0, 0, 2, 2, NULL, NULL, NULL, NULL, NULL, NULL, 1, 0, NULL, 0.0000, NULL, 0.0000, NULL, 0, NULL, NULL, NULL, NULL, NULL, NULL, NULL, NULL, NULL, NULL, NULL, '', '', '2026-01-06 15:33:03', NULL, 1, 32, 0, '', NULL, '20251003144943'),
(139, ' BGFI BANK CI', ' BGFI BANK', 1, NULL, 0, 139, 1, 'CLT0221', NULL, NULL, NULL, 'CLT0221', NULL, NULL, 'MARCORY BOULEVARD VGE', '01 BP 11563', 'ABIDJAN', NULL, 21, NULL, NULL, NULL, NULL, '+2252721569156', '0778330869', '0747384708', NULL, 'p.kouassi@bgfigroupe.com', NULL, '[]', NULL, 2, NULL, NULL, '1107329G', '', '', '', '', '', '', NULL, 0, NULL, NULL, '', NULL, NULL, 1, 0, NULL, '', 0, NULL, 0, 0, 0, 0, 0, 7, 2, NULL, NULL, NULL, NULL, NULL, NULL, 1, 0, NULL, 0.0000, NULL, 0.0000, NULL, 0, NULL, NULL, NULL, NULL, NULL, NULL, NULL, NULL, NULL, NULL, NULL, '', '', '2025-11-21 14:00:44', NULL, 1, 32, 0, '', NULL, '20251003144943'),
(140, ' CFAO MOBILITY CI', 'CFAO MOBILITY', 1, NULL, 0, NULL, 1, 'CLT220', NULL, NULL, NULL, 'CLT220', NULL, NULL, 'BOULEVARD DE MARSEILLE', '01 BP 2114', 'ABIDJAN', NULL, 21, NULL, NULL, NULL, NULL, '+2252721751800', '0769270588', NULL, NULL, 'oatta@cfao.com', NULL, '[]', NULL, 2, NULL, NULL, '0100432G', '', '', '', '', '', '', NULL, 0, NULL, NULL, '', NULL, NULL, 1, 0, NULL, '', 0, NULL, 0, 0, 0, 0, 0, 7, 3, NULL, NULL, NULL, NULL, NULL, NULL, 1, 0, NULL, 0.0000, NULL, 0.0000, NULL, 0, NULL, NULL, NULL, NULL, NULL, NULL, NULL, NULL, NULL, NULL, NULL, '', '', '2025-12-22 11:23:34', NULL, 1, 32, 0, '', NULL, '20251003144943'),
(141, 'ECOBANK CI SA', 'ECOBANK', 1, NULL, 0, NULL, 1, 'CLT0225', NULL, NULL, NULL, 'CLT0225', NULL, NULL, 'PLATEAU PLACE DE LA REPUBLIQUE AVENUE HOUDAILLE', NULL, 'ABIDJAN', NULL, 21, NULL, NULL, NULL, NULL, '+2252720312204', '+2250748208567', NULL, NULL, 'lgbaza@ecobank.com', 4, '[]', NULL, 2, NULL, NULL, '6900795R', '', '', '', '', '', '', NULL, 0, NULL, NULL, '', NULL, NULL, 1, 0, NULL, '', 0, NULL, 0, 0, 0, 0, 0, 2, 2, NULL, NULL, NULL, NULL, NULL, NULL, 1, 0, NULL, 0.0000, NULL, 0.0000, NULL, 0, NULL, NULL, NULL, NULL, NULL, NULL, NULL, NULL, NULL, NULL, NULL, '', '', '2025-11-21 15:31:26', NULL, 1, 32, 0, '', NULL, '20251003144943'),
(142, 'AMBASSADE DU CAMAEROUN', 'Ambassade du Cameroun en Cote D\'ivoire', 1, NULL, 0, NULL, 1, 'CU2510-00042', NULL, NULL, NULL, 'CLT0164', NULL, NULL, 'Immeuble le Général Boulevard Botreau Roussel, 3rd floo', '06 BP 326', 'ABIDJAN', NULL, 21, NULL, NULL, NULL, NULL, '+2252720213331', '+2252720212735', NULL, NULL, 'nobgwetfrederic@gmail.com', NULL, '[]', NULL, 5, NULL, NULL, '61 00 548 N', '', '', '', '', '', '', NULL, 0, NULL, NULL, '', NULL, NULL, 3, 0, NULL, '', 0, NULL, 0, 0, 0, 0, 0, 7, 2, NULL, NULL, NULL, NULL, NULL, NULL, NULL, 0, NULL, 0.0000, NULL, 0.0000, NULL, 0, NULL, NULL, NULL, NULL, NULL, NULL, NULL, NULL, NULL, NULL, NULL, '', '', '2025-12-26 09:06:42', NULL, 1, 32, 0, '', NULL, '20251003144943'),
(143, 'MACONSI SARL', '', 1, NULL, 0, NULL, 1, 'CU2510-00043', NULL, NULL, NULL, 'CLT0231', NULL, NULL, 'Lot No. 416, Ilot No. 26, Riviera Golf, Cocody', NULL, 'ABIDJAN', NULL, 21, NULL, NULL, NULL, NULL, '0706979797', '0788272727', NULL, NULL, NULL, NULL, '[]', NULL, 3, NULL, NULL, '21 59 132 X', '', '', '', '', '', '', NULL, 0, NULL, NULL, '', NULL, NULL, 1, 0, NULL, '', 0, NULL, 0, 0, 0, 0, 0, 7, 3, NULL, NULL, NULL, NULL, NULL, NULL, 1, 0, NULL, 0.0000, NULL, 0.0000, NULL, 0, NULL, NULL, NULL, NULL, NULL, NULL, NULL, NULL, NULL, NULL, NULL, '', '', '2025-12-26 14:44:33', NULL, 1, 32, 0, '', NULL, '20251003144943'),
(144, 'MAYELIA AUTOMOTIVE', '', 1, NULL, 0, NULL, 1, 'CU2510-00045', NULL, NULL, NULL, 'CLT0223', NULL, NULL, '32 Rue Marconi – Zone 4', '23 BP 233', 'ABIDJAN', NULL, 21, NULL, NULL, NULL, NULL, NULL, NULL, NULL, NULL, NULL, NULL, '[]', NULL, 3, NULL, NULL, '19 47 081 M', '', '', '', '', '', '', NULL, 0, NULL, NULL, '', NULL, NULL, 3, 0, NULL, '', 0, NULL, 0, 0, 0, 0, 0, 4, 1, NULL, NULL, NULL, NULL, NULL, NULL, 1, 0, NULL, 0.0000, NULL, 0.0000, NULL, 0, NULL, NULL, NULL, NULL, NULL, NULL, NULL, NULL, NULL, NULL, NULL, '', '', '2025-12-26 15:08:46', NULL, 1, 32, 0, '', NULL, '20251003144943'),
(145, 'FER', '', 1, NULL, 0, NULL, 1, 'CU2510-00046', NULL, NULL, NULL, 'CLT0181', NULL, NULL, 'Immeuble FER, 5 Avenue chardy, Plateau', '04 BP 3089', 'ABIDJAN', NULL, 21, NULL, NULL, NULL, NULL, '(+225)2720311305', '(+225)2720311306', NULL, NULL, NULL, 4, '[]', NULL, 2, NULL, NULL, '03 04 966 P', '', '', '', '', '', '', NULL, 0, NULL, NULL, '', NULL, NULL, 1, 0, NULL, '', 0, NULL, 0, 0, 0, 0, 0, 2, 3, NULL, NULL, NULL, NULL, NULL, NULL, 1, 0, NULL, 0.0000, NULL, 0.0000, NULL, 0, NULL, NULL, NULL, NULL, NULL, NULL, NULL, NULL, NULL, NULL, NULL, '', '', '2025-12-26 12:25:08', NULL, 1, 32, 0, '', NULL, '20251003144943'),
(146, 'INFORMATION TECHNOLOGY MANAGEMENT', 'I.T.M', 1, NULL, 0, NULL, 1, 'CLT0232', NULL, NULL, NULL, 'CLT0232', NULL, NULL, 'MARCORY ZONE 4', '07 BP 144', 'ABIDJAN', NULL, 21, NULL, NULL, NULL, NULL, '+2252721574418', '+2250506499515', NULL, NULL, 'hamed.segbe@itm-ci.net', 4, '[]', NULL, 2, NULL, NULL, '1613086K', '', '', '', '', '', '', NULL, 0, NULL, NULL, '', NULL, NULL, 1, 0, NULL, '', 0, NULL, 0, 0, 0, 0, 0, 2, 2, NULL, NULL, NULL, NULL, NULL, NULL, 1, 0, NULL, 0.0000, NULL, 0.0000, NULL, 0, NULL, NULL, NULL, NULL, NULL, NULL, NULL, NULL, NULL, NULL, NULL, '', '', '2025-11-21 15:46:03', NULL, 1, 32, 0, '', NULL, '20251003144943'),
(147, 'SIMAM CI', '', 1, NULL, 0, NULL, 1, 'CU2510-00048', NULL, NULL, NULL, 'CLT0233', NULL, NULL, 'YOPOUGON ZI', '01 BP 5393', 'ABIDJAN', NULL, 21, NULL, NULL, NULL, NULL, '+2252721218496', '0716982241', NULL, NULL, 'jeanpaul.ngoran@simamci.com', NULL, '[]', NULL, 0, NULL, NULL, '0524575T', '', '', '', '', '', '', NULL, 0, NULL, NULL, '', NULL, NULL, 1, 0, NULL, '', 0, NULL, 0, 0, 0, 0, 0, 7, NULL, NULL, NULL, NULL, NULL, NULL, NULL, 1, 0, NULL, 0.0000, NULL, 0.0000, NULL, 0, NULL, NULL, NULL, NULL, NULL, NULL, NULL, NULL, NULL, NULL, NULL, '', '', '2025-12-22 11:21:46', NULL, 1, 32, 0, '', NULL, '20251003144943'),
(148, 'PC PLUS GROUP HOLDING', 'PC + GROUP', 1, NULL, 0, 148, 1, 'CLT0235', NULL, NULL, NULL, 'CLT0235', NULL, NULL, 'COCODY 2 PLATEAU 7E TRANCHE', '28 BP 111', 'ABIDJAN', NULL, 21, NULL, NULL, NULL, NULL, '+22522222324', NULL, NULL, NULL, NULL, NULL, '[]', NULL, 2, NULL, NULL, '1108232G', '', '', '', '', '', '', NULL, 0, NULL, NULL, '', NULL, NULL, 1, 0, NULL, '', 0, NULL, 0, 0, 0, 0, 0, 7, 2, NULL, NULL, NULL, NULL, NULL, NULL, 1, 0, NULL, 0.0000, NULL, 0.0000, NULL, 0, NULL, NULL, NULL, NULL, NULL, NULL, NULL, NULL, NULL, NULL, NULL, '', '', '2025-11-21 16:09:17', NULL, 1, 32, 0, '', NULL, '20251003144943'),
(149, 'PERSEUS MINING COTE D\'IVOIRE', 'PERSEUS MINING', 1, NULL, 0, 149, 1, 'CLT0071', NULL, NULL, NULL, 'CLT0071', NULL, NULL, 'COCODY 2 PLATEAU RUE L 125', '28 BP 571', 'ABIDJAN', NULL, 21, NULL, NULL, NULL, NULL, '+2252722419126', NULL, NULL, NULL, 'invoices@perseusmining.com', 4, '[]', NULL, 2, NULL, NULL, '13 35 316 W', '', '', '', '', '', '', NULL, 0, NULL, NULL, '', NULL, NULL, 1, 0, NULL, '', 0, NULL, 0, 0, 0, 0, 0, 2, 3, NULL, NULL, NULL, NULL, NULL, NULL, NULL, 0, NULL, 0.0000, NULL, 0.0000, NULL, 0, NULL, NULL, NULL, NULL, NULL, NULL, NULL, NULL, NULL, NULL, NULL, '', '', '2026-01-06 10:52:04', NULL, 1, 32, 0, '', NULL, '20251003144943'),
(150, ' SCANE TECH', '', 1, NULL, 0, NULL, 1, 'CLT0151', NULL, NULL, NULL, 'CLT0151', NULL, NULL, 'MARCORY HIBICUS', '11 BP 843 ABIDJAN 11', 'ABIDJAN', NULL, 21, NULL, NULL, NULL, NULL, '+2252721758540', NULL, NULL, NULL, 'info@scane-tech.com', NULL, '[]', NULL, 0, NULL, NULL, '2050158K', '', '', '', '', '', '', NULL, 0, NULL, NULL, '', NULL, NULL, 1, 0, NULL, '', 0, NULL, 0, 0, 0, 0, 0, 7, 3, NULL, NULL, NULL, NULL, NULL, NULL, 1, 0, NULL, 0.0000, NULL, 0.0000, NULL, 0, NULL, NULL, NULL, NULL, NULL, NULL, NULL, NULL, NULL, NULL, NULL, '', '', '2025-12-22 10:39:55', NULL, 1, 32, 0, '', NULL, '20251003144943'),
(151, ' RESTAURANT CHEZ LAURE', '', 1, NULL, 0, NULL, 1, 'CLT0192', NULL, NULL, NULL, 'CLT0192', NULL, NULL, 'COCODY M\'BADON', NULL, 'ABIDJAN', NULL, 21, NULL, NULL, NULL, NULL, '+2252722205011', NULL, NULL, NULL, NULL, NULL, '[]', NULL, 0, NULL, NULL, '2224390F', '', '', '', '', '', '', NULL, 0, NULL, NULL, '', NULL, NULL, 1, 0, NULL, '', 0, NULL, 0, 0, 0, 0, 0, 7, 3, NULL, NULL, NULL, NULL, NULL, NULL, 1, 0, NULL, 0.0000, NULL, 0.0000, NULL, 0, NULL, NULL, NULL, NULL, NULL, NULL, NULL, NULL, NULL, NULL, NULL, '', '', '2025-12-22 10:23:51', NULL, 1, 32, 0, '', NULL, '20251003144943'),
(152, 'PNLS', '', 1, NULL, 0, NULL, 1, 'CU2510-00053', NULL, NULL, NULL, 'CLT0135', NULL, NULL, 'Ministère de la Sante de l\'hygiène Publique et de la Couverture Maladie Universelle', NULL, 'ABIDJAN', NULL, 21, NULL, NULL, NULL, NULL, '+2252721356025', '0584530022', NULL, NULL, 'diarassouba.sinan@pnls-ci.com', NULL, '[]', NULL, 5, NULL, NULL, '1101081N', '', '', '', '', '', '', NULL, 0, NULL, NULL, '', NULL, NULL, 1, 0, NULL, '', 0, NULL, 0, 0, 0, 0, 0, 7, 3, NULL, NULL, NULL, NULL, NULL, NULL, NULL, 0, NULL, 0.0000, NULL, 0.0000, NULL, 0, NULL, NULL, NULL, NULL, NULL, NULL, NULL, NULL, NULL, NULL, NULL, '', '', '2026-01-06 16:16:08', NULL, 1, 32, 0, '', NULL, '20251003144943'),
(410, 'A.M.D.S', '', 1, NULL, 0, NULL, 1, NULL, 'FRS0304', NULL, NULL, NULL, NULL, 'FRS0304', 'TREICHVILLE SOLIBRA BOULEVARD VGE', NULL, NULL, NULL, 21, NULL, NULL, NULL, NULL, '2721246610', NULL, NULL, NULL, NULL, NULL, '[]', NULL, 0, NULL, NULL, '1214924P', '', '', '', '', '', '', NULL, 0, NULL, NULL, '', NULL, NULL, 0, 1, NULL, '', 0, NULL, 0, 0, 0, 0, 0, NULL, NULL, NULL, NULL, NULL, NULL, NULL, NULL, NULL, 0, NULL, 0.0000, NULL, 0.0000, NULL, 0, NULL, NULL, NULL, NULL, NULL, NULL, NULL, NULL, NULL, NULL, NULL, '', '', '2026-01-07 19:04:25', NULL, 1, 24, 0, '', NULL, '20251006101206'),
(413, 'AL JAWAD', '', 1, NULL, 0, NULL, 1, NULL, 'FRS0083', NULL, NULL, NULL, NULL, 'FRS0083', 'TREICHVILLE RUE DE L\'INDUSTRIE', NULL, NULL, NULL, 21, NULL, NULL, NULL, NULL, '2721253527', NULL, '2721253528', NULL, 'aljawad@aljawad.ci', NULL, '[]', NULL, 0, NULL, NULL, '0906967C', '', '', '', '', '', '', NULL, 0, NULL, NULL, '', NULL, NULL, 0, 1, NULL, '', 0, NULL, 0, 0, 0, 0, 0, NULL, NULL, NULL, NULL, NULL, NULL, NULL, NULL, NULL, 0, NULL, 0.0000, NULL, 0.0000, NULL, 0, NULL, NULL, NULL, NULL, NULL, NULL, NULL, NULL, NULL, NULL, NULL, '', '', '2026-01-07 19:21:09', NULL, 1, 24, 0, '', NULL, '20251006101206'),
(414, 'BHN SERIVICES', '', 1, NULL, 0, NULL, 1, NULL, 'FRS0567', NULL, NULL, NULL, NULL, 'FRS0567', 'EN FACE DE L\'ÉCOLE DES MÉTIERS KOUMASSI ABJ', NULL, NULL, NULL, 21, NULL, NULL, NULL, NULL, '+2250142055115', NULL, NULL, NULL, NULL, NULL, '[]', NULL, 0, NULL, NULL, '', '', '', '', '', '', '', NULL, 0, NULL, NULL, '', NULL, NULL, 0, 1, NULL, '', 0, NULL, 0, 0, 0, 0, 0, NULL, NULL, NULL, NULL, NULL, NULL, NULL, NULL, NULL, 0, NULL, 0.0000, NULL, 0.0000, NULL, 0, NULL, NULL, NULL, NULL, NULL, NULL, NULL, NULL, NULL, NULL, NULL, '', '', '2026-01-07 19:28:23', NULL, 1, 24, 0, '', NULL, '20251006101206'),
(415, 'BERNABE CI', '', 1, NULL, 0, NULL, 1, NULL, 'FRS0026', NULL, NULL, NULL, NULL, 'FRS0026', 'BD DE MARSEILLE, ABIDJAN', NULL, NULL, NULL, 21, NULL, NULL, NULL, NULL, '2721212020', '0506736657', NULL, NULL, 'lambert.konan@bernabeafrique.com', NULL, '[]', NULL, 0, NULL, NULL, '0100758E', '', '', '', '', '', '', NULL, 0, NULL, NULL, '', NULL, NULL, 0, 1, NULL, '', 0, NULL, 0, 0, 0, 0, 0, NULL, NULL, NULL, NULL, NULL, NULL, NULL, NULL, NULL, 0, NULL, 0.0000, NULL, 0.0000, NULL, 0, NULL, NULL, NULL, NULL, NULL, NULL, NULL, NULL, NULL, NULL, NULL, '', '', '2026-01-07 19:27:41', NULL, 1, 24, 0, '', NULL, '20251006101206'),
(416, 'BUTEC', '', 1, NULL, 0, NULL, 1, NULL, 'FRS0575', NULL, NULL, NULL, NULL, 'FRS0575', '4 RUE THOMAS EDISON, ABIDJAN', NULL, NULL, NULL, 21, NULL, NULL, NULL, NULL, '2721759040', NULL, NULL, NULL, NULL, NULL, '[]', NULL, 0, NULL, NULL, '9601436B', '', '', '', '', '', '', NULL, 0, NULL, NULL, '', NULL, NULL, 0, 1, NULL, '', 0, NULL, 0, 0, 0, 0, 0, NULL, NULL, NULL, NULL, NULL, NULL, NULL, NULL, NULL, 0, NULL, 0.0000, NULL, 0.0000, NULL, 0, NULL, NULL, NULL, NULL, NULL, NULL, NULL, NULL, NULL, NULL, NULL, '', '', '2026-01-07 19:32:57', NULL, 1, 24, 0, '', NULL, '20251006101206'),
(418, 'CES', '', 1, NULL, 0, NULL, 1, NULL, 'FRS0172', NULL, NULL, NULL, NULL, 'FRS0172', 'KOUMASSI', NULL, NULL, NULL, 21, NULL, NULL, NULL, NULL, '07-08-42-37-91', NULL, NULL, NULL, 'infoces.ci@gmail.com', NULL, '[]', NULL, 0, NULL, NULL, '1433886E', '', '', '', '', '', '', NULL, 0, NULL, NULL, '', NULL, NULL, 0, 1, NULL, '', 0, NULL, 0, 0, 0, 0, 0, NULL, NULL, NULL, NULL, NULL, NULL, NULL, NULL, NULL, 0, NULL, 0.0000, NULL, 0.0000, NULL, 0, NULL, NULL, NULL, NULL, NULL, NULL, NULL, NULL, NULL, NULL, NULL, '', '', '2026-01-07 19:49:41', NULL, 1, 24, 0, '', NULL, '20251006101206'),
(420, 'CEFI', '', 1, NULL, 0, NULL, 1, NULL, 'FRS0158', NULL, NULL, NULL, NULL, 'FRS0158', '2PLTX VALLON RUE DES JARDINS', NULL, NULL, NULL, 21, NULL, NULL, NULL, NULL, '07-49-06-27-00', '0707050850', NULL, NULL, 'cefi.sarl1@gmail.com', NULL, '[]', NULL, 0, NULL, NULL, '1347959P', '', '', '', '', '', '', NULL, 0, NULL, NULL, '', NULL, NULL, 0, 1, NULL, '', 0, NULL, 0, 0, 0, 0, 0, NULL, NULL, NULL, NULL, NULL, NULL, NULL, NULL, NULL, 0, NULL, 0.0000, NULL, 0.0000, NULL, 0, NULL, NULL, NULL, NULL, NULL, NULL, NULL, NULL, NULL, NULL, NULL, '', '', '2026-01-07 19:46:54', NULL, 1, 24, 0, '', NULL, '20251006101206'),
(421, 'DMEIB', '', 1, NULL, 0, NULL, 1, NULL, 'FRS0042', NULL, NULL, NULL, NULL, 'FRS0042', 'KM FACE AU COMMISSARIAT DU 4ÈME ARRONDISSEMENT, ABIDJAN, TREICHVILLE 76 RUE DE LA GLACIÈRE ZONE 3 B - (0,02, 05 BP 14, ABIDJAN', NULL, NULL, NULL, 21, NULL, NULL, NULL, NULL, '0777738835', NULL, NULL, NULL, 'dmeibci@dmeib.com', NULL, '[]', NULL, 0, NULL, NULL, '4115095C', '', '', '', '', '', '', NULL, 0, NULL, NULL, '', NULL, NULL, 0, 1, NULL, '', 0, NULL, 0, 0, 0, 0, 0, NULL, NULL, NULL, NULL, NULL, NULL, NULL, NULL, NULL, 0, NULL, 0.0000, NULL, 0.0000, NULL, 0, NULL, NULL, NULL, NULL, NULL, NULL, NULL, NULL, NULL, NULL, NULL, '', '', '2026-01-08 08:54:00', NULL, 1, 24, 0, '', NULL, '20251006101206'),
(423, 'ETS BANSE', '', 1, NULL, 0, NULL, 1, NULL, 'FRS0365', NULL, NULL, NULL, NULL, 'FRS0365', 'KOUMASSI REMBLAIS PHCIE DES SABLES', NULL, NULL, NULL, 21, NULL, NULL, NULL, NULL, '07-77-62-79-18', NULL, NULL, NULL, NULL, NULL, '[]', NULL, 0, NULL, NULL, '4232214U', '', '', '', '', '', '', NULL, 0, NULL, NULL, '', NULL, NULL, 0, 1, NULL, '', 0, NULL, 0, 0, 0, 0, 0, NULL, NULL, NULL, NULL, NULL, NULL, NULL, NULL, NULL, 0, NULL, 0.0000, NULL, 0.0000, NULL, 0, NULL, NULL, NULL, NULL, NULL, NULL, NULL, NULL, NULL, NULL, NULL, '', '', '2026-01-08 09:09:10', NULL, 1, 24, 0, '', NULL, '20251006101206'),
(424, 'ELECT FROID', '', 1, NULL, 0, NULL, 1, NULL, 'FRS0196', NULL, NULL, NULL, NULL, 'FRS0196', 'TREICHVILLE RUE 12, FACE CHARARA', NULL, NULL, NULL, 21, NULL, NULL, NULL, NULL, '07-07-50-50-30', NULL, NULL, NULL, NULL, NULL, '[]', NULL, 0, NULL, NULL, '1601734D', '', '', '', '', '', '', NULL, 0, NULL, NULL, '', NULL, NULL, 0, 1, NULL, '', 0, NULL, 0, 0, 0, 0, 0, NULL, NULL, NULL, NULL, NULL, NULL, NULL, NULL, NULL, 0, NULL, 0.0000, NULL, 0.0000, NULL, 0, NULL, NULL, NULL, NULL, NULL, NULL, NULL, NULL, NULL, NULL, NULL, '', '', '2026-01-08 09:06:16', NULL, 1, 24, 0, '', NULL, '20251006101206'),
(425, 'ETS COULIBALY ET FRERES', '', 1, NULL, 0, NULL, 1, NULL, 'FRS0396', NULL, NULL, NULL, NULL, 'FRS0396', 'MARCORY ANOUMABO', NULL, NULL, NULL, 21, NULL, NULL, NULL, NULL, '07-07-67-24-85', NULL, NULL, NULL, NULL, NULL, '[]', NULL, 0, NULL, NULL, '0708705F', '', '', '', '', '', '', NULL, 0, NULL, NULL, '', NULL, NULL, 0, 1, NULL, '', 0, NULL, 0, 0, 0, 0, 0, NULL, NULL, NULL, NULL, NULL, NULL, NULL, NULL, NULL, 0, NULL, 0.0000, NULL, 0.0000, NULL, 0, NULL, NULL, NULL, NULL, NULL, NULL, NULL, NULL, NULL, NULL, NULL, '', '', '2026-01-08 09:11:00', NULL, 1, 24, 0, '', NULL, '20251006101206'),
(426, 'DMEBT- IVOIRE SERVICE - YARA', '', 1, NULL, 0, NULL, 1, NULL, 'FRS0386', NULL, NULL, NULL, NULL, 'FRS0386', 'KOUMASSI SOWETO', NULL, NULL, NULL, 21, NULL, NULL, NULL, NULL, '07-49-48-53-98', NULL, NULL, NULL, NULL, NULL, '[]', NULL, 0, NULL, NULL, '', '', '', '', '', '', '', NULL, 0, NULL, NULL, '', NULL, NULL, 0, 1, NULL, '', 0, NULL, 0, 0, 0, 0, 0, NULL, NULL, NULL, NULL, NULL, NULL, NULL, NULL, NULL, 0, NULL, 0.0000, NULL, 0.0000, NULL, 0, NULL, NULL, NULL, NULL, NULL, NULL, NULL, NULL, NULL, NULL, NULL, '', '', '2026-01-08 08:53:30', NULL, 1, 24, 0, '', NULL, '20251006101206'),
(428, 'ESOF-CI', '', 1, NULL, 0, NULL, 1, NULL, 'FRS0331', NULL, NULL, NULL, NULL, 'FRS0331', 'TREICHVILLE RUE 12', NULL, NULL, NULL, 21, NULL, NULL, NULL, NULL, '07-07-55-83-34', NULL, NULL, NULL, 'esof.ci@gmail.com', NULL, '[]', NULL, 0, NULL, NULL, '1936587A', '', '', '', '', '', '', NULL, 0, NULL, NULL, '', NULL, NULL, 0, 1, NULL, '', 0, NULL, 0, 0, 0, 0, 0, NULL, NULL, NULL, NULL, NULL, NULL, NULL, NULL, NULL, 0, NULL, 0.0000, NULL, 0.0000, NULL, 0, NULL, NULL, NULL, NULL, NULL, NULL, NULL, NULL, NULL, NULL, NULL, '', '', '2026-01-08 09:08:43', NULL, 1, 24, 0, '', NULL, '20251006101206'),
(429, 'FADCO', '', 1, NULL, 0, NULL, 1, NULL, 'FRS0216', NULL, NULL, NULL, NULL, 'FRS0216', 'TREICHVILLE VGE EN FACE DE SOLIBRA', NULL, NULL, NULL, 21, NULL, NULL, NULL, NULL, '2721757355', NULL, NULL, NULL, 'commercial@fadcocompany.com', NULL, '[]', NULL, 0, NULL, NULL, '9104617E', '', '', '', '', '', '', NULL, 0, NULL, NULL, '', NULL, NULL, 0, 1, NULL, '', 0, NULL, 0, 0, 0, 0, 0, NULL, NULL, NULL, NULL, NULL, NULL, NULL, NULL, NULL, 0, NULL, 0.0000, NULL, 0.0000, NULL, 0, NULL, NULL, NULL, NULL, NULL, NULL, NULL, NULL, NULL, NULL, NULL, '', '', '2026-01-08 10:43:47', NULL, 1, 24, 0, '', NULL, '20251006101206'),
(430, 'GIFC', '', 1, NULL, 0, NULL, 1, NULL, 'FRS0354', NULL, NULL, NULL, NULL, 'FRS0354', '19 RUE DES BRASSEURS, ABIDJAN', NULL, NULL, NULL, 21, NULL, NULL, NULL, NULL, '2721350054', NULL, NULL, NULL, 'info@gifc-ci.com', NULL, '[]', NULL, 0, NULL, NULL, '1107220F', '', '', '', '', '', '', NULL, 0, NULL, NULL, '', NULL, NULL, 0, 1, NULL, '', 0, NULL, 0, 0, 0, 0, 0, NULL, NULL, NULL, NULL, NULL, NULL, NULL, NULL, NULL, 0, NULL, 0.0000, NULL, 0.0000, NULL, 0, NULL, NULL, NULL, NULL, NULL, NULL, NULL, NULL, NULL, NULL, NULL, '', '', '2026-01-08 11:21:56', NULL, 1, 24, 0, '', NULL, '20251006101206'),
(431, 'GP STELLAR', '', 1, NULL, 0, NULL, 1, NULL, 'FRS0388', NULL, NULL, NULL, NULL, NULL, 'MARCORY ZONE 4 RUE MERCEDES', NULL, NULL, NULL, 21, NULL, NULL, NULL, NULL, '0767622658', NULL, NULL, NULL, NULL, NULL, '[]', NULL, 0, NULL, NULL, '2109416T', '', '', '', '', '', '', NULL, 0, NULL, NULL, '', NULL, NULL, 0, 1, NULL, '', 0, NULL, 0, 0, 0, 0, 0, NULL, NULL, NULL, NULL, NULL, NULL, NULL, NULL, NULL, 0, NULL, 0.0000, NULL, 0.0000, NULL, 0, NULL, NULL, NULL, NULL, NULL, NULL, NULL, NULL, NULL, NULL, NULL, '', '', '2025-11-29 21:47:48', NULL, 1, 24, 0, '', NULL, '20251006101206'),
(433, 'H-ENERGIE', '', 1, NULL, 0, NULL, 1, NULL, 'FRS0358', NULL, NULL, NULL, NULL, NULL, 'VRIDI', NULL, NULL, NULL, 21, NULL, NULL, NULL, NULL, '01-02-32-32-92', NULL, NULL, NULL, NULL, NULL, '[]', NULL, 0, NULL, NULL, '', '', '', '', '', '', '', NULL, 0, NULL, NULL, '', NULL, NULL, 0, 1, NULL, '', 0, NULL, 0, 0, 0, 0, 0, NULL, NULL, NULL, NULL, NULL, NULL, NULL, NULL, NULL, 0, NULL, 0.0000, NULL, 0.0000, NULL, 0, NULL, NULL, NULL, NULL, NULL, NULL, NULL, NULL, NULL, NULL, NULL, '', '', '2025-11-29 22:29:42', NULL, 1, 24, 0, '', NULL, '20251006101206'),
(435, 'IVOIRE ELECTRIC', '', 1, NULL, 0, NULL, 1, NULL, 'FRS0222', NULL, NULL, NULL, NULL, NULL, 'RUE DU CHEVALER DE CLIEU, ABIDJAN', NULL, NULL, NULL, 21, NULL, NULL, NULL, NULL, '0556582056/', NULL, NULL, NULL, NULL, NULL, '[]', NULL, 0, NULL, NULL, '1334291V', '', '', '', '', '', '', NULL, 0, NULL, NULL, '', NULL, NULL, 0, 1, NULL, '', 0, NULL, 0, 0, 0, 0, 0, NULL, NULL, NULL, NULL, NULL, NULL, NULL, NULL, NULL, 0, NULL, 0.0000, NULL, 0.0000, NULL, 0, NULL, NULL, NULL, NULL, NULL, NULL, NULL, NULL, NULL, NULL, NULL, '', '', '2025-11-29 22:58:59', NULL, 1, 24, 0, '', NULL, '20251006101206'),
(436, 'IDT/ IVOIRE DISTRIBUTION TRANSIT', '', 1, NULL, 0, NULL, 1, NULL, 'FRS0445', NULL, NULL, NULL, NULL, NULL, 'MARCORY RESIDENTIEL AVENUE DE LA PAIX', NULL, NULL, NULL, 21, NULL, NULL, NULL, NULL, '0767497832', NULL, NULL, NULL, NULL, NULL, '[]', NULL, 0, NULL, NULL, '2300648V', '', '', '', '', '', '', NULL, 0, NULL, NULL, '', NULL, NULL, 0, 1, NULL, '', 0, NULL, 0, 0, 0, 0, 0, NULL, NULL, NULL, NULL, NULL, NULL, NULL, NULL, NULL, 0, NULL, 0.0000, NULL, 0.0000, NULL, 0, NULL, NULL, NULL, NULL, NULL, NULL, NULL, NULL, NULL, NULL, NULL, '', '', '2025-11-29 22:38:16', NULL, 1, 24, 0, '', NULL, '20251006101206'),
(437, 'JAD-CI', '', 1, NULL, 0, NULL, 1, NULL, 'FRS0383', NULL, NULL, NULL, NULL, NULL, 'YOPOUGON ZONE INDUSTRIELLE /MARORY ZONE4', NULL, NULL, NULL, 21, NULL, NULL, NULL, NULL, '23469725', NULL, NULL, NULL, 'commercial@jad-ci.com', NULL, '[]', NULL, 0, NULL, NULL, '8202954R', '', '', '', '', '', '', NULL, 0, NULL, NULL, '', NULL, NULL, 0, 1, NULL, '', 0, NULL, 0, 0, 0, 0, 0, NULL, NULL, NULL, NULL, NULL, NULL, NULL, NULL, NULL, 0, NULL, 0.0000, NULL, 0.0000, NULL, 0, NULL, NULL, NULL, NULL, NULL, NULL, NULL, NULL, NULL, NULL, NULL, '', '', '2025-11-29 23:13:20', NULL, 1, 24, 0, '', NULL, '20251006101206'),
(439, 'LAKA LEDJA', '', 1, NULL, 0, NULL, 1, NULL, 'FRS0593', NULL, NULL, NULL, NULL, NULL, 'MARCORY SAINTE THERESE', NULL, NULL, NULL, 21, NULL, NULL, NULL, NULL, '0707964160', NULL, NULL, NULL, NULL, NULL, '[]', NULL, 0, NULL, NULL, '', '', '', '', '', '', '', NULL, 0, NULL, NULL, '', NULL, NULL, 0, 1, NULL, '', 0, NULL, 0, 0, 0, 0, 0, NULL, NULL, NULL, NULL, NULL, NULL, NULL, NULL, NULL, 0, NULL, 0.0000, NULL, 0.0000, NULL, 0, NULL, NULL, NULL, NULL, NULL, NULL, NULL, NULL, NULL, NULL, NULL, '', '', '2025-11-29 23:18:37', NULL, 1, 24, 0, '', NULL, '20251006101206'),
(440, 'MAISON ET LUMIERES', '', 1, NULL, 0, NULL, 1, NULL, 'FRS0449', NULL, NULL, NULL, NULL, NULL, 'COCODY BV FRANCOIS MITTERAND RIV3', NULL, NULL, NULL, 21, NULL, NULL, NULL, NULL, '0768380000', NULL, NULL, NULL, 'contact@maisonetlumieres.com', NULL, '[]', NULL, 0, NULL, NULL, '2302162C', '', '', '', '', '', '', NULL, 0, NULL, NULL, '', NULL, NULL, 0, 1, NULL, '', 0, NULL, 0, 0, 0, 0, 0, NULL, NULL, NULL, NULL, NULL, NULL, NULL, NULL, NULL, 0, NULL, 0.0000, NULL, 0.0000, NULL, 0, NULL, NULL, NULL, NULL, NULL, NULL, NULL, NULL, NULL, NULL, NULL, '', '', '2025-11-29 23:22:46', NULL, 1, 24, 0, '', NULL, '20251006101206'),
(442, 'POLARIS', '', 1, NULL, 0, NULL, 1, NULL, 'FRS0072', NULL, NULL, NULL, NULL, NULL, 'RUE DES FOREURS - ZONE 3. TREICHVILLE - 01 BP 1225 ABIDJAN 01.', NULL, NULL, NULL, 21, NULL, NULL, NULL, NULL, '2721751941', NULL, NULL, NULL, NULL, NULL, '[]', NULL, 0, NULL, NULL, '9728470X', '', '', '', '', '', '', NULL, 0, NULL, NULL, '', NULL, NULL, 0, 1, NULL, '', 0, NULL, 0, 0, 0, 0, 0, NULL, NULL, NULL, NULL, NULL, NULL, NULL, NULL, NULL, 0, NULL, 0.0000, NULL, 0.0000, NULL, 0, NULL, NULL, NULL, NULL, NULL, NULL, NULL, NULL, NULL, NULL, NULL, '', '', '2025-11-30 17:06:55', NULL, 1, 24, 0, '', NULL, '20251006101206'),
(443, 'PRODEMCI', '', 1, NULL, 0, NULL, 1, NULL, 'FRS0243', NULL, NULL, NULL, NULL, NULL, 'PLATEAU', NULL, NULL, NULL, 21, NULL, NULL, NULL, NULL, '0708486148', NULL, NULL, NULL, NULL, NULL, '[]', NULL, 0, NULL, NULL, '1807851S', '', '', '', '', '', '', NULL, 0, NULL, NULL, '', NULL, NULL, 0, 1, NULL, '', 0, NULL, 0, 0, 0, 0, 0, NULL, NULL, NULL, NULL, NULL, NULL, NULL, NULL, NULL, 0, NULL, 0.0000, NULL, 0.0000, NULL, 0, NULL, NULL, NULL, NULL, NULL, NULL, NULL, NULL, NULL, NULL, NULL, '', '', '2025-11-30 17:09:11', NULL, 1, 24, 0, '', NULL, '20251006101206'),
(444, 'QUINCAILLRIE ACHIROU', '', 1, NULL, 0, NULL, 1, NULL, 'FRS0211', NULL, NULL, NULL, NULL, NULL, 'KOUMASSI SOWETO', NULL, NULL, NULL, 21, NULL, NULL, NULL, NULL, '0707855742', NULL, NULL, NULL, NULL, NULL, '[]', NULL, 0, NULL, NULL, '0543449Q', '', '', '', '', '', '', NULL, 0, NULL, NULL, '', NULL, NULL, 0, 1, NULL, '', 0, NULL, 0, 0, 0, 0, 0, NULL, NULL, NULL, NULL, NULL, NULL, NULL, NULL, NULL, 0, NULL, 0.0000, NULL, 0.0000, NULL, 0, NULL, NULL, NULL, NULL, NULL, NULL, NULL, NULL, NULL, NULL, NULL, '', '', '2025-11-30 17:18:31', NULL, 1, 24, 0, '', NULL, '20251006101206'),
(445, 'ROULEMENT IVOIRIEN', '', 1, NULL, 0, NULL, 1, NULL, 'FRS0458', NULL, NULL, NULL, NULL, NULL, 'RUE PIERRE MARIE CURIE, 18 BP 969, ABIDJAN', NULL, NULL, NULL, 21, NULL, NULL, NULL, NULL, NULL, NULL, NULL, NULL, NULL, NULL, '[]', NULL, 0, NULL, NULL, '', '', '', '', '', '', '', NULL, 0, NULL, NULL, '', NULL, NULL, 0, 1, NULL, '', 0, NULL, 0, 0, 0, 0, 0, NULL, NULL, NULL, NULL, NULL, NULL, NULL, NULL, NULL, 0, NULL, 0.0000, NULL, 0.0000, NULL, 0, NULL, NULL, NULL, NULL, NULL, NULL, NULL, NULL, NULL, NULL, NULL, '', '', '2025-11-30 17:21:48', NULL, 1, 24, 0, '', NULL, '20251006101206');
INSERT INTO `llx_societe` (`rowid`, `nom`, `name_alias`, `entity`, `ref_ext`, `statut`, `parent`, `status`, `code_client`, `code_fournisseur`, `tp_payment_reference`, `accountancy_code_customer_general`, `code_compta`, `accountancy_code_supplier_general`, `code_compta_fournisseur`, `address`, `zip`, `town`, `fk_departement`, `fk_pays`, `geolat`, `geolong`, `geopoint`, `georesultcode`, `phone`, `phone_mobile`, `fax`, `url`, `email`, `fk_account`, `socialnetworks`, `fk_effectif`, `fk_typent`, `fk_forme_juridique`, `fk_currency`, `siren`, `siret`, `ape`, `idprof4`, `idprof5`, `idprof6`, `tva_intra`, `capital`, `fk_stcomm`, `note_private`, `note_public`, `model_pdf`, `last_main_doc`, `prefix_comm`, `client`, `fournisseur`, `supplier_account`, `fk_prospectlevel`, `fk_incoterms`, `location_incoterms`, `customer_bad`, `customer_rate`, `supplier_rate`, `remise_client`, `remise_supplier`, `mode_reglement`, `cond_reglement`, `deposit_percent`, `transport_mode`, `mode_reglement_supplier`, `cond_reglement_supplier`, `transport_mode_supplier`, `fk_shipping_method`, `tva_assuj`, `vat_reverse_charge`, `localtax1_assuj`, `localtax1_value`, `localtax2_assuj`, `localtax2_value`, `barcode`, `fk_barcode_type`, `price_level`, `outstanding_limit`, `order_min_amount`, `supplier_order_min_amount`, `default_lang`, `logo`, `logo_squarred`, `canvas`, `fk_warehouse`, `webservices_url`, `webservices_key`, `accountancy_code_sell`, `accountancy_code_buy`, `tms`, `datec`, `fk_user_creat`, `fk_user_modif`, `fk_multicurrency`, `multicurrency_code`, `ip`, `import_key`) VALUES
(446, 'SCHNEIDER ELECTRIC AFRIQUE DE L\'OUEST', '', 1, NULL, 0, NULL, 1, NULL, 'FRS0238', NULL, NULL, NULL, NULL, NULL, 'Immeuble ITC - IVOIRE TRADE CENTER, Tour C,01er étage -Cocody\r\nprès de SOFITEL IVOIRE', NULL, NULL, NULL, 21, NULL, NULL, NULL, NULL, '2722221100', NULL, NULL, NULL, NULL, NULL, '[]', NULL, 0, NULL, NULL, '', '', '', '', '', '', '', NULL, 0, NULL, NULL, '', NULL, NULL, 0, 1, NULL, '', 0, NULL, 0, 0, 0, 0, 0, NULL, NULL, NULL, NULL, NULL, NULL, NULL, NULL, NULL, 0, NULL, 0.0000, NULL, 0.0000, NULL, 0, NULL, NULL, NULL, NULL, NULL, NULL, NULL, NULL, NULL, NULL, NULL, '', '', '2025-11-30 17:38:06', NULL, 1, 24, 0, '', NULL, '20251006101206'),
(448, 'SISTI', '', 1, NULL, 0, NULL, 1, NULL, 'FRS0389', NULL, NULL, NULL, NULL, NULL, 'GRD BASSAM MOCKEYVILLE', NULL, NULL, NULL, 21, NULL, NULL, NULL, NULL, NULL, NULL, NULL, NULL, NULL, NULL, '[]', NULL, 0, NULL, NULL, '2124110J', '', '', '', '', '', '', NULL, 0, NULL, NULL, '', NULL, NULL, 0, 1, NULL, '', 0, NULL, 0, 0, 0, 0, 0, NULL, NULL, NULL, NULL, NULL, NULL, NULL, NULL, NULL, 0, NULL, 0.0000, NULL, 0.0000, NULL, 0, NULL, NULL, NULL, NULL, NULL, NULL, NULL, NULL, NULL, NULL, NULL, '', '', '2025-11-30 17:46:44', NULL, 1, 24, 0, '', NULL, '20251006101206'),
(451, 'SOGELUX', '', 1, NULL, 0, NULL, 1, NULL, 'FRS0001', NULL, NULL, NULL, NULL, NULL, 'BOULEVARD DE MARSEILLE, ABIDJAN', NULL, NULL, NULL, 21, NULL, NULL, NULL, NULL, '2721349999', NULL, NULL, NULL, NULL, NULL, '[]', NULL, 0, NULL, NULL, '0314246N', '', '', '', '', '', '', NULL, 0, NULL, NULL, '', NULL, NULL, 0, 1, NULL, '', 0, NULL, 0, 0, 0, 0, 0, NULL, NULL, NULL, NULL, NULL, NULL, NULL, NULL, NULL, 0, NULL, 0.0000, NULL, 0.0000, NULL, 0, NULL, NULL, NULL, NULL, NULL, NULL, NULL, NULL, NULL, NULL, NULL, '', '', '2025-12-01 15:28:28', NULL, 1, 24, 0, '', NULL, '20251006101206'),
(452, 'SOGELEC', '', 1, NULL, 0, NULL, 1, NULL, 'FRS0002', NULL, NULL, NULL, NULL, NULL, 'TREICHVILLE BLD DE MARSEILLE', NULL, NULL, NULL, 21, NULL, NULL, NULL, NULL, '0140046583', NULL, NULL, NULL, NULL, NULL, '[]', NULL, 0, NULL, NULL, '9500015F', '', '', '', '', '', '', NULL, 0, NULL, NULL, '', NULL, NULL, 0, 1, NULL, '', 0, NULL, 0, 0, 0, 0, 0, NULL, NULL, NULL, NULL, NULL, NULL, NULL, NULL, NULL, 0, NULL, 0.0000, NULL, 0.0000, NULL, 0, NULL, NULL, NULL, NULL, NULL, NULL, NULL, NULL, NULL, NULL, NULL, '', '', '2025-12-01 15:27:07', NULL, 1, 24, 0, '', NULL, '20251006101206'),
(453, 'SOCIDA', '', 1, NULL, 0, NULL, 1, NULL, 'FRS0023', NULL, NULL, NULL, NULL, NULL, 'RUE PIERRE ET MARIE CURIE, ABIDJAN', NULL, NULL, NULL, 21, NULL, NULL, NULL, NULL, '2721214000', NULL, NULL, NULL, 'service.commercial@gbh.fr', NULL, '[]', NULL, 0, NULL, NULL, '7502352H', '', '', '', '', '', '', NULL, 0, NULL, NULL, '', NULL, NULL, 0, 1, NULL, '', 0, NULL, 0, 0, 0, 0, 0, NULL, NULL, NULL, NULL, NULL, NULL, NULL, NULL, NULL, 0, NULL, 0.0000, NULL, 0.0000, NULL, 0, NULL, NULL, NULL, NULL, NULL, NULL, NULL, NULL, NULL, NULL, NULL, '', '', '2025-12-01 15:15:21', NULL, 1, 24, 0, '', NULL, '20251006101206'),
(454, 'SPRIINT TECH', '', 1, NULL, 0, NULL, 1, NULL, 'FRS0091', NULL, NULL, NULL, NULL, NULL, 'RUE PIERRE ET MARIE CURIE, ABIDJAN', NULL, NULL, NULL, 21, NULL, NULL, NULL, NULL, '2721214040', NULL, NULL, NULL, 'secretariat@spriint-tech.ci', NULL, '[]', NULL, 0, NULL, NULL, '1106600L', '', '', '', '', '', '', NULL, 0, NULL, NULL, '', NULL, NULL, 0, 1, NULL, '', 0, NULL, 0, 0, 0, 0, 0, NULL, NULL, NULL, NULL, NULL, NULL, NULL, NULL, NULL, 0, NULL, 0.0000, NULL, 0.0000, NULL, 0, NULL, NULL, NULL, NULL, NULL, NULL, NULL, NULL, NULL, NULL, NULL, '', '', '2025-12-01 15:40:43', NULL, 1, 24, 0, '', NULL, '20251006101206'),
(455, 'SN CETACI', '', 1, NULL, 0, NULL, 1, NULL, 'FRS0327', NULL, NULL, NULL, NULL, NULL, 'ADJAMÉ, EN FACE DE L\'IMMEUBLE MIRADOR, 01 BP 477 ABIDJAN 01', NULL, NULL, NULL, 21, NULL, NULL, NULL, NULL, '0709948841', NULL, NULL, NULL, NULL, NULL, '[]', NULL, 0, NULL, NULL, '1334183R', '', '', '', '', '', '', NULL, 0, NULL, NULL, '', NULL, NULL, 0, 1, NULL, '', 0, NULL, 0, 0, 0, 0, 0, NULL, NULL, NULL, NULL, NULL, NULL, NULL, NULL, NULL, 0, NULL, 0.0000, NULL, 0.0000, NULL, 0, NULL, NULL, NULL, NULL, NULL, NULL, NULL, NULL, NULL, NULL, NULL, '', '', '2025-11-30 17:49:15', NULL, 1, 24, 0, '', NULL, '20251006101206'),
(456, 'SOLAR ENERGY POWER / 2EP', '', 1, NULL, 0, NULL, 1, NULL, 'FRS0223', NULL, NULL, NULL, NULL, NULL, 'KOUMASSI REMBLAIS', NULL, NULL, NULL, 21, NULL, NULL, NULL, NULL, '0707753932', NULL, NULL, NULL, 'solarenergypowerci@gmail.com', NULL, '[]', NULL, 0, NULL, NULL, '1416885C', '', '', '', '', '', '', NULL, 0, NULL, NULL, '', NULL, NULL, 0, 1, NULL, '', 0, NULL, 0, 0, 0, 0, 0, NULL, NULL, NULL, NULL, NULL, NULL, NULL, NULL, NULL, 0, NULL, 0.0000, NULL, 0.0000, NULL, 0, NULL, NULL, NULL, NULL, NULL, NULL, NULL, NULL, NULL, NULL, NULL, '', '', '2025-12-01 15:34:19', NULL, 1, 24, 0, '', NULL, '20251006101206'),
(457, 'WESTLIGHT', '', 1, NULL, 0, NULL, 1, NULL, 'FRS0414', NULL, NULL, NULL, NULL, 'FRS0414', 'ANGRE CITE VISION 2000', NULL, NULL, NULL, 21, NULL, NULL, NULL, NULL, '0708054326', NULL, NULL, NULL, NULL, NULL, '[]', NULL, 0, NULL, NULL, '', '', '', '', '', '', '', NULL, 0, NULL, NULL, '', NULL, NULL, 0, 1, NULL, '', 0, NULL, 0, 0, 0, 0, 0, NULL, NULL, NULL, NULL, NULL, NULL, NULL, NULL, NULL, 0, NULL, 0.0000, NULL, 0.0000, NULL, 0, NULL, NULL, NULL, NULL, NULL, NULL, NULL, NULL, NULL, NULL, NULL, '', '', '2026-01-08 08:52:12', NULL, 1, 24, 0, '', NULL, '20251006101206'),
(458, 'IVOIRE LUMIERE', '', 1, NULL, 0, NULL, 1, NULL, 'FRS0469', NULL, NULL, NULL, NULL, NULL, 'MARCORY ZONE 4', NULL, NULL, NULL, 21, NULL, NULL, NULL, NULL, '0708307977', NULL, NULL, NULL, NULL, NULL, '[]', NULL, 0, NULL, NULL, '2243340Z', '', '', '', '', '', '', NULL, 0, NULL, NULL, '', NULL, NULL, 0, 1, NULL, '', 0, NULL, 0, 0, 0, 0, 0, NULL, NULL, NULL, NULL, NULL, NULL, NULL, NULL, NULL, 0, NULL, 0.0000, NULL, 0.0000, NULL, 0, NULL, NULL, NULL, NULL, NULL, NULL, NULL, NULL, NULL, NULL, NULL, '', '', '2025-11-29 23:01:41', NULL, 1, 24, 0, '', NULL, '20251006101206'),
(459, 'AIR LIQUIDE (ERIUM)', '', 1, NULL, 0, NULL, 1, NULL, 'FRS0181', NULL, NULL, NULL, NULL, 'FRS0181', 'VRIDI ZONE INDUSTRIELLE', NULL, NULL, NULL, 21, NULL, NULL, NULL, NULL, '2721214476', NULL, NULL, NULL, NULL, NULL, '[]', NULL, 0, NULL, NULL, '0100769H', '', '', '', '', '', '', NULL, 0, NULL, NULL, '', NULL, NULL, 0, 1, NULL, '', 0, NULL, 0, 0, 0, 0, 0, NULL, NULL, NULL, NULL, NULL, NULL, NULL, NULL, NULL, 0, NULL, 0.0000, NULL, 0.0000, NULL, 0, NULL, NULL, NULL, NULL, NULL, NULL, NULL, NULL, NULL, NULL, NULL, '', '', '2026-01-07 19:19:50', NULL, 1, 24, 0, '', NULL, '20251006101206'),
(461, 'QUINCAILLERIE QGD', '', 1, NULL, 0, NULL, 1, NULL, 'FRS0338', NULL, NULL, NULL, NULL, NULL, 'Rue De La Fondation, Yamoussoukro', NULL, NULL, NULL, 21, NULL, NULL, NULL, NULL, '0707135264', NULL, NULL, NULL, NULL, NULL, '[]', NULL, 0, NULL, NULL, '', '', '', '', '', '', '', NULL, 0, NULL, NULL, '', NULL, NULL, 0, 1, NULL, '', 0, NULL, 0, 0, 0, 0, 0, NULL, NULL, NULL, NULL, NULL, NULL, NULL, NULL, NULL, 0, NULL, 0.0000, NULL, 0.0000, NULL, 0, NULL, NULL, NULL, NULL, NULL, NULL, NULL, NULL, NULL, NULL, NULL, '', '', '2025-11-30 17:15:06', NULL, 1, 24, 0, '', NULL, '20251006101206'),
(462, 'ENTREPRISE CDF', '', 1, NULL, 0, NULL, 1, NULL, 'FRS0702', NULL, NULL, NULL, NULL, 'FRS0702', 'KORHOGO, QUARTIER HOLLANDAIS.', NULL, NULL, NULL, 21, NULL, NULL, NULL, NULL, '0708831716', NULL, NULL, NULL, NULL, NULL, '[]', NULL, 0, NULL, NULL, '', '', '', '', '', '', '', NULL, 0, NULL, NULL, '', NULL, NULL, 0, 1, NULL, '', 0, NULL, 0, 0, 0, 0, 0, NULL, NULL, NULL, NULL, NULL, NULL, NULL, NULL, NULL, 0, NULL, 0.0000, NULL, 0.0000, NULL, 0, NULL, NULL, NULL, NULL, NULL, NULL, NULL, NULL, NULL, NULL, NULL, '', '', '2026-01-08 09:07:17', NULL, 1, 24, 0, '', NULL, '20251006101206'),
(463, 'STE WAKIM SARL', '', 1, NULL, 0, NULL, 1, NULL, 'FRS0341', NULL, NULL, NULL, NULL, NULL, 'Abidjan, Marcory, Zone 4 BIETRY, Lot 254, Ilot 31', NULL, NULL, NULL, 21, NULL, NULL, NULL, NULL, '2721358938', NULL, NULL, NULL, NULL, NULL, '[]', NULL, 0, NULL, NULL, '1544135K', '', '', '', '', '', '', NULL, 0, NULL, NULL, '', NULL, NULL, 0, 1, NULL, '', 0, NULL, 0, 0, 0, 0, 0, NULL, NULL, NULL, NULL, NULL, NULL, NULL, NULL, NULL, 0, NULL, 0.0000, NULL, 0.0000, NULL, 0, NULL, NULL, NULL, NULL, NULL, NULL, NULL, NULL, NULL, NULL, NULL, '', '', '2025-12-01 15:42:34', NULL, 1, 24, 0, '', NULL, '20251006101206'),
(465, 'CACOMIAF', '', 1, NULL, 0, NULL, 1, NULL, 'FRS0043', NULL, NULL, NULL, NULL, 'FRS0043', 'GRD CARREFOUR DE TREICH BLD VGE', NULL, NULL, NULL, 21, NULL, NULL, NULL, NULL, '2721757878', NULL, NULL, NULL, NULL, NULL, '[]', NULL, 0, NULL, NULL, '', '', '', '', '', '', '', NULL, 0, NULL, NULL, '', NULL, NULL, 0, 1, NULL, '', 0, NULL, 0, 0, 0, 0, 0, NULL, NULL, NULL, NULL, NULL, NULL, NULL, NULL, NULL, 0, NULL, 0.0000, NULL, 0.0000, NULL, 0, NULL, NULL, NULL, NULL, NULL, NULL, NULL, NULL, NULL, NULL, NULL, '', '', '2026-01-07 19:33:56', NULL, 1, 24, 0, '', NULL, '20251006101206'),
(466, 'SOCOMELEC', '', 1, NULL, 0, NULL, 1, NULL, 'FRS0345', NULL, NULL, NULL, NULL, NULL, '10, Rue des Selliers Treichville', NULL, NULL, NULL, 21, NULL, NULL, NULL, NULL, '2721758390', NULL, NULL, NULL, NULL, NULL, '[]', NULL, 0, NULL, NULL, '7401684S', '', '', '', '', '', '', NULL, 0, NULL, NULL, '', NULL, NULL, 0, 1, NULL, '', 0, NULL, 0, 0, 0, 0, 0, NULL, NULL, NULL, NULL, NULL, NULL, NULL, NULL, NULL, 0, NULL, 0.0000, NULL, 0.0000, NULL, 0, NULL, NULL, NULL, NULL, NULL, NULL, NULL, NULL, NULL, NULL, NULL, '', '', '2025-12-01 15:17:50', NULL, 1, 24, 0, '', NULL, '20251006101206'),
(468, 'INGCO', '', 1, NULL, 0, NULL, 1, NULL, 'FRS0525', NULL, NULL, NULL, NULL, NULL, 'ABIDJAN ZONE4', NULL, NULL, NULL, 21, NULL, NULL, NULL, NULL, '2721751915', NULL, NULL, NULL, NULL, NULL, '[]', NULL, 0, NULL, NULL, '', '', '', '', '', '', '', NULL, 0, NULL, NULL, '', NULL, NULL, 0, 1, NULL, '', 0, NULL, 0, 0, 0, 0, 0, NULL, NULL, NULL, NULL, NULL, NULL, NULL, NULL, NULL, 0, NULL, 0.0000, NULL, 0.0000, NULL, 0, NULL, NULL, NULL, NULL, NULL, NULL, NULL, NULL, NULL, NULL, NULL, '', '', '2025-11-29 22:48:59', NULL, 1, 24, 0, '', NULL, '20251006101206'),
(470, 'ORCA DECO', '', 1, NULL, 0, NULL, 1, NULL, 'FRS0027', NULL, NULL, NULL, NULL, NULL, 'MARCORY VGE', NULL, NULL, NULL, 21, NULL, NULL, NULL, NULL, '2721212474', NULL, NULL, NULL, NULL, NULL, '[]', NULL, 0, NULL, NULL, '', '', '', '', '', '', '', NULL, 0, NULL, NULL, '', NULL, NULL, 0, 1, NULL, '', 0, NULL, 0, 0, 0, 0, 0, NULL, NULL, NULL, NULL, NULL, NULL, NULL, NULL, NULL, 0, NULL, 0.0000, NULL, 0.0000, NULL, 0, NULL, NULL, NULL, NULL, NULL, NULL, NULL, NULL, NULL, NULL, NULL, '', '', '2025-11-30 17:02:04', NULL, 1, 24, 0, '', NULL, '20251006101206'),
(471, 'TECHNO SMART', '', 1, NULL, 0, NULL, 1, NULL, 'FRS0267', NULL, NULL, NULL, NULL, NULL, 'TREICHVILLE', NULL, NULL, NULL, 21, NULL, NULL, NULL, NULL, '2721248760', NULL, NULL, NULL, NULL, NULL, '[]', NULL, 0, NULL, NULL, '0204336K', '', '', '', '', '', '', NULL, 0, NULL, NULL, '', NULL, NULL, 0, 1, NULL, '', 0, NULL, 0, 0, 0, 0, 0, NULL, NULL, NULL, NULL, NULL, NULL, NULL, NULL, NULL, 0, NULL, 0.0000, NULL, 0.0000, NULL, 0, NULL, NULL, NULL, NULL, NULL, NULL, NULL, NULL, NULL, NULL, NULL, '', '', '2025-12-01 15:46:58', NULL, 1, 24, 0, '', NULL, '20251006101206'),
(472, 'DC COMMUNICATION', '', 1, NULL, 0, NULL, 1, NULL, 'FRS0530', NULL, NULL, NULL, NULL, 'FRS0530', 'marcory rue des bourgeois non loin de SNEDAI passeport', NULL, NULL, NULL, 21, NULL, NULL, NULL, NULL, '0708129682', NULL, NULL, NULL, NULL, NULL, '[]', NULL, 0, NULL, NULL, '2160164C', '', '', '', '', '', '', NULL, 0, NULL, NULL, '', NULL, NULL, 0, 1, NULL, '', 0, NULL, 0, 0, 0, 0, 0, NULL, NULL, NULL, NULL, NULL, NULL, NULL, NULL, NULL, 0, NULL, 0.0000, NULL, 0.0000, NULL, 0, NULL, NULL, NULL, NULL, NULL, NULL, NULL, NULL, NULL, NULL, NULL, '', '', '2026-01-08 08:51:43', NULL, 1, 24, 0, '', NULL, '20251006101206'),
(636, 'TRACTAFRIC MOTORS', '', 1, NULL, 0, NULL, 1, NULL, 'FRS0146', NULL, NULL, NULL, NULL, NULL, 'MARCORY ZONE3', NULL, NULL, NULL, 21, NULL, NULL, NULL, NULL, '2721750380', NULL, NULL, NULL, NULL, NULL, '[]', NULL, 0, NULL, NULL, '0100474J', '', '', '', '', '', '', NULL, 0, NULL, NULL, '', NULL, NULL, 0, 1, NULL, '', 0, NULL, 0, 0, 0, 0, 0, NULL, NULL, NULL, NULL, NULL, NULL, NULL, NULL, NULL, 0, NULL, 0.0000, NULL, 0.0000, NULL, 0, NULL, NULL, NULL, NULL, NULL, NULL, NULL, NULL, NULL, NULL, NULL, '', '', '2025-11-28 11:11:47', NULL, 1, 24, 0, '', NULL, '20251006123851'),
(637, 'EAVIT', '', 1, NULL, 0, NULL, 1, NULL, 'FRS0422', NULL, NULL, NULL, NULL, 'FRS0422', 'KOUMASSI', NULL, NULL, NULL, 21, NULL, NULL, NULL, NULL, '0767622658', NULL, NULL, NULL, 'adelinguessan@gmail.com', NULL, '[]', NULL, 0, NULL, NULL, '1806298F', '', '', '', '', '', '', NULL, 0, NULL, NULL, '', NULL, NULL, 0, 1, NULL, '', 0, NULL, 0, 0, 0, 0, 0, NULL, NULL, NULL, NULL, NULL, NULL, NULL, NULL, NULL, 0, NULL, 0.0000, NULL, 0.0000, NULL, 0, NULL, NULL, NULL, NULL, NULL, NULL, NULL, NULL, NULL, NULL, NULL, '', '', '2026-01-08 09:04:49', NULL, 1, 24, 0, '', NULL, '20251006123851'),
(638, 'IVOIRE METAL', '', 1, NULL, 0, NULL, 1, NULL, 'FRS0096', NULL, NULL, NULL, NULL, NULL, 'MARCORY', NULL, NULL, NULL, 21, NULL, NULL, NULL, NULL, '0707391539', NULL, NULL, NULL, NULL, NULL, '[]', NULL, 0, NULL, NULL, '', '', '', '', '', '', '', NULL, 0, NULL, NULL, '', NULL, NULL, 0, 1, NULL, '', 0, NULL, 0, 0, 0, 0, 0, NULL, NULL, NULL, NULL, NULL, NULL, NULL, NULL, NULL, 0, NULL, 0.0000, NULL, 0.0000, NULL, 0, NULL, NULL, NULL, NULL, NULL, NULL, NULL, NULL, NULL, NULL, NULL, '', '', '2025-11-29 23:04:51', NULL, 1, 24, 0, '', NULL, '20251006123851'),
(639, 'MAYELIA', '', 1, NULL, 0, NULL, 1, NULL, 'FRS0364', NULL, NULL, NULL, NULL, NULL, 'MARCORY ZONE 4', NULL, NULL, NULL, 21, NULL, NULL, NULL, NULL, '2721255455', NULL, NULL, NULL, 'infos@mayelia.com', NULL, '[]', NULL, 0, NULL, NULL, '1728654K', '', '', '', '', '', '', NULL, 0, NULL, NULL, '', NULL, NULL, 0, 1, NULL, '', 0, NULL, 0, 0, 0, 0, 0, NULL, NULL, NULL, NULL, NULL, NULL, NULL, NULL, NULL, 0, NULL, 0.0000, NULL, 0.0000, NULL, 0, NULL, NULL, NULL, NULL, NULL, NULL, NULL, NULL, NULL, NULL, NULL, '', '', '2025-11-29 23:27:10', NULL, 1, 24, 0, '', NULL, '20251006123851'),
(640, '02KGM POIDS', '', 1, NULL, 0, NULL, 1, NULL, 'FRS0599', NULL, NULL, NULL, '401', 'FRS0599', 'KOUMASSI', NULL, NULL, NULL, 21, NULL, NULL, NULL, NULL, '0707372417', NULL, NULL, NULL, NULL, NULL, '[]', NULL, 0, NULL, NULL, '1824346X', '', '', '', '', '', '', NULL, 0, NULL, NULL, '', NULL, NULL, 0, 1, NULL, '', 0, NULL, 0, 0, 0, 0, 0, NULL, NULL, NULL, NULL, NULL, NULL, NULL, NULL, NULL, 0, NULL, 0.0000, NULL, 0.0000, NULL, 0, NULL, NULL, NULL, NULL, NULL, NULL, NULL, NULL, NULL, NULL, NULL, '', '', '2026-01-07 18:59:38', NULL, 1, 24, 0, '', NULL, '20251006123851'),
(641, 'GARAGE SAM', '', 1, NULL, 0, NULL, 1, NULL, 'FRS0377', NULL, NULL, NULL, NULL, 'FRS0377', 'MARCORY ZONE 4', NULL, NULL, NULL, 21, NULL, NULL, NULL, NULL, '2721353828', NULL, NULL, NULL, 'garagesam@yahoo.com', NULL, '[]', NULL, 0, NULL, NULL, '8000773Y', '', '', '', '', '', '', NULL, 0, NULL, NULL, '', NULL, NULL, 0, 1, NULL, '', 0, NULL, 0, 0, 0, 0, 0, NULL, NULL, NULL, NULL, NULL, NULL, NULL, NULL, NULL, 0, NULL, 0.0000, NULL, 0.0000, NULL, 0, NULL, NULL, NULL, NULL, NULL, NULL, NULL, NULL, NULL, NULL, NULL, '', '', '2026-01-08 10:54:18', NULL, 1, 24, 0, '', NULL, '20251006123851'),
(642, 'ETG', '', 1, NULL, 0, NULL, 1, NULL, 'FRS0369', NULL, NULL, NULL, NULL, 'FRS0369', '', NULL, NULL, NULL, 21, NULL, NULL, NULL, NULL, '27-23-46-68-64', NULL, NULL, NULL, NULL, NULL, '[]', NULL, 0, NULL, NULL, '', '', '', '', '', '', '', NULL, 0, NULL, NULL, '', NULL, NULL, 0, 1, NULL, '', 0, NULL, 0, 0, 0, 0, 0, NULL, NULL, NULL, NULL, NULL, NULL, NULL, NULL, NULL, 0, NULL, 0.0000, NULL, 0.0000, NULL, 0, NULL, NULL, NULL, NULL, NULL, NULL, NULL, NULL, NULL, NULL, NULL, '', '', '2026-01-08 09:10:23', NULL, 1, 24, 0, '', NULL, '20251006123851'),
(644, 'FAWAZ AUTO', '', 1, NULL, 0, NULL, 1, NULL, 'FRS0571', NULL, NULL, NULL, NULL, 'FRS0571', '', NULL, NULL, NULL, 21, NULL, NULL, NULL, NULL, NULL, NULL, NULL, NULL, NULL, NULL, '[]', NULL, 0, NULL, NULL, '', '', '', '', '', '', '', NULL, 0, NULL, NULL, '', NULL, NULL, 0, 1, NULL, '', 0, NULL, 0, 0, 0, 0, 0, NULL, NULL, NULL, NULL, NULL, NULL, NULL, NULL, NULL, 0, NULL, 0.0000, NULL, 0.0000, NULL, 0, NULL, NULL, NULL, NULL, NULL, NULL, NULL, NULL, NULL, NULL, NULL, '', '', '2026-01-08 10:45:40', NULL, 1, 24, 0, '', NULL, '20251006123851'),
(646, 'GEMC', '', 1, NULL, 0, NULL, 1, NULL, 'FRS0595', NULL, NULL, NULL, NULL, 'FRS0595', 'MARCORY PHCIE GR MARCHE', NULL, NULL, NULL, 21, NULL, NULL, NULL, NULL, '0707437726', NULL, NULL, NULL, NULL, NULL, '[]', NULL, 0, NULL, NULL, '1608824F', '', '', '', '', '', '', NULL, 0, NULL, NULL, '', NULL, NULL, 0, 1, NULL, '', 0, NULL, 0, 0, 0, 0, 0, NULL, NULL, NULL, NULL, NULL, NULL, NULL, NULL, NULL, 0, NULL, 0.0000, NULL, 0.0000, NULL, 0, NULL, NULL, NULL, NULL, NULL, NULL, NULL, NULL, NULL, NULL, NULL, '', '', '2026-01-08 11:16:25', NULL, 1, 24, 0, '', NULL, '20251006123851'),
(647, 'SORO DOGNIMA/ ASDD', '', 1, NULL, 0, NULL, 1, NULL, 'FRS0711', NULL, NULL, NULL, NULL, NULL, 'ROUTE AEROPORT KORHOGO', NULL, NULL, NULL, 21, NULL, NULL, NULL, NULL, '0709258946', NULL, NULL, NULL, NULL, NULL, '[]', NULL, 0, NULL, NULL, '1308813F', '', '', '', '', '', '', NULL, 0, NULL, NULL, '', NULL, NULL, 0, 1, NULL, '', 0, NULL, 0, 0, 0, 0, 0, NULL, NULL, NULL, NULL, NULL, NULL, NULL, NULL, NULL, 0, NULL, 0.0000, NULL, 0.0000, NULL, 0, NULL, NULL, NULL, NULL, NULL, NULL, NULL, NULL, NULL, NULL, NULL, '', '', '2025-11-28 11:50:24', NULL, 1, 24, 0, '', NULL, '20251006123851'),
(648, 'SNFG', '', 1, NULL, 0, NULL, 1, NULL, 'FRS0654', NULL, NULL, NULL, NULL, NULL, '', NULL, NULL, NULL, 21, NULL, NULL, NULL, NULL, '0707003302', NULL, NULL, NULL, NULL, NULL, '[]', NULL, 0, NULL, NULL, '', '', '', '', '', '', '', NULL, 0, NULL, NULL, '', NULL, NULL, 0, 1, NULL, '', 0, NULL, 0, 0, 0, 0, 0, NULL, NULL, NULL, NULL, NULL, NULL, NULL, NULL, NULL, 0, NULL, 0.0000, NULL, 0.0000, NULL, 0, NULL, NULL, NULL, NULL, NULL, NULL, NULL, NULL, NULL, NULL, NULL, '', '', '2025-11-30 17:50:40', NULL, 1, 24, 0, '', NULL, '20251006123851'),
(650, 'J`M TRANSFORMER', '', 1, NULL, 0, NULL, 1, NULL, 'FRS0529', NULL, NULL, NULL, NULL, NULL, 'Adjamé CRS Carrefour Craven', NULL, NULL, NULL, 21, NULL, NULL, NULL, NULL, '2721798281', NULL, NULL, NULL, 'info@jmtranslab.com', NULL, '[]', NULL, 0, NULL, NULL, '2023005P', '', '', '', '', '', '', NULL, 0, NULL, NULL, '', NULL, NULL, 0, 1, NULL, '', 0, NULL, 0, 0, 0, 0, 0, NULL, NULL, NULL, NULL, NULL, NULL, NULL, NULL, NULL, 0, NULL, 0.0000, NULL, 0.0000, NULL, 0, NULL, NULL, NULL, NULL, NULL, NULL, NULL, NULL, NULL, NULL, NULL, '', '', '2025-11-29 23:07:44', NULL, 1, 24, 0, '', NULL, '20251006123851'),
(651, 'KABALANE', '', 1, NULL, 0, NULL, 1, NULL, 'FRS0275', NULL, NULL, NULL, NULL, NULL, 'TREICHVILLE VGE NON LOIN DU PALAIS', NULL, NULL, NULL, 21, NULL, NULL, NULL, NULL, '0708185468', NULL, NULL, NULL, NULL, NULL, '[]', NULL, 0, NULL, NULL, '6900647K', '', '', '', '', '', '', NULL, 0, NULL, NULL, '', NULL, NULL, 0, 1, NULL, '', 0, NULL, 0, 0, 0, 0, 0, NULL, NULL, NULL, NULL, NULL, NULL, NULL, NULL, NULL, 0, NULL, 0.0000, NULL, 0.0000, NULL, 0, NULL, NULL, NULL, NULL, NULL, NULL, NULL, NULL, NULL, NULL, NULL, '', '', '2025-11-29 23:16:28', NULL, 1, 24, 0, '', NULL, '20251006123851'),
(652, 'ADEMAT', '', 1, NULL, 0, NULL, 1, NULL, 'FRS0100', NULL, NULL, NULL, NULL, 'FRS0100', '22 RUE DES FERRONNIERS, ABIDJAN', NULL, NULL, NULL, 21, NULL, NULL, NULL, NULL, '2721599080', NULL, NULL, NULL, NULL, NULL, '[]', NULL, 0, NULL, NULL, '8302829Q', '', '', '', '', '', '', NULL, 0, NULL, NULL, '', NULL, NULL, 0, 1, NULL, '', 0, NULL, 0, 0, 0, 0, 0, NULL, NULL, NULL, NULL, NULL, 2, NULL, NULL, NULL, 0, NULL, 0.0000, NULL, 0.0000, NULL, 0, NULL, NULL, NULL, NULL, NULL, NULL, NULL, NULL, NULL, NULL, NULL, '', '', '2026-01-07 19:05:03', NULL, 1, 24, 0, '', NULL, '20251006123851'),
(653, 'CFAO', '', 1, NULL, 0, NULL, 1, NULL, 'FRS0188', NULL, NULL, NULL, NULL, 'FRS0188', 'RUE PASTEURE ABIDJAN MARCORY', NULL, NULL, NULL, 21, NULL, NULL, NULL, NULL, '2721751514', NULL, NULL, NULL, NULL, NULL, '[]', NULL, 0, NULL, NULL, '0100432G', '', '', '', '', '', '', NULL, 0, NULL, NULL, '', NULL, NULL, 0, 1, NULL, '', 0, NULL, 0, 0, 0, 0, 0, NULL, NULL, NULL, NULL, NULL, NULL, NULL, NULL, NULL, 0, NULL, 0.0000, NULL, 0.0000, NULL, 0, NULL, NULL, NULL, NULL, NULL, NULL, NULL, NULL, NULL, NULL, NULL, '', '', '2026-01-07 19:50:48', NULL, 1, 24, 0, '', NULL, '20251006123851'),
(654, 'DMD', '', 1, NULL, 0, NULL, 1, NULL, 'FRS0295', NULL, NULL, NULL, NULL, 'FRS0295', 'MARCORY POTOPOTO, ABIDJAN', NULL, NULL, NULL, 21, NULL, NULL, NULL, NULL, '0701323334', NULL, NULL, NULL, 'info@dmd-ci.com', NULL, '[]', NULL, 0, NULL, NULL, '0804217E', '', '', '', '', '', '', NULL, 0, NULL, NULL, '', NULL, NULL, 0, 1, NULL, '', 0, NULL, 0, 0, 0, 0, 0, NULL, NULL, NULL, NULL, NULL, NULL, NULL, NULL, NULL, 0, NULL, 0.0000, NULL, 0.0000, NULL, 0, NULL, NULL, NULL, NULL, NULL, NULL, NULL, NULL, NULL, NULL, NULL, '', '', '2026-01-08 08:52:56', NULL, 1, 24, 0, '', NULL, '20251006123851'),
(655, 'IPI', '', 1, NULL, 0, NULL, 1, NULL, 'FRS0004', NULL, NULL, NULL, NULL, NULL, 'MARCORY BOULEVARD DU CAMEROUN', NULL, NULL, NULL, 21, NULL, NULL, NULL, NULL, '2721264334', NULL, NULL, NULL, NULL, NULL, '[]', NULL, 0, NULL, NULL, '', '', '', '', '', '', '', NULL, 0, NULL, NULL, '', NULL, NULL, 0, 1, NULL, '', 0, NULL, 0, 0, 0, 0, 0, NULL, NULL, NULL, NULL, NULL, NULL, NULL, NULL, NULL, 0, NULL, 0.0000, NULL, 0.0000, NULL, 0, NULL, NULL, NULL, NULL, NULL, NULL, NULL, NULL, NULL, NULL, NULL, '', '', '2025-11-29 22:52:24', NULL, 1, 24, 0, '', NULL, '20251006123851'),
(656, 'GEHANT', '', 1, NULL, 0, NULL, 1, NULL, 'FRS0715', NULL, NULL, NULL, NULL, 'FRS0715', '', NULL, NULL, NULL, 21, NULL, NULL, NULL, NULL, NULL, NULL, NULL, NULL, NULL, NULL, '[]', NULL, 0, NULL, NULL, '', '', '', '', '', '', '', NULL, 0, NULL, NULL, '', NULL, NULL, 0, 1, NULL, '', 0, NULL, 0, 0, 0, 0, 0, NULL, NULL, NULL, NULL, NULL, NULL, NULL, NULL, NULL, 0, NULL, 0.0000, NULL, 0.0000, NULL, 0, NULL, NULL, NULL, NULL, NULL, NULL, NULL, NULL, NULL, NULL, NULL, '', '', '2026-01-08 11:05:11', NULL, 1, 24, 0, '', NULL, '20251006123851'),
(657, 'N\'KOH CONSULTING', '', 1, NULL, 0, NULL, 1, NULL, 'FRS0703', NULL, NULL, NULL, NULL, NULL, '', NULL, NULL, NULL, 21, NULL, NULL, NULL, NULL, NULL, NULL, NULL, NULL, NULL, NULL, '[]', NULL, 0, NULL, NULL, '', '', '', '', '', '', '', NULL, 0, NULL, NULL, '', NULL, NULL, 0, 1, NULL, '', 0, NULL, 0, 0, 0, 0, 0, NULL, NULL, NULL, NULL, NULL, NULL, NULL, NULL, NULL, 0, NULL, 0.0000, NULL, 0.0000, NULL, 0, NULL, NULL, NULL, NULL, NULL, NULL, NULL, NULL, NULL, NULL, NULL, '', '', '2025-11-30 16:55:34', NULL, 1, 24, 0, '', NULL, '20251006123851'),
(658, 'MIDAS/ SIMDA', '', 1, NULL, 0, NULL, 1, NULL, 'FRS0311', NULL, NULL, NULL, NULL, NULL, 'ZONE 4 RUE PAUL LANGEVIN', NULL, NULL, NULL, 21, NULL, NULL, NULL, NULL, '0769342377', NULL, NULL, NULL, 'fatou.kourouma@simda-ci.com', NULL, '[]', NULL, 0, NULL, NULL, '1739771K', '', '', '', '', '', '', NULL, 0, NULL, NULL, '', NULL, NULL, 0, 1, NULL, '', 0, NULL, 0, 0, 0, 0, 0, NULL, NULL, NULL, NULL, NULL, NULL, NULL, NULL, NULL, 0, NULL, 0.0000, NULL, 0.0000, NULL, 0, NULL, NULL, NULL, NULL, NULL, NULL, NULL, NULL, NULL, NULL, NULL, '', '', '2025-12-01 15:37:55', NULL, 1, 24, 0, '', NULL, '20251006123851'),
(659, 'SOCIAM /SOCIAM SAV', '', 1, NULL, 0, NULL, 1, NULL, 'FRS0151', NULL, NULL, NULL, NULL, NULL, 'YOPOUGON ZONE INDUSTRIELLE /MARORY ZONE4', NULL, NULL, NULL, 21, NULL, NULL, NULL, NULL, '0700963239', NULL, NULL, NULL, 'infos@sociam.net', NULL, '[]', NULL, 0, NULL, NULL, '0175265N', '', '', '', '', '', '', NULL, 0, NULL, NULL, '', NULL, NULL, 0, 1, NULL, '', 0, NULL, 0, 0, 0, 0, 0, NULL, NULL, NULL, NULL, NULL, NULL, NULL, NULL, NULL, 0, NULL, 0.0000, NULL, 0.0000, NULL, 0, NULL, NULL, NULL, NULL, NULL, NULL, NULL, NULL, NULL, NULL, NULL, '', '', '2025-12-01 15:07:47', NULL, 1, 24, 0, '', NULL, '20251006123851'),
(660, 'SODEXIT', '', 1, NULL, 0, NULL, 1, NULL, 'FRS0156', NULL, NULL, NULL, NULL, NULL, 'COCODY', NULL, NULL, NULL, 21, NULL, NULL, NULL, NULL, '0708615307', NULL, NULL, NULL, NULL, NULL, '[]', NULL, 0, NULL, NULL, '1419929S', '', '', '', '', '', '', NULL, 0, NULL, NULL, '', NULL, NULL, 0, 1, NULL, '', 0, NULL, 0, 0, 0, 0, 0, NULL, NULL, NULL, NULL, NULL, NULL, NULL, NULL, NULL, 0, NULL, 0.0000, NULL, 0.0000, NULL, 0, NULL, NULL, NULL, NULL, NULL, NULL, NULL, NULL, NULL, NULL, NULL, '', '', '2025-12-01 15:20:48', NULL, 1, 24, 0, '', NULL, '20251006123851'),
(661, 'AFNOR', '', 1, NULL, 0, NULL, 1, NULL, 'FRS0353', NULL, NULL, NULL, NULL, 'FRS0353', '', NULL, NULL, NULL, 21, NULL, NULL, NULL, NULL, NULL, NULL, NULL, NULL, NULL, NULL, '[]', NULL, 0, NULL, NULL, '0543282H', '', '', '', '', '', '', NULL, 0, NULL, NULL, '', NULL, NULL, 0, 1, NULL, '', 0, NULL, 0, 0, 0, 0, 0, NULL, NULL, NULL, NULL, NULL, NULL, NULL, NULL, NULL, 0, NULL, 0.0000, NULL, 0.0000, NULL, 0, NULL, NULL, NULL, NULL, NULL, NULL, NULL, NULL, NULL, NULL, NULL, '', '', '2026-01-07 19:11:03', NULL, 1, 24, 0, '', NULL, '20251006123851'),
(662, 'BNA', '', 1, NULL, 0, NULL, 1, NULL, 'FRS0719', NULL, NULL, NULL, NULL, 'FRS0719', '', NULL, NULL, NULL, 21, NULL, NULL, NULL, NULL, '2721280041', '0141717304', NULL, NULL, 'info@bna-ci.com', NULL, '[]', NULL, 0, NULL, NULL, '0503518N', '', '', '', '', '', '', NULL, 0, NULL, NULL, '', NULL, NULL, 0, 1, NULL, '', 0, NULL, 0, 0, 0, 0, 0, NULL, NULL, NULL, NULL, NULL, NULL, NULL, NULL, NULL, 0, NULL, 0.0000, NULL, 0.0000, NULL, 0, NULL, NULL, NULL, NULL, NULL, NULL, NULL, NULL, NULL, NULL, NULL, '', '', '2026-01-07 19:31:31', NULL, 1, 24, 0, '', NULL, '20251006123851'),
(665, 'ENVIPUR', '', 1, NULL, 0, NULL, 1, NULL, 'FRS0235', NULL, NULL, NULL, NULL, 'FRS0235', '', NULL, NULL, NULL, 21, NULL, NULL, NULL, NULL, NULL, NULL, NULL, NULL, 'info@envipur.com', NULL, '[]', NULL, 0, NULL, NULL, '0703519P', '', '', '', '', '', '', NULL, 0, NULL, NULL, '', NULL, NULL, 0, 1, NULL, '', 0, NULL, 0, 0, 0, 0, 0, NULL, NULL, NULL, NULL, NULL, NULL, NULL, NULL, NULL, 0, NULL, 0.0000, NULL, 0.0000, NULL, 0, NULL, NULL, NULL, NULL, NULL, NULL, NULL, NULL, NULL, NULL, NULL, '', '', '2026-01-08 09:08:19', NULL, 1, 24, 0, '', NULL, '20251006123851'),
(666, 'QMI', '', 1, NULL, 0, NULL, 1, NULL, 'FRS0600', NULL, NULL, NULL, NULL, NULL, 'ABIDJAN-ABOBO Centre, en face de la pharmacie LA ME; \r\nau 3ème étage de l\'immeuble de la banque BSIC. 14 BP 1617 Abidjan 14', NULL, NULL, NULL, 21, NULL, NULL, NULL, NULL, '0545299068', NULL, NULL, NULL, NULL, NULL, '[]', NULL, 0, NULL, NULL, '', '', '', '', '', '', '', NULL, 0, NULL, NULL, '', NULL, NULL, 0, 1, NULL, '', 0, NULL, 0, 0, 0, 0, 0, NULL, NULL, NULL, NULL, NULL, NULL, NULL, NULL, NULL, 0, NULL, 0.0000, NULL, 0.0000, NULL, 0, NULL, NULL, NULL, NULL, NULL, NULL, NULL, NULL, NULL, NULL, NULL, '', '', '2025-11-30 17:12:56', NULL, 1, 24, 0, '', NULL, '20251006123851'),
(667, 'BIPSUN SECURITE', '', 1, NULL, 0, NULL, 1, NULL, 'FRS0725', NULL, NULL, NULL, NULL, 'FRS0725', 'COCODY RIVIERA PALMERAIE', NULL, NULL, NULL, 21, NULL, NULL, NULL, NULL, '2722496320', NULL, NULL, NULL, 'infobipsun@gmail.com', NULL, '[]', NULL, 0, NULL, NULL, '0409174P', '', '', '', '', '', '', NULL, 0, NULL, NULL, '', NULL, NULL, 0, 1, NULL, '', 0, NULL, 0, 0, 0, 0, 0, NULL, NULL, NULL, NULL, NULL, NULL, NULL, NULL, NULL, 0, NULL, 0.0000, NULL, 0.0000, NULL, 0, NULL, NULL, NULL, NULL, NULL, NULL, NULL, NULL, NULL, NULL, NULL, '', '', '2026-01-07 19:29:03', NULL, 1, 24, 0, '', NULL, '20251006123851'),
(668, 'CEFIS', '', 1, NULL, 0, NULL, 1, NULL, 'FRS0337', NULL, NULL, NULL, NULL, 'FRS0337', '', NULL, NULL, NULL, 21, NULL, NULL, NULL, NULL, '0707364331', NULL, NULL, NULL, NULL, NULL, '[]', NULL, 0, NULL, NULL, '', '', '', '', '', '', '', NULL, 0, NULL, NULL, '', NULL, NULL, 0, 1, NULL, '', 0, NULL, 0, 0, 0, 0, 0, NULL, NULL, NULL, NULL, NULL, NULL, NULL, NULL, NULL, 0, NULL, 0.0000, NULL, 0.0000, NULL, 0, NULL, NULL, NULL, NULL, NULL, NULL, NULL, NULL, NULL, NULL, NULL, '', '', '2026-01-07 19:47:46', NULL, 1, 24, 0, '', NULL, '20251006123851'),
(669, 'BIZOU PICTURE', '', 1, NULL, 0, NULL, 1, NULL, 'FRS0526', NULL, NULL, NULL, NULL, 'FRS0526', '', NULL, NULL, NULL, 21, NULL, NULL, NULL, NULL, '0701130851', NULL, NULL, NULL, NULL, NULL, '[]', NULL, 0, NULL, NULL, '1864125J', '', '', '', '', '', '', NULL, 0, NULL, NULL, '', NULL, NULL, 0, 1, NULL, '', 0, NULL, 0, 0, 0, 0, 0, NULL, NULL, NULL, NULL, NULL, NULL, NULL, NULL, NULL, 0, NULL, 0.0000, NULL, 0.0000, NULL, 0, NULL, NULL, NULL, NULL, NULL, NULL, NULL, NULL, NULL, NULL, NULL, '', '', '2026-01-07 19:30:18', NULL, 1, 24, 0, '', NULL, '20251006123851'),
(670, 'GARAGE ABDOUL', '', 1, NULL, 0, NULL, 1, NULL, 'FRS0537', NULL, NULL, NULL, NULL, 'FRS0537', 'KOUMASSI', NULL, NULL, NULL, 21, NULL, NULL, NULL, NULL, '0768863499', NULL, NULL, NULL, NULL, NULL, '[]', NULL, 0, NULL, NULL, '', '', '', '', '', '', '', NULL, 0, NULL, NULL, '', NULL, NULL, 0, 1, NULL, '', 0, NULL, 0, 0, 0, 0, 0, NULL, NULL, NULL, NULL, NULL, NULL, NULL, NULL, NULL, 0, NULL, 0.0000, NULL, 0.0000, NULL, 0, NULL, NULL, NULL, NULL, NULL, NULL, NULL, NULL, NULL, NULL, NULL, '', '', '2026-01-08 10:53:51', NULL, 1, 24, 0, '', NULL, '20251006123851'),
(671, 'MIB', '', 1, NULL, 0, NULL, 1, NULL, 'FRS0374', NULL, NULL, NULL, NULL, NULL, 'KOUMASSI', NULL, NULL, NULL, 21, NULL, NULL, NULL, NULL, NULL, NULL, NULL, NULL, NULL, NULL, '[]', NULL, 0, NULL, NULL, '0813911N', '', '', '', '', '', '', NULL, 0, NULL, NULL, '', NULL, NULL, 0, 1, NULL, '', 0, NULL, 0, 0, 0, 0, 0, NULL, NULL, NULL, NULL, NULL, NULL, NULL, NULL, NULL, 0, NULL, 0.0000, NULL, 0.0000, NULL, 0, NULL, NULL, NULL, NULL, NULL, NULL, NULL, NULL, NULL, NULL, NULL, '', '', '2025-11-29 23:34:48', NULL, 1, 24, 0, '', NULL, '20251006123851'),
(672, 'CONSOMMABLE PLUS', '', 1, NULL, 0, NULL, 1, NULL, 'FRS0090', NULL, NULL, NULL, NULL, 'FRS0090', 'MARCORY HIBISCUS', NULL, NULL, NULL, 21, NULL, NULL, NULL, NULL, '2721395594', NULL, NULL, NULL, 'consommable.plus2019@gmail.com', NULL, '[]', NULL, 0, NULL, NULL, '', '', '', '', '', '', '', NULL, 0, NULL, NULL, '', NULL, NULL, 0, 1, NULL, '', 0, NULL, 0, 0, 0, 0, 0, NULL, NULL, NULL, NULL, NULL, NULL, NULL, NULL, NULL, 0, NULL, 0.0000, NULL, 0.0000, NULL, 0, NULL, NULL, NULL, NULL, NULL, NULL, NULL, NULL, NULL, NULL, NULL, '', '', '2026-01-07 19:54:28', NULL, 1, 24, 0, '', NULL, '20251006123851'),
(673, 'PROXIMA', '', 1, NULL, 0, NULL, 1, NULL, 'FRS0286', NULL, NULL, NULL, NULL, NULL, 'KOUMASSI', NULL, NULL, NULL, 21, NULL, NULL, NULL, NULL, '0707010463', NULL, NULL, NULL, NULL, NULL, '[]', NULL, 0, NULL, NULL, '0676915G', '', '', '', '', '', '', NULL, 0, NULL, NULL, '', NULL, NULL, 0, 1, NULL, '', 0, NULL, 0, 0, 0, 0, 0, NULL, NULL, NULL, NULL, NULL, NULL, NULL, NULL, NULL, 0, NULL, 0.0000, NULL, 0.0000, NULL, 0, NULL, NULL, NULL, NULL, NULL, NULL, NULL, NULL, NULL, NULL, NULL, '', '', '2025-11-30 17:10:59', NULL, 1, 24, 0, '', NULL, '20251006123851'),
(674, 'GK PLUS STORE', '', 1, NULL, 0, NULL, 1, NULL, 'FRS0726', NULL, NULL, NULL, NULL, 'FRS0726', 'MARCORY', NULL, NULL, NULL, 21, NULL, NULL, NULL, NULL, '0707000056', NULL, NULL, NULL, NULL, NULL, '[]', NULL, 0, NULL, NULL, '', '', '', '', '', '', '', NULL, 0, NULL, NULL, '', NULL, NULL, 0, 1, NULL, '', 0, NULL, 0, 0, 0, 0, 0, NULL, NULL, NULL, NULL, NULL, NULL, NULL, NULL, NULL, 0, NULL, 0.0000, NULL, 0.0000, NULL, 0, NULL, NULL, NULL, NULL, NULL, NULL, NULL, NULL, NULL, NULL, NULL, '', '', '2026-01-08 11:22:36', NULL, 1, 24, 0, '', NULL, '20251006123851'),
(675, 'GES ENENISTE', '', 1, NULL, 0, NULL, 1, NULL, 'FRS0588', NULL, NULL, NULL, NULL, 'FRS0588', 'MARCORY CENTRE COMMERCIAL', NULL, NULL, NULL, 21, NULL, NULL, NULL, NULL, '0709029548', NULL, NULL, NULL, NULL, NULL, '[]', NULL, 0, NULL, NULL, '', '', '', '', '', '', '', NULL, 0, NULL, NULL, '', NULL, NULL, 0, 1, NULL, '', 0, NULL, 0, 0, 0, 0, 0, NULL, NULL, NULL, NULL, NULL, NULL, NULL, NULL, NULL, 0, NULL, 0.0000, NULL, 0.0000, NULL, 0, NULL, NULL, NULL, NULL, NULL, NULL, NULL, NULL, NULL, NULL, NULL, '', '', '2026-01-08 11:18:44', NULL, 1, 24, 0, '', NULL, '20251006123851'),
(676, 'TAP DECOR', '', 1, NULL, 0, NULL, 1, NULL, 'FRS0470', NULL, NULL, NULL, NULL, NULL, 'KOUMASSI', NULL, NULL, NULL, 21, NULL, NULL, NULL, NULL, '0707925167', NULL, NULL, NULL, NULL, NULL, '[]', NULL, 0, NULL, NULL, '', '', '', '', '', '', '', NULL, 0, NULL, NULL, '', NULL, NULL, 0, 1, NULL, '', 0, NULL, 0, 0, 0, 0, 0, NULL, NULL, NULL, NULL, NULL, NULL, NULL, NULL, NULL, 0, NULL, 0.0000, NULL, 0.0000, NULL, 0, NULL, NULL, NULL, NULL, NULL, NULL, NULL, NULL, NULL, NULL, NULL, '', '', '2025-12-01 15:44:38', NULL, 1, 24, 0, '', NULL, '20251006123851'),
(677, 'FUTURE IMAGE', '', 1, NULL, 0, NULL, 1, NULL, 'FRS0233', NULL, NULL, NULL, NULL, 'FRS0233', 'BONOUA QUARTIER RESIDENTIEL', NULL, NULL, NULL, 21, NULL, NULL, NULL, NULL, '0506030360', NULL, NULL, NULL, 'marketing@futurimageprod.net', NULL, '[]', NULL, 0, NULL, NULL, '1304125Z', '', '', '', '', '', '', NULL, 0, NULL, NULL, '', NULL, NULL, 0, 1, NULL, '', 0, NULL, 0, 0, 0, 0, 0, NULL, NULL, NULL, NULL, NULL, NULL, NULL, NULL, NULL, 0, NULL, 0.0000, NULL, 0.0000, NULL, 0, NULL, NULL, NULL, NULL, NULL, NULL, NULL, NULL, NULL, NULL, NULL, '', '', '2026-01-08 10:48:47', NULL, 1, 24, 0, '', NULL, '20251006123851'),
(680, 'G4S SECURE SOLUTIONS(CI) SA', '', 1, NULL, 0, NULL, 1, NULL, 'FRS0334', NULL, NULL, NULL, NULL, 'FRS0334', 'COCODY, 2 PLATEAUX VALLON', NULL, NULL, NULL, 21, NULL, NULL, NULL, NULL, '27-22-48-01-00', NULL, NULL, NULL, 'information@ci.g4s.com', NULL, '[]', NULL, 0, NULL, NULL, '8201525A', '', '', '', '', '', '', NULL, 0, NULL, NULL, '', NULL, NULL, 0, 1, NULL, '', 0, NULL, 0, 0, 0, 0, 0, NULL, NULL, NULL, NULL, NULL, NULL, NULL, NULL, NULL, 0, NULL, 0.0000, NULL, 0.0000, NULL, 0, NULL, NULL, NULL, NULL, NULL, NULL, NULL, NULL, NULL, NULL, NULL, '', '', '2026-01-08 10:51:57', NULL, 1, 24, 0, '', NULL, '20251006123851'),
(685, 'NEDAX', '', 1, NULL, 0, NULL, 1, NULL, 'FRS0419', NULL, NULL, NULL, NULL, NULL, 'COCODY RIVIERA ATTOBAN', NULL, NULL, NULL, 21, NULL, NULL, NULL, NULL, '2722466025', NULL, NULL, NULL, 'nedaxsarl@gmail.com', NULL, '[]', NULL, 0, NULL, NULL, '', '', '', '', '', '', '', NULL, 0, NULL, NULL, '', NULL, NULL, 0, 1, NULL, '', 0, NULL, 0, 0, 0, 0, 0, NULL, NULL, NULL, NULL, NULL, NULL, NULL, NULL, NULL, 0, NULL, 0.0000, NULL, 0.0000, NULL, 0, NULL, NULL, NULL, NULL, NULL, NULL, NULL, NULL, NULL, NULL, NULL, '', '', '2025-11-30 16:57:24', NULL, 1, 24, 0, '', NULL, '20251006123851'),
(686, 'SIDIMPRIM', '', 1, NULL, 0, NULL, 1, NULL, 'FRS0053', NULL, NULL, NULL, NULL, NULL, 'Bd. VGE, Rue Pierre et Marie Curie - Zone 4 C', NULL, NULL, NULL, 21, NULL, NULL, NULL, NULL, '+2252721266525', NULL, NULL, NULL, 'sidimprim@gmail.com', NULL, '[]', NULL, 0, NULL, NULL, '', '', '', '', '', '', '', NULL, 0, NULL, NULL, '', NULL, NULL, 0, 1, NULL, '', 0, NULL, 0, 0, 0, 0, 0, NULL, NULL, NULL, NULL, NULL, NULL, NULL, NULL, NULL, 0, NULL, 0.0000, NULL, 0.0000, NULL, 0, NULL, NULL, NULL, NULL, NULL, NULL, NULL, NULL, NULL, NULL, NULL, '', '', '2025-11-30 17:42:45', NULL, 1, 24, 0, '', NULL, '20251006123851'),
(687, 'MUYIWA GROUP', '', 1, NULL, 0, NULL, 1, NULL, 'FRS0678', NULL, NULL, NULL, NULL, NULL, 'Cité du port Treichville', NULL, NULL, NULL, 21, NULL, NULL, NULL, NULL, '0101307804', NULL, NULL, NULL, NULL, NULL, '[]', NULL, 0, NULL, NULL, '', '', '', '', '', '', '', NULL, 0, NULL, NULL, '', NULL, NULL, 0, 1, NULL, '', 0, NULL, 0, 0, 0, 0, 0, NULL, NULL, NULL, NULL, NULL, NULL, NULL, NULL, NULL, 0, NULL, 0.0000, NULL, 0.0000, NULL, 0, NULL, NULL, NULL, NULL, NULL, NULL, NULL, NULL, NULL, NULL, NULL, '', '', '2025-11-30 16:52:58', NULL, 1, 24, 0, '', NULL, '20251006123851'),
(688, 'ETS KONTA', '', 1, NULL, 0, NULL, 1, NULL, 'FRS0522', NULL, NULL, NULL, NULL, 'FRS0522', 'Koumassi Bia sud', NULL, NULL, NULL, 21, NULL, NULL, NULL, NULL, '0709748342', NULL, NULL, NULL, NULL, NULL, '[]', NULL, 0, NULL, NULL, '', '', '', '', '', '', '', NULL, 0, NULL, NULL, '', NULL, NULL, 0, 1, NULL, '', 0, NULL, 0, 0, 0, 0, 0, NULL, NULL, NULL, NULL, NULL, NULL, NULL, NULL, NULL, 0, NULL, 0.0000, NULL, 0.0000, NULL, 0, NULL, NULL, NULL, NULL, NULL, NULL, NULL, NULL, NULL, NULL, NULL, '', '', '2026-01-08 09:11:51', NULL, 1, 24, 0, '', NULL, '20251006123851'),
(689, 'MORIJA', '', 1, NULL, 0, NULL, 1, NULL, 'FRS0572', NULL, NULL, NULL, NULL, NULL, 'Marcory sainte Therese', NULL, NULL, NULL, 21, NULL, NULL, NULL, NULL, '07080440686', NULL, NULL, NULL, NULL, NULL, '[]', NULL, 0, NULL, NULL, '', '', '', '', '', '', '', NULL, 0, NULL, NULL, '', NULL, NULL, 0, 1, NULL, '', 0, NULL, 0, 0, 0, 0, 0, NULL, NULL, NULL, NULL, NULL, NULL, NULL, NULL, NULL, 0, NULL, 0.0000, NULL, 0.0000, NULL, 0, NULL, NULL, NULL, NULL, NULL, NULL, NULL, NULL, NULL, NULL, NULL, '', '', '2025-11-29 23:39:29', NULL, 1, 24, 0, '', NULL, '20251006123851'),
(690, 'SAM ET SONS SERVICES INTERNATIONNAL', '', 1, NULL, 0, NULL, 1, NULL, 'FRS0691', NULL, NULL, NULL, NULL, NULL, 'Bouake, Nimbo av Jacques Aka fce ancien poulet chaud', NULL, NULL, NULL, 21, NULL, NULL, NULL, NULL, '0749443838', NULL, NULL, NULL, NULL, NULL, '[]', NULL, 0, NULL, NULL, '', '', '', '', '', '', '', NULL, 0, NULL, NULL, '', NULL, NULL, 0, 1, NULL, '', 0, NULL, 0, 0, 0, 0, 0, NULL, NULL, NULL, NULL, NULL, NULL, NULL, NULL, NULL, 0, NULL, 0.0000, NULL, 0.0000, NULL, 0, NULL, NULL, NULL, NULL, NULL, NULL, NULL, NULL, NULL, NULL, NULL, '', '', '2025-11-30 17:30:04', NULL, 1, 24, 0, '', NULL, '20251006123851'),
(691, 'SEA FRIGO', '', 1, NULL, 0, NULL, 1, NULL, 'FRS0271', NULL, NULL, NULL, NULL, NULL, '', NULL, NULL, NULL, 21, NULL, NULL, NULL, NULL, NULL, NULL, NULL, NULL, NULL, NULL, '[]', NULL, 0, NULL, NULL, '', '', '', '', '', '', '', NULL, 0, NULL, NULL, '', NULL, NULL, 0, 1, NULL, '', 0, NULL, 0, 0, 0, 0, 0, NULL, NULL, NULL, NULL, NULL, NULL, NULL, NULL, NULL, 0, NULL, 0.0000, NULL, 0.0000, NULL, 0, NULL, NULL, NULL, NULL, NULL, NULL, NULL, NULL, NULL, NULL, NULL, '', '', '2025-11-30 17:35:11', NULL, 1, 24, 0, '', NULL, '20251006123851'),
(692, 'SGCI', 'SOCIETE GENERALE COTE D\'IVOIRE', 1, NULL, 0, NULL, 1, 'CLT0131', NULL, NULL, NULL, 'CLT0131', NULL, NULL, 'Plateau, 5 & 7 Avenue Joseph Anoma,', '01 BP 1355', 'ABIDJAN', NULL, 21, NULL, NULL, NULL, NULL, '2720201010', '0779179190', '2720201492', NULL, 'fournisseurssgci@socgen.com', 4, '[]', NULL, 2, NULL, NULL, '01 00 774 W', '', '', '', '', '', '', NULL, 0, NULL, NULL, '', NULL, NULL, 1, 0, NULL, '', 0, NULL, 0, 0, 0, 0, 0, 2, 3, NULL, NULL, NULL, NULL, NULL, NULL, 1, 0, NULL, 0.0000, NULL, 0.0000, NULL, 0, NULL, NULL, NULL, NULL, NULL, NULL, NULL, NULL, NULL, NULL, NULL, '', '', '2026-01-06 08:59:31', '2025-10-06 15:41:36', 8, 32, 0, '', '', NULL),
(693, 'UNICEF', 'Fonds des Nations Unies pour l\'enfance', 1, NULL, 0, NULL, 1, 'CLT0056', NULL, NULL, NULL, 'CLT0056', NULL, NULL, 'Rue Pierre Marie Curie, en face de Mercedes - Quartier Marcory', '04 BP 443', 'ABIDJAN', NULL, 21, NULL, NULL, NULL, NULL, '2721211850', '+2252721211850', NULL, NULL, NULL, 1, '[]', NULL, 0, NULL, NULL, '01 02 822 F', '', '', '', '', '', '', NULL, 0, NULL, NULL, '', NULL, NULL, 1, 0, NULL, '', 0, NULL, 0, 0, 0, 0, 0, 2, 3, NULL, NULL, NULL, NULL, NULL, NULL, 1, 0, NULL, 0.0000, NULL, 0.0000, NULL, 0, NULL, NULL, NULL, NULL, NULL, NULL, NULL, NULL, NULL, NULL, NULL, '', '', '2026-01-06 10:48:39', '2025-11-11 08:44:23', 1, 32, 0, '', '', NULL),
(694, 'UCP-FM', '', 1, NULL, 0, NULL, 1, 'CU2511-00056', NULL, NULL, NULL, 'CLT0136', NULL, NULL, '', NULL, NULL, NULL, 21, NULL, NULL, NULL, NULL, '2722422437', NULL, NULL, NULL, 'yapi.kouassi@ucp-fm.ci', 0, '[]', NULL, 0, NULL, NULL, '18 29 397 Y', '', '', '', '', '', '', NULL, 0, NULL, NULL, '', NULL, NULL, 1, 0, NULL, '', 0, NULL, 0, 0, 0, 0, 0, 7, 3, NULL, NULL, NULL, NULL, NULL, NULL, 1, 0, NULL, 0.0000, NULL, 0.0000, NULL, 0, NULL, NULL, NULL, NULL, NULL, NULL, NULL, NULL, NULL, NULL, NULL, '', '', '2025-12-26 16:49:41', '2025-11-11 13:29:36', 1, 32, 0, '', '', NULL),
(695, '1COR13 STUDIO', '', 1, NULL, 0, NULL, 1, NULL, 'FRS0287', NULL, NULL, NULL, NULL, 'FRS0287', 'Abidjan.cocody- angré Chateaux', NULL, NULL, NULL, 21, NULL, NULL, NULL, NULL, '2123802625', '0102880922', NULL, NULL, 'hello@cor13.studio', 0, '[]', NULL, 0, NULL, NULL, '1814979Y', '', '', '', '', '', '', NULL, 0, NULL, NULL, '', NULL, NULL, 0, 1, NULL, '', 0, NULL, 0, 0, 0, 0, 0, NULL, NULL, NULL, NULL, NULL, NULL, NULL, NULL, 1, 0, NULL, 0.0000, NULL, 0.0000, NULL, 0, NULL, NULL, NULL, NULL, NULL, NULL, NULL, NULL, NULL, NULL, NULL, '', '', '2026-01-07 19:01:04', '2025-12-01 16:28:49', 24, 24, 0, '', '', NULL),
(696, 'ALIOS FINANCE CI', '', 1, NULL, 0, NULL, 1, NULL, 'FRS0221', NULL, NULL, NULL, NULL, 'FRS0221', '', NULL, NULL, NULL, 21, NULL, NULL, NULL, NULL, NULL, NULL, NULL, NULL, 'eric.zobo@alios-finance.com', 0, '[]', NULL, 0, NULL, NULL, '0100377Y', '', '', '', '', '', '', NULL, 0, NULL, NULL, '', NULL, NULL, 0, 1, NULL, '', 0, NULL, 0, 0, 0, 0, 0, NULL, NULL, NULL, NULL, NULL, NULL, NULL, NULL, 1, 0, NULL, 0.0000, NULL, 0.0000, NULL, 0, NULL, NULL, NULL, NULL, NULL, NULL, NULL, NULL, NULL, NULL, NULL, '', '', '2026-01-07 19:22:12', '2025-12-01 16:54:27', 24, 24, 0, '', '', NULL),
(697, 'CIDMAC', '', 1, NULL, 0, NULL, 1, NULL, 'FRS0280', NULL, NULL, NULL, NULL, 'FRS0280', 'Marcory rue TSF', NULL, 'ABIDJAN', NULL, 21, NULL, NULL, NULL, NULL, NULL, NULL, '2721264622', NULL, NULL, 0, '[]', NULL, 0, NULL, NULL, '1101381X', '', '', '', '', '', '', NULL, 0, NULL, NULL, '', NULL, NULL, 0, 1, NULL, '', 0, NULL, 0, 0, 0, 0, 0, NULL, NULL, NULL, NULL, NULL, NULL, NULL, NULL, 1, 0, NULL, 0.0000, NULL, 0.0000, NULL, 0, NULL, NULL, NULL, NULL, NULL, NULL, NULL, NULL, NULL, NULL, NULL, '', '', '2026-01-07 19:51:55', '2025-12-08 14:42:51', 24, 24, 0, '', '', NULL),
(698, 'CLARA SHOP', '', 1, NULL, 0, NULL, 1, NULL, 'FRS0569', NULL, NULL, NULL, NULL, 'FRS0569', '', NULL, NULL, NULL, 21, NULL, NULL, NULL, NULL, '0708811983', NULL, NULL, NULL, 'quinca.bat.clarashop@gmail.com', 0, '[]', NULL, 0, NULL, NULL, '1435915C', '', '', '', '', '', '', NULL, 0, NULL, NULL, '', NULL, NULL, 0, 1, NULL, '', 0, NULL, 0, 0, 0, 0, 0, NULL, NULL, NULL, NULL, NULL, NULL, NULL, NULL, 1, 0, NULL, 0.0000, NULL, 0.0000, NULL, 0, NULL, NULL, NULL, NULL, NULL, NULL, NULL, NULL, NULL, NULL, NULL, '', '', '2026-01-07 19:53:35', '2025-12-08 14:57:33', 24, 24, 0, '', '', NULL),
(700, 'GLOBAL ELECTRICK', '', 1, NULL, 0, NULL, 1, NULL, 'FRS0277', NULL, NULL, NULL, NULL, 'FRS0277', '', NULL, NULL, NULL, 21, NULL, NULL, NULL, NULL, NULL, '0709586913', NULL, NULL, 'globalelectrick@gmail.com', 0, '[]', NULL, 0, NULL, NULL, '1847169D', '', '', '', '', '', '', NULL, 0, NULL, NULL, '', NULL, NULL, 0, 1, NULL, '', 0, NULL, 0, 0, 0, 0, 0, NULL, NULL, NULL, NULL, NULL, NULL, NULL, NULL, 1, 0, NULL, 0.0000, NULL, 0.0000, NULL, 0, NULL, NULL, NULL, NULL, NULL, NULL, NULL, NULL, NULL, NULL, NULL, '', '', '2026-01-08 11:25:39', '2025-12-08 15:21:41', 24, 24, 0, '', '', NULL),
(701, 'KOS-SECURITE', '', 1, NULL, 0, NULL, 1, NULL, 'FRS0462', NULL, NULL, NULL, NULL, NULL, '', NULL, NULL, NULL, 21, NULL, NULL, NULL, NULL, '2722427003', '0707986357', NULL, NULL, 'konidy2003@yayoo.fr', 0, '[]', NULL, 0, NULL, NULL, '1830937J', '', '', '', '', '', '', NULL, 0, NULL, NULL, '', NULL, NULL, 0, 1, NULL, '', 0, NULL, 0, 0, 0, 0, 0, NULL, NULL, NULL, NULL, NULL, NULL, NULL, NULL, 1, 0, NULL, 0.0000, NULL, 0.0000, NULL, 0, NULL, NULL, NULL, NULL, NULL, NULL, NULL, NULL, NULL, NULL, NULL, '', '', '2025-12-08 15:32:37', '2025-12-08 15:32:37', 24, 24, 0, '', '', NULL),
(702, 'KKL SERVICES', '', 1, NULL, 0, NULL, 1, NULL, 'FRS0543', NULL, NULL, NULL, NULL, NULL, '', NULL, NULL, NULL, 21, NULL, NULL, NULL, NULL, '2735902288', '0707618987', NULL, NULL, NULL, 0, '[]', NULL, 0, NULL, NULL, '1802713S', '', '', '', '', '', '', NULL, 0, NULL, NULL, '', NULL, NULL, 0, 1, NULL, '', 0, NULL, 0, 0, 0, 0, 0, NULL, NULL, NULL, NULL, NULL, NULL, NULL, NULL, 1, 0, NULL, 0.0000, NULL, 0.0000, NULL, 0, NULL, NULL, NULL, NULL, NULL, NULL, NULL, NULL, NULL, NULL, NULL, '', '', '2025-12-08 15:41:08', '2025-12-08 15:41:08', 24, 24, 0, '', '', NULL),
(703, 'MONDIAL CYCLES NOUVELLE', '', 1, NULL, 0, NULL, 1, NULL, 'FRS0692', NULL, NULL, NULL, NULL, NULL, '', NULL, NULL, NULL, 21, NULL, NULL, NULL, NULL, NULL, NULL, NULL, NULL, 'mcn@yeshigroup.com', 0, '[]', NULL, 0, NULL, NULL, '9403041C', '', '', '', '', '', '', NULL, 0, NULL, NULL, '', NULL, NULL, 0, 1, NULL, '', 0, NULL, 0, 0, 0, 0, 0, NULL, NULL, NULL, NULL, NULL, NULL, NULL, NULL, 1, 0, NULL, 0.0000, NULL, 0.0000, NULL, 0, NULL, NULL, NULL, NULL, NULL, NULL, NULL, NULL, NULL, NULL, NULL, '', '', '2025-12-08 15:53:38', '2025-12-08 15:53:38', 24, 24, 0, '', '', NULL),
(704, 'MOTORLAND S.A.V', '', 1, NULL, 0, NULL, 1, NULL, 'FRS0398', NULL, NULL, NULL, NULL, NULL, '', NULL, NULL, NULL, 21, NULL, NULL, NULL, NULL, '2721549194', NULL, NULL, NULL, 'facturation.sav@motorland.ci', 0, '[]', NULL, 0, NULL, NULL, '2179913S', '', '', '', '', '', '', NULL, 0, NULL, NULL, '', NULL, NULL, 0, 1, NULL, '', 0, NULL, 0, 0, 0, 0, 0, NULL, NULL, NULL, NULL, NULL, NULL, NULL, NULL, 1, 0, NULL, 0.0000, NULL, 0.0000, NULL, 0, NULL, NULL, NULL, NULL, NULL, NULL, NULL, NULL, NULL, NULL, NULL, '', '', '2025-12-08 16:41:03', '2025-12-08 16:41:03', 24, 24, 0, '', '', NULL),
(705, 'MTN CI', '', 1, NULL, 0, NULL, 1, NULL, 'FRS0008', NULL, NULL, NULL, NULL, NULL, '', NULL, NULL, NULL, 21, NULL, NULL, NULL, NULL, NULL, '0505069504', NULL, NULL, 'fadiga.lamine@mtn.com', 0, '[]', NULL, 0, NULL, NULL, 'CI000118638', '', '', '', '', '', '', NULL, 0, NULL, NULL, '', NULL, NULL, 0, 1, NULL, '', 0, NULL, 0, 0, 0, 0, 0, NULL, NULL, NULL, NULL, NULL, NULL, NULL, NULL, 1, 0, NULL, 0.0000, NULL, 0.0000, NULL, 0, NULL, NULL, NULL, NULL, NULL, NULL, NULL, NULL, NULL, NULL, NULL, '', '', '2025-12-08 16:57:37', '2025-12-08 16:57:37', 24, 24, 0, '', '', NULL),
(706, 'NBIG SECURITE', '', 1, NULL, 0, NULL, 1, NULL, 'FRS0189', NULL, NULL, NULL, NULL, NULL, 'Abidjan Koumassi Boulevard VGE', NULL, NULL, NULL, 21, NULL, NULL, NULL, NULL, '2721565858', '0140507035', NULL, NULL, 'nbigss@yahoo.fr', 0, '[]', NULL, 0, NULL, NULL, '0419738M', '', '', '', '', '', '', NULL, 0, NULL, NULL, '', NULL, NULL, 0, 1, NULL, '', 0, NULL, 0, 0, 0, 0, 0, NULL, NULL, NULL, NULL, NULL, NULL, NULL, NULL, 1, 0, NULL, 0.0000, NULL, 0.0000, NULL, 0, NULL, NULL, NULL, NULL, NULL, NULL, NULL, NULL, NULL, NULL, NULL, '', '', '2025-12-08 17:07:34', '2025-12-08 17:07:34', 24, 24, 0, '', '', NULL),
(707, 'NTSB', '', 1, NULL, 0, NULL, 1, NULL, 'FRS0521', NULL, NULL, NULL, NULL, NULL, '', NULL, NULL, NULL, 21, NULL, NULL, NULL, NULL, NULL, '0708038037', NULL, NULL, 'nt.sb@yahoo.com', 0, '[]', NULL, 0, NULL, NULL, '1105558C', '', '', '', '', '', '', NULL, 0, NULL, NULL, '', NULL, NULL, 0, 1, NULL, '', 0, NULL, 0, 0, 0, 0, 0, NULL, NULL, NULL, NULL, NULL, NULL, NULL, NULL, NULL, 0, NULL, 0.0000, NULL, 0.0000, NULL, 0, NULL, NULL, NULL, NULL, NULL, NULL, NULL, NULL, NULL, NULL, NULL, '', '', '2025-12-08 17:15:29', '2025-12-08 17:14:57', 24, 24, 0, '', '', NULL),
(708, 'ORANGE BOUAKE', '', 1, NULL, 0, NULL, 1, NULL, 'FRS0736', NULL, NULL, NULL, NULL, NULL, '', NULL, NULL, NULL, 21, NULL, NULL, NULL, NULL, NULL, NULL, NULL, NULL, NULL, 0, '[]', NULL, 0, NULL, NULL, '', '', '', '', '', '', '', NULL, 0, NULL, NULL, '', NULL, NULL, 0, 1, NULL, '', 0, NULL, 0, 0, 0, 0, 0, NULL, NULL, NULL, NULL, NULL, NULL, NULL, NULL, 1, 0, NULL, 0.0000, NULL, 0.0000, NULL, 0, NULL, NULL, NULL, NULL, NULL, NULL, NULL, NULL, NULL, NULL, NULL, '', '', '2025-12-08 18:10:21', '2025-12-08 18:10:21', 24, 24, 0, '', '', NULL),
(709, 'ORANGE CI FIXE SIEGE', '', 1, NULL, 0, NULL, 1, NULL, 'FRS0255', NULL, NULL, NULL, NULL, NULL, '', NULL, NULL, NULL, 21, NULL, NULL, NULL, NULL, NULL, NULL, NULL, NULL, NULL, 0, '[]', NULL, 0, NULL, NULL, '', '', '', '', '', '', '', NULL, 0, NULL, NULL, '', NULL, NULL, 0, 1, NULL, '', 0, NULL, 0, 0, 0, 0, 0, NULL, NULL, NULL, NULL, NULL, NULL, NULL, NULL, 1, 0, NULL, 0.0000, NULL, 0.0000, NULL, 0, NULL, NULL, NULL, NULL, NULL, NULL, NULL, NULL, NULL, NULL, NULL, '', '', '2025-12-09 15:17:24', '2025-12-09 15:17:24', 24, 24, 0, '', '', NULL);
INSERT INTO `llx_societe` (`rowid`, `nom`, `name_alias`, `entity`, `ref_ext`, `statut`, `parent`, `status`, `code_client`, `code_fournisseur`, `tp_payment_reference`, `accountancy_code_customer_general`, `code_compta`, `accountancy_code_supplier_general`, `code_compta_fournisseur`, `address`, `zip`, `town`, `fk_departement`, `fk_pays`, `geolat`, `geolong`, `geopoint`, `georesultcode`, `phone`, `phone_mobile`, `fax`, `url`, `email`, `fk_account`, `socialnetworks`, `fk_effectif`, `fk_typent`, `fk_forme_juridique`, `fk_currency`, `siren`, `siret`, `ape`, `idprof4`, `idprof5`, `idprof6`, `tva_intra`, `capital`, `fk_stcomm`, `note_private`, `note_public`, `model_pdf`, `last_main_doc`, `prefix_comm`, `client`, `fournisseur`, `supplier_account`, `fk_prospectlevel`, `fk_incoterms`, `location_incoterms`, `customer_bad`, `customer_rate`, `supplier_rate`, `remise_client`, `remise_supplier`, `mode_reglement`, `cond_reglement`, `deposit_percent`, `transport_mode`, `mode_reglement_supplier`, `cond_reglement_supplier`, `transport_mode_supplier`, `fk_shipping_method`, `tva_assuj`, `vat_reverse_charge`, `localtax1_assuj`, `localtax1_value`, `localtax2_assuj`, `localtax2_value`, `barcode`, `fk_barcode_type`, `price_level`, `outstanding_limit`, `order_min_amount`, `supplier_order_min_amount`, `default_lang`, `logo`, `logo_squarred`, `canvas`, `fk_warehouse`, `webservices_url`, `webservices_key`, `accountancy_code_sell`, `accountancy_code_buy`, `tms`, `datec`, `fk_user_creat`, `fk_user_modif`, `fk_multicurrency`, `multicurrency_code`, `ip`, `import_key`) VALUES
(710, 'PEOPLE FIRST', '', 1, NULL, 0, NULL, 1, NULL, 'FRS0721', NULL, NULL, NULL, NULL, NULL, 'Abidjan, Cocody cité des Arts', NULL, NULL, NULL, 21, NULL, NULL, NULL, NULL, NULL, '0798369736', NULL, NULL, 'info@peoplefirstci.com', 0, '[]', NULL, 0, NULL, NULL, '2243439Q', '', '', '', '', '', '', NULL, 0, NULL, NULL, '', NULL, NULL, 0, 1, NULL, '', 0, NULL, 0, 0, 0, 0, 0, NULL, NULL, NULL, NULL, NULL, NULL, NULL, NULL, NULL, 0, NULL, 0.0000, NULL, 0.0000, NULL, 0, NULL, NULL, NULL, NULL, NULL, NULL, NULL, NULL, NULL, NULL, NULL, '', '', '2025-12-09 15:29:38', '2025-12-09 15:29:08', 24, 24, 0, '', '', NULL),
(711, 'PRESTIGE AUTO', '', 1, NULL, 0, NULL, 1, NULL, 'FRS0328', NULL, NULL, NULL, NULL, NULL, '', NULL, NULL, NULL, 21, NULL, NULL, NULL, NULL, '2721756559', NULL, NULL, NULL, NULL, 0, '[]', NULL, 0, NULL, NULL, '0817307D', '', '', '', '', '', '', NULL, 0, NULL, NULL, '', NULL, NULL, 0, 1, NULL, '', 0, NULL, 0, 0, 0, 0, 0, NULL, NULL, NULL, NULL, NULL, NULL, NULL, NULL, NULL, 0, NULL, 0.0000, NULL, 0.0000, NULL, 0, NULL, NULL, NULL, NULL, NULL, NULL, NULL, NULL, NULL, NULL, NULL, '', '', '2025-12-09 15:56:19', '2025-12-09 15:52:18', 24, 24, 0, '', '', NULL),
(712, 'PROPRIETAIRE BOUAKE (FOFANA AHMED)', '', 1, NULL, 0, NULL, 1, NULL, 'FRS0379', NULL, NULL, NULL, NULL, NULL, '', NULL, NULL, NULL, 21, NULL, NULL, NULL, NULL, NULL, NULL, NULL, NULL, NULL, 0, '[]', NULL, 0, NULL, NULL, '', '', '', '', '', '', '', NULL, 0, NULL, NULL, '', NULL, NULL, 0, 1, NULL, '', 0, NULL, 0, 0, 0, 0, 0, NULL, NULL, NULL, NULL, NULL, NULL, NULL, NULL, 1, 0, NULL, 0.0000, NULL, 0.0000, NULL, 0, NULL, NULL, NULL, NULL, NULL, NULL, NULL, NULL, NULL, NULL, NULL, '', '', '2025-12-09 16:41:52', '2025-12-09 16:41:52', 24, 24, 0, '', '', NULL),
(713, 'PROPRIETAIRE ZONE 4', '', 1, NULL, 0, NULL, 1, NULL, 'FRS0253', NULL, NULL, NULL, NULL, NULL, '', NULL, NULL, NULL, 21, NULL, NULL, NULL, NULL, NULL, NULL, NULL, NULL, NULL, 0, '[]', NULL, 0, NULL, NULL, '', '', '', '', '', '', '', NULL, 0, NULL, NULL, '', NULL, NULL, 0, 1, NULL, '', 0, NULL, 0, 0, 0, 0, 0, NULL, NULL, NULL, NULL, NULL, NULL, NULL, NULL, 1, 0, NULL, 0.0000, NULL, 0.0000, NULL, 0, NULL, NULL, NULL, NULL, NULL, NULL, NULL, NULL, NULL, NULL, NULL, '', '', '2025-12-09 16:47:24', '2025-12-09 16:47:24', 24, 24, 0, '', '', NULL),
(714, 'PROSUMA/TRADE CENTER PRIMA', '', 1, NULL, 0, NULL, 1, NULL, 'FRS0024', NULL, NULL, NULL, NULL, NULL, '', NULL, NULL, NULL, 21, NULL, NULL, NULL, NULL, NULL, '09148678', NULL, NULL, NULL, 0, '[]', NULL, 0, NULL, NULL, '5011806N', '', '', '', '', '', '', NULL, 0, NULL, NULL, '', NULL, NULL, 0, 1, NULL, '', 0, NULL, 0, 0, 0, 0, 0, NULL, NULL, NULL, NULL, NULL, NULL, NULL, NULL, NULL, 0, NULL, 0.0000, NULL, 0.0000, NULL, 0, NULL, NULL, NULL, NULL, NULL, NULL, NULL, NULL, NULL, NULL, NULL, '', '', '2025-12-09 16:54:16', '2025-12-09 16:52:43', 24, 24, 0, '', '', NULL),
(716, 'AMSA - GESTION ASCOMA', '', 1, NULL, 0, NULL, 1, NULL, 'FRS0382', NULL, NULL, NULL, NULL, 'FRS0382', '', NULL, NULL, NULL, 21, NULL, NULL, NULL, NULL, NULL, NULL, NULL, NULL, NULL, 0, '[]', NULL, 0, NULL, NULL, '', '', '', '', '', '', '', NULL, 0, NULL, NULL, '', NULL, NULL, 0, 1, NULL, '', 0, NULL, 0, 0, 0, 0, 0, NULL, NULL, NULL, NULL, NULL, NULL, NULL, NULL, NULL, 0, NULL, 0.0000, NULL, 0.0000, NULL, 0, NULL, NULL, NULL, NULL, NULL, NULL, NULL, NULL, NULL, NULL, NULL, '', '', '2026-01-07 19:23:22', '2025-12-10 17:51:05', 24, 24, 0, '', '', NULL),
(717, 'ASCOMA COTE D\'IVOIRE', '', 1, NULL, 0, NULL, 1, NULL, 'FRS0329', NULL, NULL, NULL, NULL, 'FRS0329', '', NULL, NULL, NULL, 21, NULL, NULL, NULL, NULL, NULL, NULL, NULL, NULL, 'amsa-ci@amsaassurancesci.com', 0, '[]', NULL, 0, NULL, NULL, '7300091H', '', '', '', '', '', '', NULL, 0, NULL, NULL, '', NULL, NULL, 0, 1, NULL, '', 0, NULL, 0, 0, 0, 0, 0, NULL, NULL, NULL, NULL, NULL, NULL, NULL, NULL, NULL, 0, NULL, 0.0000, NULL, 0.0000, NULL, 0, NULL, NULL, NULL, NULL, NULL, NULL, NULL, NULL, NULL, NULL, NULL, '', '', '2026-01-07 19:26:14', '2025-12-10 17:57:00', 24, 24, 0, '', '', NULL),
(718, 'BBS Sarl (BATIMENT ET BUREAUTIQUE SOLUTIONS)', '', 1, NULL, 0, NULL, 1, NULL, 'FRS0636', NULL, NULL, NULL, NULL, 'FRS0636', '', NULL, NULL, NULL, 21, NULL, NULL, NULL, NULL, NULL, NULL, NULL, NULL, NULL, 0, '[]', NULL, 0, NULL, NULL, '', '', '', '', '', '', '', NULL, 0, NULL, NULL, '', NULL, NULL, 0, 1, NULL, '', 0, NULL, 0, 0, 0, 0, 0, NULL, NULL, NULL, NULL, NULL, NULL, NULL, NULL, NULL, 0, NULL, 0.0000, NULL, 0.0000, NULL, 0, NULL, NULL, NULL, NULL, NULL, NULL, NULL, NULL, NULL, NULL, NULL, '', '', '2026-01-07 19:27:01', '2025-12-10 17:59:32', 24, 24, 0, '', '', NULL),
(719, 'BRAV\'COM', '', 1, NULL, 0, NULL, 1, NULL, 'FRS0626', NULL, NULL, NULL, NULL, 'FRS0626', '', NULL, NULL, NULL, 21, NULL, NULL, NULL, NULL, NULL, NULL, NULL, NULL, 'bravcomcreativity@yahoo.com', 0, '[]', NULL, 0, NULL, NULL, '1704583W', '', '', '', '', '', '', NULL, 0, NULL, NULL, '', NULL, NULL, 0, 1, NULL, '', 0, NULL, 0, 0, 0, 0, 0, NULL, NULL, NULL, NULL, NULL, NULL, NULL, NULL, NULL, 0, NULL, 0.0000, NULL, 0.0000, NULL, 0, NULL, NULL, NULL, NULL, NULL, NULL, NULL, NULL, NULL, NULL, NULL, '', '', '2026-01-07 19:32:20', '2025-12-10 18:09:00', 24, 24, 0, '', '', NULL),
(720, 'CAFSIS SECURITY', '', 1, NULL, 0, NULL, 1, NULL, 'FRS0400', NULL, NULL, NULL, NULL, 'FRS0400', '', NULL, NULL, NULL, 21, NULL, NULL, NULL, NULL, NULL, NULL, NULL, NULL, NULL, 0, '[]', NULL, 0, NULL, NULL, '', '', '', '', '', '', '', NULL, 0, NULL, NULL, '', NULL, NULL, 0, 1, NULL, '', 0, NULL, 0, 0, 0, 0, 0, NULL, NULL, NULL, NULL, NULL, NULL, NULL, NULL, NULL, 0, NULL, 0.0000, NULL, 0.0000, NULL, 0, NULL, NULL, NULL, NULL, NULL, NULL, NULL, NULL, NULL, NULL, NULL, '', '', '2026-01-07 19:34:55', '2025-12-10 18:12:31', 24, 24, 0, '', '', NULL),
(721, 'CAVAS', '', 1, NULL, 0, NULL, 1, NULL, 'FRS0433', NULL, NULL, NULL, NULL, 'FRS0433', '', NULL, NULL, NULL, 21, NULL, NULL, NULL, NULL, NULL, NULL, NULL, NULL, NULL, 0, '[]', NULL, 0, NULL, NULL, '', '', '', '', '', '', '', NULL, 0, NULL, NULL, '', NULL, NULL, 0, 1, NULL, '', 0, NULL, 0, 0, 0, 0, 0, NULL, NULL, NULL, NULL, NULL, NULL, NULL, NULL, NULL, 0, NULL, 0.0000, NULL, 0.0000, NULL, 0, NULL, NULL, NULL, NULL, NULL, NULL, NULL, NULL, NULL, NULL, NULL, '', '', '2026-01-07 19:36:02', '2025-12-10 18:17:33', 24, 24, 0, '', '', NULL),
(722, 'CF INTER PIE AUTO', '', 1, NULL, 0, NULL, 1, NULL, 'FRS0585', NULL, NULL, NULL, NULL, 'FRS0585', '', NULL, NULL, NULL, 21, NULL, NULL, NULL, NULL, NULL, NULL, NULL, NULL, NULL, 0, '[]', NULL, 0, NULL, NULL, '', '', '', '', '', '', '', NULL, 0, NULL, NULL, '', NULL, NULL, 0, 1, NULL, '', 0, NULL, 0, 0, 0, 0, 0, NULL, NULL, NULL, NULL, NULL, NULL, NULL, NULL, NULL, 0, NULL, 0.0000, NULL, 0.0000, NULL, 0, NULL, NULL, NULL, NULL, NULL, NULL, NULL, NULL, NULL, NULL, NULL, '', '', '2026-01-07 19:50:16', '2025-12-10 18:22:47', 24, 24, 0, '', '', NULL),
(723, 'CHINA MALL COTE D\'IVOIRE', '', 1, NULL, 0, NULL, 1, NULL, 'FRS0366', NULL, NULL, NULL, NULL, 'FRS0366', '', NULL, NULL, NULL, 21, NULL, NULL, NULL, NULL, NULL, '0757526916', NULL, NULL, 'chinamallce@gmail.com', 0, '[]', NULL, 0, NULL, NULL, '1992390Z', '', '', '', '', '', '', NULL, 0, NULL, NULL, '', NULL, NULL, 0, 1, NULL, '', 0, NULL, 0, 0, 0, 0, 0, NULL, NULL, NULL, NULL, NULL, NULL, NULL, NULL, NULL, 0, NULL, 0.0000, NULL, 0.0000, NULL, 0, NULL, NULL, NULL, NULL, NULL, NULL, NULL, NULL, NULL, NULL, NULL, '', '', '2026-01-07 19:51:26', '2025-12-10 18:28:43', 24, 24, 0, '', '', NULL),
(724, 'CIE (ELECTRICITE)', '', 1, NULL, 0, NULL, 1, NULL, 'FRS0019', NULL, NULL, NULL, NULL, 'FRS0019', '', NULL, NULL, NULL, 21, NULL, NULL, NULL, NULL, NULL, NULL, NULL, NULL, NULL, 0, '[]', NULL, 0, NULL, NULL, '', '', '', '', '', '', '', NULL, 0, NULL, NULL, '', NULL, NULL, 0, 1, NULL, '', 0, NULL, 0, 0, 0, 0, 0, NULL, NULL, NULL, NULL, NULL, NULL, NULL, NULL, NULL, 0, NULL, 0.0000, NULL, 0.0000, NULL, 0, NULL, NULL, NULL, NULL, NULL, NULL, NULL, NULL, NULL, NULL, NULL, '', '', '2026-01-07 19:52:31', '2025-12-10 18:31:56', 24, 24, 0, '', '', NULL),
(725, 'CIE (PRESTATIONS)', '', 1, NULL, 0, NULL, 1, NULL, 'FRS0219', NULL, NULL, NULL, NULL, 'FRS0219', '', NULL, NULL, NULL, 21, NULL, NULL, NULL, NULL, NULL, NULL, NULL, NULL, NULL, 0, '[]', NULL, 0, NULL, NULL, '', '', '', '', '', '', '', NULL, 0, NULL, NULL, '', NULL, NULL, 0, 1, NULL, '', 0, NULL, 0, 0, 0, 0, 0, NULL, NULL, NULL, NULL, NULL, NULL, NULL, NULL, NULL, 0, NULL, 0.0000, NULL, 0.0000, NULL, 0, NULL, NULL, NULL, NULL, NULL, NULL, NULL, NULL, NULL, NULL, NULL, '', '', '2026-01-07 19:52:56', '2025-12-10 18:33:59', 24, 24, 0, '', '', NULL),
(726, 'CONSULTANT ALLOUAN', '', 1, NULL, 0, NULL, 1, NULL, 'FRS0772', NULL, NULL, NULL, NULL, 'FRS0772', '', NULL, NULL, NULL, 21, NULL, NULL, NULL, NULL, NULL, NULL, NULL, NULL, NULL, 0, '[]', NULL, 0, NULL, NULL, '', '', '', '', '', '', '', NULL, 0, NULL, NULL, '', NULL, NULL, 0, 1, NULL, '', 0, NULL, 0, 0, 0, 0, 0, NULL, NULL, NULL, NULL, NULL, NULL, NULL, NULL, NULL, 0, NULL, 0.0000, NULL, 0.0000, NULL, 0, NULL, NULL, NULL, NULL, NULL, NULL, NULL, NULL, NULL, NULL, NULL, '', '', '2026-01-08 08:42:10', '2025-12-10 18:36:53', 24, 24, 0, '', '', NULL),
(727, 'COTREX - CI', '', 1, NULL, 0, NULL, 1, NULL, 'FRS0412', NULL, NULL, NULL, NULL, 'FRS0412', '', NULL, NULL, NULL, 21, NULL, NULL, NULL, NULL, NULL, NULL, NULL, NULL, NULL, 0, '[]', NULL, 0, NULL, NULL, '', '', '', '', '', '', '', NULL, 0, NULL, NULL, '', NULL, NULL, 0, 1, NULL, '', 0, NULL, 0, 0, 0, 0, 0, NULL, NULL, NULL, NULL, NULL, NULL, NULL, NULL, NULL, 0, NULL, 0.0000, NULL, 0.0000, NULL, 0, NULL, NULL, NULL, NULL, NULL, NULL, NULL, NULL, NULL, NULL, NULL, '', '', '2026-01-08 08:48:51', '2025-12-10 18:39:14', 24, 24, 0, '', '', NULL),
(728, 'COULIBALY NANGA', '', 1, NULL, 0, NULL, 1, NULL, 'FRS0546', NULL, NULL, NULL, NULL, 'FRS0546', '', NULL, NULL, NULL, 21, NULL, NULL, NULL, NULL, NULL, NULL, NULL, NULL, NULL, 0, '[]', NULL, 0, NULL, NULL, '', '', '', '', '', '', '', NULL, 0, NULL, NULL, '', NULL, NULL, 0, 1, NULL, '', 0, NULL, 0, 0, 0, 0, 0, NULL, NULL, NULL, NULL, NULL, NULL, NULL, NULL, NULL, 0, NULL, 0.0000, NULL, 0.0000, NULL, 0, NULL, NULL, NULL, NULL, NULL, NULL, NULL, NULL, NULL, NULL, NULL, '', '', '2026-01-08 08:49:27', '2025-12-10 18:40:16', 24, 24, 0, '', '', NULL),
(729, 'COULIBALY SOULEYMANE', '', 1, NULL, 0, NULL, 1, NULL, 'FRS0705', NULL, NULL, NULL, NULL, 'FRS0705', '', NULL, NULL, NULL, 21, NULL, NULL, NULL, NULL, NULL, NULL, NULL, NULL, NULL, 0, '[]', NULL, 0, NULL, NULL, '', '', '', '', '', '', '', NULL, 0, NULL, NULL, '', NULL, NULL, 0, 1, NULL, '', 0, NULL, 0, 0, 0, 0, 0, NULL, NULL, NULL, NULL, NULL, NULL, NULL, NULL, NULL, 0, NULL, 0.0000, NULL, 0.0000, NULL, 0, NULL, NULL, NULL, NULL, NULL, NULL, NULL, NULL, NULL, NULL, NULL, '', '', '2026-01-08 08:49:53', '2025-12-10 18:41:53', 24, 24, 0, '', '', NULL),
(730, 'CRASSULA-CI', '', 1, NULL, 0, NULL, 1, NULL, 'FRS0432', NULL, NULL, NULL, NULL, 'FRS0432', '', NULL, NULL, NULL, 21, NULL, NULL, NULL, NULL, NULL, NULL, NULL, NULL, NULL, 0, '[]', NULL, 0, NULL, NULL, '', '', '', '', '', '', '', NULL, 0, NULL, NULL, '', NULL, NULL, 0, 1, NULL, '', 0, NULL, 0, 0, 0, 0, 0, NULL, NULL, NULL, NULL, NULL, NULL, NULL, NULL, NULL, 0, NULL, 0.0000, NULL, 0.0000, NULL, 0, NULL, NULL, NULL, NULL, NULL, NULL, NULL, NULL, NULL, NULL, NULL, '', '', '2026-01-08 08:50:20', '2025-12-10 18:43:48', 24, 24, 0, '', '', NULL),
(731, 'DBS SARL UP', '', 1, NULL, 0, NULL, 1, NULL, 'FRS0779', NULL, NULL, NULL, NULL, 'FRS0779', '', NULL, NULL, NULL, 21, NULL, NULL, NULL, NULL, NULL, NULL, NULL, NULL, NULL, 0, '[]', NULL, 0, NULL, NULL, '', '', '', '', '', '', '', NULL, 0, NULL, NULL, '', NULL, NULL, 0, 1, NULL, '', 0, NULL, 0, 0, 0, 0, 0, NULL, NULL, NULL, NULL, NULL, NULL, NULL, NULL, NULL, 0, NULL, 0.0000, NULL, 0.0000, NULL, 0, NULL, NULL, NULL, NULL, NULL, NULL, NULL, NULL, NULL, NULL, NULL, '', '', '2026-01-08 08:51:20', '2025-12-10 18:44:50', 24, 24, 0, '', '', NULL),
(732, 'DOUBASS PRESTATIONS', '', 1, NULL, 0, NULL, 1, NULL, 'FRS0748', NULL, NULL, NULL, NULL, 'FRS0748', '', NULL, NULL, NULL, 21, NULL, NULL, NULL, NULL, NULL, NULL, NULL, NULL, NULL, 0, '[]', NULL, 0, NULL, NULL, '', '', '', '', '', '', '', NULL, 0, NULL, NULL, '', NULL, NULL, 0, 1, NULL, '', 0, NULL, 0, 0, 0, 0, 0, NULL, NULL, NULL, NULL, NULL, NULL, NULL, NULL, NULL, 0, NULL, 0.0000, NULL, 0.0000, NULL, 0, NULL, NULL, NULL, NULL, NULL, NULL, NULL, NULL, NULL, NULL, NULL, '', '', '2026-01-08 09:02:03', '2025-12-10 18:48:10', 24, 24, 0, '', '', NULL),
(733, 'DMI SARL', '', 1, NULL, 0, NULL, 1, NULL, 'FRS0302', NULL, NULL, NULL, NULL, 'FRS0302', '', NULL, NULL, NULL, 21, NULL, NULL, NULL, NULL, NULL, NULL, NULL, NULL, 'dmisarl.ci@gmail.com', 0, '[]', NULL, 0, NULL, NULL, '1431087E', '', '', '', '', '', '', NULL, 0, NULL, NULL, '', NULL, NULL, 0, 1, NULL, '', 0, NULL, 0, 0, 0, 0, 0, NULL, NULL, NULL, NULL, NULL, NULL, NULL, NULL, NULL, 0, NULL, 0.0000, NULL, 0.0000, NULL, 0, NULL, NULL, NULL, NULL, NULL, NULL, NULL, NULL, NULL, NULL, NULL, '', '', '2026-01-08 08:57:12', '2025-12-10 18:52:01', 24, 24, 0, '', '', NULL),
(734, 'EL HADJ ABOUBACAR', '', 1, NULL, 0, NULL, 1, NULL, 'FRS0646', NULL, NULL, NULL, NULL, 'FRS0646', '', NULL, NULL, NULL, 21, NULL, NULL, NULL, NULL, NULL, NULL, NULL, NULL, NULL, 0, '[]', NULL, 0, NULL, NULL, '0510470L', '', '', '', '', '', '', NULL, 0, NULL, NULL, '', NULL, NULL, 0, 1, NULL, '', 0, NULL, 0, 0, 0, 0, 0, NULL, NULL, NULL, NULL, NULL, NULL, NULL, NULL, NULL, 0, NULL, 0.0000, NULL, 0.0000, NULL, 0, NULL, NULL, NULL, NULL, NULL, NULL, NULL, NULL, NULL, NULL, NULL, '', '', '2026-01-08 09:05:47', '2025-12-10 18:55:18', 24, 24, 0, '', '', NULL),
(735, 'ELITE BETON', '', 1, NULL, 0, NULL, 1, NULL, 'FRS0418', NULL, NULL, NULL, NULL, 'FRS0418', '', NULL, NULL, NULL, 21, NULL, NULL, NULL, NULL, NULL, NULL, NULL, NULL, NULL, 0, '[]', NULL, 0, NULL, NULL, '', '', '', '', '', '', '', NULL, 0, NULL, NULL, '', NULL, NULL, 0, 1, NULL, '', 0, NULL, 0, 0, 0, 0, 0, NULL, NULL, NULL, NULL, NULL, NULL, NULL, NULL, NULL, 0, NULL, 0.0000, NULL, 0.0000, NULL, 0, NULL, NULL, NULL, NULL, NULL, NULL, NULL, NULL, NULL, NULL, NULL, '', '', '2026-01-08 09:06:52', '2025-12-10 18:56:40', 24, 24, 0, '', '', NULL),
(737, 'ENTREPRISE KONAN & FRERES', '', 1, NULL, 0, NULL, 1, NULL, 'FRS0699', NULL, NULL, NULL, NULL, 'FRS0699', '', NULL, NULL, NULL, 21, NULL, NULL, NULL, NULL, NULL, NULL, NULL, NULL, NULL, 0, '[]', NULL, 0, NULL, NULL, '', '', '', '', '', '', '', NULL, 0, NULL, NULL, '', NULL, NULL, 0, 1, NULL, '', 0, NULL, 0, 0, 0, 0, 0, NULL, NULL, NULL, NULL, NULL, NULL, NULL, NULL, NULL, 0, NULL, 0.0000, NULL, 0.0000, NULL, 0, NULL, NULL, NULL, NULL, NULL, NULL, NULL, NULL, NULL, NULL, NULL, '', '', '2026-01-08 09:07:48', '2025-12-10 18:58:38', 24, 24, 0, '', '', NULL),
(739, 'ETS KJL', '', 1, NULL, 0, NULL, 1, NULL, 'FRS0902', NULL, NULL, NULL, NULL, 'FRS0902', '', NULL, NULL, NULL, 21, NULL, NULL, NULL, NULL, NULL, '0501122722', NULL, NULL, NULL, 0, '[]', NULL, 0, NULL, NULL, '', '', '', '', '', '', '', NULL, 0, NULL, NULL, '', NULL, NULL, 0, 1, NULL, '', 0, NULL, 0, 0, 0, 0, 0, NULL, NULL, NULL, NULL, NULL, NULL, NULL, NULL, NULL, 0, NULL, 0.0000, NULL, 0.0000, NULL, 0, NULL, NULL, NULL, NULL, NULL, NULL, NULL, NULL, NULL, NULL, NULL, '', '', '2026-01-08 09:11:26', '2025-12-11 08:40:19', 24, 24, 0, '', '', NULL),
(740, 'ETS LAURENT', '', 1, NULL, 0, NULL, 1, NULL, 'FRS0278', NULL, NULL, NULL, NULL, 'FRS0278', '', NULL, NULL, NULL, 21, NULL, NULL, NULL, NULL, NULL, '05653143', NULL, NULL, NULL, 0, '[]', NULL, 0, NULL, NULL, '1444267B', '', '', '', '', '', '', NULL, 0, NULL, NULL, '', NULL, NULL, 0, 1, NULL, '', 0, NULL, 0, 0, 0, 0, 0, NULL, NULL, NULL, NULL, NULL, NULL, NULL, NULL, NULL, 0, NULL, 0.0000, NULL, 0.0000, NULL, 0, NULL, NULL, NULL, NULL, NULL, NULL, NULL, NULL, NULL, NULL, NULL, '', '', '2026-01-08 10:41:51', '2025-12-11 08:47:00', 24, 24, 0, '', '', NULL),
(741, 'ETS OUMAR KOBENA OMNITRONIK', '', 1, NULL, 0, NULL, 1, NULL, 'FRS0080', NULL, NULL, NULL, NULL, 'FRS0080', '', NULL, NULL, NULL, 21, NULL, NULL, NULL, NULL, NULL, '0103494501', NULL, NULL, NULL, 0, '[]', NULL, 0, NULL, NULL, '1343623A', '', '', '', '', '', '', NULL, 0, NULL, NULL, '', NULL, NULL, 0, 1, NULL, '', 0, NULL, 0, 0, 0, 0, 0, NULL, NULL, NULL, NULL, NULL, NULL, NULL, NULL, NULL, 0, NULL, 0.0000, NULL, 0.0000, NULL, 0, NULL, NULL, NULL, NULL, NULL, NULL, NULL, NULL, NULL, NULL, NULL, '', '', '2026-01-08 10:43:08', '2025-12-11 08:59:17', 24, 24, 0, '', '', NULL),
(742, 'FROID SERVICE KONATE', '', 1, NULL, 0, NULL, 1, NULL, 'FRS0466', NULL, NULL, NULL, NULL, 'FRS0466', '', NULL, NULL, NULL, 21, NULL, NULL, NULL, NULL, NULL, NULL, NULL, NULL, NULL, 0, '[]', NULL, 0, NULL, NULL, '', '', '', '', '', '', '', NULL, 0, NULL, NULL, '', NULL, NULL, 0, 1, NULL, '', 0, NULL, 0, 0, 0, 0, 0, NULL, NULL, NULL, NULL, NULL, NULL, NULL, NULL, NULL, 0, NULL, 0.0000, NULL, 0.0000, NULL, 0, NULL, NULL, NULL, NULL, NULL, NULL, NULL, NULL, NULL, NULL, NULL, '', '', '2026-01-08 10:48:00', '2025-12-11 09:05:33', 24, 24, 0, '', '', NULL),
(743, 'GANA ABOUBACAR', '', 1, NULL, 0, NULL, 1, NULL, 'FRS0606', NULL, NULL, NULL, NULL, 'FRS0606', '', NULL, NULL, NULL, 21, NULL, NULL, NULL, NULL, '2721262404', '0505680230', NULL, NULL, NULL, 0, '[]', NULL, 0, NULL, NULL, '1700637K', '', '', '', '', '', '', NULL, 0, NULL, NULL, '', NULL, NULL, 0, 1, NULL, '', 0, NULL, 0, 0, 0, 0, 0, NULL, NULL, NULL, NULL, NULL, NULL, NULL, NULL, NULL, 0, NULL, 0.0000, NULL, 0.0000, NULL, 0, NULL, NULL, NULL, NULL, NULL, NULL, NULL, NULL, NULL, NULL, NULL, '', '', '2026-01-08 10:52:26', '2025-12-11 09:13:58', 24, 24, 0, '', '', NULL),
(744, 'GEDISPRES', '', 1, NULL, 0, NULL, 1, NULL, 'FRS0442', NULL, NULL, NULL, NULL, 'FRS0442', '', NULL, NULL, NULL, 21, NULL, NULL, NULL, NULL, NULL, '0505927986', NULL, NULL, NULL, 0, '[]', NULL, 0, NULL, NULL, '', '', '', '', '', '', '', NULL, 0, NULL, NULL, '', NULL, NULL, 0, 1, NULL, '', 0, NULL, 0, 0, 0, 0, 0, NULL, NULL, NULL, NULL, NULL, NULL, NULL, NULL, NULL, 0, NULL, 0.0000, NULL, 0.0000, NULL, 0, NULL, NULL, NULL, NULL, NULL, NULL, NULL, NULL, NULL, NULL, NULL, '', '', '2026-01-08 10:55:37', '2025-12-11 09:23:26', 24, 24, 0, '', '', NULL),
(746, 'GHANDOUR HASSAN', '', 1, NULL, 0, NULL, 1, NULL, 'FRS0461', NULL, NULL, NULL, NULL, 'FRS0588', '', NULL, NULL, NULL, 21, NULL, NULL, NULL, NULL, NULL, NULL, NULL, NULL, NULL, 0, '[]', NULL, 0, NULL, NULL, '', '', '', '', '', '', '', NULL, 0, NULL, NULL, '', NULL, NULL, 0, 1, NULL, '', 0, NULL, 0, 0, 0, 0, 0, NULL, NULL, NULL, NULL, NULL, NULL, NULL, NULL, NULL, 0, NULL, 0.0000, NULL, 0.0000, NULL, 0, NULL, NULL, NULL, NULL, NULL, NULL, NULL, NULL, NULL, NULL, NULL, '', '', '2026-01-08 11:20:55', '2025-12-11 10:00:48', 24, 24, 0, '', '', NULL),
(747, 'GLOBAL MANUTENTION CI', '', 1, NULL, 0, NULL, 1, NULL, 'FRS0417', NULL, NULL, NULL, NULL, 'FRS0726', '', NULL, NULL, NULL, 21, NULL, NULL, NULL, NULL, NULL, NULL, NULL, NULL, NULL, 0, '[]', NULL, 0, NULL, NULL, '', '', '', '', '', '', '', NULL, 0, NULL, NULL, '', NULL, NULL, 0, 1, NULL, '', 0, NULL, 0, 0, 0, 0, 0, NULL, NULL, NULL, NULL, NULL, NULL, NULL, NULL, NULL, 0, NULL, 0.0000, NULL, 0.0000, NULL, 0, NULL, NULL, NULL, NULL, NULL, NULL, NULL, NULL, NULL, NULL, NULL, '', '', '2026-01-08 11:23:32', '2025-12-11 10:04:35', 24, 24, 0, '', '', NULL),
(748, 'GNA -CI', '', 1, NULL, 0, NULL, 1, NULL, 'FRS0405', NULL, NULL, NULL, NULL, 'FRS0405', '', NULL, NULL, NULL, 21, NULL, NULL, NULL, NULL, '2720259800', NULL, NULL, NULL, NULL, 0, '[]', NULL, 0, NULL, NULL, '0719324J', '', '', '', '', '', '', NULL, 0, NULL, NULL, '', NULL, NULL, 0, 1, NULL, '', 0, NULL, 0, 0, 0, 0, 0, NULL, NULL, NULL, NULL, NULL, NULL, NULL, NULL, NULL, 0, NULL, 0.0000, NULL, 0.0000, NULL, 0, NULL, NULL, NULL, NULL, NULL, NULL, NULL, NULL, NULL, NULL, NULL, '', '', '2026-01-08 11:24:39', '2025-12-11 10:18:13', 24, 24, 0, '', '', NULL),
(749, 'GRAVOTECH', '', 1, NULL, 0, NULL, 1, NULL, 'FRS0406', NULL, NULL, NULL, NULL, NULL, '', NULL, NULL, NULL, 21, NULL, NULL, NULL, NULL, NULL, NULL, NULL, NULL, NULL, 0, '[]', NULL, 0, NULL, NULL, '', '', '', '', '', '', '', NULL, 0, NULL, NULL, '', NULL, NULL, 0, 1, NULL, '', 0, NULL, 0, 0, 0, 0, 0, NULL, NULL, NULL, NULL, NULL, NULL, NULL, NULL, 1, 0, NULL, 0.0000, NULL, 0.0000, NULL, 0, NULL, NULL, NULL, NULL, NULL, NULL, NULL, NULL, NULL, NULL, NULL, '', '', '2025-12-11 10:25:40', '2025-12-11 10:25:40', 24, 24, 0, '', '', NULL),
(750, 'HIPERDIST AFRICA', '', 1, NULL, 0, NULL, 1, NULL, 'FRS0296', NULL, NULL, NULL, NULL, NULL, '', NULL, NULL, NULL, 21, NULL, NULL, NULL, NULL, NULL, NULL, NULL, NULL, NULL, 0, '[]', NULL, 0, NULL, NULL, '', '', '', '', '', '', '', NULL, 0, NULL, NULL, '', NULL, NULL, 0, 1, NULL, '', 0, NULL, 0, 0, 0, 0, 0, NULL, NULL, NULL, NULL, NULL, NULL, NULL, NULL, NULL, 0, NULL, 0.0000, NULL, 0.0000, NULL, 0, NULL, NULL, NULL, NULL, NULL, NULL, NULL, NULL, NULL, NULL, NULL, '', '', '2025-12-11 10:33:50', '2025-12-11 10:33:50', 24, 24, 0, '', '', NULL),
(751, 'IFEL/ STAFFEUR BADO', '', 1, NULL, 0, NULL, 1, NULL, 'FRS0201', NULL, NULL, NULL, NULL, NULL, '', NULL, NULL, NULL, 21, NULL, NULL, NULL, NULL, NULL, NULL, NULL, NULL, NULL, 0, '[]', NULL, 0, NULL, NULL, '', '', '', '', '', '', '', NULL, 0, NULL, NULL, '', NULL, NULL, 0, 1, NULL, '', 0, NULL, 0, 0, 0, 0, 0, NULL, NULL, NULL, NULL, NULL, NULL, NULL, NULL, NULL, 0, NULL, 0.0000, NULL, 0.0000, NULL, 0, NULL, NULL, NULL, NULL, NULL, NULL, NULL, NULL, NULL, NULL, NULL, '', '', '2025-12-11 16:35:45', '2025-12-11 10:55:36', 24, 24, 0, '', '', NULL),
(752, 'IMPACT', '', 1, NULL, 0, NULL, 1, NULL, 'FRS0456', NULL, NULL, NULL, NULL, NULL, 'Route du lycée Technique Vieux Cocody (Immeuble CODIPAS)', NULL, NULL, NULL, 21, NULL, NULL, NULL, NULL, NULL, '2722443131', NULL, NULL, 'contact@impact-psi.com', 0, '[]', NULL, 0, NULL, NULL, '9309536J', '', '', '', '', '', '', NULL, 0, NULL, NULL, '', NULL, NULL, 0, 1, NULL, '', 0, NULL, 0, 0, 0, 0, 0, NULL, NULL, NULL, NULL, NULL, NULL, NULL, NULL, NULL, 0, NULL, 0.0000, NULL, 0.0000, NULL, 0, NULL, NULL, NULL, NULL, NULL, NULL, NULL, NULL, NULL, NULL, NULL, '', '', '2025-12-11 11:13:09', '2025-12-11 11:13:09', 24, 24, 0, '', '', NULL),
(753, 'KARRAY GROUP', '', 1, NULL, 0, NULL, 1, NULL, 'FRS0749', NULL, NULL, NULL, NULL, NULL, '', NULL, NULL, NULL, 21, NULL, NULL, NULL, NULL, NULL, NULL, NULL, NULL, NULL, 0, '[]', NULL, 0, NULL, NULL, '', '', '', '', '', '', '', NULL, 0, NULL, NULL, '', NULL, NULL, 0, 1, NULL, '', 0, NULL, 0, 0, 0, 0, 0, NULL, NULL, NULL, NULL, NULL, NULL, NULL, NULL, NULL, 0, NULL, 0.0000, NULL, 0.0000, NULL, 0, NULL, NULL, NULL, NULL, NULL, NULL, NULL, NULL, NULL, NULL, NULL, '', '', '2025-12-11 11:17:41', '2025-12-11 11:17:41', 24, 24, 0, '', '', NULL),
(754, 'LA NOUVELLE IMPRESSION', '', 1, NULL, 0, NULL, 1, NULL, 'FRS0370', NULL, NULL, NULL, NULL, NULL, '', NULL, NULL, NULL, 21, NULL, NULL, NULL, NULL, NULL, NULL, NULL, NULL, NULL, 0, '[]', NULL, 0, NULL, NULL, '', '', '', '', '', '', '', NULL, 0, NULL, NULL, '', NULL, NULL, 0, 1, NULL, '', 0, NULL, 0, 0, 0, 0, 0, NULL, NULL, NULL, NULL, NULL, NULL, NULL, NULL, NULL, 0, NULL, 0.0000, NULL, 0.0000, NULL, 0, NULL, NULL, NULL, NULL, NULL, NULL, NULL, NULL, NULL, NULL, NULL, '', '', '2025-12-11 11:21:44', '2025-12-11 11:21:44', 24, 24, 0, '', '', NULL),
(755, 'LBTP/SECUREL', '', 1, NULL, 0, NULL, 1, NULL, 'FRS0149', NULL, NULL, NULL, NULL, NULL, '', NULL, NULL, NULL, 21, NULL, NULL, NULL, NULL, NULL, NULL, NULL, NULL, NULL, 0, '[]', NULL, 0, NULL, NULL, '', '', '', '', '', '', '', NULL, 0, NULL, NULL, '', NULL, NULL, 0, 1, NULL, '', 0, NULL, 0, 0, 0, 0, 0, NULL, NULL, NULL, NULL, NULL, NULL, NULL, NULL, NULL, 0, NULL, 0.0000, NULL, 0.0000, NULL, 0, NULL, NULL, NULL, NULL, NULL, NULL, NULL, NULL, NULL, NULL, NULL, '', '', '2025-12-11 11:25:12', '2025-12-11 11:25:12', 24, 24, 0, '', '', NULL),
(756, 'MOOV AFRICA COTE D\'IVOIRE', '', 1, NULL, 0, NULL, 1, NULL, 'FRS0088', NULL, NULL, NULL, NULL, NULL, '', NULL, NULL, NULL, 21, NULL, NULL, NULL, NULL, NULL, '2720250101', NULL, NULL, NULL, 0, '[]', NULL, 0, NULL, NULL, '0521319F', '', '', '', '', '', '', NULL, 0, NULL, NULL, '', NULL, NULL, 0, 1, NULL, '', 0, NULL, 0, 0, 0, 0, 0, NULL, NULL, NULL, NULL, NULL, NULL, NULL, NULL, NULL, 0, NULL, 0.0000, NULL, 0.0000, NULL, 0, NULL, NULL, NULL, NULL, NULL, NULL, NULL, NULL, NULL, NULL, NULL, '', '', '2025-12-11 11:50:58', '2025-12-11 11:50:58', 24, 24, 0, '', '', NULL),
(757, 'MOTORS ZONE CI', '', 1, NULL, 0, NULL, 1, NULL, 'FRS0680', NULL, NULL, NULL, NULL, NULL, 'Cocody Riviera Palmeraie', NULL, NULL, NULL, 21, NULL, NULL, NULL, NULL, NULL, '0574288181', NULL, NULL, 'contact@motorszoneci.com', 0, '[]', NULL, 0, NULL, NULL, '1854356F', '', '', '', '', '', '', NULL, 0, NULL, NULL, '', NULL, NULL, 0, 1, NULL, '', 0, NULL, 0, 0, 0, 0, 0, NULL, NULL, NULL, NULL, NULL, NULL, NULL, NULL, NULL, 0, NULL, 0.0000, NULL, 0.0000, NULL, 0, NULL, NULL, NULL, NULL, NULL, NULL, NULL, NULL, NULL, NULL, NULL, '', '', '2025-12-11 12:17:50', '2025-12-11 12:17:50', 24, 24, 0, '', '', NULL),
(760, 'NEBIE THOMAS', '', 1, NULL, 0, NULL, 1, NULL, 'FRS0708', NULL, NULL, NULL, NULL, NULL, '', NULL, NULL, NULL, 21, NULL, NULL, NULL, NULL, NULL, '0707769432', NULL, NULL, NULL, 0, '[]', NULL, 0, NULL, NULL, '1014016F', '', '', '', '', '', '', NULL, 0, NULL, NULL, '', NULL, NULL, 0, 1, NULL, '', 0, NULL, 0, 0, 0, 0, 0, NULL, NULL, NULL, NULL, NULL, NULL, NULL, NULL, NULL, 0, NULL, 0.0000, NULL, 0.0000, NULL, 0, NULL, NULL, NULL, NULL, NULL, NULL, NULL, NULL, NULL, NULL, NULL, '', '', '2025-12-11 14:23:08', '2025-12-11 14:23:08', 24, 24, 0, '', '', NULL),
(761, 'OUATTARA DAOUDA', '', 1, NULL, 0, NULL, 1, NULL, 'FRS0750', NULL, NULL, NULL, NULL, NULL, '', NULL, NULL, NULL, 21, NULL, NULL, NULL, NULL, NULL, '0708680858', NULL, NULL, NULL, 0, '[]', NULL, 0, NULL, NULL, '2304468E', '', '', '', '', '', '', NULL, 0, NULL, NULL, '', NULL, NULL, 0, 1, NULL, '', 0, NULL, 0, 0, 0, 0, 0, NULL, NULL, NULL, NULL, NULL, NULL, NULL, NULL, NULL, 0, NULL, 0.0000, NULL, 0.0000, NULL, 0, NULL, NULL, NULL, NULL, NULL, NULL, NULL, NULL, NULL, NULL, NULL, '', '', '2025-12-11 14:38:27', '2025-12-11 14:38:27', 24, 24, 0, '', '', NULL),
(762, 'PRESTIGE TECHNOLOGY', '', 1, NULL, 0, NULL, 1, NULL, 'FRS0162', NULL, NULL, NULL, NULL, NULL, '', NULL, NULL, NULL, 21, NULL, NULL, NULL, NULL, NULL, NULL, NULL, NULL, NULL, 0, '[]', NULL, 0, NULL, NULL, '', '', '', '', '', '', '', NULL, 0, NULL, NULL, '', NULL, NULL, 0, 1, NULL, '', 0, NULL, 0, 0, 0, 0, 0, NULL, NULL, NULL, NULL, NULL, NULL, NULL, NULL, NULL, 0, NULL, 0.0000, NULL, 0.0000, NULL, 0, NULL, NULL, NULL, NULL, NULL, NULL, NULL, NULL, NULL, NULL, NULL, '', '', '2025-12-11 14:41:47', '2025-12-11 14:41:47', 24, 24, 0, '', '', NULL),
(763, 'PROTECTION INCENDIE', '', 1, NULL, 0, NULL, 1, NULL, 'FRS0625', NULL, NULL, NULL, NULL, NULL, '', NULL, NULL, NULL, 21, NULL, NULL, NULL, NULL, NULL, NULL, NULL, NULL, NULL, 0, '[]', NULL, 0, NULL, NULL, '', '', '', '', '', '', '', NULL, 0, NULL, NULL, '', NULL, NULL, 0, 1, NULL, '', 0, NULL, 0, 0, 0, 0, 0, NULL, NULL, NULL, NULL, NULL, NULL, NULL, NULL, NULL, 0, NULL, 0.0000, NULL, 0.0000, NULL, 0, NULL, NULL, NULL, NULL, NULL, NULL, NULL, NULL, NULL, NULL, NULL, '', '', '2025-12-11 14:44:59', '2025-12-11 14:44:59', 24, 24, 0, '', '', NULL),
(764, 'QUINCAILLERIE GENERALE', '', 1, NULL, 0, NULL, 1, NULL, 'FRS0531', NULL, NULL, NULL, NULL, NULL, '', NULL, NULL, NULL, 21, NULL, NULL, NULL, NULL, NULL, '0556329469', NULL, NULL, NULL, 0, '[]', NULL, 0, NULL, NULL, '1935510P', '', '', '', '', '', '', NULL, 0, NULL, NULL, '', NULL, NULL, 0, 1, NULL, '', 0, NULL, 0, 0, 0, 0, 0, NULL, NULL, NULL, NULL, NULL, NULL, NULL, NULL, NULL, 0, NULL, 0.0000, NULL, 0.0000, NULL, 0, NULL, NULL, NULL, NULL, NULL, NULL, NULL, NULL, NULL, NULL, NULL, '', '', '2025-12-11 15:08:52', '2025-12-11 15:07:18', 24, 24, 0, '', '', NULL),
(765, 'RAPIDE STATION', '', 1, NULL, 0, NULL, 1, NULL, 'FRS0784', NULL, NULL, NULL, NULL, NULL, '', NULL, NULL, NULL, 21, NULL, NULL, NULL, NULL, NULL, '0545010101', NULL, NULL, NULL, 0, '[]', NULL, 0, NULL, NULL, '2303296Z', '', '', '', '', '', '', NULL, 0, NULL, NULL, '', NULL, NULL, 0, 1, NULL, '', 0, NULL, 0, 0, 0, 0, 0, NULL, NULL, NULL, NULL, NULL, NULL, NULL, NULL, NULL, 0, NULL, 0.0000, NULL, 0.0000, NULL, 0, NULL, NULL, NULL, NULL, NULL, NULL, NULL, NULL, NULL, NULL, NULL, '', '', '2025-12-11 15:28:49', '2025-12-11 15:28:49', 24, 24, 0, '', '', NULL),
(766, 'SCANE-TECH FRS', '', 1, NULL, 0, NULL, 1, NULL, 'FRS0376', NULL, NULL, NULL, NULL, NULL, '', NULL, NULL, NULL, 21, NULL, NULL, NULL, NULL, '2721758540', NULL, NULL, NULL, 'info@scane-tech.com', 0, '[]', NULL, 0, NULL, NULL, '2050158K', '', '', '', '', '', '', NULL, 0, NULL, NULL, '', NULL, NULL, 0, 1, NULL, '', 0, NULL, 0, 0, 0, 0, 0, NULL, NULL, NULL, NULL, NULL, NULL, NULL, NULL, NULL, 0, NULL, 0.0000, NULL, 0.0000, NULL, 0, NULL, NULL, NULL, NULL, NULL, NULL, NULL, NULL, NULL, NULL, NULL, '', '', '2025-12-11 15:35:59', '2025-12-11 15:35:59', 24, 24, 0, '', '', NULL),
(767, 'SECUTRONIC SARL', '', 1, NULL, 0, NULL, 1, NULL, 'FRS0284', NULL, NULL, NULL, NULL, NULL, '', NULL, NULL, NULL, 21, NULL, NULL, NULL, NULL, NULL, NULL, NULL, NULL, NULL, 0, '[]', NULL, 0, NULL, NULL, '', '', '', '', '', '', '', NULL, 0, NULL, NULL, '', NULL, NULL, 0, 1, NULL, '', 0, NULL, 0, 0, 0, 0, 0, NULL, NULL, NULL, NULL, NULL, NULL, NULL, NULL, NULL, 0, NULL, 0.0000, NULL, 0.0000, NULL, 0, NULL, NULL, NULL, NULL, NULL, NULL, NULL, NULL, NULL, NULL, NULL, '', '', '2025-12-11 15:41:25', '2025-12-11 15:41:25', 24, 24, 0, '', '', NULL),
(769, 'SIFEI', '', 1, NULL, 0, NULL, 1, NULL, 'FRS0347', NULL, NULL, NULL, NULL, NULL, '', NULL, NULL, NULL, 21, NULL, NULL, NULL, NULL, NULL, NULL, NULL, NULL, NULL, 0, '[]', NULL, 0, NULL, NULL, '', '', '', '', '', '', '', NULL, 0, NULL, NULL, '', NULL, NULL, 0, 1, NULL, '', 0, NULL, 0, 0, 0, 0, 0, NULL, NULL, NULL, NULL, NULL, NULL, NULL, NULL, NULL, 0, NULL, 0.0000, NULL, 0.0000, NULL, 0, NULL, NULL, NULL, NULL, NULL, NULL, NULL, NULL, NULL, NULL, NULL, '', '', '2025-12-11 15:51:54', '2025-12-11 15:51:54', 24, 24, 0, '', '', NULL),
(770, 'SION TELECOM', '', 1, NULL, 0, NULL, 1, NULL, 'FRS0728', NULL, NULL, NULL, NULL, NULL, '', NULL, NULL, NULL, 21, NULL, NULL, NULL, NULL, NULL, NULL, NULL, NULL, NULL, 0, '[]', NULL, 0, NULL, NULL, '', '', '', '', '', '', '', NULL, 0, NULL, NULL, '', NULL, NULL, 0, 1, NULL, '', 0, NULL, 0, 0, 0, 0, 0, NULL, NULL, NULL, NULL, NULL, NULL, NULL, NULL, NULL, 0, NULL, 0.0000, NULL, 0.0000, NULL, 0, NULL, NULL, NULL, NULL, NULL, NULL, NULL, NULL, NULL, NULL, NULL, '', '', '2025-12-11 16:06:04', '2025-12-11 16:06:04', 24, 24, 0, '', '', NULL),
(771, 'SKDS', '', 1, NULL, 0, NULL, 1, NULL, 'FRS0616', NULL, NULL, NULL, NULL, NULL, '', NULL, NULL, NULL, 21, NULL, NULL, NULL, NULL, NULL, NULL, NULL, NULL, NULL, 0, '[]', NULL, 0, NULL, NULL, '', '', '', '', '', '', '', NULL, 0, NULL, NULL, '', NULL, NULL, 0, 1, NULL, '', 0, NULL, 0, 0, 0, 0, 0, NULL, NULL, NULL, NULL, NULL, NULL, NULL, NULL, NULL, 0, NULL, 0.0000, NULL, 0.0000, NULL, 0, NULL, NULL, NULL, NULL, NULL, NULL, NULL, NULL, NULL, NULL, NULL, '', '', '2025-12-11 16:19:11', '2025-12-11 16:19:11', 24, 24, 0, '', '', NULL),
(772, 'SM INDUSTRIE', '', 1, NULL, 0, NULL, 1, NULL, 'FRS0441', NULL, NULL, NULL, NULL, NULL, '', NULL, NULL, NULL, 21, NULL, NULL, NULL, NULL, NULL, NULL, NULL, NULL, NULL, 0, '[]', NULL, 0, NULL, NULL, '', '', '', '', '', '', '', NULL, 0, NULL, NULL, '', NULL, NULL, 0, 1, NULL, '', 0, NULL, 0, 0, 0, 0, 0, NULL, NULL, NULL, NULL, NULL, NULL, NULL, NULL, NULL, 0, NULL, 0.0000, NULL, 0.0000, NULL, 0, NULL, NULL, NULL, NULL, NULL, NULL, NULL, NULL, NULL, NULL, NULL, '', '', '2025-12-11 16:20:08', '2025-12-11 16:20:08', 24, 24, 0, '', '', NULL),
(773, 'SN ASCENA DISTRIBUTION', '', 1, NULL, 0, NULL, 1, NULL, 'FRS0754', NULL, NULL, NULL, NULL, NULL, '', NULL, NULL, NULL, 21, NULL, NULL, NULL, NULL, NULL, NULL, NULL, NULL, NULL, 0, '[]', NULL, 0, NULL, NULL, '', '', '', '', '', '', '', NULL, 0, NULL, NULL, '', NULL, NULL, 0, 1, NULL, '', 0, NULL, 0, 0, 0, 0, 0, NULL, NULL, NULL, NULL, NULL, NULL, NULL, NULL, NULL, 0, NULL, 0.0000, NULL, 0.0000, NULL, 0, NULL, NULL, NULL, NULL, NULL, NULL, NULL, NULL, NULL, NULL, NULL, '', '', '2025-12-11 16:27:20', '2025-12-11 16:27:20', 24, 24, 0, '', '', NULL),
(774, 'SOCIETE AFRICAINE RADIOGRAPHIE INSPECTION INDUSTRIELLES', '', 1, NULL, 0, NULL, 1, NULL, 'FRS0464', NULL, NULL, NULL, NULL, NULL, '', NULL, NULL, NULL, 21, NULL, NULL, NULL, NULL, NULL, NULL, NULL, NULL, NULL, 0, '[]', NULL, 0, NULL, NULL, '', '', '', '', '', '', '', NULL, 0, NULL, NULL, '', NULL, NULL, 0, 1, NULL, '', 0, NULL, 0, 0, 0, 0, 0, NULL, NULL, NULL, NULL, NULL, NULL, NULL, NULL, NULL, 0, NULL, 0.0000, NULL, 0.0000, NULL, 0, NULL, NULL, NULL, NULL, NULL, NULL, NULL, NULL, NULL, NULL, NULL, '', '', '2025-12-11 16:28:06', '2025-12-11 16:28:06', 24, 24, 0, '', '', NULL),
(775, 'SODECI -EAU', '', 1, NULL, 0, NULL, 1, NULL, 'FRS0093', NULL, NULL, NULL, NULL, NULL, '', NULL, NULL, NULL, 21, NULL, NULL, NULL, NULL, NULL, NULL, NULL, NULL, NULL, 0, '[]', NULL, 0, NULL, NULL, '', '', '', '', '', '', '', NULL, 0, NULL, NULL, '', NULL, NULL, 0, 1, NULL, '', 0, NULL, 0, 0, 0, 0, 0, NULL, NULL, NULL, NULL, NULL, NULL, NULL, NULL, NULL, 0, NULL, 0.0000, NULL, 0.0000, NULL, 0, NULL, NULL, NULL, NULL, NULL, NULL, NULL, NULL, NULL, NULL, NULL, '', '', '2025-12-11 16:29:54', '2025-12-11 16:29:54', 24, 24, 0, '', '', NULL),
(776, 'SOUMARE OUMAR', '', 1, NULL, 0, NULL, 1, NULL, 'FRS0782', NULL, NULL, NULL, NULL, NULL, '', NULL, NULL, NULL, 21, NULL, NULL, NULL, NULL, NULL, NULL, NULL, NULL, NULL, 0, '[]', NULL, 0, NULL, NULL, '', '', '', '', '', '', '', NULL, 0, NULL, NULL, '', NULL, NULL, 0, 1, NULL, '', 0, NULL, 0, 0, 0, 0, 0, NULL, NULL, NULL, NULL, NULL, NULL, NULL, NULL, NULL, 0, NULL, 0.0000, NULL, 0.0000, NULL, 0, NULL, NULL, NULL, NULL, NULL, NULL, NULL, NULL, NULL, NULL, NULL, '', '', '2025-12-11 16:31:39', '2025-12-11 16:31:39', 24, 24, 0, '', '', NULL),
(777, 'SYLLA LANCINE (SNEG)', '', 1, NULL, 0, NULL, 1, NULL, 'FRS0438', NULL, NULL, NULL, NULL, NULL, '', NULL, NULL, NULL, 21, NULL, NULL, NULL, NULL, NULL, '0707003302', NULL, NULL, NULL, 0, '[]', NULL, 0, NULL, NULL, '2300663F', '', '', '', '', '', '', NULL, 0, NULL, NULL, '', NULL, NULL, 0, 1, NULL, '', 0, NULL, 0, 0, 0, 0, 0, NULL, NULL, NULL, NULL, NULL, NULL, NULL, NULL, NULL, 0, NULL, 0.0000, NULL, 0.0000, NULL, 0, NULL, NULL, NULL, NULL, NULL, NULL, NULL, NULL, NULL, NULL, NULL, '', '', '2025-12-11 16:51:20', '2025-12-11 16:51:20', 24, 24, 0, '', '', NULL),
(778, 'WAO QUINCAILLERIE', '', 1, NULL, 0, NULL, 1, NULL, 'FRS0686', NULL, NULL, NULL, NULL, NULL, '', NULL, NULL, NULL, 21, NULL, NULL, NULL, NULL, '2721562116', '0505175263', NULL, NULL, NULL, 0, '[]', NULL, 0, NULL, NULL, '0227953C', '', '', '', '', '', '', NULL, 0, NULL, NULL, '', NULL, NULL, 0, 1, NULL, '', 0, NULL, 0, 0, 0, 0, 0, NULL, NULL, NULL, NULL, NULL, NULL, NULL, NULL, NULL, 0, NULL, 0.0000, NULL, 0.0000, NULL, 0, NULL, NULL, NULL, NULL, NULL, NULL, NULL, NULL, NULL, NULL, NULL, '', '', '2025-12-11 16:56:59', '2025-12-11 16:56:59', 24, 24, 0, '', '', NULL),
(779, 'SCE CHEMICAL', '', 1, NULL, 0, NULL, 1, 'CLU001', NULL, NULL, NULL, NULL, NULL, NULL, 'ZONE INDUSTRIELLE PK24', '225', 'ABIDJAN', NULL, 21, NULL, NULL, NULL, NULL, '0768618597', '0709124642', NULL, NULL, 'ouatouat40@gmail.com', 0, '[]', NULL, 0, NULL, NULL, '', '', '', '', '', '', '', NULL, 0, NULL, NULL, '', NULL, NULL, 1, 0, NULL, '', 0, NULL, 0, 0, 0, 0, 0, NULL, NULL, NULL, NULL, NULL, NULL, NULL, NULL, 1, 0, NULL, 0.0000, NULL, 0.0000, NULL, 0, NULL, NULL, NULL, NULL, NULL, NULL, NULL, NULL, NULL, NULL, NULL, '', '', '2025-12-24 12:32:05', '2025-12-24 12:32:05', 23, 23, 0, '', '', NULL),
(780, 'ARTELIA CI', '', 1, NULL, 0, NULL, 1, 'CLU002', NULL, NULL, NULL, 'CLU002', NULL, NULL, 'COCODY CENTRE RESIDENCE DIA', '00225', 'ABIDJAN', NULL, 21, NULL, NULL, NULL, NULL, NULL, '0708537714', NULL, NULL, 'nguessanndarichmond@gmail.com', 0, '[]', NULL, 0, NULL, NULL, '91 03 042 G', '', '', '', '', '', '', NULL, 0, NULL, NULL, '', NULL, NULL, 1, 0, NULL, '', 0, NULL, 0, 0, 0, 0, 0, 4, 1, NULL, NULL, NULL, NULL, NULL, NULL, 1, 0, NULL, 0.0000, NULL, 0.0000, NULL, 0, NULL, NULL, NULL, NULL, NULL, NULL, NULL, NULL, NULL, NULL, NULL, '', '', '2025-12-26 10:17:21', '2025-12-24 12:35:31', 23, 32, 0, '', '', NULL),
(781, 'CARE CÔTE D’IVOIRE', '', 1, NULL, 0, NULL, 1, 'CLT0237', NULL, NULL, NULL, 'CLT0237', NULL, NULL, 'Cocody 7ème Tranche, Secteur du CIRAD, la ruelle en face de la SODECI Nord-Est / VTC : Rue L171.', '05 BP 3141', 'ABIDJAN', NULL, 21, NULL, NULL, NULL, NULL, '+2252722409725', '+2250709205061', NULL, NULL, 'dorleac.gnazebo@care.org', 4, '[]', NULL, 5, NULL, NULL, '03 01 871 M', '', '', '', '', '', '', NULL, 0, NULL, NULL, '', NULL, NULL, 1, 0, NULL, '', 0, NULL, 0, 0, 0, 0, 0, 2, 2, NULL, NULL, NULL, NULL, NULL, NULL, 1, 0, NULL, 0.0000, NULL, 0.0000, NULL, 0, NULL, NULL, NULL, NULL, NULL, NULL, NULL, NULL, NULL, NULL, NULL, '', '', '2025-12-29 10:47:43', '2025-12-29 10:46:59', 32, 32, 0, '', '', NULL),
(782, 'CIEMA CONSULTING', '', 1, NULL, 0, NULL, 1, NULL, NULL, NULL, NULL, NULL, NULL, NULL, 'KOUMASSI 2', NULL, 'ABIDJAN', NULL, 21, NULL, NULL, NULL, NULL, '0708537714', '0586917561', NULL, NULL, 'nda-richmond.nguessan@arteliagroup.com', 0, '[]', NULL, 3, NULL, NULL, '23 04 783 L', '', '', '', '', '', '', NULL, 0, NULL, NULL, '', NULL, NULL, 0, 0, NULL, '', 0, NULL, 0, 0, 0, 0, 0, NULL, NULL, NULL, NULL, NULL, NULL, NULL, NULL, 1, 0, NULL, 0.0000, NULL, 0.0000, NULL, 0, NULL, NULL, NULL, NULL, NULL, NULL, NULL, NULL, NULL, NULL, NULL, '', '', '2025-12-29 11:25:24', '2025-12-29 11:25:24', 32, 32, 0, '', '', NULL),
(783, 'GIZ GmbH/CIV-A', '', 1, NULL, 0, NULL, 1, 'CLT0132', NULL, NULL, NULL, 'CLT0132', NULL, NULL, '', '01 BP 7271', 'ABIDJAN', NULL, 21, NULL, NULL, NULL, NULL, '+2252722548245', '0759387408', NULL, NULL, 'giz-cote-ivoire@giz.de', 4, '[]', NULL, 3, NULL, NULL, '', '', '', '', '', '', '', NULL, 0, NULL, NULL, '', NULL, NULL, 1, 0, NULL, '', 0, NULL, 0, 0, 0, 0, 0, 2, 2, NULL, NULL, NULL, NULL, NULL, NULL, 1, 0, NULL, 0.0000, NULL, 0.0000, NULL, 0, NULL, NULL, NULL, NULL, NULL, NULL, NULL, NULL, NULL, NULL, NULL, '', '', '2025-12-29 11:46:20', '2025-12-29 11:29:03', 32, 32, 0, '', '', NULL),
(784, 'OMA LOGISTICS CI', '', 1, NULL, 0, NULL, 1, 'CLT0150', NULL, NULL, NULL, 'CLT0150', NULL, NULL, 'Treichville zone 3, rue des brasseurs Immeuble Rive gauche,', '11 BP 1460', 'ABIDJAN', NULL, 21, NULL, NULL, NULL, NULL, '+2250142065189', '+2250701116314', NULL, NULL, 'morel.kouakou@omagroup.com', 0, '[]', NULL, 2, NULL, NULL, '16 17 358 K', '', '', '', '', '', '', NULL, 0, NULL, NULL, '', NULL, NULL, 1, 0, NULL, '', 0, NULL, 0, 0, 0, 0, 0, 7, 3, NULL, NULL, NULL, NULL, NULL, NULL, 1, 0, NULL, 0.0000, NULL, 0.0000, NULL, 0, NULL, NULL, NULL, NULL, NULL, NULL, NULL, NULL, NULL, NULL, NULL, '', '', '2025-12-29 12:19:54', '2025-12-29 12:17:06', 32, 32, 0, '', '', NULL),
(785, 'Oryx Gaz Côte d\'Ivoire', '', 1, NULL, 0, NULL, 1, NULL, NULL, NULL, NULL, NULL, NULL, NULL, 'Immeuble de l\'Industrie 2e étage 12, Rue de l\'Industrie, Treichville, Zone 3C', '20 BP 54', NULL, NULL, 21, NULL, NULL, NULL, NULL, '+2252721753900', '+2252721753921', NULL, NULL, NULL, 0, '[]', NULL, 2, NULL, NULL, '04 33 740 R', '', '', '', '', '', '', NULL, 0, NULL, NULL, '', NULL, NULL, 0, 0, NULL, '', 0, NULL, 0, 0, 0, 0, 0, NULL, NULL, NULL, NULL, NULL, NULL, NULL, NULL, 1, 0, NULL, 0.0000, NULL, 0.0000, NULL, 0, NULL, NULL, NULL, NULL, NULL, NULL, NULL, NULL, NULL, NULL, NULL, '', '', '2025-12-29 12:38:55', '2025-12-29 12:38:55', 32, 32, 0, '', '', NULL),
(786, 'SEMPA', 'SOCIETE DES ENTREPRISES DE MANUTENTIONS DES PORTS AUTONOMES D’ABIDJAN ET SAN PEDRO', 1, NULL, 0, NULL, 1, 'CLT0125', NULL, NULL, NULL, 'CLT0125', NULL, NULL, 'Bd de Marseille, vers SODECI - Zone portuaire Treichville', '01 BP 4082', 'ABIDJAN', NULL, 21, NULL, NULL, NULL, NULL, '2721214636', '0140759575', NULL, NULL, 'tollo.soma@sempa-ci.com', 0, '[]', NULL, 2, NULL, NULL, '50 13 189 M', '', '', '', '', '', '', NULL, 0, NULL, NULL, '', NULL, NULL, 1, 0, NULL, '', 0, NULL, 0, 0, 0, 0, 0, 7, 3, NULL, NULL, NULL, NULL, NULL, NULL, 1, 0, NULL, 0.0000, NULL, 0.0000, NULL, 0, NULL, NULL, NULL, NULL, NULL, NULL, NULL, NULL, NULL, NULL, NULL, '', '', '2026-01-06 15:26:46', '2025-12-29 12:51:32', 32, 32, 0, '', '', NULL),
(787, 'SITAB INDUSTRIES', '', 1, NULL, 0, NULL, 1, 'CLT0228', NULL, NULL, NULL, NULL, NULL, NULL, '3I - Imperial Brands', '01 BP 724', 'ABIDJAN', NULL, 21, NULL, NULL, NULL, NULL, '+2252722489800', '0747809356', NULL, NULL, 'kouame.amoa@impbrands.com', 0, '[]', NULL, 2, NULL, NULL, '86 05 585 C', '', '', '', '', '', '', NULL, 0, NULL, NULL, '', NULL, NULL, 1, 0, NULL, '', 0, NULL, 0, 0, 0, 0, 0, 2, 4, NULL, NULL, NULL, NULL, NULL, NULL, 1, 0, NULL, 0.0000, NULL, 0.0000, NULL, 0, NULL, NULL, NULL, NULL, NULL, NULL, NULL, NULL, NULL, NULL, NULL, '', '', '2025-12-29 13:04:33', '2025-12-29 13:04:33', 32, 32, 0, '', '', NULL),
(788, 'C I E', 'COMPAGNIE IVOIRIENNE D\'ELECTRICITE', 1, NULL, 0, NULL, 1, 'CLT0152', NULL, NULL, NULL, 'CLT0152', NULL, NULL, '', '01 BP 6923', 'ABIDJAN', NULL, 21, NULL, NULL, NULL, NULL, '+2252721233000', NULL, NULL, NULL, NULL, 0, '[]', NULL, 2, NULL, NULL, '90 04 996 S', '', '', '', '', '', '', NULL, 0, NULL, NULL, '', NULL, NULL, 1, 0, NULL, '', 0, NULL, 0, 0, 0, 0, 0, 7, 5, NULL, NULL, NULL, NULL, NULL, NULL, 1, 0, NULL, 0.0000, NULL, 0.0000, NULL, 0, NULL, NULL, NULL, NULL, NULL, NULL, NULL, NULL, NULL, NULL, NULL, '', '', '2025-12-29 13:14:16', '2025-12-29 13:13:54', 32, 32, 0, '', '', NULL),
(789, 'ANAC', 'Agence Nationale de l\'Aviation Civile', 1, NULL, 0, NULL, 1, 'CLT0047', NULL, NULL, NULL, NULL, NULL, NULL, 'Bd. de l\'aéroport FHB - Aéroport Port-Bouet', '07 BP 148', 'ABIDJAN', NULL, 21, NULL, NULL, NULL, NULL, '(+225)2721277533', '(+225)2721586900', NULL, NULL, 'info@anac.ci', 0, '[]', NULL, 5, NULL, NULL, '98 08 814 E', '', '', '', '', '', '', NULL, 0, NULL, NULL, '', NULL, NULL, 1, 0, NULL, '', 0, NULL, 0, 0, 0, 0, 0, 7, 2, NULL, NULL, NULL, NULL, NULL, NULL, 1, 0, NULL, 0.0000, NULL, 0.0000, NULL, 0, NULL, NULL, NULL, NULL, NULL, NULL, NULL, NULL, NULL, NULL, NULL, '', '', '2026-01-06 10:00:39', '2026-01-06 10:00:39', 32, 32, 0, '', '', NULL),
(790, 'AFRIKA BANQUE COTE D\'IVOIRE', '', 1, NULL, 0, NULL, 1, 'PU001', NULL, NULL, NULL, NULL, NULL, NULL, '', NULL, NULL, NULL, 21, NULL, NULL, NULL, NULL, NULL, NULL, NULL, NULL, NULL, 0, '[]', NULL, 0, NULL, NULL, '', '', '', '', '', '', '', NULL, 0, NULL, NULL, '', NULL, NULL, 2, 0, NULL, '', 0, NULL, 0, 0, 0, 0, 0, NULL, NULL, NULL, NULL, NULL, NULL, NULL, NULL, 1, 0, NULL, 0.0000, NULL, 0.0000, NULL, 0, NULL, NULL, NULL, NULL, NULL, NULL, NULL, NULL, NULL, NULL, NULL, '', '', '2026-01-08 08:23:36', '2026-01-08 08:23:36', 23, 23, 0, '', '', NULL),
(791, 'BOSSIA ARCHITECTS', '', 1, NULL, 0, NULL, 1, 'PU002', NULL, NULL, NULL, NULL, NULL, NULL, 'COCODY PALMERAIE', NULL, NULL, NULL, 21, NULL, NULL, NULL, NULL, '2722218626', '0799147228', NULL, NULL, NULL, 0, '[]', NULL, 0, NULL, NULL, '', '', '', '', '', '', '', NULL, 0, NULL, NULL, '', NULL, NULL, 2, 0, NULL, '', 0, NULL, 0, 0, 0, 0, 0, NULL, NULL, NULL, NULL, NULL, NULL, NULL, NULL, 1, 0, NULL, 0.0000, NULL, 0.0000, NULL, 0, NULL, NULL, NULL, NULL, NULL, NULL, NULL, NULL, NULL, NULL, NULL, '', '', '2026-01-08 08:26:14', '2026-01-08 08:26:14', 23, 23, 0, '', '', NULL),
(793, 'AB+ GROUP', '', 1, NULL, 0, NULL, 1, 'PU003', NULL, NULL, NULL, NULL, NULL, NULL, 'MARCORY ZONE 4C', NULL, NULL, NULL, 21, NULL, NULL, NULL, NULL, NULL, '0799999988', NULL, NULL, 'contactabplus-group@gmail.com', 0, '[]', NULL, 0, NULL, NULL, '', '', '', '', '', '', '', NULL, 0, NULL, NULL, '', NULL, NULL, 2, 0, NULL, '', 0, NULL, 0, 0, 0, 0, 0, NULL, NULL, NULL, NULL, NULL, NULL, NULL, NULL, 1, 0, NULL, 0.0000, NULL, 0.0000, NULL, 0, NULL, NULL, NULL, NULL, NULL, NULL, NULL, NULL, NULL, NULL, NULL, '', '', '2026-01-08 08:33:12', '2026-01-08 08:30:23', 23, 23, 0, '', '', NULL),
(794, 'ARCHITECTURE ET MILIEU', '', 1, NULL, 0, NULL, 1, 'PU004', NULL, NULL, NULL, NULL, NULL, NULL, 'MARCORY BIETRY', NULL, NULL, NULL, 21, NULL, NULL, NULL, NULL, NULL, '0789060675', NULL, NULL, NULL, 0, '[]', NULL, 0, NULL, NULL, '', '', '', '', '', '', '', NULL, 0, NULL, NULL, '', NULL, NULL, 2, 0, NULL, '', 0, NULL, 0, 0, 0, 0, 0, NULL, NULL, NULL, NULL, NULL, NULL, NULL, NULL, 1, 0, NULL, 0.0000, NULL, 0.0000, NULL, 0, NULL, NULL, NULL, NULL, NULL, NULL, NULL, NULL, NULL, NULL, NULL, '', '', '2026-01-08 08:37:15', '2026-01-08 08:37:15', 23, 23, 0, '', '', NULL),
(795, 'ABTP SARL', '', 1, NULL, 0, NULL, 1, 'PU005', NULL, NULL, NULL, NULL, NULL, NULL, 'MARCORY PHCIE HIBISCUS', NULL, NULL, NULL, 21, NULL, NULL, NULL, NULL, NULL, '0759842611', NULL, NULL, NULL, 0, '[]', NULL, 0, NULL, NULL, '', '', '', '', '', '', '', NULL, 0, NULL, NULL, '', NULL, NULL, 2, 0, NULL, '', 0, NULL, 0, 0, 0, 0, 0, NULL, NULL, NULL, NULL, NULL, NULL, NULL, NULL, 1, 0, NULL, 0.0000, NULL, 0.0000, NULL, 0, NULL, NULL, NULL, NULL, NULL, NULL, NULL, NULL, NULL, NULL, NULL, '', '', '2026-01-08 08:41:37', '2026-01-08 08:41:37', 23, 23, 0, '', '', NULL),
(796, 'GROUPE KASTOR AFRIQUE SA', '', 1, NULL, 0, NULL, 1, 'PU007', NULL, NULL, NULL, NULL, NULL, NULL, 'COCODY MBANDON AMBASSADE DE CHINE', NULL, NULL, NULL, 21, NULL, NULL, NULL, NULL, '2724310605', '0701212121', NULL, NULL, NULL, 0, '[]', NULL, 0, NULL, NULL, '', '', '', '', '', '', '', NULL, 0, NULL, NULL, '', NULL, NULL, 2, 0, NULL, '', 0, NULL, 0, 0, 0, 0, 0, NULL, NULL, NULL, NULL, NULL, NULL, NULL, NULL, 1, 0, NULL, 0.0000, NULL, 0.0000, NULL, 0, NULL, NULL, NULL, NULL, NULL, NULL, NULL, NULL, NULL, NULL, NULL, '', '', '2026-01-08 08:51:33', '2026-01-08 08:51:33', 23, 23, 0, '', '', NULL),
(797, 'TGCC', '', 1, NULL, 0, NULL, 1, 'PU008', NULL, NULL, NULL, NULL, NULL, NULL, 'COCODY RIVIERA 4', '00225', 'ABIDJAN', NULL, 21, NULL, NULL, NULL, NULL, '0708537714', NULL, NULL, NULL, 'nguessanndarichmond@gmail.com', 0, '[]', NULL, 0, NULL, NULL, '', '', '', '', '', '', '', NULL, 0, NULL, NULL, '', NULL, NULL, 2, 0, NULL, '', 0, NULL, 0, 0, 0, 0, 0, NULL, NULL, NULL, NULL, NULL, NULL, NULL, NULL, 1, 0, NULL, 0.0000, NULL, 0.0000, NULL, 0, NULL, NULL, NULL, NULL, NULL, NULL, NULL, NULL, NULL, NULL, NULL, '', '', '2026-01-08 08:54:21', '2026-01-08 08:54:21', 23, 23, 0, '', '', NULL),
(798, 'AFD', '', 1, NULL, 0, NULL, 1, 'PU009', NULL, NULL, NULL, NULL, NULL, NULL, 'COCODY CRFOUR CHU', '00225', 'ABIDJAN', NULL, 21, NULL, NULL, NULL, NULL, '0708537714', '0747302839', NULL, NULL, NULL, 0, '[]', NULL, 0, NULL, NULL, '', '', '', '', '', '', '', NULL, 0, NULL, NULL, '', NULL, NULL, 2, 0, NULL, '', 0, NULL, 0, 0, 0, 0, 0, NULL, NULL, NULL, NULL, NULL, NULL, NULL, NULL, 1, 0, NULL, 0.0000, NULL, 0.0000, NULL, 0, NULL, NULL, NULL, NULL, NULL, NULL, NULL, NULL, NULL, NULL, NULL, '', '', '2026-01-08 08:58:40', '2026-01-08 08:58:40', 23, 23, 0, '', '', NULL),
(799, 'N-SOCITECH', '', 1, NULL, 0, NULL, 1, 'PU010', NULL, NULL, NULL, NULL, NULL, NULL, '', '00225', 'ABIDJAN', NULL, 21, NULL, NULL, NULL, NULL, NULL, NULL, NULL, NULL, NULL, 0, '[]', NULL, 0, NULL, NULL, '', '', '', '', '', '', '', NULL, 0, NULL, NULL, '', NULL, NULL, 2, 0, NULL, '', 0, NULL, 0, 0, 0, 0, 0, NULL, NULL, NULL, NULL, NULL, NULL, NULL, NULL, 1, 0, NULL, 0.0000, NULL, 0.0000, NULL, 0, NULL, NULL, NULL, NULL, NULL, NULL, NULL, NULL, NULL, NULL, NULL, '', '', '2026-01-08 09:02:30', '2026-01-08 09:01:42', 23, 23, 0, '', '', NULL),
(800, 'REEDES', '', 1, NULL, 0, NULL, 1, 'PU011', NULL, NULL, NULL, NULL, NULL, NULL, '', '00225', 'ABIDJAN', NULL, 21, NULL, NULL, NULL, NULL, NULL, NULL, NULL, NULL, NULL, 0, '[]', NULL, 0, NULL, NULL, '', '', '', '', '', '', '', NULL, 0, NULL, NULL, '', NULL, NULL, 2, 0, NULL, '', 0, NULL, 0, 0, 0, 0, 0, NULL, NULL, NULL, NULL, NULL, NULL, NULL, NULL, 1, 0, NULL, 0.0000, NULL, 0.0000, NULL, 0, NULL, NULL, NULL, NULL, NULL, NULL, NULL, NULL, NULL, NULL, NULL, '', '', '2026-01-08 09:04:15', '2026-01-08 09:04:15', 23, 23, 0, '', '', NULL),
(801, 'BCEAO', '', 1, NULL, 0, NULL, 1, 'PU012', NULL, NULL, NULL, NULL, NULL, NULL, 'PLATEAU', '00225', 'ABIDJAN', NULL, 21, NULL, NULL, NULL, NULL, NULL, '0709617975', NULL, NULL, NULL, 0, '[]', NULL, 0, NULL, NULL, '', '', '', '', '', '', '', NULL, 0, NULL, NULL, '', NULL, NULL, 2, 0, NULL, '', 0, NULL, 0, 0, 0, 0, 0, NULL, NULL, NULL, NULL, NULL, NULL, NULL, NULL, 1, 0, NULL, 0.0000, NULL, 0.0000, NULL, 0, NULL, NULL, NULL, NULL, NULL, NULL, NULL, NULL, NULL, NULL, NULL, '', '', '2026-01-08 09:09:29', '2026-01-08 09:07:28', 23, 23, 0, '', '', NULL);
INSERT INTO `llx_societe` (`rowid`, `nom`, `name_alias`, `entity`, `ref_ext`, `statut`, `parent`, `status`, `code_client`, `code_fournisseur`, `tp_payment_reference`, `accountancy_code_customer_general`, `code_compta`, `accountancy_code_supplier_general`, `code_compta_fournisseur`, `address`, `zip`, `town`, `fk_departement`, `fk_pays`, `geolat`, `geolong`, `geopoint`, `georesultcode`, `phone`, `phone_mobile`, `fax`, `url`, `email`, `fk_account`, `socialnetworks`, `fk_effectif`, `fk_typent`, `fk_forme_juridique`, `fk_currency`, `siren`, `siret`, `ape`, `idprof4`, `idprof5`, `idprof6`, `tva_intra`, `capital`, `fk_stcomm`, `note_private`, `note_public`, `model_pdf`, `last_main_doc`, `prefix_comm`, `client`, `fournisseur`, `supplier_account`, `fk_prospectlevel`, `fk_incoterms`, `location_incoterms`, `customer_bad`, `customer_rate`, `supplier_rate`, `remise_client`, `remise_supplier`, `mode_reglement`, `cond_reglement`, `deposit_percent`, `transport_mode`, `mode_reglement_supplier`, `cond_reglement_supplier`, `transport_mode_supplier`, `fk_shipping_method`, `tva_assuj`, `vat_reverse_charge`, `localtax1_assuj`, `localtax1_value`, `localtax2_assuj`, `localtax2_value`, `barcode`, `fk_barcode_type`, `price_level`, `outstanding_limit`, `order_min_amount`, `supplier_order_min_amount`, `default_lang`, `logo`, `logo_squarred`, `canvas`, `fk_warehouse`, `webservices_url`, `webservices_key`, `accountancy_code_sell`, `accountancy_code_buy`, `tms`, `datec`, `fk_user_creat`, `fk_user_modif`, `fk_multicurrency`, `multicurrency_code`, `ip`, `import_key`) VALUES
(802, 'AMBASSADE DE CORE', '', 1, NULL, 0, NULL, 1, 'PU013', NULL, NULL, NULL, NULL, NULL, NULL, 'COCODY VERS UCAO', '00225', 'ABIDJAN', NULL, 21, NULL, NULL, NULL, NULL, '2722486701', NULL, NULL, NULL, NULL, 0, '[]', NULL, 0, NULL, NULL, '', '', '', '', '', '', '', NULL, 0, NULL, NULL, '', NULL, NULL, 2, 0, NULL, '', 0, NULL, 0, 0, 0, 0, 0, NULL, NULL, NULL, NULL, NULL, NULL, NULL, NULL, 1, 0, NULL, 0.0000, NULL, 0.0000, NULL, 0, NULL, NULL, NULL, NULL, NULL, NULL, NULL, NULL, NULL, NULL, NULL, '', '', '2026-01-08 09:14:45', '2026-01-08 09:14:45', 23, 23, 0, '', '', NULL),
(803, 'RADISSON BLU', '', 1, NULL, 0, NULL, 1, 'PU014', NULL, NULL, NULL, NULL, NULL, NULL, '', '00225', 'ABIDJAN', NULL, 21, NULL, NULL, NULL, NULL, '2721222000', NULL, NULL, NULL, NULL, 0, '[]', NULL, 0, NULL, NULL, '', '', '', '', '', '', '', NULL, 0, NULL, NULL, '', NULL, NULL, 2, 0, NULL, '', 0, NULL, 0, 0, 0, 0, 0, NULL, NULL, NULL, NULL, NULL, NULL, NULL, NULL, 1, 0, NULL, 0.0000, NULL, 0.0000, NULL, 0, NULL, NULL, NULL, NULL, NULL, NULL, NULL, NULL, NULL, NULL, NULL, '', '', '2026-01-08 09:26:14', '2026-01-08 09:26:14', 23, 23, 0, '', '', NULL),
(804, 'ACTIVA ASSUR CI GESTION ASCOMA', '', 1, NULL, 0, NULL, 1, NULL, 'FRS0801', NULL, NULL, NULL, NULL, NULL, '01 BP 552 Abidjan 01', NULL, NULL, NULL, 21, NULL, NULL, NULL, NULL, '2720242858', NULL, NULL, NULL, 'activa.ci@group-activa.com', 0, '[]', NULL, 0, NULL, NULL, '', '', '', '', '', '', '', NULL, 0, NULL, NULL, '', NULL, NULL, 0, 1, NULL, '', 0, NULL, 0, 0, 0, 0, 0, NULL, NULL, NULL, NULL, NULL, NULL, NULL, NULL, NULL, 0, NULL, 0.0000, NULL, 0.0000, NULL, 0, NULL, NULL, NULL, NULL, NULL, NULL, NULL, NULL, NULL, NULL, NULL, '', '', '2026-01-08 10:01:47', '2026-01-08 09:53:56', 24, 24, 0, '', '', NULL),
(805, 'LA PARENTHESE', '', 1, NULL, 0, NULL, 1, 'PU015', NULL, NULL, NULL, NULL, NULL, NULL, 'MARCORY ZONE 4C', '00225', 'ABIDJAN', NULL, 21, NULL, NULL, NULL, NULL, NULL, NULL, NULL, NULL, NULL, 0, '[]', NULL, 0, NULL, NULL, '', '', '', '', '', '', '', NULL, 0, NULL, NULL, '', NULL, NULL, 2, 0, NULL, '', 0, NULL, 0, 0, 0, 0, 0, NULL, NULL, NULL, NULL, NULL, NULL, NULL, NULL, 1, 0, NULL, 0.0000, NULL, 0.0000, NULL, 0, NULL, NULL, NULL, NULL, NULL, NULL, NULL, NULL, NULL, NULL, NULL, '', '', '2026-01-08 09:56:43', '2026-01-08 09:56:43', 23, 23, 0, '', '', NULL),
(806, 'SERVAIR ABIDJAN', '', 1, NULL, 0, NULL, 1, 'PU016', NULL, NULL, NULL, NULL, NULL, NULL, 'PORT-BOUET AEROPORT', '00225', 'ABIDJAN', NULL, 21, NULL, NULL, NULL, NULL, NULL, NULL, NULL, NULL, NULL, 0, '[]', NULL, 0, NULL, NULL, '', '', '', '', '', '', '', NULL, 0, NULL, NULL, '', NULL, NULL, 2, 0, NULL, '', 0, NULL, 0, 0, 0, 0, 0, NULL, NULL, NULL, NULL, NULL, NULL, NULL, NULL, 1, 0, NULL, 0.0000, NULL, 0.0000, NULL, 0, NULL, NULL, NULL, NULL, NULL, NULL, NULL, NULL, NULL, NULL, NULL, '', '', '2026-01-08 09:58:09', '2026-01-08 09:58:09', 23, 23, 0, '', '', NULL);

-- --------------------------------------------------------

--
-- Structure de la table `llx_societe_account`
--

CREATE TABLE IF NOT EXISTS `llx_societe_account` (
  `rowid` int(11) NOT NULL AUTO_INCREMENT,
  `entity` int(11) DEFAULT '1',
  `login` varchar(128) COLLATE utf8_unicode_ci NOT NULL,
  `pass_encoding` varchar(24) COLLATE utf8_unicode_ci DEFAULT NULL,
  `pass_crypted` varchar(128) COLLATE utf8_unicode_ci DEFAULT NULL,
  `pass_temp` varchar(128) COLLATE utf8_unicode_ci DEFAULT NULL,
  `fk_soc` int(11) DEFAULT NULL,
  `fk_website` int(11) DEFAULT NULL,
  `site` varchar(128) COLLATE utf8_unicode_ci NOT NULL,
  `site_account` varchar(128) COLLATE utf8_unicode_ci DEFAULT NULL,
  `key_account` varchar(128) COLLATE utf8_unicode_ci DEFAULT NULL,
  `note_private` text COLLATE utf8_unicode_ci,
  `date_last_login` datetime DEFAULT NULL,
  `date_previous_login` datetime DEFAULT NULL,
  `date_last_reset_password` datetime DEFAULT NULL,
  `date_creation` datetime NOT NULL,
  `tms` timestamp NULL DEFAULT CURRENT_TIMESTAMP ON UPDATE CURRENT_TIMESTAMP,
  `fk_user_creat` int(11) NOT NULL,
  `fk_user_modif` int(11) DEFAULT NULL,
  `import_key` varchar(14) COLLATE utf8_unicode_ci DEFAULT NULL,
  `status` int(11) DEFAULT NULL,
  PRIMARY KEY (`rowid`),
  UNIQUE KEY `uk_societe_account_login_website` (`entity`,`login`,`site`,`fk_website`),
  UNIQUE KEY `uk_societe_account_key_account_soc` (`entity`,`fk_soc`,`key_account`,`site`,`fk_website`),
  KEY `idx_societe_account_rowid` (`rowid`),
  KEY `idx_societe_account_login` (`login`),
  KEY `idx_societe_account_status` (`status`),
  KEY `idx_societe_account_fk_website` (`fk_website`),
  KEY `idx_societe_account_fk_soc` (`fk_soc`)
) ENGINE=InnoDB DEFAULT CHARSET=utf8 COLLATE=utf8_unicode_ci;

-- --------------------------------------------------------

--
-- Structure de la table `llx_societe_commerciaux`
--

CREATE TABLE IF NOT EXISTS `llx_societe_commerciaux` (
  `rowid` int(11) NOT NULL AUTO_INCREMENT,
  `fk_soc` int(11) DEFAULT NULL,
  `fk_user` int(11) DEFAULT NULL,
  `fk_c_type_contact_code` varchar(32) COLLATE utf8_unicode_ci NOT NULL DEFAULT 'SALESREPTHIRD',
  `import_key` varchar(14) COLLATE utf8_unicode_ci DEFAULT NULL,
  PRIMARY KEY (`rowid`),
  UNIQUE KEY `uk_societe_commerciaux_c_type_contact` (`fk_soc`,`fk_user`,`fk_c_type_contact_code`),
  KEY `fk_societe_commerciaux_fk_user` (`fk_user`)
) ENGINE=InnoDB AUTO_INCREMENT=66 DEFAULT CHARSET=utf8 COLLATE=utf8_unicode_ci;

--
-- Déchargement des données de la table `llx_societe_commerciaux`
--

INSERT INTO `llx_societe_commerciaux` (`rowid`, `fk_soc`, `fk_user`, `fk_c_type_contact_code`, `import_key`) VALUES
(11, 1, 1, 'SALESREPTHIRD', NULL),
(13, 2, 10, 'SALESREPTHIRD', NULL),
(15, 692, 12, 'SALESREPTHIRD', NULL),
(16, 108, 12, 'SALESREPTHIRD', NULL),
(17, 693, 1, 'SALESREPTHIRD', NULL),
(18, 694, 1, 'SALESREPTHIRD', NULL),
(23, 779, 23, 'SALESREPTHIRD', NULL),
(25, 780, 23, 'SALESREPTHIRD', NULL),
(26, 781, 32, 'SALESREPTHIRD', NULL),
(27, 782, 32, 'SALESREPTHIRD', NULL),
(28, 783, 32, 'SALESREPTHIRD', NULL),
(29, 784, 32, 'SALESREPTHIRD', NULL),
(30, 785, 32, 'SALESREPTHIRD', NULL),
(31, 786, 32, 'SALESREPTHIRD', NULL),
(32, 787, 32, 'SALESREPTHIRD', NULL),
(33, 788, 32, 'SALESREPTHIRD', NULL),
(34, 789, 32, 'SALESREPTHIRD', NULL),
(36, 790, 23, 'SALESREPTHIRD', NULL),
(38, 791, 23, 'SALESREPTHIRD', NULL),
(41, 793, 23, 'SALESREPTHIRD', NULL),
(43, 794, 23, 'SALESREPTHIRD', NULL),
(45, 795, 23, 'SALESREPTHIRD', NULL),
(47, 796, 23, 'SALESREPTHIRD', NULL),
(49, 797, 23, 'SALESREPTHIRD', NULL),
(51, 798, 23, 'SALESREPTHIRD', NULL),
(53, 799, 23, 'SALESREPTHIRD', NULL),
(55, 800, 23, 'SALESREPTHIRD', NULL),
(57, 801, 23, 'SALESREPTHIRD', NULL),
(59, 802, 23, 'SALESREPTHIRD', NULL),
(61, 803, 23, 'SALESREPTHIRD', NULL),
(63, 805, 23, 'SALESREPTHIRD', NULL),
(65, 806, 23, 'SALESREPTHIRD', NULL);

-- --------------------------------------------------------

--
-- Structure de la table `llx_societe_contacts`
--

CREATE TABLE IF NOT EXISTS `llx_societe_contacts` (
  `rowid` int(11) NOT NULL AUTO_INCREMENT,
  `entity` int(11) NOT NULL DEFAULT '1',
  `date_creation` datetime NOT NULL,
  `fk_soc` int(11) NOT NULL,
  `fk_c_type_contact` int(11) NOT NULL,
  `fk_socpeople` int(11) NOT NULL,
  `tms` timestamp NULL DEFAULT NULL,
  `import_key` varchar(14) COLLATE utf8_unicode_ci DEFAULT NULL,
  PRIMARY KEY (`rowid`),
  UNIQUE KEY `idx_societe_contacts_idx1` (`entity`,`fk_soc`,`fk_c_type_contact`,`fk_socpeople`),
  KEY `fk_societe_contacts_fk_c_type_contact` (`fk_c_type_contact`),
  KEY `fk_societe_contacts_fk_soc` (`fk_soc`),
  KEY `fk_societe_contacts_fk_socpeople` (`fk_socpeople`)
) ENGINE=InnoDB DEFAULT CHARSET=utf8 COLLATE=utf8_unicode_ci;

-- --------------------------------------------------------

--
-- Structure de la table `llx_societe_extrafields`
--

CREATE TABLE IF NOT EXISTS `llx_societe_extrafields` (
  `rowid` int(11) NOT NULL AUTO_INCREMENT,
  `tms` timestamp NULL DEFAULT CURRENT_TIMESTAMP ON UPDATE CURRENT_TIMESTAMP,
  `fk_object` int(11) NOT NULL,
  `import_key` varchar(14) COLLATE utf8_unicode_ci DEFAULT NULL,
  `type_de_fournisseur` varchar(255) COLLATE utf8_unicode_ci DEFAULT NULL,
  `domaines_dactivites` varchar(255) COLLATE utf8_unicode_ci DEFAULT NULL,
  PRIMARY KEY (`rowid`),
  UNIQUE KEY `uk_societe_extrafields` (`fk_object`)
) ENGINE=InnoDB AUTO_INCREMENT=1160 DEFAULT CHARSET=utf8 COLLATE=utf8_unicode_ci;

--
-- Déchargement des données de la table `llx_societe_extrafields`
--

INSERT INTO `llx_societe_extrafields` (`rowid`, `tms`, `fk_object`, `import_key`, `type_de_fournisseur`, `domaines_dactivites`) VALUES
(110, '2025-10-03 14:49:43', 111, '20251003144943', NULL, NULL),
(118, '2025-10-03 14:49:43', 119, '20251003144943', NULL, NULL),
(704, '2025-11-21 09:28:09', 132, NULL, '0', 'GRANDES DISTRIBUTIONS'),
(712, '2025-11-21 14:00:44', 139, NULL, '0', 'BANQUE'),
(718, '2025-11-21 14:58:53', 133, NULL, '0', NULL),
(720, '2025-11-21 15:28:43', 134, NULL, '0', 'DISTRIBUTION DE CARBURANT'),
(721, '2025-11-21 15:31:27', 141, NULL, '0', 'BANQUE'),
(723, '2025-11-21 15:44:19', 146, NULL, '0', 'PRESTATION DE SERVICE INFORMATION'),
(725, '2025-11-21 16:07:35', 148, NULL, '0', 'GEOLOCALISATION'),
(733, '2025-11-28 11:11:47', 636, NULL, '1', 'CONCESSIONNAIRES AUTOMOBILES'),
(737, '2025-11-28 11:50:24', 647, NULL, '1', 'FERRONNERIE/SOUDURE'),
(779, '2025-11-29 21:47:48', 431, NULL, '1', 'VENTE DE MATERIELS ELECTRIQUE'),
(780, '2025-11-29 22:29:42', 433, NULL, '1', 'VENTE DE MATERIELS ELECTRIQUES'),
(781, '2025-11-29 22:38:16', 436, NULL, '1', 'ELEMENTS FILTRANTS'),
(782, '2025-11-29 22:48:59', 468, NULL, '2', 'VENTE D\'OUTILLAGE'),
(783, '2025-11-29 22:52:24', 655, NULL, '1', 'SECURITE INCENDIE'),
(784, '2025-11-29 22:58:59', 435, NULL, '1', 'VENTE DE MATRIELS ELECTRIQUES'),
(785, '2025-11-29 23:01:41', 458, NULL, '1', 'VENTE DE LUMINAIRES'),
(787, '2025-11-29 23:04:51', 638, NULL, '1', 'TRAVAUX FERONNERIE'),
(788, '2025-11-29 23:07:44', 650, NULL, '1', 'TRAVAUX POSTE TRANSFORMATEUR'),
(789, '2025-11-29 23:13:21', 437, NULL, '1', 'VENTE D\'OUTILLAGES ET EQUIPEMENTS DE PROTECTION'),
(790, '2025-11-29 23:16:28', 651, NULL, '1', 'FOURNITURE ET MONTAGE DE PNEUS'),
(791, '2025-11-29 23:18:37', 439, NULL, '1', 'VENTE DE LIQUIDE POUR GE'),
(792, '2025-11-29 23:22:46', 440, NULL, '1', 'VENTE LUMINAIRES'),
(793, '2025-11-29 23:27:10', 639, NULL, '1', 'VISITE TECHNIQUE'),
(794, '2025-11-29 23:34:48', 671, NULL, '2', 'FOURNITURES MATERIEL IMPRIMANTE'),
(795, '2025-11-29 23:39:29', 689, NULL, '0', 'CONFECTION DE CACHET ET TAMPON'),
(796, '2025-11-30 16:52:58', 687, NULL, '2', 'SECURITE ELECTRONIQUE ET TELECOMMINUCATION'),
(797, '2025-11-30 16:55:34', 657, NULL, '1', 'CABINET DE FORMATION'),
(798, '2025-11-30 16:57:24', 685, NULL, '2', 'CONFECTION DE TENUES'),
(800, '2025-11-30 17:02:04', 470, NULL, '2', 'MEUBLES DE BUREAU'),
(801, '2025-11-30 17:06:55', 442, NULL, '1', 'FOURNITURE DE GROUPE ELECTROGENE'),
(802, '2025-11-30 17:09:11', 443, NULL, '1', 'VENTE DE MATERIELS DE FROID'),
(803, '2025-11-30 17:10:59', 673, NULL, '2', 'SECURITE - GPS - ALARME'),
(804, '2025-11-30 17:12:56', 666, NULL, '1', 'ETALLONNAGE ET VERIFICATION DES EQUIPEMENTS DE MESURES'),
(805, '2025-11-30 17:15:06', 461, NULL, '1', 'VENTE DE MATERIELS ELECTRIQUES ET DIVERS - INTERIEUR'),
(807, '2025-11-30 17:18:31', 444, NULL, '1', 'VENTE E PETIT MAT ET OUTILLAGE'),
(808, '2025-11-30 17:21:48', 445, NULL, '1', 'FOUNITURES DE GROUPE ELECTROGENE'),
(809, '2025-11-30 17:30:04', 690, NULL, '2', 'REPARATION - AUTOMOBILE'),
(810, '2025-11-30 17:35:11', 691, NULL, '2', 'TRANSIT'),
(811, '2025-11-30 17:38:06', 446, NULL, '1', 'ITB'),
(812, '2025-11-30 17:42:45', 686, NULL, '2', 'Imprimerie'),
(813, '2025-11-30 17:46:44', 448, NULL, '1', 'TELECOM SECURITE ELECTRONIQUES'),
(814, '2025-11-30 17:49:15', 455, NULL, '1', 'FOURNITURE D\'HUILE DE MOTEUR'),
(815, '2025-11-30 17:50:40', 648, NULL, '1', 'FOUILLE ET MISE A LA TERRE'),
(817, '2025-12-01 15:07:47', 659, NULL, '1', 'SAV MATERIELS ELECTROMENAGERS'),
(818, '2025-12-01 15:15:21', 453, NULL, '1', 'FOURNITURE DE PDR DE GE ET VEHICULE'),
(819, '2025-12-01 15:17:50', 466, NULL, '1', 'VENTE DE MATERIELS ELECTRIQUES'),
(820, '2025-12-01 15:20:48', 660, NULL, '1', 'INSTALLATION MATERIELS INFORMATIQUE \\nDEVELOPPEMENT D\'APPLICATIONS, DE LOGICIELS ET DE PLATES FORMES DE SERVICES WEB\\n'),
(821, '2025-12-01 15:27:07', 452, NULL, '1', 'DISTIBUTEUR DE MATERIELS ELECTRIQUE DOMESTIQUE ET INDUSTRIELS'),
(822, '2025-12-01 15:28:29', 451, NULL, '1', 'DISTIBUTEUR DE MATERIELS ELECTRIQUE DOMESTIQUE ET INDUSTRIELS'),
(823, '2025-12-01 15:34:19', 456, NULL, '1', 'VENTE DE LUMINAIRES ET MAT ELECTRQUES'),
(824, '2025-12-01 15:37:55', 658, NULL, '1', 'VIDANGE DE VEHICULE'),
(825, '2025-12-01 15:40:43', 454, NULL, '1', 'FOURNITURE DE PDR DE GE ET VEHICULE'),
(826, '2025-12-01 15:42:34', 463, NULL, '1', 'VENTE DE PDR AUTOMOBILE'),
(827, '2025-12-01 15:44:38', 676, NULL, '2', 'BRANDING VEHICULE'),
(828, '2025-12-01 15:46:58', 471, NULL, '2', 'FOURNISSEUR DE MATERIELS DE BUREAU'),
(842, '2025-12-08 15:32:37', 701, NULL, '0', 'PRESTATIONS GARDIENNAGE'),
(843, '2025-12-08 15:41:08', 702, NULL, '2', 'STATION SERVICES'),
(844, '2025-12-08 15:53:38', 703, NULL, '2', NULL),
(845, '2025-12-08 16:41:03', 704, NULL, '0', NULL),
(846, '2025-12-08 16:57:37', 705, NULL, '2', NULL),
(847, '2025-12-08 17:07:34', 706, NULL, '2', 'GARDIENNAGE'),
(849, '2025-12-08 17:15:29', 707, NULL, '2', 'ACHAT MATERIEL ELECTRIQUES'),
(850, '2025-12-08 18:10:21', 708, NULL, '0', NULL),
(851, '2025-12-09 15:17:24', 709, NULL, '1', NULL),
(853, '2025-12-09 15:29:38', 710, NULL, '0', NULL),
(856, '2025-12-09 15:56:19', 711, NULL, '2', 'REPRESENTANT AUTOMOBILE'),
(857, '2025-12-09 16:41:52', 712, NULL, '0', 'PROPIETAIRE LOYER BOUAKE'),
(858, '2025-12-09 16:47:24', 713, NULL, '0', 'PROPRIETAIRE LOYER ZONE 4'),
(861, '2025-12-09 16:54:16', 714, NULL, '2', 'FOURNITURE DE PRODUIT D\'ENTRETIEN'),
(898, '2025-12-11 10:25:40', 749, NULL, '2', NULL),
(899, '2025-12-11 10:33:50', 750, NULL, '2', NULL),
(901, '2025-12-11 11:13:09', 752, NULL, '2', 'SERVICES ET INGENIERIE EN INFORMATIQUE'),
(902, '2025-12-11 11:17:41', 753, NULL, '0', NULL),
(903, '2025-12-11 11:21:44', 754, NULL, '0', NULL),
(904, '2025-12-11 11:25:12', 755, NULL, '0', 'CONTROLE SECUREL'),
(905, '2025-12-11 11:50:58', 756, NULL, '0', 'DISTRIBUTEUR TELEPHONIQUE'),
(906, '2025-12-11 12:17:50', 757, NULL, '1', 'DEDOUANEMENT DE VEHICULE'),
(907, '2025-12-11 14:23:08', 760, NULL, '0', NULL),
(908, '2025-12-11 14:38:27', 761, NULL, '2', 'STATION SHELL'),
(909, '2025-12-11 14:41:47', 762, NULL, '2', NULL),
(910, '2025-12-11 14:44:59', 763, NULL, '2', NULL),
(912, '2025-12-11 15:08:52', 764, NULL, '2', 'VENTES DE MATERIELS DE CONSTRUCTION ET DIVERSES'),
(913, '2025-12-11 15:28:49', 765, NULL, '2', 'VENTES D\'ACCESSOIRES DE VOITURES ET PNEUS'),
(914, '2025-12-11 15:35:59', 766, NULL, '1', 'CONTROLE DES INSTALLATIONS, MISE EN CONFORMITE'),
(915, '2025-12-11 15:41:25', 767, NULL, '2', NULL),
(916, '2025-12-11 15:51:54', 769, NULL, '0', NULL),
(917, '2025-12-11 16:06:04', 770, NULL, '0', NULL),
(918, '2025-12-11 16:19:11', 771, NULL, '0', NULL),
(919, '2025-12-11 16:20:08', 772, NULL, '2', NULL),
(920, '2025-12-11 16:27:20', 773, NULL, '0', NULL),
(921, '2025-12-11 16:28:06', 774, NULL, '0', NULL),
(922, '2025-12-11 16:29:54', 775, NULL, '0', NULL),
(923, '2025-12-11 16:31:39', 776, NULL, '0', NULL),
(924, '2025-12-11 16:35:45', 751, NULL, '2', NULL),
(925, '2025-12-11 16:51:20', 777, NULL, '0', 'TRAVAUX D\'ELECTRICITE'),
(926, '2025-12-11 16:56:59', 778, NULL, '0', NULL),
(943, '2025-12-22 10:23:51', 151, NULL, '0', 'RESTAURATION'),
(945, '2025-12-22 10:39:29', 150, NULL, '0', 'CONTROLE AUDIT'),
(947, '2025-12-22 10:57:14', 137, NULL, '0', 'VENTE PRODUITS CHIMIQUES'),
(949, '2025-12-22 11:21:21', 147, NULL, '0', 'Electricité, eau, gaz, nucléaire, énergie - Industrie'),
(950, '2025-12-22 11:23:17', 140, NULL, '0', 'SECTEUR AUTOMOBILE'),
(953, '2025-12-24 12:32:05', 779, NULL, '0', 'INDUSTRIE CHIMIQUE'),
(956, '2025-12-26 07:58:00', 115, NULL, '0', 'Distribution de Produits Chimiques Industriels'),
(958, '2025-12-26 08:55:50', 142, NULL, '0', 'Services Consulaires'),
(960, '2025-12-26 09:38:18', 136, NULL, '0', NULL),
(962, '2025-12-26 10:00:47', 128, NULL, '0', NULL),
(964, '2025-12-26 10:17:21', 780, NULL, '0', 'SERVICES ET BIENS'),
(966, '2025-12-26 10:37:22', 113, NULL, '0', NULL),
(968, '2025-12-26 10:50:27', 112, NULL, '0', NULL),
(972, '2025-12-26 11:18:59', 106, NULL, '0', NULL),
(973, '2025-12-26 11:25:20', 109, NULL, '0', 'Production de Caoutchouc Naturel et sa Transformation.'),
(975, '2025-12-26 11:51:28', 127, NULL, '0', NULL),
(979, '2025-12-26 12:24:42', 145, NULL, '0', 'Etudes et travaux d’entretien du réseau routier'),
(981, '2025-12-26 14:23:24', 116, NULL, '0', 'Création et Diffusion des cultures et des savoirs Francophones'),
(987, '2025-12-26 14:44:18', 143, NULL, '0', 'Fourniture d\'équipements industriels'),
(989, '2025-12-26 15:08:03', 144, NULL, '0', 'Prestations de contrôle technique automobile'),
(992, '2025-12-26 15:19:33', 118, NULL, '0', NULL),
(994, '2025-12-26 15:29:43', 2, NULL, '0', NULL),
(996, '2025-12-26 15:35:37', 108, NULL, '0', 'CLIMATISATION'),
(998, '2025-12-26 15:46:14', 107, NULL, '0', 'Consignation le changement d\'équipage, le remorquage des navires.'),
(1000, '2025-12-26 15:55:12', 120, NULL, '0', NULL),
(1002, '2025-12-26 16:01:30', 121, NULL, '0', NULL),
(1008, '2025-12-26 16:19:06', 123, NULL, '0', NULL),
(1014, '2025-12-26 16:33:42', 125, NULL, '0', NULL),
(1016, '2025-12-26 16:39:32', 126, NULL, '0', NULL),
(1020, '2025-12-26 16:49:26', 694, NULL, '0', NULL),
(1026, '2025-12-29 10:47:33', 781, NULL, '0', NULL),
(1028, '2025-12-29 11:26:21', 782, NULL, '0', NULL),
(1031, '2025-12-29 11:45:51', 783, NULL, '0', NULL),
(1033, '2025-12-29 12:19:54', 784, NULL, '0', NULL),
(1034, '2025-12-29 12:38:55', 785, NULL, '0', NULL),
(1036, '2025-12-29 13:04:33', 787, NULL, '0', NULL),
(1038, '2025-12-29 13:14:16', 788, NULL, '0', NULL),
(1041, '2026-01-06 08:59:08', 692, NULL, '0', 'BANQUE'),
(1042, '2026-01-06 09:39:29', 130, NULL, '0', 'CENTRE MEDICAL'),
(1043, '2026-01-06 09:41:23', 117, NULL, '0', 'Laboratoires d\'analyses médicales'),
(1044, '2026-01-06 10:00:39', 789, NULL, '0', 'Transport aérien'),
(1045, '2026-01-06 10:02:52', 104, NULL, '0', 'Distribution et la commercialisation de carburants'),
(1046, '2026-01-06 10:48:39', 693, NULL, '0', NULL),
(1047, '2026-01-06 10:49:47', 114, NULL, '0', 'Respect de la Constitution'),
(1048, '2026-01-06 10:50:32', 105, NULL, '0', 'Amélioration des conditions de vie des fonctionnaires et agents de l’Etat à la retraite.'),
(1049, '2026-01-06 10:52:04', 149, NULL, '0', 'EXPLOITATION DE MINES D\'OR'),
(1050, '2026-01-06 10:53:31', 129, NULL, '0', 'Production et la Distribution de Lubrifiants'),
(1051, '2026-01-06 10:57:01', 131, NULL, '0', 'Ministère de la Santé'),
(1052, '2026-01-06 15:16:59', 110, NULL, '0', NULL),
(1054, '2026-01-06 15:21:23', 122, NULL, '0', NULL),
(1056, '2026-01-06 15:26:46', 786, NULL, '0', NULL),
(1057, '2026-01-06 15:33:03', 138, NULL, '0', 'Distribution des Produits Pétroliers'),
(1058, '2026-01-06 16:16:08', 152, NULL, '0', 'Ministère de la Santé'),
(1059, '2026-01-07 15:24:13', 124, NULL, '0', NULL),
(1060, '2026-01-07 18:59:38', 640, NULL, '1', 'FOURNITURE DE PIECES AUTO - DEPANNAGE - VIDANGE'),
(1061, '2026-01-07 19:01:04', 695, NULL, '1', 'LIVRET SECURITE'),
(1062, '2026-01-07 19:04:25', 410, NULL, '1', 'VENTE DE MATERIESLS POUR GROUPE ELECTROGENE'),
(1063, '2026-01-07 19:05:03', 652, NULL, '1', 'VENTE DE GROUPE ELECTROGENES ET ACCESSOIRES'),
(1064, '2026-01-07 19:11:03', 661, NULL, '1', 'ORGANISME DE CERTIFICATION'),
(1065, '2026-01-07 19:19:50', 459, NULL, '1', 'VENTE DE REFRIGERENT'),
(1066, '2026-01-07 19:21:09', 413, NULL, '1', 'VENTE DE MATERIELS ELECTRIQUES'),
(1067, '2026-01-07 19:22:12', 696, NULL, '1', 'ASSURANCE'),
(1068, '2026-01-07 19:23:22', 716, NULL, '0', NULL),
(1069, '2026-01-07 19:26:14', 717, NULL, '2', 'ASSURANCES'),
(1070, '2026-01-07 19:27:01', 718, NULL, '0', NULL),
(1071, '2026-01-07 19:27:41', 415, NULL, '1', 'VENTE DE MATERIELS INDUSTRIELS'),
(1072, '2026-01-07 19:28:23', 414, NULL, '1', 'VENTE DE MATERIESLS DE FROIDS'),
(1073, '2026-01-07 19:29:03', 667, NULL, '2', 'SURVEILLANCE ET GARDIENNAGE'),
(1074, '2026-01-07 19:30:18', 669, NULL, '2', 'CAPTATION PHOTOS ET VIDEOS'),
(1075, '2026-01-07 19:31:31', 662, NULL, '1', 'ORGANISME DE CERTIFICATION'),
(1076, '2026-01-07 19:32:20', 719, NULL, '2', NULL),
(1077, '2026-01-07 19:32:57', 416, NULL, '1', 'VENTE DE GROUPE ELECTROGENES'),
(1078, '2026-01-07 19:33:56', 465, NULL, '1', 'VENTE DE GROUPE ELECTROGENES'),
(1079, '2026-01-07 19:34:55', 720, NULL, '0', NULL),
(1080, '2026-01-07 19:36:02', 721, NULL, '0', NULL),
(1081, '2026-01-07 19:46:54', 420, NULL, '1', 'VENTE DE MATERIELS DE FROIDS'),
(1082, '2026-01-07 19:47:46', 668, NULL, '2', 'CABINET DE FORMATION'),
(1083, '2026-01-07 19:49:41', 418, NULL, '1', 'VENTE DE ATERIELS DE FROIDS'),
(1084, '2026-01-07 19:50:16', 722, NULL, '0', NULL),
(1085, '2026-01-07 19:50:48', 653, NULL, '1', 'CONCESSIONNAIRE AUTOMOBILE'),
(1086, '2026-01-07 19:51:26', 723, NULL, '0', NULL),
(1087, '2026-01-07 19:51:55', 697, NULL, '1', 'PEINTURE'),
(1088, '2026-01-07 19:52:31', 724, NULL, '2', NULL),
(1089, '2026-01-07 19:52:56', 725, NULL, '0', 'ELECTRICITE'),
(1090, '2026-01-07 19:53:35', 698, NULL, '1', 'LOCATION CAMION'),
(1091, '2026-01-07 19:54:28', 672, NULL, '2', 'IMPRIMERIE'),
(1092, '2026-01-08 08:23:36', 790, NULL, '0', NULL),
(1094, '2026-01-08 08:28:41', 791, NULL, '0', NULL),
(1096, '2026-01-08 08:33:12', 793, NULL, '0', NULL),
(1097, '2026-01-08 08:37:15', 794, NULL, '0', NULL),
(1098, '2026-01-08 08:41:37', 795, NULL, '0', NULL),
(1099, '2026-01-08 08:42:10', 726, NULL, '0', NULL),
(1100, '2026-01-08 08:48:51', 727, NULL, '0', NULL),
(1101, '2026-01-08 08:49:27', 728, NULL, '2', 'DOCTEUR INTERNE'),
(1102, '2026-01-08 08:49:53', 729, NULL, '2', NULL),
(1103, '2026-01-08 08:50:20', 730, NULL, '0', NULL),
(1104, '2026-01-08 08:51:20', 731, NULL, '0', NULL),
(1105, '2026-01-08 08:51:33', 796, NULL, '0', NULL),
(1106, '2026-01-08 08:51:43', 472, NULL, '2', 'VENTE DE TELEPHONE ET ACCESSOIRES INFORMATIQUES'),
(1107, '2026-01-08 08:52:12', 457, NULL, '1', 'VENTE DE LUMINAIRES ET MAT ELECTRIQUES'),
(1108, '2026-01-08 08:52:56', 654, NULL, '1', 'REPARATION D\'OUTILLAGE'),
(1109, '2026-01-08 08:53:30', 426, NULL, '1', 'VENTE DE MATEIELS ELECTRIQUES'),
(1110, '2026-01-08 08:54:00', 421, NULL, '1', 'VENTE DE MATERIELS ELECTRIQUES'),
(1111, '2026-01-08 08:54:21', 797, NULL, '0', NULL),
(1112, '2026-01-08 08:57:12', 733, NULL, '0', NULL),
(1113, '2026-01-08 08:58:40', 798, NULL, '0', NULL),
(1115, '2026-01-08 09:02:03', 732, NULL, '0', NULL),
(1116, '2026-01-08 09:02:30', 799, NULL, '0', NULL),
(1117, '2026-01-08 09:04:15', 800, NULL, '0', NULL),
(1118, '2026-01-08 09:04:49', 637, NULL, '1', 'CABLAGE DE COFFRET ELECTRIQUE'),
(1119, '2026-01-08 09:05:47', 734, NULL, '0', 'PEINTRES'),
(1120, '2026-01-08 09:06:16', 424, NULL, '1', 'VENTE DE MATERIELS DE FROID ET CLIMATISATION'),
(1121, '2026-01-08 09:06:52', 735, NULL, '0', NULL),
(1122, '2026-01-08 09:07:17', 462, NULL, '1', 'VENTE DE MATERIELS DE PLOMBERIE ET DIVERS - INTERIEUR'),
(1124, '2026-01-08 09:07:48', 737, NULL, '0', NULL),
(1125, '2026-01-08 09:08:19', 665, NULL, '1', 'TRAITEMENT DES DECHETS'),
(1126, '2026-01-08 09:08:43', 428, NULL, '1', 'VENTE DE LUMINAIRES ET MAT ELECTRQUES'),
(1127, '2026-01-08 09:09:10', 423, NULL, '1', 'VENTE DE PETIT MATERIELS'),
(1128, '2026-01-08 09:09:29', 801, NULL, '0', NULL),
(1129, '2026-01-08 09:10:23', 642, NULL, '1', 'VIDEO SURVEILLANCE, CONTROLE DACCES, ALARME ANTI INTRUSION, ALARME ANTI INTRUSION, SECURITE INCENDIE, CABLAGE RESEAU INFORMATIQUE'),
(1130, '2026-01-08 09:11:00', 425, NULL, '1', 'VENTE DE MATERIELS DE FROIDS'),
(1131, '2026-01-08 09:11:26', 739, NULL, '2', 'AUDIT INFORMATIQUE'),
(1132, '2026-01-08 09:11:51', 688, NULL, '2', 'FERRONNERIE'),
(1133, '2026-01-08 09:14:45', 802, NULL, '0', NULL),
(1134, '2026-01-08 09:26:14', 803, NULL, '0', NULL),
(1136, '2026-01-08 09:56:43', 805, NULL, '0', NULL),
(1137, '2026-01-08 09:58:09', 806, NULL, '0', NULL),
(1139, '2026-01-08 10:01:47', 804, NULL, '0', 'ASSURANCE'),
(1140, '2026-01-08 10:41:51', 740, NULL, '2', 'CONFECTION SUPPORT BETON'),
(1141, '2026-01-08 10:43:08', 741, NULL, '2', 'ELECTRONIQUE GENERAL ET FROID'),
(1142, '2026-01-08 10:43:47', 429, NULL, '1', 'VENTES DE SANITAIRES'),
(1143, '2026-01-08 10:45:40', 644, NULL, '1', 'FOURNITURE DE PIECES AUTO - DEPANNAGE'),
(1144, '2026-01-08 10:48:00', 742, NULL, '0', NULL),
(1145, '2026-01-08 10:48:47', 677, NULL, '2', 'CAPTATION PHOTOS ET VIDEOS - EVENEMENTIEL'),
(1146, '2026-01-08 10:51:57', 680, NULL, '2', 'GARDIENNAGE ET ASSISTANCE'),
(1147, '2026-01-08 10:52:26', 743, NULL, '2', 'TRAVAUX ASSAINISSEMENT'),
(1148, '2026-01-08 10:53:51', 670, NULL, '2', 'FOURNITURE DE PIECES AUTO - DEPANNAGE - VIDANGE'),
(1149, '2026-01-08 10:54:18', 641, NULL, '1', 'REPARATION - AUTOMOBILE'),
(1150, '2026-01-08 10:55:37', 744, NULL, '2', 'GENERAL DISTRIBUTION ET PRESTATION SERVICES'),
(1151, '2026-01-08 11:05:11', 656, NULL, '1', 'CABINET DE FORMATION'),
(1152, '2026-01-08 11:16:25', 646, NULL, '1', 'SOUDURE'),
(1153, '2026-01-08 11:18:44', 675, NULL, '2', 'EBENISTERIE'),
(1154, '2026-01-08 11:20:55', 746, NULL, '2', NULL),
(1155, '2026-01-08 11:21:56', 430, NULL, '1', 'VENTE DE MATERIELS DE FROID'),
(1156, '2026-01-08 11:22:36', 674, NULL, '2', 'FOURNITURE ET INSTALLATION DE STORE'),
(1157, '2026-01-08 11:23:32', 747, NULL, '2', NULL),
(1158, '2026-01-08 11:24:39', 748, NULL, '1', 'ASSURANCES'),
(1159, '2026-01-08 11:25:39', 700, NULL, '1', NULL);

-- --------------------------------------------------------

--
-- Structure de la table `llx_societe_prices`
--

CREATE TABLE IF NOT EXISTS `llx_societe_prices` (
  `rowid` int(11) NOT NULL AUTO_INCREMENT,
  `fk_soc` int(11) DEFAULT '0',
  `tms` timestamp NULL DEFAULT CURRENT_TIMESTAMP ON UPDATE CURRENT_TIMESTAMP,
  `datec` datetime DEFAULT NULL,
  `fk_user_author` int(11) DEFAULT NULL,
  `price_level` tinyint(4) DEFAULT '1',
  PRIMARY KEY (`rowid`)
) ENGINE=InnoDB DEFAULT CHARSET=utf8 COLLATE=utf8_unicode_ci;

-- --------------------------------------------------------

--
-- Structure de la table `llx_societe_remise`
--

CREATE TABLE IF NOT EXISTS `llx_societe_remise` (
  `rowid` int(11) NOT NULL AUTO_INCREMENT,
  `entity` int(11) NOT NULL DEFAULT '1',
  `fk_soc` int(11) NOT NULL,
  `tms` timestamp NULL DEFAULT CURRENT_TIMESTAMP ON UPDATE CURRENT_TIMESTAMP,
  `datec` datetime DEFAULT NULL,
  `fk_user_author` int(11) DEFAULT NULL,
  `remise_client` double(7,4) NOT NULL DEFAULT '0.0000',
  `note` text COLLATE utf8_unicode_ci,
  PRIMARY KEY (`rowid`)
) ENGINE=InnoDB DEFAULT CHARSET=utf8 COLLATE=utf8_unicode_ci;

-- --------------------------------------------------------

--
-- Structure de la table `llx_societe_remise_except`
--

CREATE TABLE IF NOT EXISTS `llx_societe_remise_except` (
  `rowid` int(11) NOT NULL AUTO_INCREMENT,
  `entity` int(11) NOT NULL DEFAULT '1',
  `fk_soc` int(11) NOT NULL,
  `discount_type` int(11) NOT NULL DEFAULT '0',
  `datec` datetime DEFAULT NULL,
  `amount_ht` double(24,8) NOT NULL,
  `amount_tva` double(24,8) NOT NULL DEFAULT '0.00000000',
  `amount_ttc` double(24,8) NOT NULL DEFAULT '0.00000000',
  `tva_tx` double(7,4) NOT NULL DEFAULT '0.0000',
  `vat_src_code` varchar(10) COLLATE utf8_unicode_ci DEFAULT '',
  `fk_user` int(11) NOT NULL,
  `fk_facture_line` int(11) DEFAULT NULL,
  `fk_facture` int(11) DEFAULT NULL,
  `fk_facture_source` int(11) DEFAULT NULL,
  `fk_invoice_supplier_line` int(11) DEFAULT NULL,
  `fk_invoice_supplier` int(11) DEFAULT NULL,
  `fk_invoice_supplier_source` int(11) DEFAULT NULL,
  `description` text COLLATE utf8_unicode_ci NOT NULL,
  `multicurrency_code` varchar(3) COLLATE utf8_unicode_ci DEFAULT NULL,
  `multicurrency_tx` double(24,8) DEFAULT NULL,
  `multicurrency_amount_ht` double(24,8) NOT NULL DEFAULT '0.00000000',
  `multicurrency_amount_tva` double(24,8) NOT NULL DEFAULT '0.00000000',
  `multicurrency_amount_ttc` double(24,8) NOT NULL DEFAULT '0.00000000',
  PRIMARY KEY (`rowid`),
  KEY `idx_societe_remise_except_fk_user` (`fk_user`),
  KEY `idx_societe_remise_except_fk_soc` (`fk_soc`),
  KEY `idx_societe_remise_except_fk_facture_line` (`fk_facture_line`),
  KEY `idx_societe_remise_except_fk_facture` (`fk_facture`),
  KEY `idx_societe_remise_except_fk_facture_source` (`fk_facture_source`),
  KEY `idx_societe_remise_except_discount_type` (`discount_type`),
  KEY `fk_soc_remise_fk_invoice_supplier_line` (`fk_invoice_supplier_line`),
  KEY `fk_societe_remise_fk_invoice_supplier_source` (`fk_invoice_supplier`)
) ENGINE=InnoDB DEFAULT CHARSET=utf8 COLLATE=utf8_unicode_ci;

-- --------------------------------------------------------

--
-- Structure de la table `llx_societe_remise_supplier`
--

CREATE TABLE IF NOT EXISTS `llx_societe_remise_supplier` (
  `rowid` int(11) NOT NULL AUTO_INCREMENT,
  `entity` int(11) NOT NULL DEFAULT '1',
  `fk_soc` int(11) NOT NULL,
  `tms` timestamp NULL DEFAULT CURRENT_TIMESTAMP ON UPDATE CURRENT_TIMESTAMP,
  `datec` datetime DEFAULT NULL,
  `fk_user_author` int(11) DEFAULT NULL,
  `remise_supplier` double(7,4) NOT NULL DEFAULT '0.0000',
  `note` text COLLATE utf8_unicode_ci,
  PRIMARY KEY (`rowid`)
) ENGINE=InnoDB DEFAULT CHARSET=utf8 COLLATE=utf8_unicode_ci;

-- --------------------------------------------------------

--
-- Structure de la table `llx_societe_rib`
--

CREATE TABLE IF NOT EXISTS `llx_societe_rib` (
  `rowid` int(11) NOT NULL AUTO_INCREMENT,
  `entity` int(11) NOT NULL DEFAULT '1',
  `type` varchar(32) COLLATE utf8_unicode_ci NOT NULL DEFAULT 'ban',
  `label` varchar(180) COLLATE utf8_unicode_ci DEFAULT NULL,
  `fk_soc` int(11) NOT NULL,
  `datec` datetime DEFAULT NULL,
  `tms` timestamp NULL DEFAULT CURRENT_TIMESTAMP ON UPDATE CURRENT_TIMESTAMP,
  `bank` varchar(255) COLLATE utf8_unicode_ci DEFAULT NULL,
  `code_banque` varchar(128) COLLATE utf8_unicode_ci DEFAULT NULL,
  `code_guichet` varchar(6) COLLATE utf8_unicode_ci DEFAULT NULL,
  `number` varchar(255) COLLATE utf8_unicode_ci DEFAULT NULL,
  `cle_rib` varchar(5) COLLATE utf8_unicode_ci DEFAULT NULL,
  `bic` varchar(20) COLLATE utf8_unicode_ci DEFAULT NULL,
  `bic_intermediate` varchar(11) COLLATE utf8_unicode_ci DEFAULT NULL,
  `iban_prefix` varchar(100) COLLATE utf8_unicode_ci DEFAULT NULL,
  `domiciliation` varchar(255) COLLATE utf8_unicode_ci DEFAULT NULL,
  `proprio` varchar(60) COLLATE utf8_unicode_ci DEFAULT NULL,
  `owner_address` varchar(255) COLLATE utf8_unicode_ci DEFAULT NULL,
  `default_rib` smallint(6) NOT NULL DEFAULT '0',
  `state_id` int(11) DEFAULT NULL,
  `fk_country` int(11) DEFAULT NULL,
  `currency_code` varchar(3) COLLATE utf8_unicode_ci DEFAULT NULL,
  `model_pdf` varchar(255) COLLATE utf8_unicode_ci DEFAULT NULL,
  `last_main_doc` varchar(255) COLLATE utf8_unicode_ci DEFAULT NULL,
  `rum` varchar(32) COLLATE utf8_unicode_ci DEFAULT NULL,
  `date_rum` date DEFAULT NULL,
  `frstrecur` varchar(16) COLLATE utf8_unicode_ci DEFAULT 'FRST',
  `last_four` varchar(4) COLLATE utf8_unicode_ci DEFAULT NULL,
  `card_type` varchar(255) COLLATE utf8_unicode_ci DEFAULT NULL,
  `cvn` varchar(255) COLLATE utf8_unicode_ci DEFAULT NULL,
  `exp_date_month` int(11) DEFAULT NULL,
  `exp_date_year` int(11) DEFAULT NULL,
  `country_code` varchar(10) COLLATE utf8_unicode_ci DEFAULT NULL,
  `approved` int(11) DEFAULT '0',
  `email` varchar(255) COLLATE utf8_unicode_ci DEFAULT NULL,
  `ending_date` date DEFAULT NULL,
  `max_total_amount_of_all_payments` double(24,8) DEFAULT NULL,
  `preapproval_key` varchar(255) COLLATE utf8_unicode_ci DEFAULT NULL,
  `starting_date` date DEFAULT NULL,
  `total_amount_of_all_payments` double(24,8) DEFAULT NULL,
  `stripe_card_ref` varchar(128) COLLATE utf8_unicode_ci DEFAULT NULL,
  `stripe_account` varchar(128) COLLATE utf8_unicode_ci DEFAULT NULL,
  `ext_payment_site` varchar(128) COLLATE utf8_unicode_ci DEFAULT NULL,
  `extraparams` varchar(255) COLLATE utf8_unicode_ci DEFAULT NULL,
  `date_signature` datetime DEFAULT NULL,
  `online_sign_ip` varchar(48) COLLATE utf8_unicode_ci DEFAULT NULL,
  `online_sign_name` varchar(64) COLLATE utf8_unicode_ci DEFAULT NULL,
  `comment` varchar(255) COLLATE utf8_unicode_ci DEFAULT NULL,
  `ipaddress` varchar(68) COLLATE utf8_unicode_ci DEFAULT NULL,
  `status` int(11) NOT NULL DEFAULT '1',
  `import_key` varchar(14) COLLATE utf8_unicode_ci DEFAULT NULL,
  PRIMARY KEY (`rowid`),
  UNIQUE KEY `uk_societe_rib` (`entity`,`label`,`fk_soc`),
  KEY `llx_societe_rib_fk_societe` (`fk_soc`)
) ENGINE=InnoDB DEFAULT CHARSET=utf8 COLLATE=utf8_unicode_ci;

-- --------------------------------------------------------

--
-- Structure de la table `llx_socpeople`
--

CREATE TABLE IF NOT EXISTS `llx_socpeople` (
  `rowid` int(11) NOT NULL AUTO_INCREMENT,
  `datec` datetime DEFAULT NULL,
  `tms` timestamp NULL DEFAULT CURRENT_TIMESTAMP ON UPDATE CURRENT_TIMESTAMP,
  `fk_soc` int(11) DEFAULT NULL,
  `entity` int(11) NOT NULL DEFAULT '1',
  `ref_ext` varchar(255) COLLATE utf8_unicode_ci DEFAULT NULL,
  `name_alias` varchar(255) COLLATE utf8_unicode_ci DEFAULT NULL,
  `fk_parent` int(11) DEFAULT NULL,
  `civility` varchar(6) COLLATE utf8_unicode_ci DEFAULT NULL,
  `lastname` varchar(50) COLLATE utf8_unicode_ci DEFAULT NULL,
  `firstname` varchar(50) COLLATE utf8_unicode_ci DEFAULT NULL,
  `address` varchar(255) COLLATE utf8_unicode_ci DEFAULT NULL,
  `zip` varchar(25) COLLATE utf8_unicode_ci DEFAULT NULL,
  `town` varchar(255) COLLATE utf8_unicode_ci DEFAULT NULL,
  `fk_departement` int(11) DEFAULT NULL,
  `fk_pays` int(11) DEFAULT '0',
  `geolat` double(24,8) DEFAULT NULL,
  `geolong` double(24,8) DEFAULT NULL,
  `geopoint` point DEFAULT NULL,
  `georesultcode` varchar(16) COLLATE utf8_unicode_ci DEFAULT NULL,
  `birthday` date DEFAULT NULL,
  `poste` varchar(255) COLLATE utf8_unicode_ci DEFAULT NULL,
  `phone` varchar(30) COLLATE utf8_unicode_ci DEFAULT NULL,
  `phone_perso` varchar(30) COLLATE utf8_unicode_ci DEFAULT NULL,
  `phone_mobile` varchar(30) COLLATE utf8_unicode_ci DEFAULT NULL,
  `fax` varchar(30) COLLATE utf8_unicode_ci DEFAULT NULL,
  `url` varchar(255) COLLATE utf8_unicode_ci DEFAULT NULL,
  `email` varchar(255) COLLATE utf8_unicode_ci DEFAULT NULL,
  `socialnetworks` text COLLATE utf8_unicode_ci,
  `photo` varchar(255) COLLATE utf8_unicode_ci DEFAULT NULL,
  `no_email` smallint(6) NOT NULL DEFAULT '0',
  `priv` smallint(6) NOT NULL DEFAULT '0',
  `fk_prospectlevel` varchar(12) COLLATE utf8_unicode_ci DEFAULT NULL,
  `fk_stcommcontact` int(11) NOT NULL DEFAULT '0',
  `fk_user_creat` int(11) DEFAULT '0',
  `fk_user_modif` int(11) DEFAULT NULL,
  `note_private` text COLLATE utf8_unicode_ci,
  `note_public` text COLLATE utf8_unicode_ci,
  `default_lang` varchar(6) COLLATE utf8_unicode_ci DEFAULT NULL,
  `canvas` varchar(32) COLLATE utf8_unicode_ci DEFAULT NULL,
  `import_key` varchar(14) COLLATE utf8_unicode_ci DEFAULT NULL,
  `statut` tinyint(4) NOT NULL DEFAULT '1',
  `ip` varchar(250) COLLATE utf8_unicode_ci DEFAULT NULL,
  PRIMARY KEY (`rowid`),
  KEY `idx_socpeople_fk_soc` (`fk_soc`),
  KEY `idx_socpeople_fk_user_creat` (`fk_user_creat`),
  KEY `idx_socpeople_lastname` (`lastname`)
) ENGINE=InnoDB AUTO_INCREMENT=6 DEFAULT CHARSET=utf8 COLLATE=utf8_unicode_ci;

--
-- Déchargement des données de la table `llx_socpeople`
--

INSERT INTO `llx_socpeople` (`rowid`, `datec`, `tms`, `fk_soc`, `entity`, `ref_ext`, `name_alias`, `fk_parent`, `civility`, `lastname`, `firstname`, `address`, `zip`, `town`, `fk_departement`, `fk_pays`, `geolat`, `geolong`, `geopoint`, `georesultcode`, `birthday`, `poste`, `phone`, `phone_perso`, `phone_mobile`, `fax`, `url`, `email`, `socialnetworks`, `photo`, `no_email`, `priv`, `fk_prospectlevel`, `fk_stcommcontact`, `fk_user_creat`, `fk_user_modif`, `note_private`, `note_public`, `default_lang`, `canvas`, `import_key`, `statut`, `ip`) VALUES
(2, '2025-10-06 15:45:10', '2025-10-06 15:45:10', 692, 1, NULL, '', NULL, 'MR', 'KOULIBALLY', 'HOMART', '', '', '', NULL, 21, NULL, NULL, NULL, NULL, NULL, 'Responsable contrat', '05 45 55 24 17', '', '', '', NULL, '', '[]', NULL, 0, 0, '', 0, 8, 8, '', '', NULL, NULL, NULL, 1, NULL),
(3, '2025-10-06 16:00:28', '2025-10-06 16:00:28', 108, 1, NULL, '', NULL, 'MR', 'LASME', '', '', '', '', NULL, 21, NULL, NULL, NULL, NULL, NULL, 'RESPONSABLE ACHAT', '0757277017', '', '', '', NULL, '', '[]', NULL, 0, 0, '', 0, 12, 12, '', '', NULL, NULL, NULL, 1, NULL),
(4, '2026-01-08 09:08:58', '2026-01-08 09:08:58', 801, 1, NULL, '', NULL, 'MR', 'MAMBO', 'BCEAO', 'PLATEAU', '', 'ABIDJAN', NULL, 21, NULL, NULL, NULL, NULL, NULL, 'RESPONSABLE ACHAT', '0709617975', '', '0709617975', '', NULL, '', '[]', NULL, 0, 0, '', 0, 23, 23, '', '', NULL, NULL, NULL, 1, NULL),
(5, '2026-01-08 09:28:59', '2026-01-08 09:28:59', 803, 1, NULL, '', NULL, 'MR', 'AMARA', 'ALY', 'PORT BOUET ROUTE DE L\'AEROPORT', '', '', NULL, 21, NULL, NULL, NULL, NULL, NULL, 'DT', '', '0716882986', '', '', NULL, 'amara.aly1@gmail.com', '[]', NULL, 0, 0, '', 0, 23, 23, '', '', NULL, NULL, NULL, 1, NULL);

-- --------------------------------------------------------

--
-- Structure de la table `llx_socpeople_extrafields`
--

CREATE TABLE IF NOT EXISTS `llx_socpeople_extrafields` (
  `rowid` int(11) NOT NULL AUTO_INCREMENT,
  `tms` timestamp NULL DEFAULT CURRENT_TIMESTAMP ON UPDATE CURRENT_TIMESTAMP,
  `fk_object` int(11) NOT NULL,
  `import_key` varchar(14) COLLATE utf8_unicode_ci DEFAULT NULL,
  PRIMARY KEY (`rowid`),
  UNIQUE KEY `uk_socpeople_extrafields` (`fk_object`)
) ENGINE=InnoDB DEFAULT CHARSET=utf8 COLLATE=utf8_unicode_ci;

-- --------------------------------------------------------

--
-- Structure de la table `llx_stock_mouvement`
--

CREATE TABLE IF NOT EXISTS `llx_stock_mouvement` (
  `rowid` int(11) NOT NULL AUTO_INCREMENT,
  `tms` timestamp NULL DEFAULT CURRENT_TIMESTAMP ON UPDATE CURRENT_TIMESTAMP,
  `datem` datetime DEFAULT NULL,
  `fk_product` int(11) NOT NULL,
  `batch` varchar(128) COLLATE utf8_unicode_ci DEFAULT NULL,
  `eatby` date DEFAULT NULL,
  `sellby` date DEFAULT NULL,
  `fk_entrepot` int(11) NOT NULL,
  `value` double DEFAULT NULL,
  `price` double(24,8) DEFAULT '0.00000000',
  `type_mouvement` smallint(6) DEFAULT NULL,
  `fk_user_author` int(11) DEFAULT NULL,
  `label` varchar(255) COLLATE utf8_unicode_ci DEFAULT NULL,
  `inventorycode` varchar(128) COLLATE utf8_unicode_ci DEFAULT NULL,
  `fk_project` int(11) DEFAULT NULL,
  `fk_origin` int(11) DEFAULT NULL,
  `origintype` varchar(64) COLLATE utf8_unicode_ci DEFAULT NULL,
  `model_pdf` varchar(255) COLLATE utf8_unicode_ci DEFAULT NULL,
  `fk_projet` int(11) NOT NULL DEFAULT '0',
  PRIMARY KEY (`rowid`),
  KEY `idx_stock_mouvement_fk_product` (`fk_product`),
  KEY `idx_stock_mouvement_fk_entrepot` (`fk_entrepot`)
) ENGINE=InnoDB AUTO_INCREMENT=5 DEFAULT CHARSET=utf8 COLLATE=utf8_unicode_ci;

--
-- Déchargement des données de la table `llx_stock_mouvement`
--

INSERT INTO `llx_stock_mouvement` (`rowid`, `tms`, `datem`, `fk_product`, `batch`, `eatby`, `sellby`, `fk_entrepot`, `value`, `price`, `type_mouvement`, `fk_user_author`, `label`, `inventorycode`, `fk_project`, `fk_origin`, `origintype`, `model_pdf`, `fk_projet`) VALUES
(1, '2025-12-24 14:13:06', '2025-12-24 14:13:06', 2464, NULL, NULL, NULL, 1, 40, 0.00000000, 0, 7, 'Correction du stock pour le produit ALIM.GRPE.0001', '20251224141153', NULL, 0, '', NULL, 0),
(2, '2025-12-24 14:19:04', '2025-12-24 14:19:04', 2464, NULL, NULL, NULL, 1, -10, 0.00000000, 2, 7, 'Exp&eacute;dition SH2512-0001 valid&eacute;e', NULL, NULL, 1, 'shipping', NULL, 0),
(3, '2025-12-26 10:50:43', '2025-12-26 10:50:43', 378, NULL, NULL, NULL, 1, 15, 1600.00000000, 3, 7, 'R&eacute;ception RCP2512-0001 valid&eacute;e', NULL, NULL, 1, 'reception', NULL, 0),
(4, '2025-12-26 11:00:09', '2025-12-26 11:00:09', 378, NULL, NULL, NULL, 1, -2, 0.00000000, 2, 13, 'Exp&eacute;dition SH2512-0002 valid&eacute;e', NULL, NULL, 2, 'shipping', NULL, 0);

-- --------------------------------------------------------

--
-- Structure de la table `llx_stock_mouvement_extrafields`
--

CREATE TABLE IF NOT EXISTS `llx_stock_mouvement_extrafields` (
  `rowid` int(11) NOT NULL AUTO_INCREMENT,
  `tms` timestamp NULL DEFAULT CURRENT_TIMESTAMP ON UPDATE CURRENT_TIMESTAMP,
  `fk_object` int(11) NOT NULL,
  `import_key` varchar(14) COLLATE utf8_unicode_ci DEFAULT NULL,
  PRIMARY KEY (`rowid`),
  UNIQUE KEY `uk_stock_mouvement_extrafields` (`fk_object`)
) ENGINE=InnoDB DEFAULT CHARSET=utf8 COLLATE=utf8_unicode_ci;

-- --------------------------------------------------------

--
-- Structure de la table `llx_subscription`
--

CREATE TABLE IF NOT EXISTS `llx_subscription` (
  `rowid` int(11) NOT NULL AUTO_INCREMENT,
  `tms` timestamp NULL DEFAULT CURRENT_TIMESTAMP ON UPDATE CURRENT_TIMESTAMP,
  `datec` datetime DEFAULT NULL,
  `fk_adherent` int(11) DEFAULT NULL,
  `fk_type` int(11) DEFAULT NULL,
  `dateadh` datetime DEFAULT NULL,
  `datef` datetime DEFAULT NULL,
  `subscription` double(24,8) DEFAULT NULL,
  `fk_bank` int(11) DEFAULT NULL,
  `fk_user_creat` int(11) DEFAULT NULL,
  `fk_user_valid` int(11) DEFAULT NULL,
  `note` text COLLATE utf8_unicode_ci,
  PRIMARY KEY (`rowid`),
  UNIQUE KEY `uk_subscription` (`fk_adherent`,`dateadh`)
) ENGINE=InnoDB DEFAULT CHARSET=utf8 COLLATE=utf8_unicode_ci;

-- --------------------------------------------------------

--
-- Structure de la table `llx_supplier_proposal`
--

CREATE TABLE IF NOT EXISTS `llx_supplier_proposal` (
  `rowid` int(11) NOT NULL AUTO_INCREMENT,
  `ref` varchar(30) COLLATE utf8_unicode_ci NOT NULL,
  `entity` int(11) NOT NULL DEFAULT '1',
  `ref_ext` varchar(255) COLLATE utf8_unicode_ci DEFAULT NULL,
  `fk_soc` int(11) DEFAULT NULL,
  `fk_projet` int(11) DEFAULT NULL,
  `tms` timestamp NULL DEFAULT CURRENT_TIMESTAMP ON UPDATE CURRENT_TIMESTAMP,
  `datec` datetime DEFAULT NULL,
  `date_valid` datetime DEFAULT NULL,
  `date_cloture` datetime DEFAULT NULL,
  `fk_user_author` int(11) DEFAULT NULL,
  `fk_user_modif` int(11) DEFAULT NULL,
  `fk_user_valid` int(11) DEFAULT NULL,
  `fk_user_cloture` int(11) DEFAULT NULL,
  `fk_statut` smallint(6) NOT NULL DEFAULT '0',
  `price` double DEFAULT '0',
  `remise_percent` double DEFAULT '0',
  `remise_absolue` double DEFAULT '0',
  `remise` double DEFAULT '0',
  `total_ht` double(24,8) DEFAULT '0.00000000',
  `total_tva` double(24,8) DEFAULT '0.00000000',
  `localtax1` double(24,8) DEFAULT '0.00000000',
  `localtax2` double(24,8) DEFAULT '0.00000000',
  `total_ttc` double(24,8) DEFAULT '0.00000000',
  `fk_account` int(11) DEFAULT NULL,
  `fk_currency` varchar(3) COLLATE utf8_unicode_ci DEFAULT NULL,
  `fk_cond_reglement` int(11) DEFAULT NULL,
  `fk_mode_reglement` int(11) DEFAULT NULL,
  `note_private` text COLLATE utf8_unicode_ci,
  `note_public` text COLLATE utf8_unicode_ci,
  `model_pdf` varchar(255) COLLATE utf8_unicode_ci DEFAULT NULL,
  `last_main_doc` varchar(255) COLLATE utf8_unicode_ci DEFAULT NULL,
  `date_livraison` date DEFAULT NULL,
  `fk_shipping_method` int(11) DEFAULT NULL,
  `import_key` varchar(14) COLLATE utf8_unicode_ci DEFAULT NULL,
  `extraparams` varchar(255) COLLATE utf8_unicode_ci DEFAULT NULL,
  `fk_multicurrency` int(11) DEFAULT NULL,
  `multicurrency_code` varchar(3) COLLATE utf8_unicode_ci DEFAULT NULL,
  `multicurrency_tx` double(24,8) DEFAULT '1.00000000',
  `multicurrency_total_ht` double(24,8) DEFAULT '0.00000000',
  `multicurrency_total_tva` double(24,8) DEFAULT '0.00000000',
  `multicurrency_total_ttc` double(24,8) DEFAULT '0.00000000',
  PRIMARY KEY (`rowid`),
  UNIQUE KEY `uk_supplier_proposal_ref` (`ref`,`entity`),
  KEY `idx_supplier_proposal_fk_soc` (`fk_soc`),
  KEY `idx_supplier_proposal_fk_user_author` (`fk_user_author`),
  KEY `idx_supplier_proposal_fk_user_valid` (`fk_user_valid`),
  KEY `idx_supplier_proposal_fk_projet` (`fk_projet`),
  KEY `idx_supplier_proposal_fk_account` (`fk_account`)
) ENGINE=InnoDB AUTO_INCREMENT=2 DEFAULT CHARSET=utf8 COLLATE=utf8_unicode_ci;

--
-- Déchargement des données de la table `llx_supplier_proposal`
--

INSERT INTO `llx_supplier_proposal` (`rowid`, `ref`, `entity`, `ref_ext`, `fk_soc`, `fk_projet`, `tms`, `datec`, `date_valid`, `date_cloture`, `fk_user_author`, `fk_user_modif`, `fk_user_valid`, `fk_user_cloture`, `fk_statut`, `price`, `remise_percent`, `remise_absolue`, `remise`, `total_ht`, `total_tva`, `localtax1`, `localtax2`, `total_ttc`, `fk_account`, `fk_currency`, `fk_cond_reglement`, `fk_mode_reglement`, `note_private`, `note_public`, `model_pdf`, `last_main_doc`, `date_livraison`, `fk_shipping_method`, `import_key`, `extraparams`, `fk_multicurrency`, `multicurrency_code`, `multicurrency_tx`, `multicurrency_total_ht`, `multicurrency_total_tva`, `multicurrency_total_ttc`) VALUES
(1, '(PROV1)', 1, NULL, 451, NULL, '2025-12-31 13:06:16', '2025-12-31 13:06:13', NULL, NULL, 7, NULL, NULL, NULL, 0, 0, 0, 0, 0, 0.00000000, 0.00000000, 0.00000000, 0.00000000, 0.00000000, NULL, NULL, NULL, NULL, '', '', 'aurore', 'supplier_proposal/(PROV1)/(PROV1).pdf', NULL, NULL, NULL, NULL, 0, 'XOF', 1.00000000, 0.00000000, 0.00000000, 0.00000000);

-- --------------------------------------------------------

--
-- Structure de la table `llx_supplier_proposaldet`
--

CREATE TABLE IF NOT EXISTS `llx_supplier_proposaldet` (
  `rowid` int(11) NOT NULL AUTO_INCREMENT,
  `fk_supplier_proposal` int(11) NOT NULL,
  `fk_parent_line` int(11) DEFAULT NULL,
  `fk_product` int(11) DEFAULT NULL,
  `label` varchar(255) COLLATE utf8_unicode_ci DEFAULT NULL,
  `description` text COLLATE utf8_unicode_ci,
  `fk_remise_except` int(11) DEFAULT NULL,
  `vat_src_code` varchar(10) COLLATE utf8_unicode_ci DEFAULT '',
  `tva_tx` double(7,4) DEFAULT '0.0000',
  `localtax1_tx` double(7,4) DEFAULT '0.0000',
  `localtax1_type` varchar(10) COLLATE utf8_unicode_ci DEFAULT NULL,
  `localtax2_tx` double(7,4) DEFAULT '0.0000',
  `localtax2_type` varchar(10) COLLATE utf8_unicode_ci DEFAULT NULL,
  `qty` double DEFAULT NULL,
  `remise_percent` double DEFAULT '0',
  `remise` double DEFAULT '0',
  `price` double DEFAULT NULL,
  `subprice` double(24,8) DEFAULT '0.00000000',
  `subprice_ttc` double(24,8) DEFAULT '0.00000000',
  `total_ht` double(24,8) DEFAULT '0.00000000',
  `total_tva` double(24,8) DEFAULT '0.00000000',
  `total_localtax1` double(24,8) DEFAULT '0.00000000',
  `total_localtax2` double(24,8) DEFAULT '0.00000000',
  `total_ttc` double(24,8) DEFAULT '0.00000000',
  `product_type` int(11) DEFAULT '0',
  `date_start` datetime DEFAULT NULL,
  `date_end` datetime DEFAULT NULL,
  `info_bits` int(11) DEFAULT '0',
  `buy_price_ht` double(24,8) DEFAULT '0.00000000',
  `fk_product_fournisseur_price` int(11) DEFAULT NULL,
  `special_code` int(11) DEFAULT '0',
  `rang` int(11) DEFAULT '0',
  `ref_fourn` varchar(128) COLLATE utf8_unicode_ci DEFAULT NULL,
  `fk_multicurrency` int(11) DEFAULT NULL,
  `multicurrency_code` varchar(3) COLLATE utf8_unicode_ci DEFAULT NULL,
  `multicurrency_subprice` double(24,8) DEFAULT '0.00000000',
  `multicurrency_subprice_ttc` double(24,8) DEFAULT '0.00000000',
  `multicurrency_total_ht` double(24,8) DEFAULT '0.00000000',
  `multicurrency_total_tva` double(24,8) DEFAULT '0.00000000',
  `multicurrency_total_ttc` double(24,8) DEFAULT '0.00000000',
  `fk_unit` int(11) DEFAULT NULL,
  PRIMARY KEY (`rowid`),
  KEY `idx_supplier_proposaldet_fk_supplier_proposal` (`fk_supplier_proposal`),
  KEY `idx_supplier_proposaldet_fk_product` (`fk_product`),
  KEY `fk_supplier_proposaldet_fk_unit` (`fk_unit`)
) ENGINE=InnoDB DEFAULT CHARSET=utf8 COLLATE=utf8_unicode_ci;

-- --------------------------------------------------------

--
-- Structure de la table `llx_supplier_proposaldet_extrafields`
--

CREATE TABLE IF NOT EXISTS `llx_supplier_proposaldet_extrafields` (
  `rowid` int(11) NOT NULL AUTO_INCREMENT,
  `tms` timestamp NULL DEFAULT CURRENT_TIMESTAMP ON UPDATE CURRENT_TIMESTAMP,
  `fk_object` int(11) NOT NULL,
  `import_key` varchar(14) COLLATE utf8_unicode_ci DEFAULT NULL,
  PRIMARY KEY (`rowid`),
  UNIQUE KEY `uk_supplier_proposaldet_extrafields` (`fk_object`)
) ENGINE=InnoDB DEFAULT CHARSET=utf8 COLLATE=utf8_unicode_ci;

-- --------------------------------------------------------

--
-- Structure de la table `llx_supplier_proposal_extrafields`
--

CREATE TABLE IF NOT EXISTS `llx_supplier_proposal_extrafields` (
  `rowid` int(11) NOT NULL AUTO_INCREMENT,
  `tms` timestamp NULL DEFAULT CURRENT_TIMESTAMP ON UPDATE CURRENT_TIMESTAMP,
  `fk_object` int(11) NOT NULL,
  `import_key` varchar(14) COLLATE utf8_unicode_ci DEFAULT NULL,
  PRIMARY KEY (`rowid`),
  UNIQUE KEY `uk_supplier_proposal_extrafields` (`fk_object`)
) ENGINE=InnoDB DEFAULT CHARSET=utf8 COLLATE=utf8_unicode_ci;

-- --------------------------------------------------------

--
-- Structure de la table `llx_tva`
--

CREATE TABLE IF NOT EXISTS `llx_tva` (
  `rowid` int(11) NOT NULL AUTO_INCREMENT,
  `tms` timestamp NULL DEFAULT CURRENT_TIMESTAMP ON UPDATE CURRENT_TIMESTAMP,
  `datec` datetime DEFAULT NULL,
  `datep` date DEFAULT NULL,
  `datev` date DEFAULT NULL,
  `amount` double(24,8) NOT NULL DEFAULT '0.00000000',
  `fk_typepayment` int(11) DEFAULT NULL,
  `num_payment` varchar(50) COLLATE utf8_unicode_ci DEFAULT NULL,
  `label` varchar(255) COLLATE utf8_unicode_ci DEFAULT NULL,
  `entity` int(11) NOT NULL DEFAULT '1',
  `note` text COLLATE utf8_unicode_ci,
  `paye` smallint(6) NOT NULL DEFAULT '0',
  `fk_account` int(11) DEFAULT NULL,
  `fk_user_creat` int(11) DEFAULT NULL,
  `fk_user_modif` int(11) DEFAULT NULL,
  `import_key` varchar(14) COLLATE utf8_unicode_ci DEFAULT NULL,
  PRIMARY KEY (`rowid`)
) ENGINE=InnoDB DEFAULT CHARSET=utf8 COLLATE=utf8_unicode_ci;

-- --------------------------------------------------------

--
-- Structure de la table `llx_type_demande`
--

CREATE TABLE IF NOT EXISTS `llx_type_demande` (
  `rowid` int(11) NOT NULL AUTO_INCREMENT,
  `code` varchar(55) COLLATE utf8_unicode_ci DEFAULT NULL,
  `libelle` varchar(255) COLLATE utf8_unicode_ci DEFAULT NULL,
  `active` int(11) DEFAULT NULL,
  PRIMARY KEY (`rowid`)
) ENGINE=MyISAM AUTO_INCREMENT=8 DEFAULT CHARSET=utf8 COLLATE=utf8_unicode_ci;

--
-- Déchargement des données de la table `llx_type_demande`
--

INSERT INTO `llx_type_demande` (`rowid`, `code`, `libelle`, `active`) VALUES
(4, 'ESP', 'Espéce', 1),
(1, 'EM', 'E-Money', 1),
(2, 'VIR', 'Virement', 1),
(7, 'CHEQUE', 'Chéque', 1);

-- --------------------------------------------------------

--
-- Structure de la table `llx_user`
--

CREATE TABLE IF NOT EXISTS `llx_user` (
  `rowid` int(11) NOT NULL AUTO_INCREMENT,
  `entity` int(11) NOT NULL DEFAULT '1',
  `ref_employee` varchar(50) COLLATE utf8_unicode_ci DEFAULT NULL,
  `ref_ext` varchar(50) COLLATE utf8_unicode_ci DEFAULT NULL,
  `admin` smallint(6) DEFAULT '0',
  `employee` tinyint(4) DEFAULT '1',
  `fk_establishment` int(11) DEFAULT '0',
  `datec` datetime DEFAULT NULL,
  `tms` timestamp NULL DEFAULT CURRENT_TIMESTAMP ON UPDATE CURRENT_TIMESTAMP,
  `fk_user_creat` int(11) DEFAULT NULL,
  `fk_user_modif` int(11) DEFAULT NULL,
  `login` varchar(50) COLLATE utf8_unicode_ci NOT NULL,
  `pass_encoding` varchar(24) COLLATE utf8_unicode_ci DEFAULT NULL,
  `pass` varchar(128) COLLATE utf8_unicode_ci DEFAULT NULL,
  `pass_crypted` varchar(128) COLLATE utf8_unicode_ci DEFAULT NULL,
  `pass_temp` varchar(128) COLLATE utf8_unicode_ci DEFAULT NULL,
  `api_key` varchar(128) COLLATE utf8_unicode_ci DEFAULT NULL,
  `gender` varchar(10) COLLATE utf8_unicode_ci DEFAULT NULL,
  `civility` varchar(6) COLLATE utf8_unicode_ci DEFAULT NULL,
  `lastname` varchar(50) COLLATE utf8_unicode_ci DEFAULT NULL,
  `firstname` varchar(50) COLLATE utf8_unicode_ci DEFAULT NULL,
  `address` varchar(255) COLLATE utf8_unicode_ci DEFAULT NULL,
  `zip` varchar(25) COLLATE utf8_unicode_ci DEFAULT NULL,
  `town` varchar(50) COLLATE utf8_unicode_ci DEFAULT NULL,
  `fk_state` int(11) DEFAULT '0',
  `fk_country` int(11) DEFAULT '0',
  `birth` date DEFAULT NULL,
  `birth_place` varchar(64) COLLATE utf8_unicode_ci DEFAULT NULL,
  `job` varchar(128) COLLATE utf8_unicode_ci DEFAULT NULL,
  `office_phone` varchar(20) COLLATE utf8_unicode_ci DEFAULT NULL,
  `office_fax` varchar(20) COLLATE utf8_unicode_ci DEFAULT NULL,
  `user_mobile` varchar(20) COLLATE utf8_unicode_ci DEFAULT NULL,
  `personal_mobile` varchar(20) COLLATE utf8_unicode_ci DEFAULT NULL,
  `email` varchar(255) COLLATE utf8_unicode_ci DEFAULT NULL,
  `personal_email` varchar(255) COLLATE utf8_unicode_ci DEFAULT NULL,
  `email_oauth2` varchar(255) COLLATE utf8_unicode_ci DEFAULT NULL,
  `signature` longtext COLLATE utf8_unicode_ci,
  `socialnetworks` text COLLATE utf8_unicode_ci,
  `fk_soc` int(11) DEFAULT NULL,
  `fk_socpeople` int(11) DEFAULT NULL,
  `fk_member` int(11) DEFAULT NULL,
  `fk_user` int(11) DEFAULT NULL,
  `fk_user_expense_validator` int(11) DEFAULT NULL,
  `fk_user_holiday_validator` int(11) DEFAULT NULL,
  `national_registration_number` varchar(50) COLLATE utf8_unicode_ci DEFAULT NULL,
  `idpers1` varchar(128) COLLATE utf8_unicode_ci DEFAULT NULL,
  `idpers2` varchar(128) COLLATE utf8_unicode_ci DEFAULT NULL,
  `idpers3` varchar(128) COLLATE utf8_unicode_ci DEFAULT NULL,
  `note_public` text COLLATE utf8_unicode_ci,
  `note_private` text COLLATE utf8_unicode_ci,
  `model_pdf` varchar(255) COLLATE utf8_unicode_ci DEFAULT NULL,
  `last_main_doc` varchar(255) COLLATE utf8_unicode_ci DEFAULT NULL,
  `datelastlogin` datetime DEFAULT NULL,
  `datepreviouslogin` datetime DEFAULT NULL,
  `datelastpassvalidation` datetime DEFAULT NULL,
  `datestartvalidity` datetime DEFAULT NULL,
  `dateendvalidity` datetime DEFAULT NULL,
  `flagdelsessionsbefore` datetime DEFAULT NULL,
  `iplastlogin` varchar(250) COLLATE utf8_unicode_ci DEFAULT NULL,
  `ippreviouslogin` varchar(250) COLLATE utf8_unicode_ci DEFAULT NULL,
  `ldap_sid` varchar(255) COLLATE utf8_unicode_ci DEFAULT NULL,
  `openid` varchar(255) COLLATE utf8_unicode_ci DEFAULT NULL,
  `statut` tinyint(4) DEFAULT '1',
  `photo` varchar(255) COLLATE utf8_unicode_ci DEFAULT NULL,
  `lang` varchar(6) COLLATE utf8_unicode_ci DEFAULT NULL,
  `color` varchar(6) COLLATE utf8_unicode_ci DEFAULT NULL,
  `barcode` varchar(255) COLLATE utf8_unicode_ci DEFAULT NULL,
  `fk_barcode_type` int(11) DEFAULT '0',
  `accountancy_code_user_general` varchar(32) COLLATE utf8_unicode_ci DEFAULT NULL,
  `accountancy_code` varchar(32) COLLATE utf8_unicode_ci DEFAULT NULL,
  `nb_holiday` int(11) DEFAULT '0',
  `thm` double(24,8) DEFAULT NULL,
  `tjm` double(24,8) DEFAULT NULL,
  `salary` double(24,8) DEFAULT NULL,
  `salaryextra` double(24,8) DEFAULT NULL,
  `dateemployment` date DEFAULT NULL,
  `dateemploymentend` date DEFAULT NULL,
  `weeklyhours` double(16,8) DEFAULT NULL,
  `import_key` varchar(14) COLLATE utf8_unicode_ci DEFAULT NULL,
  `default_range` int(11) DEFAULT NULL,
  `default_c_exp_tax_cat` int(11) DEFAULT NULL,
  `fk_warehouse` int(11) DEFAULT NULL,
  `photo1` varchar(255) COLLATE utf8_unicode_ci DEFAULT NULL,
  `indemnite_transport` double DEFAULT NULL,
  `prime_excellence` double DEFAULT NULL,
  `prime_speciale` double DEFAULT NULL,
  `prime_interance` double DEFAULT NULL,
  `prime_risque` double DEFAULT NULL,
  `prime_responsabilite` double DEFAULT NULL,
  `prime_conduite` double DEFAULT NULL,
  `dotation_carburant` double DEFAULT NULL,
  `assurance_maladie` double DEFAULT NULL,
  `indemnite_forfait` double DEFAULT NULL,
  `nb_parts` float DEFAULT NULL,
  `heure_forfitaire` double DEFAULT NULL,
  PRIMARY KEY (`rowid`),
  UNIQUE KEY `uk_user_login` (`login`,`entity`),
  UNIQUE KEY `uk_user_fk_socpeople` (`fk_socpeople`),
  UNIQUE KEY `uk_user_fk_member` (`fk_member`),
  UNIQUE KEY `uk_user_api_key` (`api_key`),
  KEY `idx_user_fk_societe` (`fk_soc`)
) ENGINE=InnoDB AUTO_INCREMENT=73 DEFAULT CHARSET=utf8 COLLATE=utf8_unicode_ci;

--
-- Déchargement des données de la table `llx_user`
--

INSERT INTO `llx_user` (`rowid`, `entity`, `ref_employee`, `ref_ext`, `admin`, `employee`, `fk_establishment`, `datec`, `tms`, `fk_user_creat`, `fk_user_modif`, `login`, `pass_encoding`, `pass`, `pass_crypted`, `pass_temp`, `api_key`, `gender`, `civility`, `lastname`, `firstname`, `address`, `zip`, `town`, `fk_state`, `fk_country`, `birth`, `birth_place`, `job`, `office_phone`, `office_fax`, `user_mobile`, `personal_mobile`, `email`, `personal_email`, `email_oauth2`, `signature`, `socialnetworks`, `fk_soc`, `fk_socpeople`, `fk_member`, `fk_user`, `fk_user_expense_validator`, `fk_user_holiday_validator`, `national_registration_number`, `idpers1`, `idpers2`, `idpers3`, `note_public`, `note_private`, `model_pdf`, `last_main_doc`, `datelastlogin`, `datepreviouslogin`, `datelastpassvalidation`, `datestartvalidity`, `dateendvalidity`, `flagdelsessionsbefore`, `iplastlogin`, `ippreviouslogin`, `ldap_sid`, `openid`, `statut`, `photo`, `lang`, `color`, `barcode`, `fk_barcode_type`, `accountancy_code_user_general`, `accountancy_code`, `nb_holiday`, `thm`, `tjm`, `salary`, `salaryextra`, `dateemployment`, `dateemploymentend`, `weeklyhours`, `import_key`, `default_range`, `default_c_exp_tax_cat`, `fk_warehouse`, `photo1`, `indemnite_transport`, `prime_excellence`, `prime_speciale`, `prime_interance`, `prime_risque`, `prime_responsabilite`, `prime_conduite`, `dotation_carburant`, `assurance_maladie`, `indemnite_forfait`, `nb_parts`, `heure_forfitaire`) VALUES
(1, 0, '', NULL, 1, 1, NULL, '2025-08-01 10:48:58', '2025-09-22 10:02:54', NULL, NULL, 'admin', NULL, NULL, '$2y$10$Gt5Me2oH9zF8a4C1u5MzHeQGIcjRi4PN9tY3SCCWpoUF633n0Buk2', NULL, NULL, NULL, '', 'SuperAdmin', '', '', '', '', NULL, NULL, NULL, NULL, '', '', '', '', '', '', '', NULL, '', '[]', NULL, NULL, NULL, NULL, NULL, NULL, '', NULL, NULL, NULL, '', '', NULL, NULL, '2026-01-08 09:10:53', '2025-12-29 18:19:33', NULL, NULL, NULL, '2025-08-01 10:48:53', '196.177.151.93', '102.31.159.176', '', NULL, 1, NULL, NULL, '', NULL, 0, '', '', 0, NULL, NULL, NULL, NULL, NULL, NULL, NULL, NULL, NULL, NULL, NULL, 'Sans titre.png', NULL, NULL, NULL, NULL, NULL, NULL, NULL, NULL, NULL, NULL, NULL, NULL),
(7, 0, '', NULL, 1, 1, NULL, '2025-10-01 14:36:43', '2025-11-12 19:01:11', NULL, NULL, 'dongo', NULL, NULL, '$2y$10$dXDPOt11ryqjFCw6MEWt2Oz1emy90LKv4TSJiiYgPGPWCQr8sPi82', NULL, 'dolcrypt:AES-256-CTR:10fbb3f05469219f:mxJGJ0Z71sGqsQeG', 'man', 'MR', 'DONGO', 'DIDIER', '', '', 'ABIDJAN', NULL, 21, NULL, NULL, 'Directeur Financier et Comptable', '', '', '0171490000', '', 'dongo.didier@univelect.com', '', NULL, '', '[]', NULL, NULL, NULL, NULL, NULL, NULL, '', NULL, NULL, NULL, '', '', NULL, NULL, '2026-01-08 10:05:19', '2026-01-08 09:01:13', NULL, NULL, NULL, '2025-10-01 14:36:38', '160.120.68.10', '160.120.68.10', '', NULL, 1, NULL, NULL, '', NULL, 0, '', '', 0, NULL, NULL, NULL, NULL, NULL, NULL, NULL, NULL, NULL, NULL, NULL, 'SIGNATURE_DONGO DIDIER.png', NULL, NULL, NULL, NULL, NULL, NULL, NULL, NULL, NULL, NULL, NULL, NULL),
(8, 1, '', NULL, 0, 1, NULL, '2025-10-01 14:52:34', '2025-10-02 09:11:40', NULL, NULL, 'claude.ehoussou', NULL, NULL, '$2y$10$JhVRnV4TzGiooemiWT8kLOoqsEuwKQbYY8CD69Hxl1.xOn4qQuSSK', NULL, 'dolcrypt:AES-256-CTR:10fbb3f05469219f:/CZLAVwe+8m9xxSX', 'woman', 'MME', 'EHOUSSOU', 'CLAUDE', '', '', 'ABIDJAN', NULL, 21, NULL, NULL, 'Commercial Chiffreuse', '', '', '0101446005', '', 'commercial.adv2@univelect.com', '', NULL, '', '[]', NULL, NULL, NULL, NULL, NULL, NULL, '', NULL, NULL, NULL, '', '', NULL, NULL, '2025-12-17 14:25:00', '2025-10-06 15:35:18', NULL, NULL, NULL, '2025-10-01 18:10:50', '160.120.68.10', '160.120.68.10', '', NULL, 1, NULL, NULL, '', NULL, 0, '', '', 0, NULL, NULL, NULL, NULL, NULL, NULL, NULL, NULL, NULL, NULL, NULL, 'SIGNATURE_CLAUDE EHOUSSOU.png', NULL, NULL, NULL, NULL, NULL, NULL, NULL, NULL, NULL, NULL, NULL, NULL),
(10, 1, '', NULL, 0, 1, NULL, '2025-10-01 15:43:16', '2026-01-05 09:17:37', NULL, NULL, 'GMAO', NULL, NULL, '$2y$10$TWJMt/JJWHgP1Ss0gd3vfuiv8NrhlGIPAET1wN4t4Py4Hp1LrFzOW', NULL, 'dolcrypt:AES-256-CTR:10fbb3f05469219f:rQ0KMXcZ5c3DwGGH', 'man', '', 'AFFRAN', 'PATRICK', '', '', 'ABIDJAN', NULL, 21, NULL, NULL, 'ADMINISTRATEUR GMAO', '', '', '0142884001', '', 'affran.patrick@univelect.com', '', NULL, '', '[]', NULL, NULL, NULL, 26, NULL, NULL, '', NULL, NULL, NULL, '', '', NULL, NULL, '2026-01-08 10:27:47', '2026-01-08 09:49:27', NULL, NULL, NULL, '2026-01-05 09:17:32', '160.120.68.10', '160.120.68.10', '', NULL, 1, NULL, NULL, '', NULL, 0, '', '', 0, NULL, NULL, NULL, NULL, '2023-08-03', NULL, NULL, NULL, NULL, NULL, NULL, NULL, NULL, NULL, NULL, NULL, NULL, NULL, NULL, NULL, NULL, NULL, NULL, NULL),
(11, 1, '', NULL, 0, 1, NULL, '2025-10-01 16:51:58', '2025-10-02 09:38:17', NULL, NULL, 'Commercial ADV1', NULL, NULL, '$2y$10$NBOwsDuSfclTgm1lOGW/UOUaeFoK.pma3HkHUkz9L8UPWvw7UPQxS', NULL, 'dolcrypt:AES-256-CTR:10fbb3f05469219f:lg40KXYL8vG++jmp', 'woman', 'MME', 'SANHILI-LOU', 'VALI ANGE MICHELLE EPSE KOUASSI', '', '', 'ABIDJAN', NULL, 21, NULL, NULL, 'Commercial Chiffreuse', '', '', '0141608115', '', 'commercial.adv1@univelect.com', '', NULL, '', '[]', NULL, NULL, NULL, NULL, NULL, NULL, '', NULL, NULL, NULL, '', '', NULL, NULL, '2026-01-05 15:17:13', '2025-12-29 09:59:16', NULL, NULL, NULL, '2025-10-01 16:51:53', '160.120.68.10', '160.120.68.10', '', NULL, 1, NULL, NULL, '', NULL, 0, '', '', 0, NULL, NULL, NULL, NULL, NULL, NULL, NULL, NULL, NULL, NULL, NULL, 'SIGNATURE_MICHELLE KOUASSI.png', NULL, NULL, NULL, NULL, NULL, NULL, NULL, NULL, NULL, NULL, NULL, NULL),
(12, 1, '', NULL, 0, 1, NULL, '2025-10-02 09:22:51', '2025-10-02 09:32:37', NULL, NULL, 'Commercial ADV3', NULL, NULL, '$2y$10$tMUv4UO6mQyH/26VvKicTuNhaZKw5GV2MHYrlQ9Lj0QspNOhV7T/O', NULL, 'dolcrypt:AES-256-CTR:10fbb3f05469219f:iwIJOFwe5tem1GGn', 'woman', 'MME', 'FLEAN', 'ANNICETTE', '', '', 'ABIDJAN', NULL, 21, NULL, NULL, 'Commercial Chiffreuse', '', '', '0171510000', '', 'commercial.adv3@univelect.com', '', NULL, '', '[]', NULL, NULL, NULL, NULL, NULL, NULL, '', NULL, NULL, NULL, '', '', NULL, NULL, '2026-01-05 13:35:45', '2025-12-18 11:07:38', NULL, NULL, NULL, '2025-10-02 09:22:46', '160.120.68.10', '160.120.68.10', '', NULL, 1, NULL, NULL, '', NULL, 0, '', '', 0, NULL, NULL, NULL, NULL, NULL, NULL, NULL, NULL, NULL, NULL, NULL, 'SIGNATURE_FLEAN ANNICETTE.png', NULL, NULL, NULL, NULL, NULL, NULL, NULL, NULL, NULL, NULL, NULL, NULL),
(13, 1, '', NULL, 0, 1, NULL, '2025-10-06 17:44:04', '2025-10-06 17:55:49', NULL, NULL, 'Diane Aga', NULL, NULL, '$2y$10$zUbmNclAKAGa.YmUQ0eQ/eHzYpYg2PhJiRdwHuDlR4Qz6i7gcin1m', NULL, 'dolcrypt:AES-256-CTR:10fbb3f05469219f:oSY9EQcVzuyp0jqZ', 'woman', 'MME', 'KIKI', 'Diane Nathalie epse AGA', '', '', 'ABIDJAN', NULL, 21, NULL, NULL, 'Gestionnaire de stock', '0171450000', '', '0171450000', '', 'stocks@univelect.com', '', NULL, '', '[]', NULL, NULL, NULL, NULL, NULL, NULL, '', NULL, NULL, NULL, '', '', NULL, NULL, '2025-12-26 10:56:05', '2025-12-26 10:52:16', NULL, NULL, NULL, '2025-10-06 17:43:59', '160.120.68.10', '160.120.68.10', '', NULL, 1, NULL, NULL, '', NULL, 0, '', '', 0, NULL, NULL, NULL, NULL, NULL, NULL, NULL, NULL, NULL, NULL, NULL, NULL, NULL, NULL, NULL, NULL, NULL, NULL, NULL, NULL, NULL, NULL, NULL, NULL),
(14, 1, '', NULL, 0, 1, NULL, '2025-10-07 10:11:39', '2025-10-07 10:11:40', NULL, NULL, 'lath stephanie.meledje', NULL, NULL, '$2y$10$eflejHHea6FkamvyaLAEDui9I/I0hp44XOOXklI/L8pZ9fNVrrIwu', NULL, 'dolcrypt:AES-256-CTR:10fbb3f05469219f:9iQrDAAE8bPF1GGj', 'woman', 'MME', 'Meledje', 'Lath Stephanie', '', '', '', NULL, 21, NULL, NULL, 'ACHETEUSE', '01 43 06 18 65', '', '', '', 'achats@univelect.com', '', NULL, '', 'null', NULL, NULL, NULL, NULL, NULL, NULL, '', NULL, NULL, NULL, '', '', NULL, NULL, '2025-10-07 15:08:04', '2025-10-07 10:26:10', NULL, NULL, NULL, '2025-10-07 10:11:35', '160.120.68.10', '160.120.68.10', '', NULL, 1, NULL, NULL, '', NULL, 0, '', '', 0, NULL, NULL, NULL, NULL, NULL, NULL, NULL, NULL, NULL, NULL, NULL, NULL, NULL, NULL, NULL, NULL, NULL, NULL, NULL, NULL, NULL, NULL, NULL, NULL),
(15, 1, '', NULL, 0, 1, NULL, '2025-10-07 10:40:52', '2025-10-07 10:40:53', NULL, NULL, 'leontine.assemian', NULL, NULL, '$2y$10$PatJmGkG2grWGQUt8NjPOeQ1OPwTmVT/vyKJDQki7/wVsC0MplOyO', NULL, 'dolcrypt:AES-256-CTR:10fbb3f05469219f:nxo6WgsM1OWV4Tj7', 'woman', 'MME', 'ASSEMIAN', 'LEONTINE', '', '', '', NULL, NULL, NULL, NULL, 'ACHETEUSE', '', '', '0151492688', '', 'assistant.achats@univelect.com', '', NULL, '', 'null', NULL, NULL, NULL, NULL, NULL, NULL, '', NULL, NULL, NULL, '', '', NULL, NULL, '2025-12-26 10:27:34', '2025-11-12 19:18:17', NULL, NULL, NULL, '2025-10-07 10:40:48', '160.120.68.10', '160.120.68.10', '', NULL, 1, NULL, NULL, '', NULL, 0, '', '', 0, NULL, NULL, NULL, NULL, NULL, NULL, NULL, NULL, NULL, NULL, NULL, NULL, NULL, NULL, NULL, NULL, NULL, NULL, NULL, NULL, NULL, NULL, NULL, NULL),
(16, 1, '', NULL, 0, 1, NULL, '2025-10-07 14:16:34', '2026-01-02 11:59:52', NULL, NULL, 'RLP', NULL, NULL, '$2y$10$DcgTe7BegMGYCFug07BqTexeozrf94PBb.fZbI2fPT1.pfkxmZcZu', NULL, 'dolcrypt:AES-256-CTR:10fbb3f05469219f:/CwjBHg188SKxweK', 'woman', 'MME', 'KOSSI', 'Epouse kouassi afi', '', '', '', NULL, NULL, NULL, NULL, 'Responsable de la Logistique et du Patrimoine', '', '', '0141717304', '', 'kossiafi@univelect.com', '', NULL, '', '[]', NULL, NULL, NULL, NULL, NULL, NULL, '', NULL, NULL, NULL, '', '', NULL, NULL, '2026-01-07 18:20:09', '2026-01-07 11:52:58', NULL, NULL, NULL, '2026-01-02 11:59:47', '160.120.68.10', '160.120.68.10', '', NULL, 1, NULL, NULL, '', NULL, 0, '', '', 0, NULL, NULL, NULL, NULL, '2026-01-02', NULL, NULL, NULL, NULL, NULL, NULL, 'SIGNATURE_MME KOUASSI AFFI.png', NULL, NULL, NULL, NULL, NULL, NULL, NULL, NULL, NULL, NULL, NULL, NULL),
(17, 1, '', NULL, 0, 1, NULL, '2025-10-16 11:06:12', '2025-10-16 11:11:18', NULL, NULL, 'christ.bally', NULL, NULL, '$2y$10$AWTWH6CSxAh6LkZ5XC3WEOuoay5dOHba4wnqMFLcDZT1kbV3cbsJS', NULL, 'dolcrypt:AES-256-CTR:10fbb3f05469219f:uVxDI0t72MSczTW8', 'woman', 'MME', 'BALLY', 'CHRISTELLE', '', '', '', NULL, NULL, NULL, NULL, 'CONTROLEUR BUDGETAIRE', '', '', '0141300584', '', 'ballychrist@univelect.com', '', NULL, '', '[]', NULL, NULL, NULL, NULL, NULL, NULL, '', NULL, NULL, NULL, '', '', NULL, NULL, '2026-01-08 10:25:29', '2026-01-06 16:48:30', NULL, NULL, NULL, '2025-10-16 11:06:07', '160.120.68.10', '160.120.68.10', '', NULL, 1, NULL, NULL, '', NULL, 0, '', '', 0, NULL, NULL, NULL, NULL, NULL, NULL, NULL, NULL, NULL, NULL, NULL, 'SIGANTURE_MISS BALLY.png', NULL, NULL, NULL, NULL, NULL, NULL, NULL, NULL, NULL, NULL, NULL, NULL),
(18, 1, '', NULL, 0, 1, NULL, '2025-10-16 11:55:30', '2025-10-16 11:56:02', NULL, NULL, 'marie-therese.soumah', NULL, NULL, '$2y$10$nQDR/o2yso5J4SIs7GFjl.TEo6eB9IIdvlju2kH227hKvg7YJiUGy', NULL, 'dolcrypt:AES-256-CTR:10fbb3f05469219f:jyIcOGM7xdeXzAmg', 'woman', 'MME', 'SOUMAH', 'MARIE-THERESE', '', '', '', NULL, NULL, NULL, NULL, 'ASSISTANTE DT/RESPONSABLE CONTRAT VECI', '', '', '0103885978', '', 'assistant.technique@univelect.com', '', NULL, '', '[]', NULL, NULL, NULL, NULL, NULL, NULL, '', NULL, NULL, NULL, '', '', NULL, NULL, '2025-10-16 11:58:28', NULL, NULL, NULL, NULL, '2025-10-16 11:55:25', '160.120.68.10', NULL, '', NULL, 1, NULL, NULL, '', NULL, 0, '', '', 0, NULL, NULL, NULL, NULL, NULL, NULL, NULL, NULL, NULL, NULL, NULL, 'SIGNATURE_SOUMAH.png', NULL, NULL, NULL, NULL, NULL, NULL, NULL, NULL, NULL, NULL, NULL, NULL),
(19, 1, '', NULL, 0, 1, NULL, '2025-10-22 09:21:25', '2026-01-06 16:37:24', NULL, NULL, 'comptable.fournisseur', NULL, NULL, '$2y$10$B51p2hInpdhx.J2bO85g..X1SCSbzhyiM7GVd/Dyj4oUsSht.fc5W', NULL, 'dolcrypt:AES-256-CTR:10fbb3f05469219f:uSkYI0ou2M+E+gig', 'woman', 'MLE', 'BABAGBETO', 'ELEONORE', '', '', '', NULL, NULL, NULL, NULL, 'Comptable Fournisseur', '', '', '0103706388', '', 'comptable.frs@univelect.com', '', NULL, '', '[]', NULL, NULL, NULL, NULL, NULL, NULL, '', NULL, NULL, NULL, '', '', NULL, NULL, '2026-01-08 10:16:18', '2026-01-06 16:38:24', NULL, NULL, NULL, '2026-01-06 16:37:19', '160.120.68.10', '160.120.68.10', '', NULL, 1, NULL, NULL, '', NULL, 0, '', '', 0, NULL, NULL, NULL, NULL, '2024-10-01', NULL, NULL, NULL, NULL, NULL, NULL, 'SIGNATURE_ELEONORE.png', NULL, NULL, NULL, NULL, NULL, NULL, NULL, NULL, NULL, NULL, NULL, NULL),
(20, 1, '', NULL, 0, 1, NULL, '2025-10-24 09:59:45', '2025-10-27 10:32:00', NULL, NULL, 'ouffouet', NULL, NULL, '$2y$10$ZVs/TN/uQrdAAYDchgmWaeL59ZU4yvVJxKekN0uNqmy8kCTXbSjEu', NULL, 'dolcrypt:AES-256-CTR:10fbb3f05469219f:ijEHCEk//dCptyej', 'man', 'MR', 'OUFFOUE', 'KEDE CLAVER', '', '', '', NULL, NULL, NULL, NULL, 'Referent Climatisation/Plomberie', '', '', '0141717301', '', 'climaticien@univelect.com', '', NULL, '', '[]', NULL, NULL, NULL, NULL, NULL, NULL, '', NULL, NULL, NULL, '', '', NULL, NULL, '2025-10-24 10:01:14', NULL, NULL, NULL, NULL, '2025-10-24 09:59:41', '160.120.68.10', NULL, '', NULL, 1, NULL, NULL, '', NULL, 0, '', '', 0, NULL, NULL, NULL, NULL, NULL, NULL, NULL, NULL, NULL, NULL, NULL, 'SIGNATURE_OUFFOUE.png', NULL, NULL, NULL, NULL, NULL, NULL, NULL, NULL, NULL, NULL, NULL, NULL),
(21, 1, '', NULL, 0, 1, NULL, '2025-10-24 10:21:32', '2025-10-24 10:21:32', NULL, NULL, 'nianzou', NULL, NULL, '$2y$10$yL7c4uYaYLZYTbNsRpfCC.H7fB0apWSdLXrzSf8WcvQd5mMUXJ27m', NULL, 'dolcrypt:AES-256-CTR:10fbb3f05469219f:ihweB3Io4cm1tCaa', 'man', 'MR', 'NIANZOU', 'EMMANUEL', '', '', '', NULL, NULL, NULL, NULL, 'Responsable Contrat/SGCI', '', '', '0141897830', '', 'nianzou.emmanuel@univelect.com', '', NULL, '', 'null', NULL, NULL, NULL, NULL, NULL, NULL, '', NULL, NULL, NULL, '', '', NULL, NULL, '2025-12-29 16:27:53', '2025-10-24 10:22:03', NULL, NULL, NULL, '2025-10-24 10:21:27', '160.120.68.10', '160.120.68.10', '', NULL, 1, NULL, NULL, '', NULL, 0, '', '', 0, NULL, NULL, NULL, NULL, NULL, NULL, NULL, NULL, NULL, NULL, NULL, NULL, NULL, NULL, NULL, NULL, NULL, NULL, NULL, NULL, NULL, NULL, NULL, NULL),
(22, 1, '', NULL, 0, 1, NULL, '2025-10-24 11:22:20', '2025-10-24 11:22:20', NULL, NULL, 'ykonan', NULL, NULL, '$2y$10$kqYNNczGwO46ZIqoefEYgumCs10LOo6yDDWrFR8naECc9AAmeEmOW', NULL, 'dolcrypt:AES-256-CTR:10fbb3f05469219f:mQwQXkYA37Od5ii/', 'man', 'MR', 'KONAN', 'YAO YANNICK', '', '', '', NULL, NULL, NULL, NULL, 'Administrateur GMAO', '', '', '0143371622', '', 'agent.methode@univelect.com', '', NULL, '', 'null', NULL, NULL, NULL, NULL, NULL, NULL, '', NULL, NULL, NULL, '', '', NULL, NULL, '2025-11-18 08:46:57', '2025-10-29 10:50:58', NULL, NULL, NULL, '2025-10-24 11:22:15', '160.120.68.10', '160.120.68.10', '', NULL, 1, NULL, NULL, '', NULL, 0, '', '', 0, NULL, NULL, NULL, NULL, NULL, NULL, NULL, NULL, NULL, NULL, NULL, NULL, NULL, NULL, NULL, NULL, NULL, NULL, NULL, NULL, NULL, NULL, NULL, NULL),
(23, 1, '', NULL, 0, 1, NULL, '2025-10-27 14:49:29', '2025-10-27 14:49:29', NULL, NULL, 'michel-ange.inagohi', NULL, NULL, '$2y$10$i1RVK7mt1e3RJ/0AJphAx.G6xTQoHf16X8kirnE3G6QC03lcX7ElO', NULL, 'dolcrypt:AES-256-CTR:10fbb3f05469219f:rBlGE0Yq8rO56Gb/', 'man', 'MR', 'INAGOHI', 'MICHEL-ANGE', '', '', '', NULL, NULL, NULL, NULL, 'Technico Commercial', '0171460000', '', '', '', 'technico.commercial@univelect.com', '', NULL, '', 'null', NULL, NULL, NULL, NULL, NULL, NULL, '', NULL, NULL, NULL, '', '', NULL, NULL, '2026-01-08 10:54:27', '2026-01-08 08:19:23', NULL, NULL, NULL, '2025-10-27 14:49:24', '160.120.68.10', '160.120.68.10', '', NULL, 1, NULL, NULL, '', NULL, 0, '', '', 0, NULL, NULL, NULL, NULL, NULL, NULL, NULL, NULL, NULL, NULL, NULL, NULL, NULL, NULL, NULL, NULL, NULL, NULL, NULL, NULL, NULL, NULL, NULL, NULL),
(24, 1, '', NULL, 0, 1, NULL, '2025-10-28 15:28:17', '2025-11-21 16:00:59', NULL, NULL, 'comptable.treso', NULL, NULL, '$2y$10$YPZ8iOS08xKmk6fEyhUe1uHNs6nTIuxLeCkDyUmWgb0s48fsSeeP6', NULL, 'dolcrypt:AES-256-CTR:10fbb3f05469219f:pBoeE0UOoeKixBaV', 'woman', 'MLE', 'SEKA', 'SYNTYCHE', '', '', '', NULL, NULL, NULL, NULL, 'Assistant Comptable Trésorerie', '0101445819', '', '', '', 'assistant.comptable@univelect.com', '', NULL, '', '[]', NULL, NULL, NULL, 19, NULL, NULL, '', NULL, NULL, NULL, '', '', NULL, NULL, '2026-01-08 07:45:49', '2026-01-07 18:56:05', NULL, NULL, NULL, '2025-11-21 16:00:54', '160.120.68.10', '160.120.68.10', '', NULL, 1, NULL, NULL, '', NULL, 0, '', '', 0, NULL, NULL, NULL, NULL, NULL, NULL, NULL, NULL, NULL, NULL, NULL, 'SIGNATURE_SYNTYCHE.png', NULL, NULL, NULL, NULL, NULL, NULL, NULL, NULL, NULL, NULL, NULL, NULL),
(25, 1, '', NULL, 0, 1, NULL, '2025-10-28 16:22:55', '2025-10-28 16:22:55', NULL, NULL, 'pierre emmanuel.adoubi', NULL, NULL, '$2y$10$445hcP5hjoucej/jLaN3Gu33UWENV56oIw9F2IxwRdUGS/2JodC.e', NULL, 'dolcrypt:AES-256-CTR:10fbb3f05469219f:mltDEmd74MKh2gT9', 'man', 'MR', 'ADOUBI', 'Pierre Emmanuel', '', '', '', NULL, NULL, NULL, NULL, 'Responsable Contrat/CGRAE', '0101445763', '', '', '', 'itb.support@univelect.com', '', NULL, '', 'null', NULL, NULL, NULL, NULL, NULL, NULL, '', NULL, NULL, NULL, '', '', NULL, NULL, '2025-10-28 16:23:35', NULL, NULL, NULL, NULL, '2025-10-28 16:22:50', '160.120.68.10', NULL, '', NULL, 1, NULL, NULL, '', NULL, 0, '', '', 0, NULL, NULL, NULL, NULL, NULL, NULL, NULL, NULL, NULL, NULL, NULL, NULL, NULL, NULL, NULL, NULL, NULL, NULL, NULL, NULL, NULL, NULL, NULL, NULL),
(26, 1, '', NULL, 0, 1, NULL, '2025-10-29 10:45:01', '2025-10-29 11:15:44', NULL, NULL, 'brou benjamin', NULL, NULL, '$2y$10$iY73rHRsgqurlz5PsDkmo.i/Vop7HBcDxTM/ika3mU/oKVQW9vYke', NULL, 'dolcrypt:AES-256-CTR:10fbb3f05469219f:ohlGMWoC1dnE6xeA', 'man', 'MR', 'BOA', 'BROU BENJAMIN', '', '', '', NULL, NULL, NULL, NULL, 'Directeur Technique', '0141897818', '', '', '', 'dir.tech@univelect.com', '', NULL, '', '[]', NULL, NULL, NULL, NULL, NULL, NULL, '', NULL, NULL, NULL, '', '', NULL, NULL, NULL, NULL, NULL, NULL, NULL, '2025-10-29 10:44:56', NULL, NULL, '', NULL, 1, NULL, NULL, '', NULL, 0, '', '', 0, NULL, NULL, NULL, NULL, NULL, NULL, NULL, NULL, NULL, NULL, NULL, 'SIGNATURE_DT.png', NULL, NULL, NULL, NULL, NULL, NULL, NULL, NULL, NULL, NULL, NULL, NULL),
(27, 1, '', NULL, 0, 1, NULL, '2025-10-31 10:40:00', '2025-10-31 10:40:00', NULL, NULL, 'cynthia.loba', NULL, NULL, '$2y$10$tbU6/Vebo6sAqRiTQPuNmeAUKvxRlRETEABTIgAFcxBG7q/XdcrKi', NULL, 'dolcrypt:AES-256-CTR:10fbb3f05469219f:/FxFAVQExPqf5Dv3', 'woman', 'MME', 'LOBA', 'CYNTHIA', '', '', '', NULL, NULL, NULL, NULL, 'Assistante RH', '0143291006', '', '', '', 'assistante.rh@univelect.com', '', NULL, '', 'null', NULL, NULL, NULL, NULL, NULL, NULL, '', NULL, NULL, NULL, '', '', NULL, NULL, '2026-01-07 18:32:38', '2026-01-06 09:19:27', NULL, NULL, NULL, '2025-10-31 10:39:55', '160.120.68.10', '160.120.68.10', '', NULL, 1, NULL, NULL, '', NULL, 0, '', '', 0, NULL, NULL, NULL, NULL, NULL, NULL, NULL, NULL, NULL, NULL, NULL, NULL, NULL, NULL, NULL, NULL, NULL, NULL, NULL, NULL, NULL, NULL, NULL, NULL),
(28, 1, '', NULL, 0, 1, NULL, '2025-11-13 08:50:32', '2025-11-13 08:50:32', NULL, NULL, 'nisrine.chakkour', NULL, NULL, '$2y$10$nY15Phmmkd5hEnMGqZ2XgeAelyJseHx3tWUjoWeMtj0XEU7Uk7p6G', NULL, 'dolcrypt:AES-256-CTR:10fbb3f05469219f:vxwZCF0u2LSl1TWW', 'woman', 'MLE', 'CHAKKOUR', 'NISRINE', '', '', '', NULL, NULL, NULL, NULL, 'Assistante du DG', '0171596747', '', '', '', 'nisrine.chakkour@univelect.com', '', NULL, '', 'null', NULL, NULL, NULL, NULL, NULL, NULL, '', NULL, NULL, NULL, '', '', NULL, NULL, '2025-11-13 08:55:20', NULL, NULL, NULL, NULL, '2025-11-13 08:50:27', '160.120.68.10', NULL, '', NULL, 1, NULL, NULL, '', NULL, 0, '', '', 0, NULL, NULL, NULL, NULL, NULL, NULL, NULL, NULL, NULL, NULL, NULL, NULL, NULL, NULL, NULL, NULL, NULL, NULL, NULL, NULL, NULL, NULL, NULL, NULL),
(29, 1, '', NULL, 0, 1, NULL, '2025-11-13 16:38:17', '2025-11-13 16:38:43', NULL, NULL, 'kam', NULL, NULL, '$2y$10$YFpRbRbbBQnlM9uan6FOjuJ1iGXX7ufxm/gU9XBfV1rWzbKRiMSB.', NULL, 'dolcrypt:AES-256-CTR:10fbb3f05469219f:ljI/OV09+uaB8DuL', 'man', 'MR', 'ASSOUAN', 'KABLAN MATHIEU', '', '', '', NULL, NULL, NULL, NULL, 'Référent Electricien', '0102402024', '', '', '', 'maintenance.zone1a@univelect.com', '', NULL, '', '[]', NULL, NULL, NULL, 26, NULL, NULL, '', NULL, NULL, NULL, '', '', NULL, NULL, '2025-12-29 16:51:19', '2025-11-13 16:51:45', NULL, NULL, NULL, '2025-11-13 16:38:12', '160.120.68.10', '160.120.68.10', '', NULL, 1, NULL, NULL, '', NULL, 0, '', '', 0, NULL, NULL, NULL, NULL, NULL, NULL, NULL, NULL, NULL, NULL, NULL, 'SIGNATURE_ASSOUAN.png', NULL, NULL, NULL, NULL, NULL, NULL, NULL, NULL, NULL, NULL, NULL, NULL),
(30, 1, '', NULL, 0, 1, NULL, '2025-11-13 17:22:22', '2025-11-13 17:22:45', NULL, NULL, 'mohamed.traore', NULL, NULL, '$2y$10$g28TDsK6OZBw0ZJLKdNa5.zllFcafohCUzWmMMZ8MnhoXDwJVcFwW', NULL, 'dolcrypt:AES-256-CTR:10fbb3f05469219f:mxwxA2If2cW/5CiB', 'man', 'MR', 'TRAORE', 'MOHAMED', '', '', '', NULL, NULL, NULL, NULL, 'Référent Groupe Electrogène', '0141883134', '', '', '', 'servicetechnique@univelect.com', '', NULL, '', '[]', NULL, NULL, NULL, 26, NULL, NULL, '', NULL, NULL, NULL, '', '', NULL, NULL, NULL, NULL, NULL, NULL, NULL, '2025-11-13 17:22:17', NULL, NULL, '', NULL, 1, NULL, NULL, '', NULL, 0, '', '', 0, NULL, NULL, NULL, NULL, NULL, NULL, NULL, NULL, NULL, NULL, NULL, 'SIGNATURE_TRAORE.png', NULL, NULL, NULL, NULL, NULL, NULL, NULL, NULL, NULL, NULL, NULL, NULL),
(31, 1, '', NULL, 0, 1, NULL, '2025-11-18 09:29:25', '2025-11-18 15:38:47', NULL, NULL, 'CARLOS SERY', NULL, NULL, '$2y$10$lQLnZt.ZK/wGz2YNlsiPQukp5vFKwp7F9YRlWJp24NiNhcVxua/TW', NULL, 'dolcrypt:AES-256-CTR:10fbb3f05469219f:/zpGIFYB5ri6xjiE', 'man', 'MR', 'SERY', 'MICHEL CARLOS', '', '', '', NULL, NULL, NULL, NULL, '', '', '', '', '', '', '', NULL, '', '[]', NULL, NULL, NULL, NULL, NULL, NULL, '', NULL, NULL, NULL, '', '', NULL, NULL, '2025-12-19 08:46:22', '2025-12-17 08:47:46', NULL, NULL, NULL, '2025-11-18 15:38:42', '160.120.68.10', '160.120.68.10', '', NULL, 1, NULL, NULL, '', NULL, 0, '', '', 0, NULL, NULL, NULL, NULL, NULL, NULL, NULL, NULL, NULL, NULL, NULL, NULL, NULL, NULL, NULL, NULL, NULL, NULL, NULL, NULL, NULL, NULL, NULL, NULL),
(32, 1, '', NULL, 0, 1, NULL, '2025-11-21 08:56:01', '2025-12-22 08:14:36', NULL, NULL, 'comptable.client', NULL, NULL, '$2y$10$uAS/jUiC4vjRtkXnZItd4ujN9ABmekL06AkfHMFT/AsS0XCbd08Aq', NULL, 'dolcrypt:AES-256-CTR:10fbb3f05469219f:ths+Jno59tqlsweg', 'woman', 'MME', 'LOBA EPSE AMON', 'ELIANE', '', '', '', NULL, NULL, NULL, NULL, 'Comptable Client', '0141897835', '', '', '', 'comptable@univelect.com', '', NULL, '', '[]', NULL, NULL, NULL, 7, NULL, NULL, '', NULL, NULL, NULL, '', '', NULL, NULL, '2026-01-06 08:50:08', '2025-12-29 10:34:10', NULL, NULL, NULL, '2025-12-22 08:14:31', '160.120.68.10', '160.120.68.10', '', NULL, 1, NULL, NULL, '', NULL, 0, '', '', 0, NULL, NULL, NULL, NULL, '2023-07-01', NULL, NULL, NULL, NULL, NULL, NULL, NULL, NULL, NULL, NULL, NULL, NULL, NULL, NULL, NULL, NULL, NULL, NULL, NULL),
(33, 1, '', NULL, 0, 1, NULL, '2025-12-03 20:49:48', '2026-01-05 10:17:12', NULL, NULL, 'assistante.bouake', NULL, NULL, '$2y$10$UKIOcj0WAHHS45baTPB4c.Ae6zRaq1QPgZ29Mi7TjRE/vZ6jGjPaa', NULL, 'dolcrypt:AES-256-CTR:10fbb3f05469219f:ogQYHkp50frB7iiD', 'woman', 'MLE', 'KOUADIO', 'MARCELLE', '', '', '', NULL, NULL, NULL, NULL, 'Assistante Administrative/ZONE 2', '', '', '', '', '', '', NULL, '', '[]', NULL, NULL, NULL, NULL, NULL, NULL, '', NULL, NULL, NULL, '', '', NULL, NULL, '2026-01-07 09:11:43', '2026-01-05 10:19:05', NULL, NULL, NULL, '2026-01-05 10:17:07', '41.207.1.186', '41.207.1.186', '', NULL, 1, NULL, NULL, '', NULL, 0, '', '', 0, NULL, NULL, NULL, NULL, '2024-11-01', NULL, NULL, NULL, NULL, NULL, NULL, 'SIGNATURE_MARCELLE.png', NULL, NULL, NULL, NULL, NULL, NULL, NULL, NULL, NULL, NULL, NULL, NULL),
(34, 1, '', NULL, 0, 1, NULL, '2025-12-08 12:06:10', '2025-12-08 12:12:55', NULL, NULL, 'abo.kobenan', NULL, NULL, '$2y$10$fBbAfRZlc8wvajHlGuqUyO7d9PU4hT.RbVMKunsT4P0aKM6urdYze', NULL, 'dolcrypt:AES-256-CTR:10fbb3f05469219f:pCAaGVcB4NC67WC7', 'man', 'MR', 'ABO', 'KOBENAN ALEXANDRE', '', '', '', NULL, NULL, NULL, NULL, 'Responsable Technique ZONE 1', '0141717303', '', '', '', 'alexandre.abo@univelect.com', '', NULL, '', '[]', NULL, NULL, NULL, 26, NULL, NULL, '', NULL, NULL, NULL, '', '', NULL, NULL, '2025-12-08 12:13:39', NULL, NULL, NULL, NULL, '2025-12-08 12:06:06', '160.120.68.10', NULL, '', NULL, 1, NULL, NULL, '', NULL, 0, '', '', 0, NULL, NULL, NULL, NULL, '2017-07-01', NULL, NULL, NULL, NULL, NULL, NULL, 'SIGNATURE_ABO.png', NULL, NULL, NULL, NULL, NULL, NULL, NULL, NULL, NULL, NULL, NULL, NULL),
(35, 0, '', NULL, 1, 1, NULL, '2025-12-09 15:21:38', '2025-12-09 15:25:03', NULL, NULL, 'ferdinand.behibro', NULL, NULL, '$2y$10$qLwd2nwcJe5wX5hp2KXUWONTinj9UnqhjRvKUDR7OHCq/kjFFhyue', NULL, 'dolcrypt:AES-256-CTR:10fbb3f05469219f:mjlHPmI8/NCV5gem', 'man', 'MR', 'BEHIBRO', 'KOUASSI-KAN FERDINAND', '', '', '', NULL, NULL, NULL, NULL, 'DIRECTEUR GENERAL', '0101446016', '', '', '', 'kouassikan@univelect.com', '', NULL, '', '[]', NULL, NULL, NULL, NULL, NULL, NULL, '', NULL, NULL, NULL, '', '', NULL, NULL, '2025-12-09 15:38:28', NULL, NULL, NULL, NULL, '2025-12-09 15:21:33', '160.120.68.10', NULL, '', NULL, 1, NULL, NULL, '', NULL, 0, '', '', 0, NULL, NULL, NULL, NULL, '2010-03-01', NULL, NULL, NULL, NULL, NULL, NULL, 'SIGNATURE_DG_OK.jpeg', NULL, NULL, NULL, NULL, NULL, NULL, NULL, NULL, NULL, NULL, NULL, NULL),
(36, 1, '', NULL, 0, 1, NULL, '2025-12-19 15:35:45', '2025-12-19 15:35:45', NULL, NULL, 'nouhouola.yeo', NULL, NULL, '$2y$10$Vx0i2kmiKEIxacwIQB08aeVJfHPqyu0b6jxfzwaL4ywf6BSIlqkf.', NULL, 'dolcrypt:AES-256-CTR:10fbb3f05469219f:+x48Wmp41PiA9zKW', 'man', 'MR', 'YEO', 'NOUHOUOLA', '', '', '', NULL, NULL, NULL, NULL, '', '0143061868', '', '', '', 'nyeo@univelect.com', '', NULL, '', 'null', NULL, NULL, NULL, 26, NULL, NULL, '', NULL, NULL, NULL, '', '', NULL, NULL, '2025-12-19 15:38:09', NULL, NULL, NULL, NULL, '2025-12-19 15:35:40', '160.120.68.10', NULL, '', NULL, 1, NULL, NULL, '', NULL, 0, '', '', 0, NULL, NULL, NULL, NULL, '2015-05-13', NULL, NULL, NULL, NULL, NULL, NULL, NULL, NULL, NULL, NULL, NULL, NULL, NULL, NULL, NULL, NULL, NULL, NULL, NULL),
(37, 1, '', NULL, 0, 1, NULL, '2025-12-26 14:21:53', '2025-12-26 14:21:53', NULL, NULL, 'ake alexandre', NULL, NULL, '$2y$10$sTaKjaj/OoejPInN7ZiseeEQVUgLR5GSnAnAF2B2Zb8LzmvbPBO9C', NULL, 'dolcrypt:AES-256-CTR:10fbb3f05469219f:nAYcEVYr+LW4+xmV', 'man', 'MR', 'LOBA', 'AKE ALEXANDRE', '', '', 'ABIDJAN', NULL, NULL, NULL, NULL, 'Responsable Bureau d\'étude', '0143061867', '', '', '', 'loba.alexandre@univelect.com', '', NULL, '', 'null', NULL, NULL, NULL, 26, NULL, NULL, '', NULL, NULL, NULL, '', '', NULL, NULL, '2025-12-26 14:29:45', NULL, NULL, NULL, NULL, '2025-12-26 14:21:48', '160.120.68.10', NULL, '', NULL, 1, NULL, NULL, '', NULL, 0, '', '', 0, NULL, NULL, NULL, NULL, '2018-05-13', NULL, NULL, NULL, NULL, NULL, NULL, NULL, NULL, NULL, NULL, NULL, NULL, NULL, NULL, NULL, NULL, NULL, NULL, NULL),
(38, 1, '', NULL, 0, 1, NULL, '2026-01-06 09:27:17', '2026-01-06 09:28:15', NULL, NULL, 'temonnahin alexis.bli', NULL, NULL, '$2y$10$IOeSo6O5dFF6jIi7mRdb2eCMa8UcgRPZr7s5XYOlzr3ZNjzpQYhs.', NULL, 'dolcrypt:AES-256-CTR:10fbb3f05469219f:pjxBE2QB+cfH6mGf', 'man', 'MR', 'BLI', 'Temonnahin Alexis', 'BOUAKE', '', 'BOUAKE', NULL, NULL, '1980-03-02', NULL, 'Electrotechnicien', '0142092856', '', '07 46 87 33 64', '', '', '', NULL, '', '[]', NULL, NULL, NULL, 36, NULL, NULL, '', NULL, NULL, NULL, '', '', NULL, NULL, NULL, NULL, NULL, NULL, NULL, '2026-01-06 09:27:13', NULL, NULL, '', NULL, 1, NULL, NULL, '', NULL, 0, '', '', 0, NULL, NULL, NULL, NULL, '2013-01-07', NULL, NULL, NULL, NULL, NULL, NULL, NULL, NULL, NULL, NULL, NULL, NULL, NULL, NULL, NULL, NULL, NULL, NULL, NULL),
(39, 1, '', NULL, 0, 1, NULL, '2026-01-07 18:38:27', '2026-01-07 18:38:27', NULL, NULL, 'jeanne marie-odile.gore', NULL, NULL, '$2y$10$f1Kzq1TxaGEBHJ2wSKdZJOrAQWBxw8LdNDILrT6lx.cM6kfzMMMPO', NULL, 'dolcrypt:AES-256-CTR:10fbb3f05469219f:/icRX0Mh4fiV5Tuk', 'woman', 'MLE', 'GORE', 'Jeanne Marie-odile', '', '', 'Abidjan', NULL, 21, '1994-08-14', NULL, '', '0101446128', '', '07 49 27 37 96', '', '', '', NULL, '', 'null', NULL, NULL, NULL, 20, NULL, NULL, '', NULL, NULL, NULL, '', '', NULL, NULL, NULL, NULL, NULL, NULL, NULL, '2026-01-07 18:38:22', NULL, NULL, '', NULL, 1, NULL, NULL, '', NULL, 0, '', '', 0, NULL, NULL, NULL, NULL, '2019-04-01', NULL, NULL, NULL, NULL, NULL, NULL, NULL, NULL, NULL, NULL, NULL, NULL, NULL, NULL, NULL, NULL, NULL, NULL, NULL),
(41, 1, '', NULL, 0, 1, NULL, '2026-01-07 18:46:07', '2026-01-07 18:46:07', NULL, NULL, 'kouadio blanchard.nguia', NULL, NULL, '$2y$10$XKcSFqlpVgxfmXmK1rNd3uiccCHmK99aRzVpcLWtQ/Gi6A2rFtHjS', NULL, 'dolcrypt:AES-256-CTR:10fbb3f05469219f:/z4+Kkd49cOiyz6h', 'man', 'MR', 'N\'guia', 'Kouadio Blanchard', '', '', 'YAMOUSSOUKRO', NULL, 21, '1988-12-22', NULL, '', '0103885981', '', '0749687205', '', '', '', NULL, '', 'null', NULL, NULL, NULL, 36, NULL, NULL, '', NULL, NULL, NULL, '', '', NULL, NULL, NULL, NULL, NULL, NULL, NULL, '2026-01-07 18:46:02', NULL, NULL, '', NULL, 1, NULL, NULL, '', NULL, 0, '', '', 0, NULL, NULL, NULL, NULL, '2019-10-01', NULL, NULL, NULL, NULL, NULL, NULL, NULL, NULL, NULL, NULL, NULL, NULL, NULL, NULL, NULL, NULL, NULL, NULL, NULL),
(42, 1, '', NULL, 0, 1, NULL, '2026-01-07 18:48:54', '2026-01-07 18:48:55', NULL, NULL, 'mah serge.gondo', NULL, NULL, '$2y$10$.l9xU9jObvqMeUgyzfXsJOjFEcI.0UUgN1vFJwQA9Ht2h8JckK0kK', NULL, 'dolcrypt:AES-256-CTR:10fbb3f05469219f:uCIBL30d3bbC+maF', 'man', 'MR', 'GONDO', 'Mah Serge', '', '', '', NULL, 21, '1988-12-10', NULL, '', '0141300532', '', '0757629809', '', '', '', NULL, '', 'null', NULL, NULL, NULL, 36, NULL, NULL, '', NULL, NULL, NULL, '', '', NULL, NULL, NULL, NULL, NULL, NULL, NULL, '2026-01-07 18:48:50', NULL, NULL, '', NULL, 1, NULL, NULL, '', NULL, 0, '', '', 0, NULL, NULL, NULL, NULL, '2019-12-03', NULL, NULL, NULL, NULL, NULL, NULL, NULL, NULL, NULL, NULL, NULL, NULL, NULL, NULL, NULL, NULL, NULL, NULL, NULL),
(43, 1, '', NULL, 0, 1, NULL, '2026-01-07 18:51:41', '2026-01-07 18:51:41', NULL, NULL, 'marie-michelle.gueugbeu', NULL, NULL, '$2y$10$pwza2DEq9NTwDhSjerUcUOguzpIQwKxOqMVaF5CSBfX7hpY.nCZAq', NULL, 'dolcrypt:AES-256-CTR:10fbb3f05469219f:iw0nKnw8xsWZ5mG5', 'woman', 'MLE', 'GUEUGBEU', 'Marie-Michelle', '', '', 'Abidjan', NULL, 21, '1992-04-27', NULL, 'Electrotechnicienne', '0102402164', '', '0749223988', '', '', '', NULL, '', 'null', NULL, NULL, NULL, 29, NULL, NULL, '', NULL, NULL, NULL, '', '', NULL, NULL, NULL, NULL, NULL, NULL, NULL, '2026-01-07 18:51:36', NULL, NULL, '', NULL, 1, NULL, NULL, '', NULL, 0, '', '', 0, NULL, NULL, NULL, NULL, '2020-02-01', NULL, NULL, NULL, NULL, NULL, NULL, NULL, NULL, NULL, NULL, NULL, NULL, NULL, NULL, NULL, NULL, NULL, NULL, NULL),
(44, 1, '', NULL, 0, 1, NULL, '2026-01-07 18:55:58', '2026-01-07 18:55:58', NULL, NULL, 'ngoran mathias.yao', NULL, NULL, '$2y$10$EOb5AfTXDr6QF.Xa5MLieuu.LJ9DmkasKBts2gOOyiGA0T4OoGFvS', NULL, 'dolcrypt:AES-256-CTR:10fbb3f05469219f:pF4nInF+wNmh72e8', 'man', 'MR', 'YAO', 'N\'goran Mathias', '', '', '', NULL, 21, '1999-11-15', NULL, 'Climaticien(ne)', '0102401136', '', '0779307425', '', '', '', NULL, '', 'null', NULL, NULL, NULL, NULL, NULL, NULL, '', NULL, NULL, NULL, '', '', NULL, NULL, NULL, NULL, NULL, NULL, NULL, '2026-01-07 18:55:53', NULL, NULL, '', NULL, 1, NULL, NULL, '', NULL, 0, '', '', 0, NULL, NULL, NULL, NULL, '2019-12-01', NULL, NULL, NULL, NULL, NULL, NULL, NULL, NULL, NULL, NULL, NULL, NULL, NULL, NULL, NULL, NULL, NULL, NULL, NULL),
(45, 1, '', NULL, 0, 1, NULL, '2026-01-07 18:59:04', '2026-01-07 18:59:04', NULL, NULL, 'adama leon.ouedraogo', NULL, NULL, '$2y$10$i7CrhM9p8/VLhfOXF1LHeuOItpGxzy7aw9itmVD7RfOqFyv7.GJ7u', NULL, 'dolcrypt:AES-256-CTR:10fbb3f05469219f:q1ocB0YAwfSw7BT+', 'man', 'MR', 'OUEDRAOGO', 'Adama Leon', '', '', 'Abidjan', NULL, 21, '1969-01-01', NULL, 'Chauffeur', '0102394976', '', '05 05 83 40 58', '', '', '', NULL, '', 'null', NULL, NULL, NULL, 26, NULL, NULL, '', NULL, NULL, NULL, '', '', NULL, NULL, NULL, NULL, NULL, NULL, NULL, '2026-01-07 18:58:59', NULL, NULL, '', NULL, 1, NULL, NULL, '', NULL, 0, '', '', 0, NULL, NULL, NULL, NULL, '2020-08-01', NULL, NULL, NULL, NULL, NULL, NULL, NULL, NULL, NULL, NULL, NULL, NULL, NULL, NULL, NULL, NULL, NULL, NULL, NULL),
(46, 1, '', NULL, 0, 1, NULL, '2026-01-07 19:01:08', '2026-01-07 19:01:09', NULL, NULL, 'kouakou kouame alain michel.kotroh', NULL, NULL, '$2y$10$WDN7euYEQnFtLXkxg0KeburVrPSIqE0LSL.tC7gVRupPlWxhCUsUW', NULL, 'dolcrypt:AES-256-CTR:10fbb3f05469219f:qxgxHlkL+MSx+xOM', 'man', 'MR', 'KOTROH', 'Kouakou Kouame Alain Michel', '', '', 'Abidjan', NULL, 21, '1989-09-10', NULL, 'Electrotechnicien', '0141883087', '', '07 59 94 86 85', '', '', '', NULL, '', 'null', NULL, NULL, NULL, 29, NULL, NULL, '', NULL, NULL, NULL, '', '', NULL, NULL, NULL, NULL, NULL, NULL, NULL, '2026-01-07 19:01:04', NULL, NULL, '', NULL, 1, NULL, NULL, '', NULL, 0, '', '', 0, NULL, NULL, NULL, NULL, '2020-01-04', NULL, NULL, NULL, NULL, NULL, NULL, NULL, NULL, NULL, NULL, NULL, NULL, NULL, NULL, NULL, NULL, NULL, NULL, NULL),
(47, 1, '', NULL, 0, 1, NULL, '2026-01-07 19:03:25', '2026-01-07 19:03:25', NULL, NULL, 'yao bonaventure.nguettia', NULL, NULL, '$2y$10$SyHmSlAV8.xA.oAUpSLoUOr.3xhkRX7CTZVIeKAUVh/LvLHXlupzm', NULL, 'dolcrypt:AES-256-CTR:10fbb3f05469219f:9jI9MwZ7+/O/62eD', 'man', 'MR', 'N\'GUETTIA', 'Yao Bonaventure', '', '', 'Bouake', NULL, 21, '1994-10-07', NULL, 'Climaticien(ne)', '0101445687', '', '07 57 43 94 10', '', '', '', NULL, '', 'null', NULL, NULL, NULL, 36, NULL, NULL, '', NULL, NULL, NULL, '', '', NULL, NULL, NULL, NULL, NULL, NULL, NULL, '2026-01-07 19:03:20', NULL, NULL, '', NULL, 1, NULL, NULL, '', NULL, 0, '', '', 0, NULL, NULL, NULL, NULL, '2020-11-01', NULL, NULL, NULL, NULL, NULL, NULL, NULL, NULL, NULL, NULL, NULL, NULL, NULL, NULL, NULL, NULL, NULL, NULL, NULL),
(48, 1, '', NULL, 0, 1, NULL, '2026-01-07 19:05:48', '2026-01-07 19:05:48', NULL, NULL, 'tanoh joel.kacou', NULL, NULL, '$2y$10$qPKOkFVaWpLyQyZziBkLFeYkTCl0JQ4wvksMZBzSuqf7rwWvn/YjG', NULL, 'dolcrypt:AES-256-CTR:10fbb3f05469219f:owk3LFsFzfqB5yW9', 'man', 'MR', 'KACOU', 'Tanoh Joel', '', '', '', NULL, 21, '1992-12-29', NULL, 'Climaticien(ne)', '0102401768', '', '07 49 04 31 86', '', '', '', NULL, '', 'null', NULL, NULL, NULL, 36, NULL, NULL, '', NULL, NULL, NULL, '', '', NULL, NULL, NULL, NULL, NULL, NULL, NULL, '2026-01-07 19:05:43', NULL, NULL, '', NULL, 1, NULL, NULL, '', NULL, 0, '', '', 0, NULL, NULL, NULL, NULL, '2020-04-17', NULL, NULL, NULL, NULL, NULL, NULL, NULL, NULL, NULL, NULL, NULL, NULL, NULL, NULL, NULL, NULL, NULL, NULL, NULL),
(49, 1, '', NULL, 0, 1, NULL, '2026-01-07 19:07:29', '2026-01-07 19:07:29', NULL, NULL, 'kouadio gerard.kouame', NULL, NULL, '$2y$10$wrsP2EE1TdL2qVaRlgeWuOmAmX6oNhqJIsq4xAv8ZO13X/cKnPoYa', NULL, 'dolcrypt:AES-256-CTR:10fbb3f05469219f:h1sqDVArpe+ntxOj', 'man', 'MR', 'KOUAME', 'Kouadio Gerard', '', '', 'Abidjan', NULL, 21, '1988-05-16', NULL, 'Climaticien(ne)', '0141883103', '', '0709206817', '', '', '', NULL, '', 'null', NULL, NULL, NULL, 20, NULL, NULL, '', NULL, NULL, NULL, '', '', NULL, NULL, NULL, NULL, NULL, NULL, NULL, '2026-01-07 19:07:24', NULL, NULL, '', NULL, 1, NULL, NULL, '', NULL, 0, '', '', 0, NULL, NULL, NULL, NULL, '2020-02-01', NULL, NULL, NULL, NULL, NULL, NULL, NULL, NULL, NULL, NULL, NULL, NULL, NULL, NULL, NULL, NULL, NULL, NULL, NULL),
(50, 1, '', NULL, 0, 1, NULL, '2026-01-07 19:09:51', '2026-01-07 19:09:51', NULL, NULL, 'koffi rodrigue ulrich.say', NULL, NULL, '$2y$10$zdewWuVyp7y0uF62mXEoTebfqsS63EY1hyJ6NipQkdGXvdIOUHDw2', NULL, 'dolcrypt:AES-256-CTR:10fbb3f05469219f:lxxLO1UC7ci05QKW', 'man', 'MR', 'SAY', 'Koffi Rodrigue Ulrich', '', '', 'Abidjan', NULL, 21, '1991-09-01', NULL, 'Electrotechnicien', '0141300524', '', '0748706582', '', '', '', NULL, '', 'null', NULL, NULL, NULL, 29, NULL, NULL, '', NULL, NULL, NULL, '', '', NULL, NULL, NULL, NULL, NULL, NULL, NULL, '2026-01-07 19:09:46', NULL, NULL, '', NULL, 1, NULL, NULL, '', NULL, 0, '', '', 0, NULL, NULL, NULL, NULL, '2021-05-01', NULL, NULL, NULL, NULL, NULL, NULL, NULL, NULL, NULL, NULL, NULL, NULL, NULL, NULL, NULL, NULL, NULL, NULL, NULL),
(51, 1, '', NULL, 0, 1, NULL, '2026-01-07 19:11:46', '2026-01-07 19:11:46', NULL, NULL, 'evrard renaud .taho', NULL, NULL, '$2y$10$3DRcy9Z5AG4HfwB9DnBQze1EI1umLjF.Pk2aUFt3FIYLMwFdrOozG', NULL, 'dolcrypt:AES-256-CTR:10fbb3f05469219f:gCoaMXAuwPeQsGCZ', 'man', 'MR', 'TAHO', 'Evrard Renaud', '', '', 'Abidjan', NULL, 21, '1986-02-23', NULL, 'Technicien Groupe Electrogène', '0141883086', '', '0707284581', '', '', '', NULL, '', 'null', NULL, NULL, NULL, 30, NULL, NULL, '', NULL, NULL, NULL, '', '', NULL, NULL, NULL, NULL, NULL, NULL, NULL, '2026-01-07 19:11:41', NULL, NULL, '', NULL, 1, NULL, NULL, '', NULL, 0, '', '', 0, NULL, NULL, NULL, NULL, '2021-11-02', NULL, NULL, NULL, NULL, NULL, NULL, NULL, NULL, NULL, NULL, NULL, NULL, NULL, NULL, NULL, NULL, NULL, NULL, NULL),
(52, 1, '', NULL, 0, 1, NULL, '2026-01-07 19:13:48', '2026-01-07 19:13:48', NULL, NULL, 'bassaya .diabate', NULL, NULL, '$2y$10$KerW44C5e1c.F1dRkrrv7.GudZCwAbatgytuxenuOcInoyVx9nRGW', NULL, 'dolcrypt:AES-256-CTR:10fbb3f05469219f:tA0fU0E78/GX8Rf/', 'man', 'MR', 'DIABATE', 'Bassaya', '', '', 'Abidjan', NULL, 21, '1981-06-02', NULL, 'Climaticien(ne)', '0103117331', '', '05 55 52 04 86', '', '', '', NULL, '', 'null', NULL, NULL, NULL, 20, NULL, NULL, '', NULL, NULL, NULL, '', '', NULL, NULL, NULL, NULL, NULL, NULL, NULL, '2026-01-07 19:13:43', NULL, NULL, '', NULL, 1, NULL, NULL, '', NULL, 0, '', '', 0, NULL, NULL, NULL, NULL, '2021-09-06', NULL, NULL, NULL, NULL, NULL, NULL, NULL, NULL, NULL, NULL, NULL, NULL, NULL, NULL, NULL, NULL, NULL, NULL, NULL),
(53, 1, '', NULL, 0, 1, NULL, '2026-01-07 19:16:49', '2026-01-07 19:16:49', NULL, NULL, 'kadjo maurice claude.kakou', NULL, NULL, '$2y$10$DJyroA87m47rEUoNmiY1hOm/Pl/IhCHYC3.X1k/qCuXSB02rf29sm', NULL, 'dolcrypt:AES-256-CTR:10fbb3f05469219f:vwocE3Ys78OCzhWW', 'man', 'MR', 'KAKOU', 'Kadjo Maurice Claude', '', '', 'Abidjan', NULL, 21, '1986-11-09', NULL, 'Assistant méthode GMAO', '0142884113', '', '0748894976', '', '', '', NULL, '', 'null', NULL, NULL, NULL, 10, NULL, NULL, '', NULL, NULL, NULL, '', '', NULL, NULL, NULL, NULL, NULL, NULL, NULL, '2026-01-07 19:16:44', NULL, NULL, '', NULL, 1, NULL, NULL, '', NULL, 0, '', '', 0, NULL, NULL, NULL, NULL, '2021-09-24', NULL, NULL, NULL, NULL, NULL, NULL, NULL, NULL, NULL, NULL, NULL, NULL, NULL, NULL, NULL, NULL, NULL, NULL, NULL),
(54, 1, '', NULL, 0, 1, NULL, '2026-01-07 19:18:44', '2026-01-07 19:18:44', NULL, NULL, 'kio .bokpe', NULL, NULL, '$2y$10$fbWset17V/y6OdODOXwQIOX2Jx8l1Zu/c0joG/t8IpxHmJYuOIF7e', NULL, 'dolcrypt:AES-256-CTR:10fbb3f05469219f:rDsnGmQGwbeKszeI', 'man', 'MR', 'BOKPE', 'Kio', '', '', 'Abidjan', NULL, 21, '1979-06-27', NULL, 'Climaticien(ne)', '0171410000', '', '07 48 88 42 15', '', '', '', NULL, '', 'null', NULL, NULL, NULL, 20, NULL, NULL, '', NULL, NULL, NULL, '', '', NULL, NULL, NULL, NULL, NULL, NULL, NULL, '2026-01-07 19:18:39', NULL, NULL, '', NULL, 1, NULL, NULL, '', NULL, 0, '', '', 0, NULL, NULL, NULL, NULL, '2021-09-27', NULL, NULL, NULL, NULL, NULL, NULL, NULL, NULL, NULL, NULL, NULL, NULL, NULL, NULL, NULL, NULL, NULL, NULL, NULL),
(55, 1, '', NULL, 0, 1, NULL, '2026-01-07 19:22:44', '2026-01-07 19:22:44', NULL, NULL, 'adama.doumbia', NULL, NULL, '$2y$10$CGUGzfpnzmRSbsYr6PbMcO9BDn8D90hCKpPRx2MUNAUvVwmHNLeDW', NULL, 'dolcrypt:AES-256-CTR:10fbb3f05469219f:hFxAGQQb+Pe4xjiJ', 'man', 'MR', 'DOUMBIA', 'Adama', '', '', '', NULL, 21, '1978-10-30', NULL, 'Chauffeur', '', '', '05 06 64 46 28', '', '', '', NULL, '', 'null', NULL, NULL, NULL, 36, NULL, NULL, '', NULL, NULL, NULL, '', '', NULL, NULL, NULL, NULL, NULL, NULL, NULL, '2026-01-07 19:22:39', NULL, NULL, '', NULL, 1, NULL, NULL, '', NULL, 0, '', '', 0, NULL, NULL, NULL, NULL, '2021-09-30', NULL, NULL, NULL, NULL, NULL, NULL, NULL, NULL, NULL, NULL, NULL, NULL, NULL, NULL, NULL, NULL, NULL, NULL, NULL),
(56, 1, '', NULL, 0, 1, NULL, '2026-01-07 19:24:48', '2026-01-07 19:24:48', NULL, NULL, 'zidago armand.gnahoua', NULL, NULL, '$2y$10$.gip2cKXKHeC.75FPzUWQe8SB7gc6NEfuTQz//JTVQjPOmMBBZSeS', NULL, 'dolcrypt:AES-256-CTR:10fbb3f05469219f:lxJCXAAOr9i99Av9', 'man', 'MR', 'GNAHOUA', 'Zidago Armand', '', '', '', NULL, 21, '1988-10-26', NULL, 'Chauffeur', '0142884086', '', '07 87 00 80 91', '', '', '', NULL, '', 'null', NULL, NULL, NULL, 36, NULL, NULL, '', NULL, NULL, NULL, '', '', NULL, NULL, NULL, NULL, NULL, NULL, NULL, '2026-01-07 19:24:43', NULL, NULL, '', NULL, 1, NULL, NULL, '', NULL, 0, '', '', 0, NULL, NULL, NULL, NULL, '2021-09-30', NULL, NULL, NULL, NULL, NULL, NULL, NULL, NULL, NULL, NULL, NULL, NULL, NULL, NULL, NULL, NULL, NULL, NULL, NULL),
(57, 1, '', NULL, 0, 1, NULL, '2026-01-07 19:28:58', '2026-01-07 19:28:58', NULL, NULL, 'koffi landry.ndri', NULL, NULL, '$2y$10$eVENtkK1yv12PUeuNq4MS.QHwxxG8ujyLe.rp5SZ9pRq1//Lg/9/6', NULL, 'dolcrypt:AES-256-CTR:10fbb3f05469219f:hQY+JGAn2+jD2hC8', 'man', 'MR', 'N\'DRI', 'Koffi Landry', '', '', '', NULL, 21, '1998-01-01', NULL, 'Electrotechnicien', '0102401189', '', '07 79 55 69 64', '', '', '', NULL, '', 'null', NULL, NULL, NULL, 36, NULL, NULL, '', NULL, NULL, NULL, '', '', NULL, NULL, NULL, NULL, NULL, NULL, NULL, '2026-01-07 19:28:53', NULL, NULL, '', NULL, 1, NULL, NULL, '', NULL, 0, '', '', 0, NULL, NULL, NULL, NULL, '2021-10-06', NULL, NULL, NULL, NULL, NULL, NULL, NULL, NULL, NULL, NULL, NULL, NULL, NULL, NULL, NULL, NULL, NULL, NULL, NULL),
(58, 1, '', NULL, 0, 1, NULL, '2026-01-07 19:33:12', '2026-01-07 19:33:12', NULL, NULL, 'yao armel evrard joël.nguessan', NULL, NULL, '$2y$10$1rG0aouX35.8UewTzOkTaex5TzP2bsch6XSOUX3EWC9QX044yPm4a', NULL, 'dolcrypt:AES-256-CTR:10fbb3f05469219f:lAw/WF0J0tafyByD', 'man', 'MR', 'N\'GUESSAN', 'Yao Armel Evrard Joël', '', '', 'Abidjan', NULL, 21, '1996-05-25', NULL, 'Electrotechnicien', '0101445687', '', '07 77 332 06 25', '', '', '', NULL, '', 'null', NULL, NULL, NULL, 29, NULL, NULL, '', NULL, NULL, NULL, '', '', NULL, NULL, NULL, NULL, NULL, NULL, NULL, '2026-01-07 19:33:07', NULL, NULL, '', NULL, 1, NULL, NULL, '', NULL, 0, '', '', 0, NULL, NULL, NULL, NULL, '2022-02-01', NULL, NULL, NULL, NULL, NULL, NULL, NULL, NULL, NULL, NULL, NULL, NULL, NULL, NULL, NULL, NULL, NULL, NULL, NULL),
(59, 1, '', NULL, 0, 1, NULL, '2026-01-07 19:35:28', '2026-01-07 19:35:28', NULL, NULL, 'rolsse ghislain carter .mouanda', NULL, NULL, '$2y$10$XA1JzKV4.77MAvQbokQK1uhopzd4NrDeS.YuwPO8XWhWgsdcDdeM6', NULL, 'dolcrypt:AES-256-CTR:10fbb3f05469219f:pw4rClI3+rKazx+1', 'man', 'MR', 'MOUANDA', 'Rolsse Ghislain Carter', '', '', 'Abidjan', NULL, 21, '1995-07-07', NULL, 'Electrotechnicien', '014337166', '', '0767488161', '', '', '', NULL, '', 'null', NULL, NULL, NULL, 29, NULL, NULL, '', NULL, NULL, NULL, '', '', NULL, NULL, NULL, NULL, NULL, NULL, NULL, '2026-01-07 19:35:23', NULL, NULL, '', NULL, 1, NULL, NULL, '', NULL, 0, '', '', 0, NULL, NULL, NULL, NULL, '2022-04-01', NULL, NULL, NULL, NULL, NULL, NULL, NULL, NULL, NULL, NULL, NULL, NULL, NULL, NULL, NULL, NULL, NULL, NULL, NULL),
(60, 1, '', NULL, 0, 1, NULL, '2026-01-07 19:37:18', '2026-01-07 19:37:19', NULL, NULL, 'kouadio jean-baptiste .amani', NULL, NULL, '$2y$10$NvyJRBTKx/AFB4BbF5upo.pB1SsjeusDPP7BC0OayLjG3b8L85J/O', NULL, 'dolcrypt:AES-256-CTR:10fbb3f05469219f:/yMGWn0D+vK07xqA', 'man', 'MR', 'AMANI', 'Kouadio Jean-Baptiste', '', '', 'Abidjan', NULL, 21, '1985-01-08', NULL, 'Conducteur de travaux', '0143371278', '', '07 08 84 98 10', '', '', '', NULL, '', 'null', NULL, NULL, NULL, 37, NULL, NULL, '', NULL, NULL, NULL, '', '', NULL, NULL, NULL, NULL, NULL, NULL, NULL, '2026-01-07 19:37:14', NULL, NULL, '', NULL, 1, NULL, NULL, '', NULL, 0, '', '', 0, NULL, NULL, NULL, NULL, '2022-04-04', NULL, NULL, NULL, NULL, NULL, NULL, NULL, NULL, NULL, NULL, NULL, NULL, NULL, NULL, NULL, NULL, NULL, NULL, NULL),
(61, 1, '', NULL, 0, 1, NULL, '2026-01-07 19:39:09', '2026-01-07 19:39:09', NULL, NULL, 'zobo benoit crepin .ettien', NULL, NULL, '$2y$10$21tZvv.kUrGjcvNpHKNxaefPFDCiZZ5kp1cpUvB5xcc1RNUawI3Hi', NULL, 'dolcrypt:AES-256-CTR:10fbb3f05469219f:lykjP2s+0tKpxQL7', 'man', 'MR', 'ETTIEN', 'Zobo Benoit Crepin', '', '', '', NULL, NULL, '1989-12-28', NULL, 'Climaticien(ne)', '0143368914', '', '07 57 50 75 15', '', '', '', NULL, '', 'null', NULL, NULL, NULL, 20, NULL, NULL, '', NULL, NULL, NULL, '', '', NULL, NULL, NULL, NULL, NULL, NULL, NULL, '2026-01-07 19:39:04', NULL, NULL, '', NULL, 1, NULL, NULL, '', NULL, 0, '', '', 0, NULL, NULL, NULL, NULL, '2022-04-04', NULL, NULL, NULL, NULL, NULL, NULL, NULL, NULL, NULL, NULL, NULL, NULL, NULL, NULL, NULL, NULL, NULL, NULL, NULL),
(62, 1, '', NULL, 0, 1, NULL, '2026-01-07 19:41:07', '2026-01-07 19:41:07', NULL, NULL, 'koffi jean syriac.tchiame', NULL, NULL, '$2y$10$TzxMrle1NDG6oppiE4wzduuEBK4URnA3QSLD.miKp7nAIkGHyH0pG', NULL, 'dolcrypt:AES-256-CTR:10fbb3f05469219f:lFoSWHgb07mmxmOt', 'man', 'MR', 'TCHIAME', 'Koffi Jean Syriac', '', '', '', NULL, 21, '1990-06-13', NULL, 'Plombier', '0143290907', '', '0709521617', '', '', '', NULL, '', 'null', NULL, NULL, NULL, 36, NULL, NULL, '', NULL, NULL, NULL, '', '', NULL, NULL, NULL, NULL, NULL, NULL, NULL, '2026-01-07 19:41:02', NULL, NULL, '', NULL, 1, NULL, NULL, '', NULL, 0, '', '', 0, NULL, NULL, NULL, NULL, '2022-06-01', NULL, NULL, NULL, NULL, NULL, NULL, NULL, NULL, NULL, NULL, NULL, NULL, NULL, NULL, NULL, NULL, NULL, NULL, NULL),
(63, 1, '', NULL, 0, 1, NULL, '2026-01-07 19:43:16', '2026-01-07 19:43:16', NULL, NULL, 'koffi emile.kouassi', NULL, NULL, '$2y$10$x6JayaeLnoACWhcJEQXWVeAd8xyxs3VQbaAsPC7T4dRT0EcRGMrvy', NULL, 'dolcrypt:AES-256-CTR:10fbb3f05469219f:nCAnA1h77/e95gaA', NULL, 'MR', 'KOUASSI', 'Koffi Emile', '', '', '', NULL, 21, '1993-01-01', NULL, 'Plombier', '0101445671', '', '0757402551', '', '', '', NULL, '', 'null', NULL, NULL, NULL, 36, NULL, NULL, '', NULL, NULL, NULL, '', '', NULL, NULL, NULL, NULL, NULL, NULL, NULL, '2026-01-07 19:43:11', NULL, NULL, '', NULL, 1, NULL, NULL, '', NULL, 0, '', '', 0, NULL, NULL, NULL, NULL, '2022-06-13', NULL, NULL, NULL, NULL, NULL, NULL, NULL, NULL, NULL, NULL, NULL, NULL, NULL, NULL, NULL, NULL, NULL, NULL, NULL),
(64, 1, '', NULL, 0, 1, NULL, '2026-01-07 19:46:25', '2026-01-07 19:46:26', NULL, NULL, 'douin philomene .tia', NULL, NULL, '$2y$10$/w8M5rJWSHDWXiltT0OuT.Pe3q/B9dcIDClQ9P0qYfm08PfQvk3aq', NULL, 'dolcrypt:AES-256-CTR:10fbb3f05469219f:+QAeOGAf9suw1je3', 'woman', 'MME', 'TIA', 'Douin Philomene', '', '', 'Abidjan', NULL, 21, '1991-10-04', NULL, 'Electromecanicienne', '0171470000', '', '0506466593', '', '', '', NULL, '', 'null', NULL, NULL, NULL, 30, NULL, NULL, '', NULL, NULL, NULL, '', '', NULL, NULL, NULL, NULL, NULL, NULL, NULL, '2026-01-07 19:46:21', NULL, NULL, '', NULL, 1, NULL, NULL, '', NULL, 0, '', '', 0, NULL, NULL, NULL, NULL, '2022-10-06', NULL, NULL, NULL, NULL, NULL, NULL, NULL, NULL, NULL, NULL, NULL, NULL, NULL, NULL, NULL, NULL, NULL, NULL, NULL),
(65, 1, '', NULL, 0, 1, NULL, '2026-01-07 19:48:57', '2026-01-07 19:48:57', NULL, NULL, 'emeline ody.yapo', NULL, NULL, '$2y$10$wvyrLv6p.D08EYmZiEi/WuwOlgYkhaJNomm3C96Q8Dub.mFA/BjHy', NULL, 'dolcrypt:AES-256-CTR:10fbb3f05469219f:nxseLkIX8ueLzwCL', 'woman', 'MME', 'YAPO', 'Emeline Ody', '', '', 'Abidjan', NULL, 21, '1993-10-28', NULL, 'Climaticien(ne)', '0141676128', '', '07 47 33 55 72', '', '', '', NULL, '', 'null', NULL, NULL, NULL, 20, NULL, NULL, '', NULL, NULL, NULL, '', '', NULL, NULL, NULL, NULL, NULL, NULL, NULL, '2026-01-07 19:48:52', NULL, NULL, '', NULL, 1, NULL, NULL, '', NULL, 0, '', '', 0, NULL, NULL, NULL, NULL, '2023-03-20', NULL, NULL, NULL, NULL, NULL, NULL, NULL, NULL, NULL, NULL, NULL, NULL, NULL, NULL, NULL, NULL, NULL, NULL, NULL),
(66, 1, '', NULL, 0, 1, NULL, '2026-01-07 19:50:56', '2026-01-07 19:52:14', NULL, NULL, 'amoin aude marie-arlene.essi', NULL, NULL, '$2y$10$1Zij8V8bjQ9cTyz4IBZxNu2tfXSs1XCYwY/t0ddA.nlVQXW8VJdu.', NULL, 'dolcrypt:AES-256-CTR:10fbb3f05469219f:uj0YGVwHo/rC0xOO', 'woman', 'MME', 'ESSI', 'Amoin Aude Marie-Arlene', '', '', 'Abidjan', NULL, 21, '2001-05-20', NULL, 'Climaticien(ne)', '0141608177', '', '0142052430', '', '', '', NULL, '', '[]', NULL, NULL, NULL, 20, NULL, NULL, '', NULL, NULL, NULL, '', '', NULL, NULL, NULL, NULL, NULL, NULL, NULL, '2026-01-07 19:50:52', NULL, NULL, '', NULL, 1, NULL, NULL, '', NULL, 0, '', '', 0, NULL, NULL, NULL, NULL, '2023-03-20', NULL, NULL, NULL, NULL, NULL, NULL, NULL, NULL, NULL, NULL, NULL, NULL, NULL, NULL, NULL, NULL, NULL, NULL, NULL),
(67, 1, '', NULL, 0, 1, NULL, '2026-01-07 19:56:04', '2026-01-07 19:56:04', NULL, NULL, 'souleymane.traore', NULL, NULL, '$2y$10$zwDUznHSR7gp0qpmNSoMwOgO2yurMTMuLsVstn49B26.fe8d3EUay', NULL, 'dolcrypt:AES-256-CTR:10fbb3f05469219f:mwhLB2Yup+zByDKZ', 'man', 'MR', 'TRAORE', 'Souleymane', '', '', 'Abidjan', NULL, 21, '1999-05-14', NULL, 'Climaticien(ne)', '0102400259', '', '0546968844', '', '', '', NULL, '', 'null', NULL, NULL, NULL, 20, NULL, NULL, '', NULL, NULL, NULL, '', '', NULL, NULL, NULL, NULL, NULL, NULL, NULL, '2026-01-07 19:55:59', NULL, NULL, '', NULL, 1, NULL, NULL, '', NULL, 0, '', '', 0, NULL, NULL, NULL, NULL, '2023-03-20', NULL, NULL, NULL, NULL, NULL, NULL, NULL, NULL, NULL, NULL, NULL, NULL, NULL, NULL, NULL, NULL, NULL, NULL, NULL),
(68, 1, '', NULL, 0, 1, NULL, '2026-01-08 07:32:52', '2026-01-08 07:32:53', NULL, NULL, 'yssouf.ouedraogo', NULL, NULL, '$2y$10$mSpobc4Tsmh7dWj66bbsDuC7am6g2aRck8TBY07qklbPNDRhWFAmS', NULL, 'dolcrypt:AES-256-CTR:10fbb3f05469219f:uS0eUmYs8uWez2n8', 'man', 'MR', 'OUEDRAOGO', 'Yssouf', '', '', 'A', NULL, 21, '1975-07-31', NULL, 'Chauffeur', '0160307556', '', '0708530553', '', '', '', NULL, '', 'null', NULL, NULL, NULL, 26, NULL, NULL, '', NULL, NULL, NULL, '', '', NULL, NULL, NULL, NULL, NULL, NULL, NULL, '2026-01-08 07:32:48', NULL, NULL, '', NULL, 1, NULL, NULL, '', NULL, 0, '', '', 0, NULL, NULL, NULL, NULL, '2023-09-06', NULL, NULL, NULL, NULL, NULL, NULL, NULL, NULL, NULL, NULL, NULL, NULL, NULL, NULL, NULL, NULL, NULL, NULL, NULL);
INSERT INTO `llx_user` (`rowid`, `entity`, `ref_employee`, `ref_ext`, `admin`, `employee`, `fk_establishment`, `datec`, `tms`, `fk_user_creat`, `fk_user_modif`, `login`, `pass_encoding`, `pass`, `pass_crypted`, `pass_temp`, `api_key`, `gender`, `civility`, `lastname`, `firstname`, `address`, `zip`, `town`, `fk_state`, `fk_country`, `birth`, `birth_place`, `job`, `office_phone`, `office_fax`, `user_mobile`, `personal_mobile`, `email`, `personal_email`, `email_oauth2`, `signature`, `socialnetworks`, `fk_soc`, `fk_socpeople`, `fk_member`, `fk_user`, `fk_user_expense_validator`, `fk_user_holiday_validator`, `national_registration_number`, `idpers1`, `idpers2`, `idpers3`, `note_public`, `note_private`, `model_pdf`, `last_main_doc`, `datelastlogin`, `datepreviouslogin`, `datelastpassvalidation`, `datestartvalidity`, `dateendvalidity`, `flagdelsessionsbefore`, `iplastlogin`, `ippreviouslogin`, `ldap_sid`, `openid`, `statut`, `photo`, `lang`, `color`, `barcode`, `fk_barcode_type`, `accountancy_code_user_general`, `accountancy_code`, `nb_holiday`, `thm`, `tjm`, `salary`, `salaryextra`, `dateemployment`, `dateemploymentend`, `weeklyhours`, `import_key`, `default_range`, `default_c_exp_tax_cat`, `fk_warehouse`, `photo1`, `indemnite_transport`, `prime_excellence`, `prime_speciale`, `prime_interance`, `prime_risque`, `prime_responsabilite`, `prime_conduite`, `dotation_carburant`, `assurance_maladie`, `indemnite_forfait`, `nb_parts`, `heure_forfitaire`) VALUES
(69, 1, '', NULL, 0, 1, NULL, '2026-01-08 07:36:09', '2026-01-08 07:36:09', NULL, NULL, 'lou amlan marie-france ella.iritie', NULL, NULL, '$2y$10$tn.zDlZU06yAnIyLDOMqhuyLB49iCZGgeDgDl0ZitMOJuGOXIgi/6', NULL, 'dolcrypt:AES-256-CTR:10fbb3f05469219f:oj4VMgMZpsK58xKL', 'woman', 'MLE', 'IRITIE', 'Lou Amlan Marie-France Ella', '', '', 'Abidjan', NULL, 21, '1996-03-19', NULL, 'Electrotechnicienne', '0141608059', '', '0789305457', '', '', '', NULL, '', 'null', NULL, NULL, NULL, 29, NULL, NULL, '', NULL, NULL, NULL, '', '', NULL, NULL, NULL, NULL, NULL, NULL, NULL, '2026-01-08 07:36:04', NULL, NULL, '', NULL, 1, NULL, NULL, '', NULL, 0, '', '', 0, NULL, NULL, NULL, NULL, '2023-10-01', NULL, NULL, NULL, NULL, NULL, NULL, NULL, NULL, NULL, NULL, NULL, NULL, NULL, NULL, NULL, NULL, NULL, NULL, NULL),
(70, 1, '', NULL, 0, 1, NULL, '2026-01-08 07:40:05', '2026-01-08 07:40:56', NULL, NULL, 'amln aimee antoinette.kouassy', NULL, NULL, '$2y$10$snw/blUCaKGyEYHSXPK/..Zx1lD.d0s4cfkFLN..R/B5TfMrJtJOC', NULL, 'dolcrypt:AES-256-CTR:10fbb3f05469219f:vxhEOnE129OizyCW', 'woman', 'MME', 'KOUASSY', 'Amlan Aimée Antoinette', '', '', 'Abidjan', NULL, 21, '1996-02-17', NULL, 'Electrotechnicienne', '0103885941', '', '0779696670', '', '', '', NULL, '', '[]', NULL, NULL, NULL, 29, NULL, NULL, '', NULL, NULL, NULL, '', '', NULL, NULL, NULL, NULL, NULL, NULL, NULL, '2026-01-08 07:40:00', NULL, NULL, '', NULL, 1, NULL, NULL, '', NULL, 0, '', '', 0, NULL, NULL, NULL, NULL, '2023-12-14', NULL, NULL, NULL, NULL, NULL, NULL, NULL, NULL, NULL, NULL, NULL, NULL, NULL, NULL, NULL, NULL, NULL, NULL, NULL),
(71, 1, '', NULL, 0, 1, NULL, '2026-01-08 07:43:58', '2026-01-08 07:43:58', NULL, NULL, 'toti jonathan.agodio', NULL, NULL, '$2y$10$DduHCDHZ4.O1zltfDzWiPeE0Q40BrnRJh3I5UQtcV5bT5jyLFUYHy', NULL, 'dolcrypt:AES-256-CTR:10fbb3f05469219f:mywhIQIZ4LSkwwih', 'man', 'MR', 'AGODIO', 'Toti Jonathan', '', '', 'Abidjan', NULL, 21, '1999-12-04', NULL, 'Electrotechnicien', '0143368558', '', '0789914098', '', '', '', NULL, '', 'null', NULL, NULL, NULL, 29, NULL, NULL, '', NULL, NULL, NULL, '', '', NULL, NULL, NULL, NULL, NULL, NULL, NULL, '2026-01-08 07:43:53', NULL, NULL, '', NULL, 1, NULL, NULL, '', NULL, 0, '', '', 0, NULL, NULL, NULL, NULL, '2022-04-01', NULL, NULL, NULL, NULL, NULL, NULL, NULL, NULL, NULL, NULL, NULL, NULL, NULL, NULL, NULL, NULL, NULL, NULL, NULL),
(72, 1, '', NULL, 0, 1, NULL, '2026-01-08 07:45:47', '2026-01-08 07:45:48', NULL, NULL, 'tiemoko jonas.soumahoro', NULL, NULL, '$2y$10$nbT74Gc0ryNeuHLFiUT3t.myF46EGT0XUWKgATzjbxTLhF5gZbV1G', NULL, 'dolcrypt:AES-256-CTR:10fbb3f05469219f:qQMWWmIJ/MSVtjKO', 'man', 'MR', 'SOUMAHORO', 'Tiemoko Jonas', '', '', '', NULL, 21, '1992-07-10', NULL, 'Electrotechnicien', '0102401446', '', '07 47 01 37 10', '', '', '', NULL, '', 'null', NULL, NULL, NULL, 36, NULL, NULL, '', NULL, NULL, NULL, '', '', NULL, NULL, NULL, NULL, NULL, NULL, NULL, '2026-01-08 07:45:43', NULL, NULL, '', NULL, 1, NULL, NULL, '', NULL, 0, '', '', 0, NULL, NULL, NULL, NULL, '2024-01-17', NULL, NULL, NULL, NULL, NULL, NULL, NULL, NULL, NULL, NULL, NULL, NULL, NULL, NULL, NULL, NULL, NULL, NULL, NULL);

-- --------------------------------------------------------

--
-- Structure de la table `llx_usergroup`
--

CREATE TABLE IF NOT EXISTS `llx_usergroup` (
  `rowid` int(11) NOT NULL AUTO_INCREMENT,
  `nom` varchar(180) COLLATE utf8_unicode_ci NOT NULL,
  `entity` int(11) NOT NULL DEFAULT '1',
  `datec` datetime DEFAULT NULL,
  `tms` timestamp NULL DEFAULT CURRENT_TIMESTAMP ON UPDATE CURRENT_TIMESTAMP,
  `note` text COLLATE utf8_unicode_ci,
  `model_pdf` varchar(255) COLLATE utf8_unicode_ci DEFAULT NULL,
  PRIMARY KEY (`rowid`),
  UNIQUE KEY `uk_usergroup_name` (`nom`,`entity`)
) ENGINE=InnoDB AUTO_INCREMENT=4 DEFAULT CHARSET=utf8 COLLATE=utf8_unicode_ci;

--
-- Déchargement des données de la table `llx_usergroup`
--

INSERT INTO `llx_usergroup` (`rowid`, `nom`, `entity`, `datec`, `tms`, `note`, `model_pdf`) VALUES
(1, 'ADMINISTRATION DES VENTES', 1, '2025-10-01 14:43:53', '2025-10-01 14:43:53', NULL, NULL),
(2, 'REFERENTS TECHNIQUES', 1, '2025-10-08 10:01:33', '2025-10-08 10:01:33', NULL, NULL),
(3, 'RESPONSABLES CONTRATS & REFERENTS TECHNIQUES', 1, '2025-10-16 11:47:53', '2025-10-16 11:47:53', NULL, NULL);

-- --------------------------------------------------------

--
-- Structure de la table `llx_usergroup_extrafields`
--

CREATE TABLE IF NOT EXISTS `llx_usergroup_extrafields` (
  `rowid` int(11) NOT NULL AUTO_INCREMENT,
  `tms` timestamp NULL DEFAULT CURRENT_TIMESTAMP ON UPDATE CURRENT_TIMESTAMP,
  `fk_object` int(11) NOT NULL,
  `import_key` varchar(14) COLLATE utf8_unicode_ci DEFAULT NULL,
  PRIMARY KEY (`rowid`),
  UNIQUE KEY `uk_usergroup_extrafields` (`fk_object`)
) ENGINE=InnoDB DEFAULT CHARSET=utf8 COLLATE=utf8_unicode_ci;

-- --------------------------------------------------------

--
-- Structure de la table `llx_usergroup_rights`
--

CREATE TABLE IF NOT EXISTS `llx_usergroup_rights` (
  `rowid` int(11) NOT NULL AUTO_INCREMENT,
  `entity` int(11) NOT NULL DEFAULT '1',
  `fk_usergroup` int(11) NOT NULL,
  `fk_id` int(11) NOT NULL,
  PRIMARY KEY (`rowid`),
  UNIQUE KEY `uk_usergroup_rights` (`entity`,`fk_usergroup`,`fk_id`),
  KEY `fk_usergroup_rights_fk_usergroup` (`fk_usergroup`)
) ENGINE=InnoDB AUTO_INCREMENT=107 DEFAULT CHARSET=utf8 COLLATE=utf8_unicode_ci;

--
-- Déchargement des données de la table `llx_usergroup_rights`
--

INSERT INTO `llx_usergroup_rights` (`rowid`, `entity`, `fk_usergroup`, `fk_id`) VALUES
(21, 1, 1, 12),
(1, 1, 1, 21),
(2, 1, 1, 22),
(20, 1, 1, 28),
(24, 1, 1, 31),
(25, 1, 1, 32),
(26, 1, 1, 33),
(28, 1, 1, 35),
(29, 1, 1, 36),
(30, 1, 1, 38),
(31, 1, 1, 39),
(17, 1, 1, 81),
(18, 1, 1, 98),
(4, 1, 1, 121),
(5, 1, 1, 122),
(9, 1, 1, 126),
(11, 1, 1, 130),
(97, 1, 1, 161),
(98, 1, 1, 162),
(99, 1, 1, 163),
(100, 1, 1, 164),
(102, 1, 1, 167),
(12, 1, 1, 262),
(13, 1, 1, 281),
(14, 1, 1, 282),
(16, 1, 1, 286),
(32, 1, 1, 531),
(33, 1, 1, 532),
(34, 1, 1, 533),
(36, 1, 1, 538),
(104, 1, 1, 1201),
(105, 1, 1, 1202),
(103, 1, 1, 1251),
(90, 1, 1, 2401),
(91, 1, 1, 2402),
(92, 1, 1, 2403),
(96, 1, 1, 2414),
(106, 1, 1, 3201),
(40, 1, 1, 1048560),
(37, 1, 1, 44000001),
(38, 1, 1, 44000002),
(39, 1, 1, 44000003),
(44, 1, 2, 61),
(45, 1, 2, 62),
(46, 1, 2, 67),
(41, 1, 2, 81),
(42, 1, 2, 82),
(79, 1, 2, 121),
(78, 1, 2, 262),
(43, 1, 2, 1421),
(47, 1, 2, 23001),
(82, 1, 2, 23002),
(50, 1, 2, 23004),
(81, 1, 2, 200002),
(80, 1, 2, 200007),
(73, 1, 3, 31),
(85, 1, 3, 61),
(52, 1, 3, 81),
(53, 1, 3, 82),
(55, 1, 3, 84),
(56, 1, 3, 85),
(57, 1, 3, 86),
(58, 1, 3, 87),
(59, 1, 3, 88),
(83, 1, 3, 90),
(88, 1, 3, 121),
(72, 1, 3, 241),
(89, 1, 3, 262),
(74, 1, 3, 531),
(75, 1, 3, 1101),
(64, 1, 3, 1421),
(65, 1, 3, 2401),
(66, 1, 3, 2402),
(67, 1, 3, 2403),
(71, 1, 3, 2414),
(86, 1, 3, 23001),
(84, 1, 3, 200002),
(87, 1, 3, 200007),
(76, 1, 3, 941601),
(77, 1, 3, 1048560);

-- --------------------------------------------------------

--
-- Structure de la table `llx_usergroup_user`
--

CREATE TABLE IF NOT EXISTS `llx_usergroup_user` (
  `rowid` int(11) NOT NULL AUTO_INCREMENT,
  `entity` int(11) NOT NULL DEFAULT '1',
  `fk_user` int(11) NOT NULL,
  `fk_usergroup` int(11) NOT NULL,
  PRIMARY KEY (`rowid`),
  UNIQUE KEY `uk_usergroup_user` (`entity`,`fk_user`,`fk_usergroup`),
  KEY `fk_usergroup_user_fk_user` (`fk_user`),
  KEY `fk_usergroup_user_fk_usergroup` (`fk_usergroup`)
) ENGINE=InnoDB AUTO_INCREMENT=19 DEFAULT CHARSET=utf8 COLLATE=utf8_unicode_ci;

--
-- Déchargement des données de la table `llx_usergroup_user`
--

INSERT INTO `llx_usergroup_user` (`rowid`, `entity`, `fk_user`, `fk_usergroup`) VALUES
(6, 1, 8, 1),
(11, 1, 10, 2),
(7, 1, 11, 1),
(8, 1, 12, 1),
(9, 1, 18, 3),
(10, 1, 20, 2),
(14, 1, 21, 3),
(13, 1, 25, 3),
(15, 1, 29, 2),
(16, 1, 30, 2),
(17, 1, 34, 3),
(18, 1, 36, 3);

-- --------------------------------------------------------

--
-- Structure de la table `llx_user_alert`
--

CREATE TABLE IF NOT EXISTS `llx_user_alert` (
  `rowid` int(11) NOT NULL AUTO_INCREMENT,
  `type` int(11) DEFAULT NULL,
  `fk_contact` int(11) DEFAULT NULL,
  `fk_user` int(11) DEFAULT NULL,
  PRIMARY KEY (`rowid`)
) ENGINE=InnoDB DEFAULT CHARSET=utf8 COLLATE=utf8_unicode_ci;

-- --------------------------------------------------------

--
-- Structure de la table `llx_user_clicktodial`
--

CREATE TABLE IF NOT EXISTS `llx_user_clicktodial` (
  `fk_user` int(11) NOT NULL,
  `url` varchar(255) COLLATE utf8_unicode_ci DEFAULT NULL,
  `login` varchar(32) COLLATE utf8_unicode_ci DEFAULT NULL,
  `pass` varchar(64) COLLATE utf8_unicode_ci DEFAULT NULL,
  `poste` varchar(20) COLLATE utf8_unicode_ci DEFAULT NULL,
  PRIMARY KEY (`fk_user`)
) ENGINE=InnoDB DEFAULT CHARSET=utf8 COLLATE=utf8_unicode_ci;

-- --------------------------------------------------------

--
-- Structure de la table `llx_user_employment`
--

CREATE TABLE IF NOT EXISTS `llx_user_employment` (
  `rowid` int(11) NOT NULL AUTO_INCREMENT,
  `entity` int(11) NOT NULL DEFAULT '1',
  `ref` varchar(50) COLLATE utf8_unicode_ci DEFAULT NULL,
  `ref_ext` varchar(50) COLLATE utf8_unicode_ci DEFAULT NULL,
  `fk_user` int(11) DEFAULT NULL,
  `datec` datetime DEFAULT NULL,
  `tms` timestamp NULL DEFAULT CURRENT_TIMESTAMP ON UPDATE CURRENT_TIMESTAMP,
  `fk_user_creat` int(11) DEFAULT NULL,
  `fk_user_modif` int(11) DEFAULT NULL,
  `job` varchar(128) COLLATE utf8_unicode_ci DEFAULT NULL,
  `status` int(11) NOT NULL,
  `salary` double(24,8) DEFAULT NULL,
  `salaryextra` double(24,8) DEFAULT NULL,
  `weeklyhours` double(16,8) DEFAULT NULL,
  `dateemployment` date DEFAULT NULL,
  `dateemploymentend` date DEFAULT NULL,
  PRIMARY KEY (`rowid`),
  UNIQUE KEY `uk_user_employment` (`ref`,`entity`),
  KEY `fk_user_employment_fk_user` (`fk_user`)
) ENGINE=InnoDB DEFAULT CHARSET=utf8 COLLATE=utf8_unicode_ci;

-- --------------------------------------------------------

--
-- Structure de la table `llx_user_extrafields`
--

CREATE TABLE IF NOT EXISTS `llx_user_extrafields` (
  `rowid` int(11) NOT NULL AUTO_INCREMENT,
  `tms` timestamp NULL DEFAULT CURRENT_TIMESTAMP ON UPDATE CURRENT_TIMESTAMP,
  `fk_object` int(11) NOT NULL,
  `import_key` varchar(14) COLLATE utf8_unicode_ci DEFAULT NULL,
  PRIMARY KEY (`rowid`),
  UNIQUE KEY `uk_user_extrafields` (`fk_object`)
) ENGINE=InnoDB DEFAULT CHARSET=utf8 COLLATE=utf8_unicode_ci;

-- --------------------------------------------------------

--
-- Structure de la table `llx_user_param`
--

CREATE TABLE IF NOT EXISTS `llx_user_param` (
  `fk_user` int(11) NOT NULL,
  `entity` int(11) NOT NULL DEFAULT '1',
  `param` varchar(180) COLLATE utf8_unicode_ci NOT NULL,
  `value` text COLLATE utf8_unicode_ci NOT NULL,
  UNIQUE KEY `uk_user_param` (`fk_user`,`param`,`entity`)
) ENGINE=InnoDB DEFAULT CHARSET=utf8 COLLATE=utf8_unicode_ci;

--
-- Déchargement des données de la table `llx_user_param`
--

INSERT INTO `llx_user_param` (`fk_user`, `entity`, `param`, `value`) VALUES
(1, 1, 'MAIN_SELECTEDFIELDS_demandedevisdevislist', 't.delai_execution,t.nb_technicien,t.ref,t.label,t.fk_soc,t.date_demande,t.zone,t.site,t.status,'),
(1, 1, 'MAIN_SELECTEDFIELDS_didemandelist', 't.ref,t.label,t.fk_soc,t.fk_equipement,t.date_demande,t.date_fin_souhaite,t.status,'),
(1, 1, 'MAIN_SELECTEDFIELDS_productlist', 'p.ref,p.label,p.fk_referent,p.chef_atelier,p.centre_cout,p.mesure_principal,p.fk_prevoir,p.modele,p.fk_reparable,p.fk_criticite,p.marquedufabricant,p.numero_serie,p.typedquipement,p.fk_etat,'),
(1, 1, 'MAIN_SELECTEDFIELDS_simulateursimulateurlist', 't.import_key,t.fk_user_modif,t.date_creation,t.tms,t.fk_user_creat,t.date_fin_declenchement,t.fk_plan,t.fk_soc,t.ref,'),
(1, 1, 'MAIN_SELECTEDFIELDS_thirdpartylist', 's.nom,s.name_alias,s.code_client,sales.representative,s.zip,s.phone,typent.code,customerorsupplier,ef.type_de_fournisseur,s.status,'),
(1, 1, 'MAIN_SELECTEDFIELDS_userlist', 'u.gender,u.login,u.lastname,u.firstname,u.fk_user,u.office_phone,u.user_mobile,u.email,u.fk_soc,u.datelastlogin,u.statut,'),
(3, 1, 'MAIN_SELECTEDFIELDS_paplanactionlist', 't.date_creation,t.ref,t.label,t.fk_soc,t.fk_groupe,t.status,'),
(5, 1, 'MAIN_SELECTEDFIELDS_didemandelist', 't.date_fin_souhaite,t.date_demande,t.domaine,t.fk_equipement,t.site,t.fk_soc,t.label,t.ref,'),
(7, 1, 'MAIN_SELECTEDFIELDS_contractlist', 'c.signed_status,c.ref,c.ref_customer,c.ref_supplier,s.nom,s.zip,c.date_contrat,c.datefin,lower_planned_end_date,status,'),
(7, 1, 'MAIN_SELECTEDFIELDS_demandedevisdevislist', 't.status,t.site,t.zone,t.date_demande,t.delai_execution,t.nb_technicien,t.fk_soc,t.label,t.ref,'),
(7, 1, 'MAIN_SELECTEDFIELDS_didemandelist', 't.status,t.date_fin_souhaite,t.date_demande,t.domaine,t.site,t.fk_equipement,t.fk_soc,t.label,t.ref,'),
(7, 1, 'MAIN_SELECTEDFIELDS_interventionlist', 'f.signed_status,f.ref,f.ref_client,s.nom,pr.ref,c.ref,f.description,fd.description,fd.date,fd.duree,f.fk_statut,'),
(7, 1, 'MAIN_SELECTEDFIELDS_invoicelist', 'f.statut_paiement,f.ref,f.datef,f.date_lim_reglement,s.nom,f.total_ht,f.total_ttc,dynamount_payed,rtp,f.fk_cond_reglement,f.fk_mode_reglement,u.login,f.fk_statut,'),
(7, 1, 'MAIN_SELECTEDFIELDS_orderlist', 'c.fk_typeact,c.ref,s.nom,c.site,c.domaine,c.date_emission,c.date_souhaite,c.fk_statut,'),
(7, 1, 'MAIN_SELECTEDFIELDS_projectlist', 'p.budget_amount,p.ref,p.title,s.nom,p.datee,p.fk_opp_status,p.opp_percent,p.opp_amount,c.assigned,p.date_start_event,p.date_end_event,p.fk_statut,'),
(7, 1, 'MAIN_SELECTEDFIELDS_supplierinvoicelist', 'f.fk_statut,f.ref,f.ref_supplier,f.datef,f.date_lim_reglement,s.nom,f.fk_cond_reglement,f.fk_mode_reglement,f.total_ht,f.total_ttc,f.statut_paiement,'),
(12, 1, 'MAIN_SELECTEDFIELDS_thirdpartylist', 's.address,s.nom,s.name_alias,s.code_client,s.phone,typent.code,customerorsupplier,ef.type_de_fournisseur,ef.domaines_dactivites,s.status,'),
(22, 1, 'MAIN_BOXES_0', '1'),
(31, 1, 'MAIN_SELECTEDFIELDS_contractlist', 'c.ref,c.ref_customer,c.ref_supplier,s.nom,s.zip,c.date_contrat,c.datefin,lower_planned_end_date,status,');

-- --------------------------------------------------------

--
-- Structure de la table `llx_user_rib`
--

CREATE TABLE IF NOT EXISTS `llx_user_rib` (
  `rowid` int(11) NOT NULL AUTO_INCREMENT,
  `fk_user` int(11) NOT NULL,
  `entity` int(11) NOT NULL DEFAULT '1',
  `datec` datetime DEFAULT NULL,
  `tms` timestamp NULL DEFAULT CURRENT_TIMESTAMP ON UPDATE CURRENT_TIMESTAMP,
  `label` varchar(30) COLLATE utf8_unicode_ci DEFAULT NULL,
  `bank` varchar(255) COLLATE utf8_unicode_ci DEFAULT NULL,
  `code_banque` varchar(128) COLLATE utf8_unicode_ci DEFAULT NULL,
  `code_guichet` varchar(6) COLLATE utf8_unicode_ci DEFAULT NULL,
  `number` varchar(255) COLLATE utf8_unicode_ci DEFAULT NULL,
  `cle_rib` varchar(5) COLLATE utf8_unicode_ci DEFAULT NULL,
  `bic` varchar(11) COLLATE utf8_unicode_ci DEFAULT NULL,
  `bic_intermediate` varchar(11) COLLATE utf8_unicode_ci DEFAULT NULL,
  `iban_prefix` varchar(80) COLLATE utf8_unicode_ci DEFAULT NULL,
  `domiciliation` varchar(255) COLLATE utf8_unicode_ci DEFAULT NULL,
  `proprio` varchar(60) COLLATE utf8_unicode_ci DEFAULT NULL,
  `owner_address` varchar(255) COLLATE utf8_unicode_ci DEFAULT NULL,
  `state_id` int(11) DEFAULT NULL,
  `fk_country` int(11) DEFAULT NULL,
  `currency_code` varchar(3) COLLATE utf8_unicode_ci DEFAULT NULL,
  `default_rib` smallint(6) NOT NULL DEFAULT '0',
  PRIMARY KEY (`rowid`)
) ENGINE=InnoDB DEFAULT CHARSET=utf8 COLLATE=utf8_unicode_ci;

-- --------------------------------------------------------

--
-- Structure de la table `llx_user_rights`
--

CREATE TABLE IF NOT EXISTS `llx_user_rights` (
  `rowid` int(11) NOT NULL AUTO_INCREMENT,
  `entity` int(11) NOT NULL DEFAULT '1',
  `fk_user` int(11) NOT NULL,
  `fk_id` int(11) NOT NULL,
  PRIMARY KEY (`rowid`),
  UNIQUE KEY `uk_user_rights` (`entity`,`fk_user`,`fk_id`),
  KEY `fk_user_rights_fk_user_user` (`fk_user`)
) ENGINE=InnoDB AUTO_INCREMENT=2455 DEFAULT CHARSET=utf8 COLLATE=utf8_unicode_ci;

--
-- Déchargement des données de la table `llx_user_rights`
--

INSERT INTO `llx_user_rights` (`rowid`, `entity`, `fk_user`, `fk_id`) VALUES
(158, 1, 1, 11),
(152, 1, 1, 12),
(153, 1, 1, 13),
(154, 1, 1, 14),
(155, 1, 1, 15),
(157, 1, 1, 16),
(159, 1, 1, 19),
(69, 1, 1, 21),
(63, 1, 1, 22),
(64, 1, 1, 24),
(65, 1, 1, 25),
(66, 1, 1, 26),
(68, 1, 1, 27),
(70, 1, 1, 28),
(811, 1, 1, 31),
(812, 1, 1, 32),
(813, 1, 1, 33),
(814, 1, 1, 34),
(815, 1, 1, 35),
(816, 1, 1, 36),
(817, 1, 1, 38),
(818, 1, 1, 39),
(2258, 1, 1, 41),
(2226, 1, 1, 42),
(2232, 1, 1, 44),
(2238, 1, 1, 45),
(101, 1, 1, 61),
(98, 1, 1, 62),
(100, 1, 1, 64),
(102, 1, 1, 67),
(103, 1, 1, 68),
(104, 1, 1, 69),
(105, 1, 1, 70),
(1766, 1, 1, 81),
(782, 1, 1, 82),
(1765, 1, 1, 83),
(783, 1, 1, 84),
(784, 1, 1, 85),
(785, 1, 1, 86),
(786, 1, 1, 87),
(787, 1, 1, 88),
(788, 1, 1, 89),
(820, 1, 1, 90),
(167, 1, 1, 91),
(164, 1, 1, 92),
(166, 1, 1, 93),
(168, 1, 1, 94),
(789, 1, 1, 98),
(790, 1, 1, 99),
(88, 1, 1, 101),
(84, 1, 1, 102),
(85, 1, 1, 104),
(86, 1, 1, 105),
(87, 1, 1, 106),
(89, 1, 1, 109),
(180, 1, 1, 111),
(171, 1, 1, 112),
(173, 1, 1, 113),
(175, 1, 1, 114),
(177, 1, 1, 115),
(179, 1, 1, 116),
(181, 1, 1, 117),
(768, 1, 1, 121),
(769, 1, 1, 122),
(770, 1, 1, 123),
(771, 1, 1, 124),
(772, 1, 1, 125),
(773, 1, 1, 126),
(774, 1, 1, 127),
(775, 1, 1, 130),
(2252, 1, 1, 141),
(2247, 1, 1, 142),
(2253, 1, 1, 144),
(2259, 1, 1, 145),
(254, 1, 1, 161),
(247, 1, 1, 162),
(249, 1, 1, 163),
(251, 1, 1, 164),
(253, 1, 1, 165),
(255, 1, 1, 167),
(824, 1, 1, 241),
(823, 1, 1, 242),
(825, 1, 1, 243),
(776, 1, 1, 262),
(777, 1, 1, 281),
(778, 1, 1, 282),
(779, 1, 1, 283),
(780, 1, 1, 286),
(256, 1, 1, 431),
(1705, 1, 1, 511),
(1694, 1, 1, 512),
(1698, 1, 1, 514),
(1702, 1, 1, 517),
(1706, 1, 1, 519),
(727, 1, 1, 531),
(723, 1, 1, 532),
(724, 1, 1, 533),
(726, 1, 1, 534),
(728, 1, 1, 538),
(216, 1, 1, 1001),
(215, 1, 1, 1002),
(217, 1, 1, 1003),
(219, 1, 1, 1004),
(220, 1, 1, 1005),
(224, 1, 1, 1011),
(223, 1, 1, 1012),
(225, 1, 1, 1013),
(94, 1, 1, 1101),
(92, 1, 1, 1102),
(93, 1, 1, 1104),
(95, 1, 1, 1109),
(140, 1, 1, 1121),
(133, 1, 1, 1122),
(135, 1, 1, 1123),
(137, 1, 1, 1124),
(139, 1, 1, 1125),
(141, 1, 1, 1126),
(792, 1, 1, 1181),
(1762, 1, 1, 1182),
(794, 1, 1, 1183),
(795, 1, 1, 1184),
(796, 1, 1, 1185),
(797, 1, 1, 1186),
(798, 1, 1, 1187),
(799, 1, 1, 1188),
(800, 1, 1, 1189),
(801, 1, 1, 1190),
(802, 1, 1, 1191),
(803, 1, 1, 1192),
(804, 1, 1, 1193),
(1763, 1, 1, 1194),
(13, 1, 1, 1201),
(14, 1, 1, 1202),
(805, 1, 1, 1231),
(806, 1, 1, 1232),
(807, 1, 1, 1233),
(808, 1, 1, 1234),
(809, 1, 1, 1235),
(810, 1, 1, 1236),
(15, 1, 1, 1251),
(160, 1, 1, 1321),
(161, 1, 1, 1322),
(791, 1, 1, 1421),
(4, 1, 1, 2401),
(3, 1, 1, 2402),
(5, 1, 1, 2403),
(9, 1, 1, 2411),
(8, 1, 1, 2412),
(10, 1, 1, 2413),
(11, 1, 1, 2414),
(2273, 1, 1, 2451),
(2268, 1, 1, 2452),
(2274, 1, 1, 2453),
(389, 1, 1, 2501),
(388, 1, 1, 2503),
(390, 1, 1, 2515),
(264, 1, 1, 3201),
(265, 1, 1, 3301),
(32, 1, 1, 4001),
(31, 1, 1, 4002),
(33, 1, 1, 4003),
(41, 1, 1, 4021),
(36, 1, 1, 4022),
(37, 1, 1, 4023),
(39, 1, 1, 4025),
(40, 1, 1, 4028),
(42, 1, 1, 4029),
(43, 1, 1, 4031),
(44, 1, 1, 4032),
(27, 1, 1, 20001),
(18, 1, 1, 20002),
(20, 1, 1, 20003),
(24, 1, 1, 20004),
(26, 1, 1, 20005),
(28, 1, 1, 20006),
(22, 1, 1, 20007),
(262, 1, 1, 23001),
(259, 1, 1, 23002),
(261, 1, 1, 23003),
(263, 1, 1, 23004),
(243, 1, 1, 40001),
(242, 1, 1, 40002),
(244, 1, 1, 40003),
(183, 1, 1, 50401),
(191, 1, 1, 50411),
(186, 1, 1, 50412),
(188, 1, 1, 50414),
(190, 1, 1, 50415),
(192, 1, 1, 50418),
(193, 1, 1, 50420),
(194, 1, 1, 50430),
(182, 1, 1, 50440),
(349, 1, 1, 58000),
(348, 1, 1, 58001),
(350, 1, 1, 58002),
(1753, 1, 1, 200002),
(1755, 1, 1, 200003),
(1757, 1, 1, 200004),
(1759, 1, 1, 200005),
(1761, 1, 1, 200006),
(1767, 1, 1, 200007),
(148, 1, 1, 941601),
(144, 1, 1, 941602),
(145, 1, 1, 941603),
(146, 1, 1, 941604),
(147, 1, 1, 941605),
(149, 1, 1, 941606),
(729, 1, 1, 1048560),
(452, 1, 1, 5100001),
(451, 1, 1, 5100002),
(453, 1, 1, 5100003),
(1813, 1, 1, 19049041),
(1810, 1, 1, 19049042),
(1814, 1, 1, 19049043),
(704, 1, 1, 31000001),
(703, 1, 1, 31000002),
(705, 1, 1, 31000003),
(733, 1, 1, 42000001),
(732, 1, 1, 42000002),
(734, 1, 1, 42000003),
(719, 1, 1, 44000001),
(718, 1, 1, 44000002),
(720, 1, 1, 44000003),
(424, 1, 1, 50000001),
(423, 1, 1, 50000002),
(425, 1, 1, 50000003),
(447, 1, 1, 52000001),
(446, 1, 1, 52000002),
(448, 1, 1, 52000003),
(517, 1, 1, 53000001),
(516, 1, 1, 53000002),
(518, 1, 1, 53000003),
(1859, 1, 1, 59000001),
(1856, 1, 1, 59000002),
(1860, 1, 1, 59000003),
(1208, 1, 7, 11),
(1209, 1, 7, 12),
(1210, 1, 7, 13),
(1211, 1, 7, 14),
(1212, 1, 7, 15),
(1213, 1, 7, 16),
(1214, 1, 7, 19),
(1215, 1, 7, 21),
(1216, 1, 7, 22),
(1217, 1, 7, 24),
(1218, 1, 7, 25),
(1219, 1, 7, 26),
(1220, 1, 7, 27),
(1221, 1, 7, 28),
(1222, 1, 7, 31),
(1223, 1, 7, 32),
(1224, 1, 7, 33),
(1225, 1, 7, 34),
(1226, 1, 7, 35),
(1227, 1, 7, 36),
(1228, 1, 7, 38),
(1229, 1, 7, 39),
(2260, 1, 7, 41),
(2228, 1, 7, 42),
(2234, 1, 7, 44),
(2240, 1, 7, 45),
(1230, 1, 7, 61),
(1231, 1, 7, 62),
(1232, 1, 7, 64),
(1233, 1, 7, 67),
(1234, 1, 7, 68),
(1235, 1, 7, 69),
(1236, 1, 7, 70),
(1772, 1, 7, 81),
(1735, 1, 7, 82),
(1736, 1, 7, 83),
(1737, 1, 7, 84),
(1738, 1, 7, 85),
(1739, 1, 7, 86),
(1740, 1, 7, 87),
(1741, 1, 7, 88),
(1742, 1, 7, 89),
(1743, 1, 7, 90),
(1246, 1, 7, 91),
(1247, 1, 7, 92),
(1248, 1, 7, 93),
(1249, 1, 7, 94),
(1744, 1, 7, 98),
(1745, 1, 7, 99),
(1252, 1, 7, 101),
(1253, 1, 7, 102),
(1254, 1, 7, 104),
(1255, 1, 7, 105),
(1256, 1, 7, 106),
(1257, 1, 7, 109),
(1258, 1, 7, 111),
(1259, 1, 7, 112),
(1260, 1, 7, 113),
(1261, 1, 7, 114),
(1262, 1, 7, 115),
(1263, 1, 7, 116),
(1264, 1, 7, 117),
(1265, 1, 7, 121),
(1266, 1, 7, 122),
(1267, 1, 7, 123),
(1268, 1, 7, 124),
(1269, 1, 7, 125),
(1270, 1, 7, 126),
(1271, 1, 7, 127),
(1272, 1, 7, 130),
(2254, 1, 7, 141),
(2249, 1, 7, 142),
(2255, 1, 7, 144),
(2261, 1, 7, 145),
(1273, 1, 7, 161),
(1274, 1, 7, 162),
(1275, 1, 7, 163),
(1276, 1, 7, 164),
(1277, 1, 7, 165),
(1278, 1, 7, 167),
(1279, 1, 7, 241),
(1280, 1, 7, 242),
(1281, 1, 7, 243),
(1282, 1, 7, 251),
(1283, 1, 7, 252),
(1284, 1, 7, 253),
(1285, 1, 7, 254),
(1286, 1, 7, 255),
(1287, 1, 7, 256),
(1288, 1, 7, 262),
(1289, 1, 7, 281),
(1290, 1, 7, 282),
(1291, 1, 7, 283),
(1292, 1, 7, 286),
(1293, 1, 7, 341),
(1294, 1, 7, 342),
(1295, 1, 7, 343),
(1296, 1, 7, 344),
(1297, 1, 7, 351),
(1298, 1, 7, 352),
(1299, 1, 7, 353),
(1300, 1, 7, 354),
(1301, 1, 7, 358),
(1302, 1, 7, 431),
(1707, 1, 7, 511),
(1696, 1, 7, 512),
(1700, 1, 7, 514),
(1704, 1, 7, 517),
(1708, 1, 7, 519),
(1303, 1, 7, 531),
(1304, 1, 7, 532),
(1305, 1, 7, 533),
(1306, 1, 7, 534),
(1307, 1, 7, 538),
(1308, 1, 7, 1001),
(1309, 1, 7, 1002),
(1310, 1, 7, 1003),
(1311, 1, 7, 1004),
(1312, 1, 7, 1005),
(1313, 1, 7, 1011),
(1314, 1, 7, 1012),
(1315, 1, 7, 1013),
(1316, 1, 7, 1101),
(1317, 1, 7, 1102),
(1318, 1, 7, 1104),
(1319, 1, 7, 1109),
(1320, 1, 7, 1121),
(1321, 1, 7, 1122),
(1322, 1, 7, 1123),
(1323, 1, 7, 1124),
(1324, 1, 7, 1125),
(1325, 1, 7, 1126),
(2279, 1, 7, 1181),
(2280, 1, 7, 1182),
(2281, 1, 7, 1183),
(2282, 1, 7, 1184),
(2283, 1, 7, 1185),
(2284, 1, 7, 1186),
(2285, 1, 7, 1187),
(2286, 1, 7, 1188),
(2287, 1, 7, 1189),
(2288, 1, 7, 1190),
(2289, 1, 7, 1191),
(2290, 1, 7, 1192),
(2291, 1, 7, 1193),
(2292, 1, 7, 1194),
(1339, 1, 7, 1201),
(1340, 1, 7, 1202),
(2293, 1, 7, 1231),
(2294, 1, 7, 1232),
(2295, 1, 7, 1233),
(2296, 1, 7, 1234),
(2297, 1, 7, 1235),
(2298, 1, 7, 1236),
(1347, 1, 7, 1251),
(1348, 1, 7, 1321),
(1349, 1, 7, 1322),
(1746, 1, 7, 1421),
(1351, 1, 7, 2401),
(1352, 1, 7, 2402),
(1353, 1, 7, 2403),
(1354, 1, 7, 2411),
(1355, 1, 7, 2412),
(1356, 1, 7, 2413),
(1357, 1, 7, 2414),
(2275, 1, 7, 2451),
(2270, 1, 7, 2452),
(2276, 1, 7, 2453),
(1358, 1, 7, 3201),
(1359, 1, 7, 3301),
(1360, 1, 7, 23001),
(1361, 1, 7, 23002),
(1362, 1, 7, 23003),
(1363, 1, 7, 23004),
(1364, 1, 7, 40001),
(1365, 1, 7, 40002),
(1366, 1, 7, 40003),
(1367, 1, 7, 50401),
(1368, 1, 7, 50411),
(1369, 1, 7, 50412),
(1370, 1, 7, 50414),
(1371, 1, 7, 50415),
(1372, 1, 7, 50418),
(1373, 1, 7, 50420),
(1374, 1, 7, 50430),
(1375, 1, 7, 50440),
(1747, 1, 7, 200002),
(1748, 1, 7, 200003),
(1749, 1, 7, 200004),
(1750, 1, 7, 200005),
(1751, 1, 7, 200006),
(1773, 1, 7, 200007),
(1376, 1, 7, 941601),
(1377, 1, 7, 941602),
(1378, 1, 7, 941603),
(1379, 1, 7, 941604),
(1380, 1, 7, 941605),
(1381, 1, 7, 941606),
(1382, 1, 7, 1048560),
(1383, 1, 7, 5100001),
(1384, 1, 7, 5100002),
(1385, 1, 7, 5100003),
(1815, 1, 7, 19049041),
(1812, 1, 7, 19049042),
(1816, 1, 7, 19049043),
(1386, 1, 7, 31000001),
(1387, 1, 7, 31000002),
(1388, 1, 7, 31000003),
(1389, 1, 7, 44000001),
(1390, 1, 7, 44000002),
(1391, 1, 7, 44000003),
(1392, 1, 7, 52000001),
(1393, 1, 7, 52000002),
(1394, 1, 7, 52000003),
(1395, 1, 7, 53000001),
(1396, 1, 7, 53000002),
(1397, 1, 7, 53000003),
(1937, 1, 7, 59000001),
(1938, 1, 7, 59000002),
(1939, 1, 7, 59000003),
(1940, 1, 7, 59000004),
(1941, 1, 7, 59000005),
(1942, 1, 7, 59000006),
(1943, 1, 7, 59000007),
(1398, 1, 8, 40001),
(1427, 1, 10, 31),
(1428, 1, 10, 32),
(1429, 1, 10, 33),
(1430, 1, 10, 34),
(1431, 1, 10, 35),
(1432, 1, 10, 36),
(1433, 1, 10, 38),
(1434, 1, 10, 39),
(1403, 1, 10, 61),
(1404, 1, 10, 62),
(1406, 1, 10, 67),
(1407, 1, 10, 68),
(1408, 1, 10, 69),
(1409, 1, 10, 70),
(1401, 1, 10, 81),
(1402, 1, 10, 82),
(1445, 1, 10, 121),
(1442, 1, 10, 122),
(1444, 1, 10, 123),
(1446, 1, 10, 126),
(2448, 1, 10, 241),
(2449, 1, 10, 242),
(2450, 1, 10, 243),
(1450, 1, 10, 262),
(1447, 1, 10, 281),
(1435, 1, 10, 531),
(1436, 1, 10, 532),
(1437, 1, 10, 533),
(1438, 1, 10, 534),
(1439, 1, 10, 538),
(2444, 1, 10, 1251),
(2454, 1, 10, 3201),
(1410, 1, 10, 23001),
(1411, 1, 10, 23002),
(1413, 1, 10, 23004),
(1400, 1, 10, 40001),
(1414, 1, 10, 1048560),
(1421, 1, 10, 5100001),
(1422, 1, 10, 5100002),
(1423, 1, 10, 5100003),
(1415, 1, 10, 31000001),
(1416, 1, 10, 31000002),
(2452, 1, 10, 44000001),
(2453, 1, 10, 44000002),
(2445, 1, 10, 52000001),
(2446, 1, 10, 52000002),
(2447, 1, 10, 52000003),
(1424, 1, 10, 53000001),
(1425, 1, 10, 53000002),
(1426, 1, 10, 53000003),
(1448, 1, 11, 40001),
(1449, 1, 12, 40001),
(2210, 1, 13, 31),
(2211, 1, 13, 32),
(2212, 1, 13, 33),
(2215, 1, 13, 36),
(2216, 1, 13, 38),
(2217, 1, 13, 39),
(2303, 1, 13, 81),
(2304, 1, 13, 82),
(2302, 1, 13, 83),
(1482, 1, 13, 101),
(1483, 1, 13, 102),
(1484, 1, 13, 104),
(1485, 1, 13, 105),
(1486, 1, 13, 106),
(2299, 1, 13, 262),
(2219, 1, 13, 531),
(1452, 1, 13, 1001),
(1453, 1, 13, 1002),
(1454, 1, 13, 1003),
(1455, 1, 13, 1004),
(1456, 1, 13, 1005),
(1457, 1, 13, 1011),
(1458, 1, 13, 1012),
(1459, 1, 13, 1013),
(1488, 1, 13, 1101),
(1489, 1, 13, 1102),
(1490, 1, 13, 1104),
(1461, 1, 13, 1181),
(1462, 1, 13, 1182),
(1463, 1, 13, 1183),
(1464, 1, 13, 1184),
(1466, 1, 13, 1186),
(1467, 1, 13, 1187),
(1469, 1, 13, 1189),
(1471, 1, 13, 1191),
(1480, 1, 13, 1231),
(1476, 1, 13, 1233),
(1478, 1, 13, 1235),
(1481, 1, 13, 1236),
(1451, 1, 13, 40001),
(2305, 1, 13, 941601),
(2306, 1, 13, 941602),
(2307, 1, 13, 941603),
(2308, 1, 13, 941604),
(2309, 1, 13, 941605),
(2310, 1, 13, 941606),
(1492, 1, 13, 1048560),
(1774, 1, 14, 81),
(1775, 1, 14, 83),
(1517, 1, 14, 121),
(1518, 1, 14, 281),
(1496, 1, 14, 1181),
(1497, 1, 14, 1182),
(1498, 1, 14, 1183),
(1499, 1, 14, 1184),
(1501, 1, 14, 1186),
(1502, 1, 14, 1187),
(1504, 1, 14, 1189),
(1506, 1, 14, 1191),
(1511, 1, 14, 1233),
(1513, 1, 14, 1235),
(1493, 1, 14, 40001),
(1516, 1, 14, 1048560),
(1785, 1, 15, 81),
(1786, 1, 15, 82),
(1777, 1, 15, 83),
(1782, 1, 15, 121),
(1783, 1, 15, 122),
(1784, 1, 15, 262),
(1780, 1, 15, 281),
(1520, 1, 15, 1181),
(1787, 1, 15, 1182),
(1523, 1, 15, 1183),
(1788, 1, 15, 1186),
(1529, 1, 15, 1191),
(1526, 1, 15, 1231),
(1527, 1, 15, 1236),
(1781, 1, 15, 1421),
(1519, 1, 15, 40001),
(1530, 1, 15, 1048560),
(1550, 1, 16, 31),
(1551, 1, 16, 32),
(1552, 1, 16, 33),
(1554, 1, 16, 35),
(1555, 1, 16, 36),
(1556, 1, 16, 38),
(1557, 1, 16, 39),
(1789, 1, 16, 81),
(1537, 1, 16, 82),
(1790, 1, 16, 83),
(1571, 1, 16, 101),
(1572, 1, 16, 102),
(1573, 1, 16, 104),
(1574, 1, 16, 105),
(1575, 1, 16, 106),
(1534, 1, 16, 121),
(1791, 1, 16, 262),
(1558, 1, 16, 531),
(1559, 1, 16, 532),
(1560, 1, 16, 533),
(1562, 1, 16, 538),
(1563, 1, 16, 1001),
(1564, 1, 16, 1002),
(1566, 1, 16, 1004),
(1567, 1, 16, 1005),
(1568, 1, 16, 1011),
(1569, 1, 16, 1012),
(1570, 1, 16, 1013),
(1577, 1, 16, 1101),
(1578, 1, 16, 1102),
(1579, 1, 16, 1104),
(1580, 1, 16, 1109),
(1541, 1, 16, 1181),
(1548, 1, 16, 1182),
(1540, 1, 16, 1183),
(1543, 1, 16, 1185),
(1545, 1, 16, 1186),
(1549, 1, 16, 1191),
(1546, 1, 16, 1231),
(1547, 1, 16, 1236),
(1533, 1, 16, 40001),
(1581, 1, 16, 1048560),
(1821, 1, 16, 19049041),
(1822, 1, 16, 19049042),
(1823, 1, 16, 19049043),
(2366, 1, 17, 11),
(1583, 1, 17, 81),
(1598, 1, 17, 91),
(2351, 1, 17, 111),
(1792, 1, 17, 121),
(1597, 1, 17, 161),
(1793, 1, 17, 262),
(1594, 1, 17, 531),
(1596, 1, 17, 1001),
(1595, 1, 17, 1121),
(1584, 1, 17, 1181),
(1796, 1, 17, 1182),
(1797, 1, 17, 1185),
(1795, 1, 17, 1194),
(1587, 1, 17, 2401),
(1588, 1, 17, 2402),
(1589, 1, 17, 2403),
(1590, 1, 17, 2411),
(1591, 1, 17, 2412),
(1592, 1, 17, 2413),
(1593, 1, 17, 2414),
(1582, 1, 17, 40001),
(2352, 1, 17, 50401),
(2353, 1, 17, 50411),
(2354, 1, 17, 50412),
(2355, 1, 17, 50414),
(2356, 1, 17, 50415),
(2357, 1, 17, 50418),
(2358, 1, 17, 50420),
(2359, 1, 17, 50430),
(2360, 1, 17, 50440),
(1599, 1, 17, 1048560),
(2364, 1, 17, 59000001),
(2363, 1, 17, 59000002),
(2365, 1, 17, 59000006),
(1600, 1, 18, 40001),
(2350, 1, 19, 11),
(1868, 1, 19, 111),
(1869, 1, 19, 112),
(1870, 1, 19, 113),
(1871, 1, 19, 114),
(1872, 1, 19, 115),
(1873, 1, 19, 116),
(1874, 1, 19, 117),
(1886, 1, 19, 121),
(1887, 1, 19, 122),
(1891, 1, 19, 126),
(1893, 1, 19, 130),
(1894, 1, 19, 262),
(1895, 1, 19, 281),
(1896, 1, 19, 282),
(1897, 1, 19, 283),
(1898, 1, 19, 286),
(1899, 1, 19, 1181),
(2349, 1, 19, 1182),
(1900, 1, 19, 1201),
(1901, 1, 19, 1202),
(1902, 1, 19, 1251),
(1601, 1, 19, 40001),
(1875, 1, 19, 50401),
(1876, 1, 19, 50411),
(1877, 1, 19, 50412),
(1878, 1, 19, 50414),
(1880, 1, 19, 50418),
(1881, 1, 19, 50420),
(1882, 1, 19, 50430),
(1883, 1, 19, 50440),
(1903, 1, 19, 1048560),
(1866, 1, 19, 59000001),
(1865, 1, 19, 59000002),
(1867, 1, 19, 59000005),
(1602, 1, 20, 40001),
(1603, 1, 21, 40001),
(1658, 1, 22, 31),
(1659, 1, 22, 32),
(1660, 1, 22, 33),
(1662, 1, 22, 35),
(1663, 1, 22, 36),
(1664, 1, 22, 38),
(1665, 1, 22, 39),
(1633, 1, 22, 61),
(1634, 1, 22, 62),
(1636, 1, 22, 67),
(1637, 1, 22, 68),
(1638, 1, 22, 69),
(1639, 1, 22, 70),
(1674, 1, 22, 121),
(1673, 1, 22, 122),
(1675, 1, 22, 124),
(1666, 1, 22, 161),
(1667, 1, 22, 162),
(1668, 1, 22, 163),
(1669, 1, 22, 164),
(1671, 1, 22, 167),
(1653, 1, 22, 262),
(1676, 1, 22, 281),
(1654, 1, 22, 23001),
(1655, 1, 22, 23002),
(1657, 1, 22, 23004),
(1604, 1, 22, 40001),
(1643, 1, 22, 5100001),
(1644, 1, 22, 5100002),
(1646, 1, 22, 31000001),
(1647, 1, 22, 31000002),
(1649, 1, 22, 52000001),
(1650, 1, 22, 52000002),
(1651, 1, 22, 52000003),
(1640, 1, 22, 53000001),
(1641, 1, 22, 53000002),
(1621, 1, 23, 21),
(2439, 1, 23, 81),
(2438, 1, 23, 82),
(1618, 1, 23, 121),
(1619, 1, 23, 122),
(2435, 1, 23, 281),
(2436, 1, 23, 282),
(1732, 1, 23, 1121),
(2442, 1, 23, 1201),
(2443, 1, 23, 1202),
(2441, 1, 23, 1251),
(1623, 1, 23, 2401),
(1624, 1, 23, 2402),
(1615, 1, 23, 40001),
(2440, 1, 23, 200006),
(1733, 1, 23, 1048560),
(1973, 1, 24, 11),
(1971, 1, 24, 111),
(1970, 1, 24, 112),
(1968, 1, 24, 114),
(1972, 1, 24, 116),
(1945, 1, 24, 121),
(1946, 1, 24, 122),
(1947, 1, 24, 262),
(1948, 1, 24, 281),
(1975, 1, 24, 1181),
(1949, 1, 24, 1201),
(1950, 1, 24, 1202),
(1974, 1, 24, 1321),
(1626, 1, 24, 40001),
(1957, 1, 24, 50401),
(1958, 1, 24, 50411),
(1959, 1, 24, 50412),
(1962, 1, 24, 50418),
(1963, 1, 24, 50420),
(1965, 1, 24, 50440),
(1951, 1, 24, 1048560),
(1955, 1, 24, 59000001),
(1954, 1, 24, 59000002),
(1956, 1, 24, 59000004),
(1722, 1, 25, 31),
(1723, 1, 25, 32),
(1769, 1, 25, 61),
(1714, 1, 25, 81),
(1713, 1, 25, 82),
(1715, 1, 25, 90),
(1720, 1, 25, 241),
(1725, 1, 25, 531),
(1726, 1, 25, 532),
(1716, 1, 25, 1421),
(1718, 1, 25, 2401),
(1719, 1, 25, 2402),
(1731, 1, 25, 3201),
(1770, 1, 25, 23001),
(1628, 1, 25, 40001),
(1727, 1, 25, 1048560),
(1729, 1, 25, 31000001),
(1730, 1, 25, 31000002),
(1690, 1, 26, 31),
(1678, 1, 26, 61),
(1681, 1, 26, 81),
(1682, 1, 26, 99),
(1683, 1, 26, 121),
(1689, 1, 26, 161),
(1685, 1, 26, 262),
(1684, 1, 26, 2401),
(1677, 1, 26, 23001),
(1630, 1, 26, 40001),
(1768, 1, 26, 941601),
(1679, 1, 26, 1048560),
(1688, 1, 26, 5100001),
(1680, 1, 26, 31000001),
(1686, 1, 26, 52000001),
(1687, 1, 26, 53000001),
(2345, 1, 27, 251),
(2346, 1, 27, 253),
(1709, 1, 27, 40001),
(1801, 1, 28, 81),
(1800, 1, 28, 262),
(1802, 1, 28, 1182),
(1804, 1, 28, 2401),
(1805, 1, 28, 2402),
(1806, 1, 28, 2411),
(1798, 1, 28, 40001),
(1799, 1, 28, 19049041),
(1817, 1, 29, 40001),
(1818, 1, 29, 19049041),
(1819, 1, 30, 40001),
(1820, 1, 30, 19049041),
(1841, 1, 31, 81),
(1840, 1, 31, 82),
(1826, 1, 31, 121),
(1830, 1, 31, 161),
(1831, 1, 31, 162),
(1832, 1, 31, 163),
(1833, 1, 31, 164),
(1835, 1, 31, 167),
(1836, 1, 31, 262),
(1828, 1, 31, 2401),
(1829, 1, 31, 2402),
(1824, 1, 31, 40001),
(1838, 1, 31, 200005),
(1842, 1, 31, 200006),
(1910, 1, 32, 111),
(1911, 1, 32, 112),
(1912, 1, 32, 113),
(1913, 1, 32, 114),
(1914, 1, 32, 115),
(1915, 1, 32, 116),
(1916, 1, 32, 117),
(1907, 1, 32, 121),
(1908, 1, 32, 122),
(1909, 1, 32, 262),
(1927, 1, 32, 1201),
(1928, 1, 32, 1202),
(1926, 1, 32, 1251),
(1904, 1, 32, 40001),
(1917, 1, 32, 50401),
(1918, 1, 32, 50411),
(1919, 1, 32, 50412),
(1920, 1, 32, 50414),
(1921, 1, 32, 50415),
(1922, 1, 32, 50418),
(1923, 1, 32, 50420),
(1924, 1, 32, 50430),
(1925, 1, 32, 50440),
(1929, 1, 32, 1048560),
(1930, 1, 32, 59000001),
(1931, 1, 32, 59000002),
(1933, 1, 32, 59000004),
(1984, 1, 33, 81),
(1985, 1, 33, 82),
(1978, 1, 33, 121),
(1979, 1, 33, 262),
(1994, 1, 33, 1231),
(1986, 1, 33, 2401),
(1976, 1, 33, 40001),
(1983, 1, 33, 200003),
(1981, 1, 33, 200006),
(1992, 1, 33, 59000001),
(1991, 1, 33, 59000002),
(1993, 1, 33, 59000004),
(1987, 1, 34, 40001),
(1988, 1, 34, 19049041),
(1997, 1, 35, 11),
(1998, 1, 35, 12),
(1999, 1, 35, 13),
(2000, 1, 35, 14),
(2001, 1, 35, 15),
(2002, 1, 35, 16),
(2003, 1, 35, 19),
(2004, 1, 35, 21),
(2005, 1, 35, 22),
(2006, 1, 35, 24),
(2007, 1, 35, 25),
(2008, 1, 35, 26),
(2009, 1, 35, 27),
(2010, 1, 35, 28),
(2011, 1, 35, 31),
(2012, 1, 35, 32),
(2013, 1, 35, 33),
(2014, 1, 35, 34),
(2015, 1, 35, 35),
(2016, 1, 35, 36),
(2017, 1, 35, 38),
(2018, 1, 35, 39),
(2262, 1, 35, 41),
(2230, 1, 35, 42),
(2236, 1, 35, 44),
(2242, 1, 35, 45),
(2019, 1, 35, 61),
(2020, 1, 35, 62),
(2021, 1, 35, 64),
(2022, 1, 35, 67),
(2023, 1, 35, 68),
(2024, 1, 35, 69),
(2025, 1, 35, 70),
(2026, 1, 35, 81),
(2027, 1, 35, 82),
(2028, 1, 35, 83),
(2029, 1, 35, 84),
(2030, 1, 35, 85),
(2031, 1, 35, 86),
(2032, 1, 35, 87),
(2033, 1, 35, 88),
(2034, 1, 35, 89),
(2035, 1, 35, 90),
(2036, 1, 35, 91),
(2037, 1, 35, 92),
(2038, 1, 35, 93),
(2039, 1, 35, 94),
(2040, 1, 35, 98),
(2041, 1, 35, 99),
(2042, 1, 35, 101),
(2043, 1, 35, 102),
(2044, 1, 35, 104),
(2045, 1, 35, 105),
(2046, 1, 35, 106),
(2047, 1, 35, 109),
(2048, 1, 35, 111),
(2049, 1, 35, 112),
(2050, 1, 35, 113),
(2051, 1, 35, 114),
(2052, 1, 35, 115),
(2053, 1, 35, 116),
(2054, 1, 35, 117),
(2055, 1, 35, 121),
(2056, 1, 35, 122),
(2057, 1, 35, 123),
(2058, 1, 35, 124),
(2059, 1, 35, 125),
(2060, 1, 35, 126),
(2061, 1, 35, 127),
(2062, 1, 35, 130),
(2256, 1, 35, 141),
(2251, 1, 35, 142),
(2257, 1, 35, 144),
(2263, 1, 35, 145),
(2063, 1, 35, 161),
(2064, 1, 35, 162),
(2065, 1, 35, 163),
(2066, 1, 35, 164),
(2067, 1, 35, 165),
(2068, 1, 35, 167),
(2069, 1, 35, 241),
(2070, 1, 35, 242),
(2071, 1, 35, 243),
(2072, 1, 35, 251),
(2073, 1, 35, 252),
(2074, 1, 35, 253),
(2075, 1, 35, 254),
(2076, 1, 35, 255),
(2077, 1, 35, 256),
(2078, 1, 35, 262),
(2079, 1, 35, 281),
(2080, 1, 35, 282),
(2081, 1, 35, 283),
(2082, 1, 35, 286),
(2083, 1, 35, 341),
(2084, 1, 35, 342),
(2085, 1, 35, 343),
(2086, 1, 35, 344),
(2087, 1, 35, 351),
(2088, 1, 35, 352),
(2089, 1, 35, 353),
(2090, 1, 35, 354),
(2091, 1, 35, 358),
(2092, 1, 35, 431),
(2093, 1, 35, 511),
(2094, 1, 35, 512),
(2095, 1, 35, 514),
(2096, 1, 35, 517),
(2097, 1, 35, 519),
(2098, 1, 35, 531),
(2099, 1, 35, 532),
(2100, 1, 35, 533),
(2101, 1, 35, 534),
(2102, 1, 35, 538),
(2103, 1, 35, 1001),
(2104, 1, 35, 1002),
(2105, 1, 35, 1003),
(2106, 1, 35, 1004),
(2107, 1, 35, 1005),
(2108, 1, 35, 1011),
(2109, 1, 35, 1012),
(2110, 1, 35, 1013),
(2111, 1, 35, 1101),
(2112, 1, 35, 1102),
(2113, 1, 35, 1104),
(2114, 1, 35, 1109),
(2115, 1, 35, 1121),
(2116, 1, 35, 1122),
(2117, 1, 35, 1123),
(2118, 1, 35, 1124),
(2119, 1, 35, 1125),
(2120, 1, 35, 1126),
(2121, 1, 35, 1181),
(2122, 1, 35, 1182),
(2123, 1, 35, 1183),
(2124, 1, 35, 1184),
(2125, 1, 35, 1185),
(2126, 1, 35, 1186),
(2127, 1, 35, 1187),
(2128, 1, 35, 1188),
(2129, 1, 35, 1189),
(2130, 1, 35, 1190),
(2131, 1, 35, 1191),
(2132, 1, 35, 1192),
(2133, 1, 35, 1193),
(2134, 1, 35, 1194),
(2135, 1, 35, 1201),
(2136, 1, 35, 1202),
(2137, 1, 35, 1231),
(2138, 1, 35, 1232),
(2139, 1, 35, 1233),
(2140, 1, 35, 1234),
(2141, 1, 35, 1235),
(2142, 1, 35, 1236),
(2143, 1, 35, 1251),
(2144, 1, 35, 1321),
(2145, 1, 35, 1322),
(2146, 1, 35, 1421),
(2147, 1, 35, 2401),
(2148, 1, 35, 2402),
(2149, 1, 35, 2403),
(2150, 1, 35, 2411),
(2151, 1, 35, 2412),
(2152, 1, 35, 2413),
(2153, 1, 35, 2414),
(2277, 1, 35, 2451),
(2272, 1, 35, 2452),
(2278, 1, 35, 2453),
(2154, 1, 35, 3201),
(2155, 1, 35, 3301),
(2156, 1, 35, 23001),
(2157, 1, 35, 23002),
(2158, 1, 35, 23003),
(2159, 1, 35, 23004),
(2160, 1, 35, 40001),
(2161, 1, 35, 40002),
(2162, 1, 35, 40003),
(2163, 1, 35, 50401),
(2164, 1, 35, 50411),
(2165, 1, 35, 50412),
(2166, 1, 35, 50414),
(2167, 1, 35, 50415),
(2168, 1, 35, 50418),
(2169, 1, 35, 50420),
(2170, 1, 35, 50430),
(2171, 1, 35, 50440),
(2172, 1, 35, 200002),
(2173, 1, 35, 200003),
(2174, 1, 35, 200004),
(2175, 1, 35, 200005),
(2176, 1, 35, 200006),
(2177, 1, 35, 200007),
(2178, 1, 35, 941601),
(2179, 1, 35, 941602),
(2180, 1, 35, 941603),
(2181, 1, 35, 941604),
(2182, 1, 35, 941605),
(2183, 1, 35, 941606),
(2184, 1, 35, 1048560),
(2185, 1, 35, 5100001),
(2186, 1, 35, 5100002),
(2187, 1, 35, 5100003),
(2188, 1, 35, 19049041),
(2189, 1, 35, 19049042),
(2190, 1, 35, 19049043),
(2191, 1, 35, 31000001),
(2192, 1, 35, 31000002),
(2193, 1, 35, 31000003),
(2194, 1, 35, 44000001),
(2195, 1, 35, 44000002),
(2196, 1, 35, 44000003),
(2197, 1, 35, 52000001),
(2198, 1, 35, 52000002),
(2199, 1, 35, 52000003),
(2200, 1, 35, 53000001),
(2201, 1, 35, 53000002),
(2202, 1, 35, 53000003),
(2203, 1, 35, 59000001),
(2204, 1, 35, 59000002),
(2205, 1, 35, 59000003),
(2206, 1, 35, 59000004),
(2207, 1, 35, 59000005),
(2208, 1, 35, 59000006),
(2209, 1, 35, 59000007),
(2220, 1, 36, 40001),
(2221, 1, 36, 19049041),
(2325, 1, 37, 41),
(2318, 1, 37, 42),
(2320, 1, 37, 45),
(2342, 1, 37, 61),
(2315, 1, 37, 81),
(2316, 1, 37, 82),
(2321, 1, 37, 141),
(2322, 1, 37, 142),
(2326, 1, 37, 145),
(2340, 1, 37, 241),
(2341, 1, 37, 242),
(2313, 1, 37, 262),
(2337, 1, 37, 2401),
(2331, 1, 37, 2402),
(2338, 1, 37, 2403),
(2333, 1, 37, 2411),
(2334, 1, 37, 2412),
(2327, 1, 37, 2451),
(2328, 1, 37, 2452),
(2343, 1, 37, 23001),
(2311, 1, 37, 40001),
(2344, 1, 37, 1048560),
(2347, 1, 38, 40001),
(2348, 1, 38, 19049041),
(2367, 1, 39, 40001),
(2368, 1, 39, 19049041),
(2371, 1, 41, 40001),
(2372, 1, 41, 19049041),
(2373, 1, 42, 40001),
(2374, 1, 42, 19049041),
(2375, 1, 43, 40001),
(2376, 1, 43, 19049041),
(2377, 1, 44, 40001),
(2378, 1, 44, 19049041),
(2379, 1, 45, 40001),
(2380, 1, 45, 19049041),
(2381, 1, 46, 40001),
(2382, 1, 46, 19049041),
(2383, 1, 47, 40001),
(2384, 1, 47, 19049041),
(2385, 1, 48, 40001),
(2386, 1, 48, 19049041),
(2387, 1, 49, 40001),
(2388, 1, 49, 19049041),
(2389, 1, 50, 40001),
(2390, 1, 50, 19049041),
(2391, 1, 51, 40001),
(2392, 1, 51, 19049041),
(2393, 1, 52, 40001),
(2394, 1, 52, 19049041),
(2395, 1, 53, 40001),
(2396, 1, 53, 19049041),
(2397, 1, 54, 40001),
(2398, 1, 54, 19049041),
(2399, 1, 55, 40001),
(2400, 1, 55, 19049041),
(2401, 1, 56, 40001),
(2402, 1, 56, 19049041),
(2403, 1, 57, 40001),
(2404, 1, 57, 19049041),
(2405, 1, 58, 40001),
(2406, 1, 58, 19049041),
(2407, 1, 59, 40001),
(2408, 1, 59, 19049041),
(2409, 1, 60, 40001),
(2410, 1, 60, 19049041),
(2411, 1, 61, 40001),
(2412, 1, 61, 19049041),
(2413, 1, 62, 40001),
(2414, 1, 62, 19049041),
(2415, 1, 63, 40001),
(2416, 1, 63, 19049041),
(2417, 1, 64, 40001),
(2418, 1, 64, 19049041),
(2419, 1, 65, 40001),
(2420, 1, 65, 19049041),
(2421, 1, 66, 40001),
(2422, 1, 66, 19049041),
(2423, 1, 67, 40001),
(2424, 1, 67, 19049041),
(2425, 1, 68, 40001),
(2426, 1, 68, 19049041),
(2427, 1, 69, 40001),
(2428, 1, 69, 19049041),
(2429, 1, 70, 40001),
(2430, 1, 70, 19049041),
(2431, 1, 71, 40001),
(2432, 1, 71, 19049041),
(2433, 1, 72, 40001),
(2434, 1, 72, 19049041);

--
-- Contraintes pour les tables déchargées
--

--
-- Contraintes pour la table `llx_accounting_account`
--
ALTER TABLE `llx_accounting_account`
  ADD CONSTRAINT `fk_accounting_account_fk_pcg_version` FOREIGN KEY (`fk_pcg_version`) REFERENCES `llx_accounting_system` (`pcg_version`);

--
-- Contraintes pour la table `llx_adherent`
--
ALTER TABLE `llx_adherent`
  ADD CONSTRAINT `adherent_fk_soc` FOREIGN KEY (`fk_soc`) REFERENCES `llx_societe` (`rowid`),
  ADD CONSTRAINT `fk_adherent_adherent_type` FOREIGN KEY (`fk_adherent_type`) REFERENCES `llx_adherent_type` (`rowid`);

--
-- Contraintes pour la table `llx_bank_account`
--
ALTER TABLE `llx_bank_account`
  ADD CONSTRAINT `fk_bank_account_accountancy_journal` FOREIGN KEY (`fk_accountancy_journal`) REFERENCES `llx_accounting_journal` (`rowid`);

--
-- Contraintes pour la table `llx_boxes`
--
ALTER TABLE `llx_boxes`
  ADD CONSTRAINT `fk_boxes_box_id` FOREIGN KEY (`box_id`) REFERENCES `llx_boxes_def` (`rowid`);

--
-- Contraintes pour la table `llx_categorie_account`
--
ALTER TABLE `llx_categorie_account`
  ADD CONSTRAINT `fk_categorie_account_categorie_rowid` FOREIGN KEY (`fk_categorie`) REFERENCES `llx_categorie` (`rowid`),
  ADD CONSTRAINT `fk_categorie_account_fk_account` FOREIGN KEY (`fk_account`) REFERENCES `llx_bank_account` (`rowid`);

--
-- Contraintes pour la table `llx_categorie_actioncomm`
--
ALTER TABLE `llx_categorie_actioncomm`
  ADD CONSTRAINT `fk_categorie_actioncomm_categorie_rowid` FOREIGN KEY (`fk_categorie`) REFERENCES `llx_categorie` (`rowid`),
  ADD CONSTRAINT `fk_categorie_actioncomm_fk_actioncomm` FOREIGN KEY (`fk_actioncomm`) REFERENCES `llx_actioncomm` (`id`);

--
-- Contraintes pour la table `llx_categorie_contact`
--
ALTER TABLE `llx_categorie_contact`
  ADD CONSTRAINT `fk_categorie_contact_categorie_rowid` FOREIGN KEY (`fk_categorie`) REFERENCES `llx_categorie` (`rowid`),
  ADD CONSTRAINT `fk_categorie_contact_fk_socpeople` FOREIGN KEY (`fk_socpeople`) REFERENCES `llx_socpeople` (`rowid`);

--
-- Contraintes pour la table `llx_categorie_fournisseur`
--
ALTER TABLE `llx_categorie_fournisseur`
  ADD CONSTRAINT `fk_categorie_fournisseur_categorie_rowid` FOREIGN KEY (`fk_categorie`) REFERENCES `llx_categorie` (`rowid`),
  ADD CONSTRAINT `fk_categorie_fournisseur_fk_soc` FOREIGN KEY (`fk_soc`) REFERENCES `llx_societe` (`rowid`);

--
-- Contraintes pour la table `llx_categorie_invoice`
--
ALTER TABLE `llx_categorie_invoice`
  ADD CONSTRAINT `fk_categorie_invoice_categorie_rowid` FOREIGN KEY (`fk_categorie`) REFERENCES `llx_categorie` (`rowid`),
  ADD CONSTRAINT `fk_categorie_invoice_fk_invoice_rowid` FOREIGN KEY (`fk_invoice`) REFERENCES `llx_facture` (`rowid`);

--
-- Contraintes pour la table `llx_categorie_lang`
--
ALTER TABLE `llx_categorie_lang`
  ADD CONSTRAINT `fk_category_lang_fk_category` FOREIGN KEY (`fk_category`) REFERENCES `llx_categorie` (`rowid`);

--
-- Contraintes pour la table `llx_categorie_member`
--
ALTER TABLE `llx_categorie_member`
  ADD CONSTRAINT `fk_categorie_member_categorie_rowid` FOREIGN KEY (`fk_categorie`) REFERENCES `llx_categorie` (`rowid`),
  ADD CONSTRAINT `fk_categorie_member_member_rowid` FOREIGN KEY (`fk_member`) REFERENCES `llx_adherent` (`rowid`);

--
-- Contraintes pour la table `llx_categorie_order`
--
ALTER TABLE `llx_categorie_order`
  ADD CONSTRAINT `fk_categorie_order_categorie_rowid` FOREIGN KEY (`fk_categorie`) REFERENCES `llx_categorie` (`rowid`),
  ADD CONSTRAINT `fk_categorie_order_fk_order_rowid` FOREIGN KEY (`fk_order`) REFERENCES `llx_commande` (`rowid`);

--
-- Contraintes pour la table `llx_categorie_product`
--
ALTER TABLE `llx_categorie_product`
  ADD CONSTRAINT `fk_categorie_product_categorie_rowid` FOREIGN KEY (`fk_categorie`) REFERENCES `llx_categorie` (`rowid`),
  ADD CONSTRAINT `fk_categorie_product_product_rowid` FOREIGN KEY (`fk_product`) REFERENCES `llx_product` (`rowid`);

--
-- Contraintes pour la table `llx_categorie_project`
--
ALTER TABLE `llx_categorie_project`
  ADD CONSTRAINT `fk_categorie_project_categorie_rowid` FOREIGN KEY (`fk_categorie`) REFERENCES `llx_categorie` (`rowid`),
  ADD CONSTRAINT `fk_categorie_project_fk_project_rowid` FOREIGN KEY (`fk_project`) REFERENCES `llx_projet` (`rowid`);

--
-- Contraintes pour la table `llx_categorie_societe`
--
ALTER TABLE `llx_categorie_societe`
  ADD CONSTRAINT `fk_categorie_societe_categorie_rowid` FOREIGN KEY (`fk_categorie`) REFERENCES `llx_categorie` (`rowid`),
  ADD CONSTRAINT `fk_categorie_societe_fk_soc` FOREIGN KEY (`fk_soc`) REFERENCES `llx_societe` (`rowid`);

--
-- Contraintes pour la table `llx_categorie_supplier_invoice`
--
ALTER TABLE `llx_categorie_supplier_invoice`
  ADD CONSTRAINT `fk_categorie_supplier_invoice_categorie_rowid` FOREIGN KEY (`fk_categorie`) REFERENCES `llx_categorie` (`rowid`),
  ADD CONSTRAINT `fk_categorie_supplier_invoice_fk_supplier_invoice_rowid` FOREIGN KEY (`fk_supplier_invoice`) REFERENCES `llx_facture_fourn` (`rowid`);

--
-- Contraintes pour la table `llx_categorie_supplier_order`
--
ALTER TABLE `llx_categorie_supplier_order`
  ADD CONSTRAINT `fk_categorie_supplier_order_categorie_rowid` FOREIGN KEY (`fk_categorie`) REFERENCES `llx_categorie` (`rowid`),
  ADD CONSTRAINT `fk_categorie_supplier_order_fk_supplier_order_rowid` FOREIGN KEY (`fk_supplier_order`) REFERENCES `llx_commande_fournisseur` (`rowid`);

--
-- Contraintes pour la table `llx_categorie_user`
--
ALTER TABLE `llx_categorie_user`
  ADD CONSTRAINT `fk_categorie_user_categorie_rowid` FOREIGN KEY (`fk_categorie`) REFERENCES `llx_categorie` (`rowid`),
  ADD CONSTRAINT `fk_categorie_user_fk_user` FOREIGN KEY (`fk_user`) REFERENCES `llx_user` (`rowid`);

--
-- Contraintes pour la table `llx_categorie_warehouse`
--
ALTER TABLE `llx_categorie_warehouse`
  ADD CONSTRAINT `fk_categorie_warehouse_categorie_rowid` FOREIGN KEY (`fk_categorie`) REFERENCES `llx_categorie` (`rowid`),
  ADD CONSTRAINT `fk_categorie_warehouse_fk_warehouse_rowid` FOREIGN KEY (`fk_warehouse`) REFERENCES `llx_entrepot` (`rowid`);

--
-- Contraintes pour la table `llx_commande`
--
ALTER TABLE `llx_commande`
  ADD CONSTRAINT `fk_commande_fk_projet` FOREIGN KEY (`fk_projet`) REFERENCES `llx_projet` (`rowid`),
  ADD CONSTRAINT `fk_commande_fk_soc` FOREIGN KEY (`fk_soc`) REFERENCES `llx_societe` (`rowid`),
  ADD CONSTRAINT `fk_commande_fk_user_author` FOREIGN KEY (`fk_user_author`) REFERENCES `llx_user` (`rowid`),
  ADD CONSTRAINT `fk_commande_fk_user_cloture` FOREIGN KEY (`fk_user_cloture`) REFERENCES `llx_user` (`rowid`),
  ADD CONSTRAINT `fk_commande_fk_user_valid` FOREIGN KEY (`fk_user_valid`) REFERENCES `llx_user` (`rowid`);

--
-- Contraintes pour la table `llx_commandedet`
--
ALTER TABLE `llx_commandedet`
  ADD CONSTRAINT `fk_commandedet_fk_commande` FOREIGN KEY (`fk_commande`) REFERENCES `llx_commande` (`rowid`),
  ADD CONSTRAINT `fk_commandedet_fk_commandefourndet` FOREIGN KEY (`fk_commandefourndet`) REFERENCES `llx_commande_fournisseurdet` (`rowid`),
  ADD CONSTRAINT `fk_commandedet_fk_unit` FOREIGN KEY (`fk_unit`) REFERENCES `llx_c_units` (`rowid`);

--
-- Contraintes pour la table `llx_commande_fournisseur`
--
ALTER TABLE `llx_commande_fournisseur`
  ADD CONSTRAINT `fk_commande_fournisseur_fk_soc` FOREIGN KEY (`fk_soc`) REFERENCES `llx_societe` (`rowid`);

--
-- Contraintes pour la table `llx_commande_fournisseurdet`
--
ALTER TABLE `llx_commande_fournisseurdet`
  ADD CONSTRAINT `fk_commande_fournisseurdet_fk_unit` FOREIGN KEY (`fk_unit`) REFERENCES `llx_c_units` (`rowid`);

--
-- Contraintes pour la table `llx_contrat`
--
ALTER TABLE `llx_contrat`
  ADD CONSTRAINT `fk_contrat_fk_soc` FOREIGN KEY (`fk_soc`) REFERENCES `llx_societe` (`rowid`),
  ADD CONSTRAINT `fk_contrat_user_author` FOREIGN KEY (`fk_user_author`) REFERENCES `llx_user` (`rowid`);

--
-- Contraintes pour la table `llx_contratdet`
--
ALTER TABLE `llx_contratdet`
  ADD CONSTRAINT `fk_contratdet_fk_contrat` FOREIGN KEY (`fk_contrat`) REFERENCES `llx_contrat` (`rowid`),
  ADD CONSTRAINT `fk_contratdet_fk_product` FOREIGN KEY (`fk_product`) REFERENCES `llx_product` (`rowid`),
  ADD CONSTRAINT `fk_contratdet_fk_unit` FOREIGN KEY (`fk_unit`) REFERENCES `llx_c_units` (`rowid`);

--
-- Contraintes pour la table `llx_c_departements`
--
ALTER TABLE `llx_c_departements`
  ADD CONSTRAINT `fk_departements_fk_region` FOREIGN KEY (`fk_region`) REFERENCES `llx_c_regions` (`code_region`);

--
-- Contraintes pour la table `llx_c_regions`
--
ALTER TABLE `llx_c_regions`
  ADD CONSTRAINT `fk_c_regions_fk_pays` FOREIGN KEY (`fk_pays`) REFERENCES `llx_c_country` (`rowid`);

--
-- Contraintes pour la table `llx_c_tva`
--
ALTER TABLE `llx_c_tva`
  ADD CONSTRAINT `fk_tva_fk_department_buyer` FOREIGN KEY (`fk_department_buyer`) REFERENCES `llx_c_departements` (`rowid`);

--
-- Contraintes pour la table `llx_c_ziptown`
--
ALTER TABLE `llx_c_ziptown`
  ADD CONSTRAINT `fk_c_ziptown_fk_county` FOREIGN KEY (`fk_county`) REFERENCES `llx_c_departements` (`rowid`),
  ADD CONSTRAINT `fk_c_ziptown_fk_pays` FOREIGN KEY (`fk_pays`) REFERENCES `llx_c_country` (`rowid`);

--
-- Contraintes pour la table `llx_delivery`
--
ALTER TABLE `llx_delivery`
  ADD CONSTRAINT `fk_delivery_fk_soc` FOREIGN KEY (`fk_soc`) REFERENCES `llx_societe` (`rowid`),
  ADD CONSTRAINT `fk_delivery_fk_user_author` FOREIGN KEY (`fk_user_author`) REFERENCES `llx_user` (`rowid`),
  ADD CONSTRAINT `fk_delivery_fk_user_valid` FOREIGN KEY (`fk_user_valid`) REFERENCES `llx_user` (`rowid`);

--
-- Contraintes pour la table `llx_deliverydet`
--
ALTER TABLE `llx_deliverydet`
  ADD CONSTRAINT `fk_deliverydet_fk_delivery` FOREIGN KEY (`fk_delivery`) REFERENCES `llx_delivery` (`rowid`);

--
-- Contraintes pour la table `llx_ecm_directories`
--
ALTER TABLE `llx_ecm_directories`
  ADD CONSTRAINT `fk_ecm_directories_fk_user_c` FOREIGN KEY (`fk_user_c`) REFERENCES `llx_user` (`rowid`),
  ADD CONSTRAINT `fk_ecm_directories_fk_user_m` FOREIGN KEY (`fk_user_m`) REFERENCES `llx_user` (`rowid`);

--
-- Contraintes pour la table `llx_element_categorie`
--
ALTER TABLE `llx_element_categorie`
  ADD CONSTRAINT `fk_element_categorie_fk_categorie` FOREIGN KEY (`fk_categorie`) REFERENCES `llx_categorie` (`rowid`);

--
-- Contraintes pour la table `llx_element_contact`
--
ALTER TABLE `llx_element_contact`
  ADD CONSTRAINT `fk_element_contact_fk_c_type_contact` FOREIGN KEY (`fk_c_type_contact`) REFERENCES `llx_c_type_contact` (`rowid`);

--
-- Contraintes pour la table `llx_emailcollector_emailcollectoraction`
--
ALTER TABLE `llx_emailcollector_emailcollectoraction`
  ADD CONSTRAINT `fk_emailcollectoraction_fk_emailcollector` FOREIGN KEY (`fk_emailcollector`) REFERENCES `llx_emailcollector_emailcollector` (`rowid`);

--
-- Contraintes pour la table `llx_emailcollector_emailcollectorfilter`
--
ALTER TABLE `llx_emailcollector_emailcollectorfilter`
  ADD CONSTRAINT `fk_emailcollectorfilter_fk_emailcollector` FOREIGN KEY (`fk_emailcollector`) REFERENCES `llx_emailcollector_emailcollector` (`rowid`);

--
-- Contraintes pour la table `llx_expedition`
--
ALTER TABLE `llx_expedition`
  ADD CONSTRAINT `fk_expedition_fk_shipping_method` FOREIGN KEY (`fk_shipping_method`) REFERENCES `llx_c_shipment_mode` (`rowid`),
  ADD CONSTRAINT `fk_expedition_fk_soc` FOREIGN KEY (`fk_soc`) REFERENCES `llx_societe` (`rowid`),
  ADD CONSTRAINT `fk_expedition_fk_user_author` FOREIGN KEY (`fk_user_author`) REFERENCES `llx_user` (`rowid`),
  ADD CONSTRAINT `fk_expedition_fk_user_valid` FOREIGN KEY (`fk_user_valid`) REFERENCES `llx_user` (`rowid`);

--
-- Contraintes pour la table `llx_expeditiondet`
--
ALTER TABLE `llx_expeditiondet`
  ADD CONSTRAINT `fk_expeditiondet_fk_expedition` FOREIGN KEY (`fk_expedition`) REFERENCES `llx_expedition` (`rowid`);

--
-- Contraintes pour la table `llx_expeditiondet_batch`
--
ALTER TABLE `llx_expeditiondet_batch`
  ADD CONSTRAINT `fk_expeditiondet_batch_fk_expeditiondet` FOREIGN KEY (`fk_expeditiondet`) REFERENCES `llx_expeditiondet` (`rowid`);

--
-- Contraintes pour la table `llx_facture`
--
ALTER TABLE `llx_facture`
  ADD CONSTRAINT `fk_facture_fk_facture_source` FOREIGN KEY (`fk_facture_source`) REFERENCES `llx_facture` (`rowid`),
  ADD CONSTRAINT `fk_facture_fk_projet` FOREIGN KEY (`fk_projet`) REFERENCES `llx_projet` (`rowid`),
  ADD CONSTRAINT `fk_facture_fk_soc` FOREIGN KEY (`fk_soc`) REFERENCES `llx_societe` (`rowid`),
  ADD CONSTRAINT `fk_facture_fk_user_author` FOREIGN KEY (`fk_user_author`) REFERENCES `llx_user` (`rowid`),
  ADD CONSTRAINT `fk_facture_fk_user_valid` FOREIGN KEY (`fk_user_valid`) REFERENCES `llx_user` (`rowid`);

--
-- Contraintes pour la table `llx_facturedet`
--
ALTER TABLE `llx_facturedet`
  ADD CONSTRAINT `fk_facturedet_fk_facture` FOREIGN KEY (`fk_facture`) REFERENCES `llx_facture` (`rowid`),
  ADD CONSTRAINT `fk_facturedet_fk_unit` FOREIGN KEY (`fk_unit`) REFERENCES `llx_c_units` (`rowid`);

--
-- Contraintes pour la table `llx_facturedet_rec`
--
ALTER TABLE `llx_facturedet_rec`
  ADD CONSTRAINT `fk_facturedet_rec_fk_unit` FOREIGN KEY (`fk_unit`) REFERENCES `llx_c_units` (`rowid`);

--
-- Contraintes pour la table `llx_facture_fourn`
--
ALTER TABLE `llx_facture_fourn`
  ADD CONSTRAINT `fk_facture_fourn_fk_projet` FOREIGN KEY (`fk_projet`) REFERENCES `llx_projet` (`rowid`),
  ADD CONSTRAINT `fk_facture_fourn_fk_soc` FOREIGN KEY (`fk_soc`) REFERENCES `llx_societe` (`rowid`),
  ADD CONSTRAINT `fk_facture_fourn_fk_user_author` FOREIGN KEY (`fk_user_author`) REFERENCES `llx_user` (`rowid`),
  ADD CONSTRAINT `fk_facture_fourn_fk_user_valid` FOREIGN KEY (`fk_user_valid`) REFERENCES `llx_user` (`rowid`);

--
-- Contraintes pour la table `llx_facture_fourn_det`
--
ALTER TABLE `llx_facture_fourn_det`
  ADD CONSTRAINT `fk_facture_fourn_det_fk_facture` FOREIGN KEY (`fk_facture_fourn`) REFERENCES `llx_facture_fourn` (`rowid`),
  ADD CONSTRAINT `fk_facture_fourn_det_fk_unit` FOREIGN KEY (`fk_unit`) REFERENCES `llx_c_units` (`rowid`);

--
-- Contraintes pour la table `llx_facture_fourn_det_rec`
--
ALTER TABLE `llx_facture_fourn_det_rec`
  ADD CONSTRAINT `fk_facture_fourn_det_rec_fk_unit` FOREIGN KEY (`fk_unit`) REFERENCES `llx_c_units` (`rowid`);

--
-- Contraintes pour la table `llx_facture_fourn_rec`
--
ALTER TABLE `llx_facture_fourn_rec`
  ADD CONSTRAINT `fk_facture_fourn_rec_fk_projet` FOREIGN KEY (`fk_projet`) REFERENCES `llx_projet` (`rowid`),
  ADD CONSTRAINT `fk_facture_fourn_rec_fk_soc` FOREIGN KEY (`fk_soc`) REFERENCES `llx_societe` (`rowid`),
  ADD CONSTRAINT `fk_facture_fourn_rec_fk_user_author` FOREIGN KEY (`fk_user_author`) REFERENCES `llx_user` (`rowid`);

--
-- Contraintes pour la table `llx_facture_rec`
--
ALTER TABLE `llx_facture_rec`
  ADD CONSTRAINT `fk_facture_rec_fk_projet` FOREIGN KEY (`fk_projet`) REFERENCES `llx_projet` (`rowid`),
  ADD CONSTRAINT `fk_facture_rec_fk_soc` FOREIGN KEY (`fk_soc`) REFERENCES `llx_societe` (`rowid`),
  ADD CONSTRAINT `fk_facture_rec_fk_user_author` FOREIGN KEY (`fk_user_author`) REFERENCES `llx_user` (`rowid`);

--
-- Contraintes pour la table `llx_fichinter`
--
ALTER TABLE `llx_fichinter`
  ADD CONSTRAINT `fk_fichinter_fk_soc` FOREIGN KEY (`fk_soc`) REFERENCES `llx_societe` (`rowid`);

--
-- Contraintes pour la table `llx_fichinterdet`
--
ALTER TABLE `llx_fichinterdet`
  ADD CONSTRAINT `fk_fichinterdet_fk_fichinter` FOREIGN KEY (`fk_fichinter`) REFERENCES `llx_fichinter` (`rowid`);

--
-- Contraintes pour la table `llx_fichinter_rec`
--
ALTER TABLE `llx_fichinter_rec`
  ADD CONSTRAINT `fk_fichinter_rec_fk_projet` FOREIGN KEY (`fk_projet`) REFERENCES `llx_projet` (`rowid`),
  ADD CONSTRAINT `fk_fichinter_rec_fk_user_author` FOREIGN KEY (`fk_user_author`) REFERENCES `llx_user` (`rowid`);

--
-- Contraintes pour la table `llx_hrm_evaluation`
--
ALTER TABLE `llx_hrm_evaluation`
  ADD CONSTRAINT `llx_hrm_evaluation_fk_user_creat` FOREIGN KEY (`fk_user_creat`) REFERENCES `llx_user` (`rowid`);

--
-- Contraintes pour la table `llx_hrm_evaluationdet`
--
ALTER TABLE `llx_hrm_evaluationdet`
  ADD CONSTRAINT `llx_hrm_evaluationdet_fk_evaluation` FOREIGN KEY (`fk_evaluation`) REFERENCES `llx_hrm_evaluation` (`rowid`),
  ADD CONSTRAINT `llx_hrm_evaluationdet_fk_user_creat` FOREIGN KEY (`fk_user_creat`) REFERENCES `llx_user` (`rowid`);

--
-- Contraintes pour la table `llx_hrm_skill`
--
ALTER TABLE `llx_hrm_skill`
  ADD CONSTRAINT `llx_hrm_skill_fk_user_creat` FOREIGN KEY (`fk_user_creat`) REFERENCES `llx_user` (`rowid`);

--
-- Contraintes pour la table `llx_hrm_skilldet`
--
ALTER TABLE `llx_hrm_skilldet`
  ADD CONSTRAINT `llx_hrm_skilldet_fk_skill` FOREIGN KEY (`fk_skill`) REFERENCES `llx_hrm_skill` (`rowid`),
  ADD CONSTRAINT `llx_hrm_skilldet_fk_user_creat` FOREIGN KEY (`fk_user_creat`) REFERENCES `llx_user` (`rowid`);

--
-- Contraintes pour la table `llx_hrm_skillrank`
--
ALTER TABLE `llx_hrm_skillrank`
  ADD CONSTRAINT `llx_hrm_skillrank_fk_skill` FOREIGN KEY (`fk_skill`) REFERENCES `llx_hrm_skill` (`rowid`),
  ADD CONSTRAINT `llx_hrm_skillrank_fk_user_creat` FOREIGN KEY (`fk_user_creat`) REFERENCES `llx_user` (`rowid`);

--
-- Contraintes pour la table `llx_paiement_facture`
--
ALTER TABLE `llx_paiement_facture`
  ADD CONSTRAINT `fk_paiement_facture_fk_facture` FOREIGN KEY (`fk_facture`) REFERENCES `llx_facture` (`rowid`),
  ADD CONSTRAINT `fk_paiement_facture_fk_paiement` FOREIGN KEY (`fk_paiement`) REFERENCES `llx_paiement` (`rowid`);

--
-- Contraintes pour la table `llx_payment_salary`
--
ALTER TABLE `llx_payment_salary`
  ADD CONSTRAINT `fk_payment_salary_user` FOREIGN KEY (`fk_user`) REFERENCES `llx_user` (`rowid`);

--
-- Contraintes pour la table `llx_prelevement`
--
ALTER TABLE `llx_prelevement`
  ADD CONSTRAINT `fk_prelevement_fk_prelevement_lignes` FOREIGN KEY (`fk_prelevement_lignes`) REFERENCES `llx_prelevement_lignes` (`rowid`);

--
-- Contraintes pour la table `llx_prelevement_lignes`
--
ALTER TABLE `llx_prelevement_lignes`
  ADD CONSTRAINT `fk_prelevement_lignes_fk_prelevement_bons` FOREIGN KEY (`fk_prelevement_bons`) REFERENCES `llx_prelevement_bons` (`rowid`);

--
-- Contraintes pour la table `llx_product`
--
ALTER TABLE `llx_product`
  ADD CONSTRAINT `fk_product_barcode_type` FOREIGN KEY (`fk_barcode_type`) REFERENCES `llx_c_barcode_type` (`rowid`),
  ADD CONSTRAINT `fk_product_finished` FOREIGN KEY (`finished`) REFERENCES `llx_c_product_nature` (`code`),
  ADD CONSTRAINT `fk_product_fk_country` FOREIGN KEY (`fk_country`) REFERENCES `llx_c_country` (`rowid`),
  ADD CONSTRAINT `fk_product_fk_unit` FOREIGN KEY (`fk_unit`) REFERENCES `llx_c_units` (`rowid`);

--
-- Contraintes pour la table `llx_product_batch`
--
ALTER TABLE `llx_product_batch`
  ADD CONSTRAINT `fk_product_batch_fk_product_stock` FOREIGN KEY (`fk_product_stock`) REFERENCES `llx_product_stock` (`rowid`);

--
-- Contraintes pour la table `llx_product_customer_price`
--
ALTER TABLE `llx_product_customer_price`
  ADD CONSTRAINT `fk_product_customer_price_fk_product` FOREIGN KEY (`fk_product`) REFERENCES `llx_product` (`rowid`),
  ADD CONSTRAINT `fk_product_customer_price_fk_soc` FOREIGN KEY (`fk_soc`) REFERENCES `llx_societe` (`rowid`),
  ADD CONSTRAINT `fk_product_customer_price_fk_user` FOREIGN KEY (`fk_user`) REFERENCES `llx_user` (`rowid`);

--
-- Contraintes pour la table `llx_product_fournisseur_price`
--
ALTER TABLE `llx_product_fournisseur_price`
  ADD CONSTRAINT `fk_product_fournisseur_price_barcode_type` FOREIGN KEY (`fk_barcode_type`) REFERENCES `llx_c_barcode_type` (`rowid`),
  ADD CONSTRAINT `fk_product_fournisseur_price_fk_product` FOREIGN KEY (`fk_product`) REFERENCES `llx_product` (`rowid`),
  ADD CONSTRAINT `fk_product_fournisseur_price_fk_user` FOREIGN KEY (`fk_user`) REFERENCES `llx_user` (`rowid`);

--
-- Contraintes pour la table `llx_product_lang`
--
ALTER TABLE `llx_product_lang`
  ADD CONSTRAINT `fk_product_lang_fk_product` FOREIGN KEY (`fk_product`) REFERENCES `llx_product` (`rowid`);

--
-- Contraintes pour la table `llx_product_price`
--
ALTER TABLE `llx_product_price`
  ADD CONSTRAINT `fk_product_price_user_author` FOREIGN KEY (`fk_product`) REFERENCES `llx_product` (`rowid`);

--
-- Contraintes pour la table `llx_product_price_by_qty`
--
ALTER TABLE `llx_product_price_by_qty`
  ADD CONSTRAINT `fk_product_price_by_qty_fk_product_price` FOREIGN KEY (`fk_product_price`) REFERENCES `llx_product_price` (`rowid`);

--
-- Contraintes pour la table `llx_product_stock`
--
ALTER TABLE `llx_product_stock`
  ADD CONSTRAINT `fk_entrepot_entrepot_rowid` FOREIGN KEY (`fk_entrepot`) REFERENCES `llx_entrepot` (`rowid`),
  ADD CONSTRAINT `fk_product_product_rowid` FOREIGN KEY (`fk_product`) REFERENCES `llx_product` (`rowid`);

--
-- Contraintes pour la table `llx_projet`
--
ALTER TABLE `llx_projet`
  ADD CONSTRAINT `fk_projet_fk_soc` FOREIGN KEY (`fk_soc`) REFERENCES `llx_societe` (`rowid`);

--
-- Contraintes pour la table `llx_projet_task`
--
ALTER TABLE `llx_projet_task`
  ADD CONSTRAINT `fk_projet_task_fk_projet` FOREIGN KEY (`fk_projet`) REFERENCES `llx_projet` (`rowid`),
  ADD CONSTRAINT `fk_projet_task_fk_user_creat` FOREIGN KEY (`fk_user_creat`) REFERENCES `llx_user` (`rowid`),
  ADD CONSTRAINT `fk_projet_task_fk_user_valid` FOREIGN KEY (`fk_user_valid`) REFERENCES `llx_user` (`rowid`);

--
-- Contraintes pour la table `llx_propal`
--
ALTER TABLE `llx_propal`
  ADD CONSTRAINT `fk_propal_fk_projet` FOREIGN KEY (`fk_projet`) REFERENCES `llx_projet` (`rowid`),
  ADD CONSTRAINT `fk_propal_fk_soc` FOREIGN KEY (`fk_soc`) REFERENCES `llx_societe` (`rowid`),
  ADD CONSTRAINT `fk_propal_fk_user_author` FOREIGN KEY (`fk_user_author`) REFERENCES `llx_user` (`rowid`),
  ADD CONSTRAINT `fk_propal_fk_user_cloture` FOREIGN KEY (`fk_user_cloture`) REFERENCES `llx_user` (`rowid`),
  ADD CONSTRAINT `fk_propal_fk_user_signature` FOREIGN KEY (`fk_user_signature`) REFERENCES `llx_user` (`rowid`),
  ADD CONSTRAINT `fk_propal_fk_user_valid` FOREIGN KEY (`fk_user_valid`) REFERENCES `llx_user` (`rowid`);

--
-- Contraintes pour la table `llx_propaldet`
--
ALTER TABLE `llx_propaldet`
  ADD CONSTRAINT `fk_propaldet_fk_propal` FOREIGN KEY (`fk_propal`) REFERENCES `llx_propal` (`rowid`),
  ADD CONSTRAINT `fk_propaldet_fk_unit` FOREIGN KEY (`fk_unit`) REFERENCES `llx_c_units` (`rowid`);

--
-- Contraintes pour la table `llx_reception`
--
ALTER TABLE `llx_reception`
  ADD CONSTRAINT `fk_reception_fk_shipping_method` FOREIGN KEY (`fk_shipping_method`) REFERENCES `llx_c_shipment_mode` (`rowid`),
  ADD CONSTRAINT `fk_reception_fk_soc` FOREIGN KEY (`fk_soc`) REFERENCES `llx_societe` (`rowid`),
  ADD CONSTRAINT `fk_reception_fk_user_author` FOREIGN KEY (`fk_user_author`) REFERENCES `llx_user` (`rowid`),
  ADD CONSTRAINT `fk_reception_fk_user_valid` FOREIGN KEY (`fk_user_valid`) REFERENCES `llx_user` (`rowid`);

--
-- Contraintes pour la table `llx_receptiondet_batch`
--
ALTER TABLE `llx_receptiondet_batch`
  ADD CONSTRAINT `fk_receptiondet_batch_fk_reception` FOREIGN KEY (`fk_reception`) REFERENCES `llx_reception` (`rowid`);

--
-- Contraintes pour la table `llx_resource`
--
ALTER TABLE `llx_resource`
  ADD CONSTRAINT `fk_resource_fk_country` FOREIGN KEY (`fk_country`) REFERENCES `llx_c_country` (`rowid`);

--
-- Contraintes pour la table `llx_societe_account`
--
ALTER TABLE `llx_societe_account`
  ADD CONSTRAINT `llx_societe_account_fk_societe` FOREIGN KEY (`fk_soc`) REFERENCES `llx_societe` (`rowid`);

--
-- Contraintes pour la table `llx_societe_commerciaux`
--
ALTER TABLE `llx_societe_commerciaux`
  ADD CONSTRAINT `fk_societe_commerciaux_fk_soc` FOREIGN KEY (`fk_soc`) REFERENCES `llx_societe` (`rowid`),
  ADD CONSTRAINT `fk_societe_commerciaux_fk_user` FOREIGN KEY (`fk_user`) REFERENCES `llx_user` (`rowid`);

--
-- Contraintes pour la table `llx_societe_contacts`
--
ALTER TABLE `llx_societe_contacts`
  ADD CONSTRAINT `fk_societe_contacts_fk_c_type_contact` FOREIGN KEY (`fk_c_type_contact`) REFERENCES `llx_c_type_contact` (`rowid`),
  ADD CONSTRAINT `fk_societe_contacts_fk_soc` FOREIGN KEY (`fk_soc`) REFERENCES `llx_societe` (`rowid`),
  ADD CONSTRAINT `fk_societe_contacts_fk_socpeople` FOREIGN KEY (`fk_socpeople`) REFERENCES `llx_socpeople` (`rowid`);

--
-- Contraintes pour la table `llx_societe_remise_except`
--
ALTER TABLE `llx_societe_remise_except`
  ADD CONSTRAINT `fk_soc_remise_fk_facture_line` FOREIGN KEY (`fk_facture_line`) REFERENCES `llx_facturedet` (`rowid`),
  ADD CONSTRAINT `fk_soc_remise_fk_invoice_supplier_line` FOREIGN KEY (`fk_invoice_supplier_line`) REFERENCES `llx_facture_fourn_det` (`rowid`),
  ADD CONSTRAINT `fk_soc_remise_fk_soc` FOREIGN KEY (`fk_soc`) REFERENCES `llx_societe` (`rowid`),
  ADD CONSTRAINT `fk_societe_remise_fk_facture` FOREIGN KEY (`fk_facture`) REFERENCES `llx_facture` (`rowid`),
  ADD CONSTRAINT `fk_societe_remise_fk_facture_source` FOREIGN KEY (`fk_facture_source`) REFERENCES `llx_facture` (`rowid`),
  ADD CONSTRAINT `fk_societe_remise_fk_invoice_supplier` FOREIGN KEY (`fk_invoice_supplier`) REFERENCES `llx_facture_fourn` (`rowid`),
  ADD CONSTRAINT `fk_societe_remise_fk_invoice_supplier_source` FOREIGN KEY (`fk_invoice_supplier`) REFERENCES `llx_facture_fourn` (`rowid`),
  ADD CONSTRAINT `fk_societe_remise_fk_user` FOREIGN KEY (`fk_user`) REFERENCES `llx_user` (`rowid`);

--
-- Contraintes pour la table `llx_societe_rib`
--
ALTER TABLE `llx_societe_rib`
  ADD CONSTRAINT `llx_societe_rib_fk_societe` FOREIGN KEY (`fk_soc`) REFERENCES `llx_societe` (`rowid`);

--
-- Contraintes pour la table `llx_socpeople`
--
ALTER TABLE `llx_socpeople`
  ADD CONSTRAINT `fk_socpeople_fk_soc` FOREIGN KEY (`fk_soc`) REFERENCES `llx_societe` (`rowid`),
  ADD CONSTRAINT `fk_socpeople_user_creat_user_rowid` FOREIGN KEY (`fk_user_creat`) REFERENCES `llx_user` (`rowid`);

--
-- Contraintes pour la table `llx_supplier_proposaldet`
--
ALTER TABLE `llx_supplier_proposaldet`
  ADD CONSTRAINT `fk_supplier_proposaldet_fk_supplier_proposal` FOREIGN KEY (`fk_supplier_proposal`) REFERENCES `llx_supplier_proposal` (`rowid`),
  ADD CONSTRAINT `fk_supplier_proposaldet_fk_unit` FOREIGN KEY (`fk_unit`) REFERENCES `llx_c_units` (`rowid`);

--
-- Contraintes pour la table `llx_usergroup_rights`
--
ALTER TABLE `llx_usergroup_rights`
  ADD CONSTRAINT `fk_usergroup_rights_fk_usergroup` FOREIGN KEY (`fk_usergroup`) REFERENCES `llx_usergroup` (`rowid`);

--
-- Contraintes pour la table `llx_usergroup_user`
--
ALTER TABLE `llx_usergroup_user`
  ADD CONSTRAINT `fk_usergroup_user_fk_user` FOREIGN KEY (`fk_user`) REFERENCES `llx_user` (`rowid`),
  ADD CONSTRAINT `fk_usergroup_user_fk_usergroup` FOREIGN KEY (`fk_usergroup`) REFERENCES `llx_usergroup` (`rowid`);

--
-- Contraintes pour la table `llx_user_employment`
--
ALTER TABLE `llx_user_employment`
  ADD CONSTRAINT `fk_user_employment_fk_user` FOREIGN KEY (`fk_user`) REFERENCES `llx_user` (`rowid`);

--
-- Contraintes pour la table `llx_user_rights`
--
ALTER TABLE `llx_user_rights`
  ADD CONSTRAINT `fk_user_rights_fk_user_user` FOREIGN KEY (`fk_user`) REFERENCES `llx_user` (`rowid`);
COMMIT;

