INSERT INTO `llx_actioncomm` (`id`, `ref`, `ref_ext`, `entity`, `datep`, `datep2`, `fk_action`, `code`, `datec`, `tms`, `fk_user_author`, `fk_user_mod`, `fk_project`, `fk_task`, `fk_soc`, `fk_contact`, `fk_parent`, `fk_user_action`, `transparency`, `priority`, `visibility`, `fulldayevent`, `percent`, `location`, `durationp`, `label`, `note`, `calling_duration`, `email_subject`, `email_msgid`, `email_from`, `email_sender`, `email_to`, `email_tocc`, `email_tobcc`, `errors_to`, `reply_to`, `recurid`, `recurrule`, `recurdateend`, `num_vote`, `event_paid`, `status`, `fk_element`, `elementtype`, `ip`, `fk_bookcal_calendar`, `import_key`, `extraparams`) VALUES
(2432, '2432', NULL, 1, '2026-01-07 19:36:02', '2026-01-07 19:36:02', 40, 'AC_COMPANY_MODIFY', '2026-01-07 19:36:02', '2026-01-07 19:36:02', 24, NULL, NULL, NULL, 721, NULL, 0, 24, 0, 0, 'default', 0, -1, '', NULL, 'Tiers CAVAS modifié', 'Tiers CAVAS modifié', NULL, NULL, NULL, NULL, NULL, NULL, NULL, NULL, NULL, NULL, NULL, NULL, NULL, NULL, 0, 0, NULL, NULL, NULL, NULL, NULL, NULL),
(2433, '2433', NULL, 1, '2026-01-07 19:37:18', '2026-01-07 19:37:18', 40, 'AC_USER_CREATE', '2026-01-07 19:37:18', '2026-01-07 19:37:18', 27, NULL, NULL, NULL, NULL, NULL, 0, 27, 0, 0, 'default', 0, -1, '', NULL, 'Enregistrement  effectué', 'Enregistrement  effectué', NULL, NULL, NULL, NULL, NULL, NULL, NULL, NULL, NULL, NULL, NULL, NULL, NULL, NULL, 0, 0, 60, 'user', NULL, NULL, NULL, NULL),
(2434, '2434', NULL, 1, '2026-01-07 19:37:19', '2026-01-07 19:37:19', 40, 'AC_USER_NEW_PASSWORD', '2026-01-07 19:37:19', '2026-01-07 19:37:19', 27, NULL, NULL, NULL, NULL, NULL, 0, 27, 0, 0, 'default', 0, -1, '', NULL, 'Mot de passe modifié dans Dolibarr', 'Mot de passe modifié dans Dolibarr', NULL, NULL, NULL, NULL, NULL, NULL, NULL, NULL, NULL, NULL, NULL, NULL, NULL, NULL, 0, 0, 60, 'user', NULL, NULL, NULL, NULL),
(2435, '2435', NULL, 1, '2026-01-07 19:39:09', '2026-01-07 19:39:09', 40, 'AC_USER_CREATE', '2026-01-07 19:39:09', '2026-01-07 19:39:09', 27, NULL, NULL, NULL, NULL, NULL, 0, 27, 0, 0, 'default', 0, -1, '', NULL, 'Enregistrement  effectué', 'Enregistrement  effectué', NULL, NULL, NULL, NULL, NULL, NULL, NULL, NULL, NULL, NULL, NULL, NULL, NULL, NULL, 0, 0, 61, 'user', NULL, NULL, NULL, NULL),
(2436, '2436', NULL, 1, '2026-01-07 19:39:09', '2026-01-07 19:39:09', 40, 'AC_USER_NEW_PASSWORD', '2026-01-07 19:39:09', '2026-01-07 19:39:09', 27, NULL, NULL, NULL, NULL, NULL, 0, 27, 0, 0, 'default', 0, -1, '', NULL, 'Mot de passe modifié dans Dolibarr', 'Mot de passe modifié dans Dolibarr', NULL, NULL, NULL, NULL, NULL, NULL, NULL, NULL, NULL, NULL, NULL, NULL, NULL, NULL, 0, 0, 61, 'user', NULL, NULL, NULL, NULL),
(2437, '2437', NULL, 1, '2026-01-07 19:41:07', '2026-01-07 19:41:07', 40, 'AC_USER_CREATE', '2026-01-07 19:41:07', '2026-01-07 19:41:07', 27, NULL, NULL, NULL, NULL, NULL, 0, 27, 0, 0, 'default', 0, -1, '', NULL, 'Enregistrement  effectué', 'Enregistrement  effectué', NULL, NULL, NULL, NULL, NULL, NULL, NULL, NULL, NULL, NULL, NULL, NULL, NULL, NULL, 0, 0, 62, 'user', NULL, NULL, NULL, NULL),
(2438, '2438', NULL, 1, '2026-01-07 19:41:07', '2026-01-07 19:41:07', 40, 'AC_USER_NEW_PASSWORD', '2026-01-07 19:41:07', '2026-01-07 19:41:07', 27, NULL, NULL, NULL, NULL, NULL, 0, 27, 0, 0, 'default', 0, -1, '', NULL, 'Mot de passe modifié dans Dolibarr', 'Mot de passe modifié dans Dolibarr', NULL, NULL, NULL, NULL, NULL, NULL, NULL, NULL, NULL, NULL, NULL, NULL, NULL, NULL, 0, 0, 62, 'user', NULL, NULL, NULL, NULL),
(2439, '2439', NULL, 1, '2026-01-07 19:43:16', '2026-01-07 19:43:16', 40, 'AC_USER_CREATE', '2026-01-07 19:43:16', '2026-01-07 19:43:16', 27, NULL, NULL, NULL, NULL, NULL, 0, 27, 0, 0, 'default', 0, -1, '', NULL, 'Enregistrement  effectué', 'Enregistrement  effectué', NULL, NULL, NULL, NULL, NULL, NULL, NULL, NULL, NULL, NULL, NULL, NULL, NULL, NULL, 0, 0, 63, 'user', NULL, NULL, NULL, NULL),
(2440, '2440', NULL, 1, '2026-01-07 19:43:16', '2026-01-07 19:43:16', 40, 'AC_USER_NEW_PASSWORD', '2026-01-07 19:43:16', '2026-01-07 19:43:16', 27, NULL, NULL, NULL, NULL, NULL, 0, 27, 0, 0, 'default', 0, -1, '', NULL, 'Mot de passe modifié dans Dolibarr', 'Mot de passe modifié dans Dolibarr', NULL, NULL, NULL, NULL, NULL, NULL, NULL, NULL, NULL, NULL, NULL, NULL, NULL, NULL, 0, 0, 63, 'user', NULL, NULL, NULL, NULL),
(2441, '2441', NULL, 1, '2026-01-07 19:46:25', '2026-01-07 19:46:25', 40, 'AC_USER_CREATE', '2026-01-07 19:46:25', '2026-01-07 19:46:25', 27, NULL, NULL, NULL, NULL, NULL, 0, 27, 0, 0, 'default', 0, -1, '', NULL, 'Enregistrement  effectué', 'Enregistrement  effectué', NULL, NULL, NULL, NULL, NULL, NULL, NULL, NULL, NULL, NULL, NULL, NULL, NULL, NULL, 0, 0, 64, 'user', NULL, NULL, NULL, NULL),
(2442, '2442', NULL, 1, '2026-01-07 19:46:26', '2026-01-07 19:46:26', 40, 'AC_USER_NEW_PASSWORD', '2026-01-07 19:46:26', '2026-01-07 19:46:26', 27, NULL, NULL, NULL, NULL, NULL, 0, 27, 0, 0, 'default', 0, -1, '', NULL, 'Mot de passe modifié dans Dolibarr', 'Mot de passe modifié dans Dolibarr', NULL, NULL, NULL, NULL, NULL, NULL, NULL, NULL, NULL, NULL, NULL, NULL, NULL, NULL, 0, 0, 64, 'user', NULL, NULL, NULL, NULL),
(2443, '2443', NULL, 1, '2026-01-07 19:46:54', '2026-01-07 19:46:54', 40, 'AC_COMPANY_MODIFY', '2026-01-07 19:46:54', '2026-01-07 19:46:54', 24, NULL, NULL, NULL, 420, NULL, 0, 24, 0, 0, 'default', 0, -1, '', NULL, 'Tiers CEFI modifié', 'Tiers CEFI modifié', NULL, NULL, NULL, NULL, NULL, NULL, NULL, NULL, NULL, NULL, NULL, NULL, NULL, NULL, 0, 0, NULL, NULL, NULL, NULL, NULL, NULL),
(2444, '2444', NULL, 1, '2026-01-07 19:47:46', '2026-01-07 19:47:46', 40, 'AC_COMPANY_MODIFY', '2026-01-07 19:47:46', '2026-01-07 19:47:46', 24, NULL, NULL, NULL, 668, NULL, 0, 24, 0, 0, 'default', 0, -1, '', NULL, 'Tiers CEFIS modifié', 'Tiers CEFIS modifié', NULL, NULL, NULL, NULL, NULL, NULL, NULL, NULL, NULL, NULL, NULL, NULL, NULL, NULL, 0, 0, NULL, NULL, NULL, NULL, NULL, NULL),
(2445, '2445', NULL, 1, '2026-01-07 19:48:57', '2026-01-07 19:48:57', 40, 'AC_USER_CREATE', '2026-01-07 19:48:57', '2026-01-07 19:48:57', 27, NULL, NULL, NULL, NULL, NULL, 0, 27, 0, 0, 'default', 0, -1, '', NULL, 'Enregistrement  effectué', 'Enregistrement  effectué', NULL, NULL, NULL, NULL, NULL, NULL, NULL, NULL, NULL, NULL, NULL, NULL, NULL, NULL, 0, 0, 65, 'user', NULL, NULL, NULL, NULL),
(2446, '2446', NULL, 1, '2026-01-07 19:48:57', '2026-01-07 19:48:57', 40, 'AC_USER_NEW_PASSWORD', '2026-01-07 19:48:57', '2026-01-07 19:48:57', 27, NULL, NULL, NULL, NULL, NULL, 0, 27, 0, 0, 'default', 0, -1, '', NULL, 'Mot de passe modifié dans Dolibarr', 'Mot de passe modifié dans Dolibarr', NULL, NULL, NULL, NULL, NULL, NULL, NULL, NULL, NULL, NULL, NULL, NULL, NULL, NULL, 0, 0, 65, 'user', NULL, NULL, NULL, NULL),
(2447, '2447', NULL, 1, '2026-01-07 19:49:41', '2026-01-07 19:49:41', 40, 'AC_COMPANY_MODIFY', '2026-01-07 19:49:41', '2026-01-07 19:49:41', 24, NULL, NULL, NULL, 418, NULL, 0, 24, 0, 0, 'default', 0, -1, '', NULL, 'Tiers CES modifié', 'Tiers CES modifié', NULL, NULL, NULL, NULL, NULL, NULL, NULL, NULL, NULL, NULL, NULL, NULL, NULL, NULL, 0, 0, NULL, NULL, NULL, NULL, NULL, NULL),
(2448, '2448', NULL, 1, '2026-01-07 19:50:16', '2026-01-07 19:50:16', 40, 'AC_COMPANY_MODIFY', '2026-01-07 19:50:16', '2026-01-07 19:50:16', 24, NULL, NULL, NULL, 722, NULL, 0, 24, 0, 0, 'default', 0, -1, '', NULL, 'Tiers CF INTER PIE AUTO modifié', 'Tiers CF INTER PIE AUTO modifié', NULL, NULL, NULL, NULL, NULL, NULL, NULL, NULL, NULL, NULL, NULL, NULL, NULL, NULL, 0, 0, NULL, NULL, NULL, NULL, NULL, NULL),
(2449, '2449', NULL, 1, '2026-01-07 19:50:48', '2026-01-07 19:50:48', 40, 'AC_COMPANY_MODIFY', '2026-01-07 19:50:48', '2026-01-07 19:50:48', 24, NULL, NULL, NULL, 653, NULL, 0, 24, 0, 0, 'default', 0, -1, '', NULL, 'Tiers CFAO modifié', 'Tiers CFAO modifié', NULL, NULL, NULL, NULL, NULL, NULL, NULL, NULL, NULL, NULL, NULL, NULL, NULL, NULL, 0, 0, NULL, NULL, NULL, NULL, NULL, NULL),
(2450, '2450', NULL, 1, '2026-01-07 19:50:56', '2026-01-07 19:50:56', 40, 'AC_USER_CREATE', '2026-01-07 19:50:56', '2026-01-07 19:50:56', 27, NULL, NULL, NULL, NULL, NULL, 0, 27, 0, 0, 'default', 0, -1, '', NULL, 'Enregistrement  effectué', 'Enregistrement  effectué', NULL, NULL, NULL, NULL, NULL, NULL, NULL, NULL, NULL, NULL, NULL, NULL, NULL, NULL, 0, 0, 66, 'user', NULL, NULL, NULL, NULL),
(2451, '2451', NULL, 1, '2026-01-07 19:50:57', '2026-01-07 19:50:57', 40, 'AC_USER_NEW_PASSWORD', '2026-01-07 19:50:57', '2026-01-07 19:50:57', 27, NULL, NULL, NULL, NULL, NULL, 0, 27, 0, 0, 'default', 0, -1, '', NULL, 'Mot de passe modifié dans Dolibarr', 'Mot de passe modifié dans Dolibarr', NULL, NULL, NULL, NULL, NULL, NULL, NULL, NULL, NULL, NULL, NULL, NULL, NULL, NULL, 0, 0, 66, 'user', NULL, NULL, NULL, NULL),
(2452, '2452', NULL, 1, '2026-01-07 19:51:26', '2026-01-07 19:51:26', 40, 'AC_COMPANY_MODIFY', '2026-01-07 19:51:26', '2026-01-07 19:51:26', 24, NULL, NULL, NULL, 723, NULL, 0, 24, 0, 0, 'default', 0, -1, '', NULL, 'Tiers CHINA MALL COTE D\'IVOIRE modifié', 'Tiers CHINA MALL COTE D\'IVOIRE modifié', NULL, NULL, NULL, NULL, NULL, NULL, NULL, NULL, NULL, NULL, NULL, NULL, NULL, NULL, 0, 0, NULL, NULL, NULL, NULL, NULL, NULL),
(2453, '2453', NULL, 1, '2026-01-07 19:51:55', '2026-01-07 19:51:55', 40, 'AC_COMPANY_MODIFY', '2026-01-07 19:51:55', '2026-01-07 19:51:55', 24, NULL, NULL, NULL, 697, NULL, 0, 24, 0, 0, 'default', 0, -1, '', NULL, 'Tiers CIDMAC modifié', 'Tiers CIDMAC modifié', NULL, NULL, NULL, NULL, NULL, NULL, NULL, NULL, NULL, NULL, NULL, NULL, NULL, NULL, 0, 0, NULL, NULL, NULL, NULL, NULL, NULL),
(2454, '2454', NULL, 1, '2026-01-07 19:52:14', '2026-01-07 19:52:14', 40, 'AC_USER_MODIFY', '2026-01-07 19:52:14', '2026-01-07 19:52:14', 27, NULL, NULL, NULL, NULL, NULL, 0, 27, 0, 0, 'default', 0, -1, '', NULL, 'Enregistrement 66 modifié', 'Enregistrement 66 modifié', NULL, NULL, NULL, NULL, NULL, NULL, NULL, NULL, NULL, NULL, NULL, NULL, NULL, NULL, 0, 0, 66, 'user', NULL, NULL, NULL, NULL),
(2455, '2455', NULL, 1, '2026-01-07 19:52:31', '2026-01-07 19:52:31', 40, 'AC_COMPANY_MODIFY', '2026-01-07 19:52:31', '2026-01-07 19:52:31', 24, NULL, NULL, NULL, 724, NULL, 0, 24, 0, 0, 'default', 0, -1, '', NULL, 'Tiers CIE (ELECTRICITE) modifié', 'Tiers CIE (ELECTRICITE) modifié', NULL, NULL, NULL, NULL, NULL, NULL, NULL, NULL, NULL, NULL, NULL, NULL, NULL, NULL, 0, 0, NULL, NULL, NULL, NULL, NULL, NULL),
(2456, '2456', NULL, 1, '2026-01-07 19:52:56', '2026-01-07 19:52:56', 40, 'AC_COMPANY_MODIFY', '2026-01-07 19:52:56', '2026-01-07 19:52:56', 24, NULL, NULL, NULL, 725, NULL, 0, 24, 0, 0, 'default', 0, -1, '', NULL, 'Tiers CIE (PRESTATIONS) modifié', 'Tiers CIE (PRESTATIONS) modifié', NULL, NULL, NULL, NULL, NULL, NULL, NULL, NULL, NULL, NULL, NULL, NULL, NULL, NULL, 0, 0, NULL, NULL, NULL, NULL, NULL, NULL),
(2457, '2457', NULL, 1, '2026-01-07 19:53:35', '2026-01-07 19:53:35', 40, 'AC_COMPANY_MODIFY', '2026-01-07 19:53:35', '2026-01-07 19:53:35', 24, NULL, NULL, NULL, 698, NULL, 0, 24, 0, 0, 'default', 0, -1, '', NULL, 'Tiers CLARA SHOP modifié', 'Tiers CLARA SHOP modifié', NULL, NULL, NULL, NULL, NULL, NULL, NULL, NULL, NULL, NULL, NULL, NULL, NULL, NULL, 0, 0, NULL, NULL, NULL, NULL, NULL, NULL),
(2458, '2458', NULL, 1, '2026-01-07 19:54:28', '2026-01-07 19:54:28', 40, 'AC_COMPANY_MODIFY', '2026-01-07 19:54:28', '2026-01-07 19:54:28', 24, NULL, NULL, NULL, 672, NULL, 0, 24, 0, 0, 'default', 0, -1, '', NULL, 'Tiers CONSOMMABLE PLUS modifié', 'Tiers CONSOMMABLE PLUS modifié', NULL, NULL, NULL, NULL, NULL, NULL, NULL, NULL, NULL, NULL, NULL, NULL, NULL, NULL, 0, 0, NULL, NULL, NULL, NULL, NULL, NULL),
(2459, '2459', NULL, 1, '2026-01-07 19:56:04', '2026-01-07 19:56:04', 40, 'AC_USER_CREATE', '2026-01-07 19:56:04', '2026-01-07 19:56:04', 27, NULL, NULL, NULL, NULL, NULL, 0, 27, 0, 0, 'default', 0, -1, '', NULL, 'Enregistrement  effectué', 'Enregistrement  effectué', NULL, NULL, NULL, NULL, NULL, NULL, NULL, NULL, NULL, NULL, NULL, NULL, NULL, NULL, 0, 0, 67, 'user', NULL, NULL, NULL, NULL),
(2460, '2460', NULL, 1, '2026-01-07 19:56:04', '2026-01-07 19:56:04', 40, 'AC_USER_NEW_PASSWORD', '2026-01-07 19:56:04', '2026-01-07 19:56:04', 27, NULL, NULL, NULL, NULL, NULL, 0, 27, 0, 0, 'default', 0, -1, '', NULL, 'Mot de passe modifié dans Dolibarr', 'Mot de passe modifié dans Dolibarr', NULL, NULL, NULL, NULL, NULL, NULL, NULL, NULL, NULL, NULL, NULL, NULL, NULL, NULL, 0, 0, 67, 'user', NULL, NULL, NULL, NULL),
(2461, '2461', NULL, 1, '2026-01-08 07:32:53', '2026-01-08 07:32:53', 40, 'AC_USER_CREATE', '2026-01-08 07:32:53', '2026-01-08 07:32:53', 27, NULL, NULL, NULL, NULL, NULL, 0, 27, 0, 0, 'default', 0, -1, '', NULL, 'Enregistrement  effectué', 'Enregistrement  effectué', NULL, NULL, NULL, NULL, NULL, NULL, NULL, NULL, NULL, NULL, NULL, NULL, NULL, NULL, 0, 0, 68, 'user', NULL, NULL, NULL, NULL),
(2462, '2462', NULL, 1, '2026-01-08 07:32:53', '2026-01-08 07:32:53', 40, 'AC_USER_NEW_PASSWORD', '2026-01-08 07:32:53', '2026-01-08 07:32:53', 27, NULL, NULL, NULL, NULL, NULL, 0, 27, 0, 0, 'default', 0, -1, '', NULL, 'Mot de passe modifié dans Dolibarr', 'Mot de passe modifié dans Dolibarr', NULL, NULL, NULL, NULL, NULL, NULL, NULL, NULL, NULL, NULL, NULL, NULL, NULL, NULL, 0, 0, 68, 'user', NULL, NULL, NULL, NULL),
(2463, '2463', NULL, 1, '2026-01-08 07:36:09', '2026-01-08 07:36:09', 40, 'AC_USER_CREATE', '2026-01-08 07:36:09', '2026-01-08 07:36:09', 27, NULL, NULL, NULL, NULL, NULL, 0, 27, 0, 0, 'default', 0, -1, '', NULL, 'Enregistrement  effectué', 'Enregistrement  effectué', NULL, NULL, NULL, NULL, NULL, NULL, NULL, NULL, NULL, NULL, NULL, NULL, NULL, NULL, 0, 0, 69, 'user', NULL, NULL, NULL, NULL),
(2464, '2464', NULL, 1, '2026-01-08 07:36:09', '2026-01-08 07:36:09', 40, 'AC_USER_NEW_PASSWORD', '2026-01-08 07:36:09', '2026-01-08 07:36:09', 27, NULL, NULL, NULL, NULL, NULL, 0, 27, 0, 0, 'default', 0, -1, '', NULL, 'Mot de passe modifié dans Dolibarr', 'Mot de passe modifié dans Dolibarr', NULL, NULL, NULL, NULL, NULL, NULL, NULL, NULL, NULL, NULL, NULL, NULL, NULL, NULL, 0, 0, 69, 'user', NULL, NULL, NULL, NULL),
(2465, '2465', NULL, 1, '2026-01-08 07:40:05', '2026-01-08 07:40:05', 40, 'AC_USER_CREATE', '2026-01-08 07:40:05', '2026-01-08 07:40:05', 27, NULL, NULL, NULL, NULL, NULL, 0, 27, 0, 0, 'default', 0, -1, '', NULL, 'Enregistrement  effectué', 'Enregistrement  effectué', NULL, NULL, NULL, NULL, NULL, NULL, NULL, NULL, NULL, NULL, NULL, NULL, NULL, NULL, 0, 0, 70, 'user', NULL, NULL, NULL, NULL),
(2466, '2466', NULL, 1, '2026-01-08 07:40:05', '2026-01-08 07:40:05', 40, 'AC_USER_NEW_PASSWORD', '2026-01-08 07:40:05', '2026-01-08 07:40:05', 27, NULL, NULL, NULL, NULL, NULL, 0, 27, 0, 0, 'default', 0, -1, '', NULL, 'Mot de passe modifié dans Dolibarr', 'Mot de passe modifié dans Dolibarr', NULL, NULL, NULL, NULL, NULL, NULL, NULL, NULL, NULL, NULL, NULL, NULL, NULL, NULL, 0, 0, 70, 'user', NULL, NULL, NULL, NULL),
(2467, '2467', NULL, 1, '2026-01-08 07:40:56', '2026-01-08 07:40:56', 40, 'AC_USER_MODIFY', '2026-01-08 07:40:56', '2026-01-08 07:40:56', 27, NULL, NULL, NULL, NULL, NULL, 0, 27, 0, 0, 'default', 0, -1, '', NULL, 'Enregistrement 70 modifié', 'Enregistrement 70 modifié', NULL, NULL, NULL, NULL, NULL, NULL, NULL, NULL, NULL, NULL, NULL, NULL, NULL, NULL, 0, 0, 70, 'user', NULL, NULL, NULL, NULL),
(2468, '2468', NULL, 1, '2026-01-08 07:43:58', '2026-01-08 07:43:58', 40, 'AC_USER_CREATE', '2026-01-08 07:43:58', '2026-01-08 07:43:58', 27, NULL, NULL, NULL, NULL, NULL, 0, 27, 0, 0, 'default', 0, -1, '', NULL, 'Enregistrement  effectué', 'Enregistrement  effectué', NULL, NULL, NULL, NULL, NULL, NULL, NULL, NULL, NULL, NULL, NULL, NULL, NULL, NULL, 0, 0, 71, 'user', NULL, NULL, NULL, NULL),
(2469, '2469', NULL, 1, '2026-01-08 07:43:58', '2026-01-08 07:43:58', 40, 'AC_USER_NEW_PASSWORD', '2026-01-08 07:43:58', '2026-01-08 07:43:58', 27, NULL, NULL, NULL, NULL, NULL, 0, 27, 0, 0, 'default', 0, -1, '', NULL, 'Mot de passe modifié dans Dolibarr', 'Mot de passe modifié dans Dolibarr', NULL, NULL, NULL, NULL, NULL, NULL, NULL, NULL, NULL, NULL, NULL, NULL, NULL, NULL, 0, 0, 71, 'user', NULL, NULL, NULL, NULL),
(2470, '2470', NULL, 1, '2026-01-08 07:45:47', '2026-01-08 07:45:47', 40, 'AC_USER_CREATE', '2026-01-08 07:45:47', '2026-01-08 07:45:47', 27, NULL, NULL, NULL, NULL, NULL, 0, 27, 0, 0, 'default', 0, -1, '', NULL, 'Enregistrement  effectué', 'Enregistrement  effectué', NULL, NULL, NULL, NULL, NULL, NULL, NULL, NULL, NULL, NULL, NULL, NULL, NULL, NULL, 0, 0, 72, 'user', NULL, NULL, NULL, NULL),
(2471, '2471', NULL, 1, '2026-01-08 07:45:48', '2026-01-08 07:45:48', 40, 'AC_USER_NEW_PASSWORD', '2026-01-08 07:45:48', '2026-01-08 07:45:48', 27, NULL, NULL, NULL, NULL, NULL, 0, 27, 0, 0, 'default', 0, -1, '', NULL, 'Mot de passe modifié dans Dolibarr', 'Mot de passe modifié dans Dolibarr', NULL, NULL, NULL, NULL, NULL, NULL, NULL, NULL, NULL, NULL, NULL, NULL, NULL, NULL, 0, 0, 72, 'user', NULL, NULL, NULL, NULL),
(2472, '2472', NULL, 1, '2026-01-08 08:23:36', '2026-01-08 08:23:36', 40, 'AC_COMPANY_CREATE', '2026-01-08 08:23:36', '2026-01-08 08:23:36', 23, NULL, NULL, NULL, 790, NULL, 0, 23, 0, 0, 'default', 0, -1, '', NULL, 'Tiers AFRIKA BANQUE COTE D\'IVOIRE créé', 'Tiers AFRIKA BANQUE COTE D\'IVOIRE créé', NULL, NULL, NULL, NULL, NULL, NULL, NULL, NULL, NULL, NULL, NULL, NULL, NULL, NULL, 0, 0, NULL, NULL, NULL, NULL, NULL, NULL),
(2473, '2473', NULL, 1, '2026-01-08 08:26:14', '2026-01-08 08:26:14', 40, 'AC_COMPANY_CREATE', '2026-01-08 08:26:14', '2026-01-08 08:26:14', 23, NULL, NULL, NULL, 791, NULL, 0, 23, 0, 0, 'default', 0, -1, '', NULL, 'Tiers BOSSIA ARCHITECTS créé', 'Tiers BOSSIA ARCHITECTS créé', NULL, NULL, NULL, NULL, NULL, NULL, NULL, NULL, NULL, NULL, NULL, NULL, NULL, NULL, 0, 0, NULL, NULL, NULL, NULL, NULL, NULL),
(2474, '2474', NULL, 1, '2026-01-08 08:28:42', '2026-01-08 08:28:42', 40, 'AC_COMPANY_MODIFY', '2026-01-08 08:28:42', '2026-01-08 08:28:42', 23, NULL, NULL, NULL, 791, NULL, 0, 23, 0, 0, 'default', 0, -1, '', NULL, 'Tiers BOSSIA ARCHITECTS modifié', 'Tiers BOSSIA ARCHITECTS modifié', NULL, NULL, NULL, NULL, NULL, NULL, NULL, NULL, NULL, NULL, NULL, NULL, NULL, NULL, 0, 0, NULL, NULL, NULL, NULL, NULL, NULL),
(2475, '2475', NULL, 1, '2026-01-08 08:30:24', '2026-01-08 08:30:24', 40, 'AC_COMPANY_CREATE', '2026-01-08 08:30:24', '2026-01-08 08:30:24', 23, NULL, NULL, NULL, 793, NULL, 0, 23, 0, 0, 'default', 0, -1, '', NULL, 'Tiers AB+ GROUP créé', 'Tiers AB+ GROUP créé', NULL, NULL, NULL, NULL, NULL, NULL, NULL, NULL, NULL, NULL, NULL, NULL, NULL, NULL, 0, 0, NULL, NULL, NULL, NULL, NULL, NULL),
(2476, '2476', NULL, 1, '2026-01-08 08:33:12', '2026-01-08 08:33:12', 40, 'AC_COMPANY_MODIFY', '2026-01-08 08:33:12', '2026-01-08 08:33:12', 23, NULL, NULL, NULL, 793, NULL, 0, 23, 0, 0, 'default', 0, -1, '', NULL, 'Tiers AB+ GROUP modifié', 'Tiers AB+ GROUP modifié', NULL, NULL, NULL, NULL, NULL, NULL, NULL, NULL, NULL, NULL, NULL, NULL, NULL, NULL, 0, 0, NULL, NULL, NULL, NULL, NULL, NULL),
(2477, '2477', NULL, 1, '2026-01-08 08:37:15', '2026-01-08 08:37:15', 40, 'AC_COMPANY_CREATE', '2026-01-08 08:37:15', '2026-01-08 08:37:15', 23, NULL, NULL, NULL, 794, NULL, 0, 23, 0, 0, 'default', 0, -1, '', NULL, 'Tiers ARCHITECTURE ET MILIEU créé', 'Tiers ARCHITECTURE ET MILIEU créé', NULL, NULL, NULL, NULL, NULL, NULL, NULL, NULL, NULL, NULL, NULL, NULL, NULL, NULL, 0, 0, NULL, NULL, NULL, NULL, NULL, NULL),
(2478, '2478', NULL, 1, '2026-01-08 08:41:37', '2026-01-08 08:41:37', 40, 'AC_COMPANY_CREATE', '2026-01-08 08:41:37', '2026-01-08 08:41:37', 23, NULL, NULL, NULL, 795, NULL, 0, 23, 0, 0, 'default', 0, -1, '', NULL, 'Tiers ABTP SARL créé', 'Tiers ABTP SARL créé', NULL, NULL, NULL, NULL, NULL, NULL, NULL, NULL, NULL, NULL, NULL, NULL, NULL, NULL, 0, 0, NULL, NULL, NULL, NULL, NULL, NULL),
(2479, '2479', NULL, 1, '2026-01-08 08:42:10', '2026-01-08 08:42:10', 40, 'AC_COMPANY_MODIFY', '2026-01-08 08:42:10', '2026-01-08 08:42:10', 24, NULL, NULL, NULL, 726, NULL, 0, 24, 0, 0, 'default', 0, -1, '', NULL, 'Tiers CONSULTANT ALLOUAN modifié', 'Tiers CONSULTANT ALLOUAN modifié', NULL, NULL, NULL, NULL, NULL, NULL, NULL, NULL, NULL, NULL, NULL, NULL, NULL, NULL, 0, 0, NULL, NULL, NULL, NULL, NULL, NULL),
(2480, '2480', NULL, 1, '2026-01-08 08:48:51', '2026-01-08 08:48:51', 40, 'AC_COMPANY_MODIFY', '2026-01-08 08:48:51', '2026-01-08 08:48:51', 24, NULL, NULL, NULL, 727, NULL, 0, 24, 0, 0, 'default', 0, -1, '', NULL, 'Tiers COTREX - CI modifié', 'Tiers COTREX - CI modifié', NULL, NULL, NULL, NULL, NULL, NULL, NULL, NULL, NULL, NULL, NULL, NULL, NULL, NULL, 0, 0, NULL, NULL, NULL, NULL, NULL, NULL),
(2481, '2481', NULL, 1, '2026-01-08 08:49:27', '2026-01-08 08:49:27', 40, 'AC_COMPANY_MODIFY', '2026-01-08 08:49:27', '2026-01-08 08:49:27', 24, NULL, NULL, NULL, 728, NULL, 0, 24, 0, 0, 'default', 0, -1, '', NULL, 'Tiers COULIBALY NANGA modifié', 'Tiers COULIBALY NANGA modifié', NULL, NULL, NULL, NULL, NULL, NULL, NULL, NULL, NULL, NULL, NULL, NULL, NULL, NULL, 0, 0, NULL, NULL, NULL, NULL, NULL, NULL),
(2482, '2482', NULL, 1, '2026-01-08 08:49:53', '2026-01-08 08:49:53', 40, 'AC_COMPANY_MODIFY', '2026-01-08 08:49:53', '2026-01-08 08:49:53', 24, NULL, NULL, NULL, 729, NULL, 0, 24, 0, 0, 'default', 0, -1, '', NULL, 'Tiers COULIBALY SOULEYMANE modifié', 'Tiers COULIBALY SOULEYMANE modifié', NULL, NULL, NULL, NULL, NULL, NULL, NULL, NULL, NULL, NULL, NULL, NULL, NULL, NULL, 0, 0, NULL, NULL, NULL, NULL, NULL, NULL),
(2483, '2483', NULL, 1, '2026-01-08 08:50:20', '2026-01-08 08:50:20', 40, 'AC_COMPANY_MODIFY', '2026-01-08 08:50:20', '2026-01-08 08:50:20', 24, NULL, NULL, NULL, 730, NULL, 0, 24, 0, 0, 'default', 0, -1, '', NULL, 'Tiers CRASSULA-CI modifié', 'Tiers CRASSULA-CI modifié', NULL, NULL, NULL, NULL, NULL, NULL, NULL, NULL, NULL, NULL, NULL, NULL, NULL, NULL, 0, 0, NULL, NULL, NULL, NULL, NULL, NULL),
(2484, '2484', NULL, 1, '2026-01-08 08:51:20', '2026-01-08 08:51:20', 40, 'AC_COMPANY_MODIFY', '2026-01-08 08:51:20', '2026-01-08 08:51:20', 24, NULL, NULL, NULL, 731, NULL, 0, 24, 0, 0, 'default', 0, -1, '', NULL, 'Tiers DBS SARL UP modifié', 'Tiers DBS SARL UP modifié', NULL, NULL, NULL, NULL, NULL, NULL, NULL, NULL, NULL, NULL, NULL, NULL, NULL, NULL, 0, 0, NULL, NULL, NULL, NULL, NULL, NULL),
(2485, '2485', NULL, 1, '2026-01-08 08:51:33', '2026-01-08 08:51:33', 40, 'AC_COMPANY_CREATE', '2026-01-08 08:51:33', '2026-01-08 08:51:33', 23, NULL, NULL, NULL, 796, NULL, 0, 23, 0, 0, 'default', 0, -1, '', NULL, 'Tiers GROUPE KASTOR AFRIQUE SA créé', 'Tiers GROUPE KASTOR AFRIQUE SA créé', NULL, NULL, NULL, NULL, NULL, NULL, NULL, NULL, NULL, NULL, NULL, NULL, NULL, NULL, 0, 0, NULL, NULL, NULL, NULL, NULL, NULL),
(2486, '2486', NULL, 1, '2026-01-08 08:51:43', '2026-01-08 08:51:43', 40, 'AC_COMPANY_MODIFY', '2026-01-08 08:51:43', '2026-01-08 08:51:43', 24, NULL, NULL, NULL, 472, NULL, 0, 24, 0, 0, 'default', 0, -1, '', NULL, 'Tiers DC COMMUNICATION modifié', 'Tiers DC COMMUNICATION modifié', NULL, NULL, NULL, NULL, NULL, NULL, NULL, NULL, NULL, NULL, NULL, NULL, NULL, NULL, 0, 0, NULL, NULL, NULL, NULL, NULL, NULL),
(2487, '2487', NULL, 1, '2026-01-08 08:52:12', '2026-01-08 08:52:12', 40, 'AC_COMPANY_MODIFY', '2026-01-08 08:52:12', '2026-01-08 08:52:12', 24, NULL, NULL, NULL, 457, NULL, 0, 24, 0, 0, 'default', 0, -1, '', NULL, 'Tiers WESTLIGHT modifié', 'Tiers WESTLIGHT modifié', NULL, NULL, NULL, NULL, NULL, NULL, NULL, NULL, NULL, NULL, NULL, NULL, NULL, NULL, 0, 0, NULL, NULL, NULL, NULL, NULL, NULL),
(2488, '2488', NULL, 1, '2026-01-08 08:52:56', '2026-01-08 08:52:56', 40, 'AC_COMPANY_MODIFY', '2026-01-08 08:52:56', '2026-01-08 08:52:56', 24, NULL, NULL, NULL, 654, NULL, 0, 24, 0, 0, 'default', 0, -1, '', NULL, 'Tiers DMD modifié', 'Tiers DMD modifié', NULL, NULL, NULL, NULL, NULL, NULL, NULL, NULL, NULL, NULL, NULL, NULL, NULL, NULL, 0, 0, NULL, NULL, NULL, NULL, NULL, NULL),
(2489, '2489', NULL, 1, '2026-01-08 08:53:30', '2026-01-08 08:53:30', 40, 'AC_COMPANY_MODIFY', '2026-01-08 08:53:30', '2026-01-08 08:53:30', 24, NULL, NULL, NULL, 426, NULL, 0, 24, 0, 0, 'default', 0, -1, '', NULL, 'Tiers DMEBT- IVOIRE SERVICE - YARA modifié', 'Tiers DMEBT- IVOIRE SERVICE - YARA modifié', NULL, NULL, NULL, NULL, NULL, NULL, NULL, NULL, NULL, NULL, NULL, NULL, NULL, NULL, 0, 0, NULL, NULL, NULL, NULL, NULL, NULL),
(2490, '2490', NULL, 1, '2026-01-08 08:54:00', '2026-01-08 08:54:00', 40, 'AC_COMPANY_MODIFY', '2026-01-08 08:54:00', '2026-01-08 08:54:00', 24, NULL, NULL, NULL, 421, NULL, 0, 24, 0, 0, 'default', 0, -1, '', NULL, 'Tiers DMEIB modifié', 'Tiers DMEIB modifié', NULL, NULL, NULL, NULL, NULL, NULL, NULL, NULL, NULL, NULL, NULL, NULL, NULL, NULL, 0, 0, NULL, NULL, NULL, NULL, NULL, NULL),
(2491, '2491', NULL, 1, '2026-01-08 08:54:21', '2026-01-08 08:54:21', 40, 'AC_COMPANY_CREATE', '2026-01-08 08:54:21', '2026-01-08 08:54:21', 23, NULL, NULL, NULL, 797, NULL, 0, 23, 0, 0, 'default', 0, -1, '', NULL, 'Tiers TGCC créé', 'Tiers TGCC créé', NULL, NULL, NULL, NULL, NULL, NULL, NULL, NULL, NULL, NULL, NULL, NULL, NULL, NULL, 0, 0, NULL, NULL, NULL, NULL, NULL, NULL),
(2492, '2492', NULL, 1, '2026-01-08 08:57:12', '2026-01-08 08:57:12', 40, 'AC_COMPANY_MODIFY', '2026-01-08 08:57:12', '2026-01-08 08:57:12', 24, NULL, NULL, NULL, 733, NULL, 0, 24, 0, 0, 'default', 0, -1, '', NULL, 'Tiers DMI SARL modifié', 'Tiers DMI SARL modifié', NULL, NULL, NULL, NULL, NULL, NULL, NULL, NULL, NULL, NULL, NULL, NULL, NULL, NULL, 0, 0, NULL, NULL, NULL, NULL, NULL, NULL),
(2493, '2493', NULL, 1, '2026-01-08 08:58:40', '2026-01-08 08:58:40', 40, 'AC_COMPANY_CREATE', '2026-01-08 08:58:40', '2026-01-08 08:58:40', 23, NULL, NULL, NULL, 798, NULL, 0, 23, 0, 0, 'default', 0, -1, '', NULL, 'Tiers AFD créé', 'Tiers AFD créé', NULL, NULL, NULL, NULL, NULL, NULL, NULL, NULL, NULL, NULL, NULL, NULL, NULL, NULL, 0, 0, NULL, NULL, NULL, NULL, NULL, NULL),
(2494, '2494', NULL, 1, '2026-01-08 09:01:42', '2026-01-08 09:01:42', 40, 'AC_COMPANY_CREATE', '2026-01-08 09:01:42', '2026-01-08 09:01:42', 23, NULL, NULL, NULL, 799, NULL, 0, 23, 0, 0, 'default', 0, -1, '', NULL, 'Tiers N-SOCITECH créé', 'Tiers N-SOCITECH créé', NULL, NULL, NULL, NULL, NULL, NULL, NULL, NULL, NULL, NULL, NULL, NULL, NULL, NULL, 0, 0, NULL, NULL, NULL, NULL, NULL, NULL),
(2495, '2495', NULL, 1, '2026-01-08 09:02:03', '2026-01-08 09:02:03', 40, 'AC_COMPANY_MODIFY', '2026-01-08 09:02:03', '2026-01-08 09:02:03', 24, NULL, NULL, NULL, 732, NULL, 0, 24, 0, 0, 'default', 0, -1, '', NULL, 'Tiers DOUBASS PRESTATIONS modifié', 'Tiers DOUBASS PRESTATIONS modifié', NULL, NULL, NULL, NULL, NULL, NULL, NULL, NULL, NULL, NULL, NULL, NULL, NULL, NULL, 0, 0, NULL, NULL, NULL, NULL, NULL, NULL),
(2496, '2496', NULL, 1, '2026-01-08 09:02:30', '2026-01-08 09:02:30', 40, 'AC_COMPANY_MODIFY', '2026-01-08 09:02:30', '2026-01-08 09:02:30', 23, NULL, NULL, NULL, 799, NULL, 0, 23, 0, 0, 'default', 0, -1, '', NULL, 'Tiers N-SOCITECH modifié', 'Tiers N-SOCITECH modifié', NULL, NULL, NULL, NULL, NULL, NULL, NULL, NULL, NULL, NULL, NULL, NULL, NULL, NULL, 0, 0, NULL, NULL, NULL, NULL, NULL, NULL),
(2497, '2497', NULL, 1, '2026-01-08 09:02:51', '2026-01-08 09:02:51', 40, 'AC_USER_MODIFY', '2026-01-08 09:02:51', '2026-01-08 09:02:51', 7, NULL, NULL, NULL, NULL, NULL, 0, 7, 0, 0, 'default', 0, -1, '', NULL, 'Enregistrement 23 modifié', 'Enregistrement 23 modifié', NULL, NULL, NULL, NULL, NULL, NULL, NULL, NULL, NULL, NULL, NULL, NULL, NULL, NULL, 0, 0, 23, 'user', NULL, NULL, NULL, NULL),
(2498, '2498', NULL, 1, '2026-01-08 09:03:04', '2026-01-08 09:03:04', 40, 'AC_USER_MODIFY', '2026-01-08 09:03:04', '2026-01-08 09:03:04', 7, NULL, NULL, NULL, NULL, NULL, 0, 7, 0, 0, 'default', 0, -1, '', NULL, 'Enregistrement 23 modifié', 'Enregistrement 23 modifié', NULL, NULL, NULL, NULL, NULL, NULL, NULL, NULL, NULL, NULL, NULL, NULL, NULL, NULL, 0, 0, 23, 'user', NULL, NULL, NULL, NULL),
(2499, '2499', NULL, 1, '2026-01-08 09:03:19', '2026-01-08 09:03:19', 40, 'AC_USER_MODIFY', '2026-01-08 09:03:19', '2026-01-08 09:03:19', 7, NULL, NULL, NULL, NULL, NULL, 0, 7, 0, 0, 'default', 0, -1, '', NULL, 'Enregistrement 23 modifié', 'Enregistrement 23 modifié', NULL, NULL, NULL, NULL, NULL, NULL, NULL, NULL, NULL, NULL, NULL, NULL, NULL, NULL, 0, 0, 23, 'user', NULL, NULL, NULL, NULL),
(2500, '2500', NULL, 1, '2026-01-08 09:03:38', '2026-01-08 09:03:38', 40, 'AC_USER_MODIFY', '2026-01-08 09:03:38', '2026-01-08 09:03:38', 7, NULL, NULL, NULL, NULL, NULL, 0, 7, 0, 0, 'default', 0, -1, '', NULL, 'Enregistrement 23 modifié', 'Enregistrement 23 modifié', NULL, NULL, NULL, NULL, NULL, NULL, NULL, NULL, NULL, NULL, NULL, NULL, NULL, NULL, 0, 0, 23, 'user', NULL, NULL, NULL, NULL),
(2501, '2501', NULL, 1, '2026-01-08 09:03:43', '2026-01-08 09:03:43', 40, 'AC_USER_MODIFY', '2026-01-08 09:03:43', '2026-01-08 09:03:43', 7, NULL, NULL, NULL, NULL, NULL, 0, 7, 0, 0, 'default', 0, -1, '', NULL, 'Enregistrement 23 modifié', 'Enregistrement 23 modifié', NULL, NULL, NULL, NULL, NULL, NULL, NULL, NULL, NULL, NULL, NULL, NULL, NULL, NULL, 0, 0, 23, 'user', NULL, NULL, NULL, NULL),
(2502, '2502', NULL, 1, '2026-01-08 09:04:15', '2026-01-08 09:04:15', 40, 'AC_COMPANY_CREATE', '2026-01-08 09:04:15', '2026-01-08 09:04:15', 23, NULL, NULL, NULL, 800, NULL, 0, 23, 0, 0, 'default', 0, -1, '', NULL, 'Tiers REEDES créé', 'Tiers REEDES créé', NULL, NULL, NULL, NULL, NULL, NULL, NULL, NULL, NULL, NULL, NULL, NULL, NULL, NULL, 0, 0, NULL, NULL, NULL, NULL, NULL, NULL),
(2503, '2503', NULL, 1, '2026-01-08 09:04:49', '2026-01-08 09:04:49', 40, 'AC_COMPANY_MODIFY', '2026-01-08 09:04:49', '2026-01-08 09:04:49', 24, NULL, NULL, NULL, 637, NULL, 0, 24, 0, 0, 'default', 0, -1, '', NULL, 'Tiers EAVIT modifié', 'Tiers EAVIT modifié', NULL, NULL, NULL, NULL, NULL, NULL, NULL, NULL, NULL, NULL, NULL, NULL, NULL, NULL, 0, 0, NULL, NULL, NULL, NULL, NULL, NULL),
(2504, '2504', NULL, 1, '2026-01-08 09:05:47', '2026-01-08 09:05:47', 40, 'AC_COMPANY_MODIFY', '2026-01-08 09:05:47', '2026-01-08 09:05:47', 24, NULL, NULL, NULL, 734, NULL, 0, 24, 0, 0, 'default', 0, -1, '', NULL, 'Tiers EL HADJ ABOUBACAR modifié', 'Tiers EL HADJ ABOUBACAR modifié', NULL, NULL, NULL, NULL, NULL, NULL, NULL, NULL, NULL, NULL, NULL, NULL, NULL, NULL, 0, 0, NULL, NULL, NULL, NULL, NULL, NULL),
(2505, '2505', NULL, 1, '2026-01-08 09:06:16', '2026-01-08 09:06:16', 40, 'AC_COMPANY_MODIFY', '2026-01-08 09:06:16', '2026-01-08 09:06:16', 24, NULL, NULL, NULL, 424, NULL, 0, 24, 0, 0, 'default', 0, -1, '', NULL, 'Tiers ELECT FROID modifié', 'Tiers ELECT FROID modifié', NULL, NULL, NULL, NULL, NULL, NULL, NULL, NULL, NULL, NULL, NULL, NULL, NULL, NULL, 0, 0, NULL, NULL, NULL, NULL, NULL, NULL),
(2506, '2506', NULL, 1, '2026-01-08 09:06:52', '2026-01-08 09:06:52', 40, 'AC_COMPANY_MODIFY', '2026-01-08 09:06:52', '2026-01-08 09:06:52', 24, NULL, NULL, NULL, 735, NULL, 0, 24, 0, 0, 'default', 0, -1, '', NULL, 'Tiers ELITE BETON modifié', 'Tiers ELITE BETON modifié', NULL, NULL, NULL, NULL, NULL, NULL, NULL, NULL, NULL, NULL, NULL, NULL, NULL, NULL, 0, 0, NULL, NULL, NULL, NULL, NULL, NULL),
(2507, '2507', NULL, 1, '2026-01-08 09:07:17', '2026-01-08 09:07:17', 40, 'AC_COMPANY_MODIFY', '2026-01-08 09:07:17', '2026-01-08 09:07:17', 24, NULL, NULL, NULL, 462, NULL, 0, 24, 0, 0, 'default', 0, -1, '', NULL, 'Tiers ENTREPRISE CDF modifié', 'Tiers ENTREPRISE CDF modifié', NULL, NULL, NULL, NULL, NULL, NULL, NULL, NULL, NULL, NULL, NULL, NULL, NULL, NULL, 0, 0, NULL, NULL, NULL, NULL, NULL, NULL),
(2508, '2508', NULL, 1, '2026-01-08 09:07:28', '2026-01-08 09:07:28', 40, 'AC_COMPANY_CREATE', '2026-01-08 09:07:28', '2026-01-08 09:07:28', 23, NULL, NULL, NULL, 801, NULL, 0, 23, 0, 0, 'default', 0, -1, '', NULL, 'Tiers BCEAO créé', 'Tiers BCEAO créé', NULL, NULL, NULL, NULL, NULL, NULL, NULL, NULL, NULL, NULL, NULL, NULL, NULL, NULL, 0, 0, NULL, NULL, NULL, NULL, NULL, NULL),
(2509, '2509', NULL, 1, '2026-01-08 09:07:48', '2026-01-08 09:07:48', 40, 'AC_COMPANY_MODIFY', '2026-01-08 09:07:48', '2026-01-08 09:07:48', 24, NULL, NULL, NULL, 737, NULL, 0, 24, 0, 0, 'default', 0, -1, '', NULL, 'Tiers ENTREPRISE KONAN & FRERES modifié', 'Tiers ENTREPRISE KONAN & FRERES modifié', NULL, NULL, NULL, NULL, NULL, NULL, NULL, NULL, NULL, NULL, NULL, NULL, NULL, NULL, 0, 0, NULL, NULL, NULL, NULL, NULL, NULL),
(2510, '2510', NULL, 1, '2026-01-08 09:08:19', '2026-01-08 09:08:19', 40, 'AC_COMPANY_MODIFY', '2026-01-08 09:08:19', '2026-01-08 09:08:19', 24, NULL, NULL, NULL, 665, NULL, 0, 24, 0, 0, 'default', 0, -1, '', NULL, 'Tiers ENVIPUR modifié', 'Tiers ENVIPUR modifié', NULL, NULL, NULL, NULL, NULL, NULL, NULL, NULL, NULL, NULL, NULL, NULL, NULL, NULL, 0, 0, NULL, NULL, NULL, NULL, NULL, NULL),
(2511, '2511', NULL, 1, '2026-01-08 09:08:43', '2026-01-08 09:08:43', 40, 'AC_COMPANY_MODIFY', '2026-01-08 09:08:43', '2026-01-08 09:08:43', 24, NULL, NULL, NULL, 428, NULL, 0, 24, 0, 0, 'default', 0, -1, '', NULL, 'Tiers ESOF-CI modifié', 'Tiers ESOF-CI modifié', NULL, NULL, NULL, NULL, NULL, NULL, NULL, NULL, NULL, NULL, NULL, NULL, NULL, NULL, 0, 0, NULL, NULL, NULL, NULL, NULL, NULL),
(2512, '2512', NULL, 1, '2026-01-08 09:08:58', '2026-01-08 09:08:58', 40, 'AC_CONTACT_CREATE', '2026-01-08 09:08:58', '2026-01-08 09:08:58', 23, NULL, NULL, NULL, 801, 4, 0, 23, 0, 0, 'default', 0, -1, '', NULL, 'Contact/Adresse BCEAO MAMBO créé', 'Contact/Adresse BCEAO MAMBO créé', NULL, NULL, NULL, NULL, NULL, NULL, NULL, NULL, NULL, NULL, NULL, NULL, NULL, NULL, 0, 0, NULL, NULL, NULL, NULL, NULL, NULL),
(2513, '2513', NULL, 1, '2026-01-08 09:09:10', '2026-01-08 09:09:10', 40, 'AC_COMPANY_MODIFY', '2026-01-08 09:09:10', '2026-01-08 09:09:10', 24, NULL, NULL, NULL, 423, NULL, 0, 24, 0, 0, 'default', 0, -1, '', NULL, 'Tiers ETS BANSE modifié', 'Tiers ETS BANSE modifié', NULL, NULL, NULL, NULL, NULL, NULL, NULL, NULL, NULL, NULL, NULL, NULL, NULL, NULL, 0, 0, NULL, NULL, NULL, NULL, NULL, NULL),
(2514, '2514', NULL, 1, '2026-01-08 09:09:29', '2026-01-08 09:09:29', 40, 'AC_COMPANY_MODIFY', '2026-01-08 09:09:29', '2026-01-08 09:09:29', 23, NULL, NULL, NULL, 801, NULL, 0, 23, 0, 0, 'default', 0, -1, '', NULL, 'Tiers BCEAO modifié', 'Tiers BCEAO modifié', NULL, NULL, NULL, NULL, NULL, NULL, NULL, NULL, NULL, NULL, NULL, NULL, NULL, NULL, 0, 0, NULL, NULL, NULL, NULL, NULL, NULL),
(2515, '2515', NULL, 1, '2026-01-08 09:10:23', '2026-01-08 09:10:23', 40, 'AC_COMPANY_MODIFY', '2026-01-08 09:10:23', '2026-01-08 09:10:23', 24, NULL, NULL, NULL, 642, NULL, 0, 24, 0, 0, 'default', 0, -1, '', NULL, 'Tiers ETG modifié', 'Tiers ETG modifié', NULL, NULL, NULL, NULL, NULL, NULL, NULL, NULL, NULL, NULL, NULL, NULL, NULL, NULL, 0, 0, NULL, NULL, NULL, NULL, NULL, NULL),
(2516, '2516', NULL, 1, '2026-01-08 09:11:00', '2026-01-08 09:11:00', 40, 'AC_COMPANY_MODIFY', '2026-01-08 09:11:00', '2026-01-08 09:11:00', 24, NULL, NULL, NULL, 425, NULL, 0, 24, 0, 0, 'default', 0, -1, '', NULL, 'Tiers ETS COULIBALY ET FRERES modifié', 'Tiers ETS COULIBALY ET FRERES modifié', NULL, NULL, NULL, NULL, NULL, NULL, NULL, NULL, NULL, NULL, NULL, NULL, NULL, NULL, 0, 0, NULL, NULL, NULL, NULL, NULL, NULL),
(2517, '2517', NULL, 1, '2026-01-08 09:11:26', '2026-01-08 09:11:26', 40, 'AC_COMPANY_MODIFY', '2026-01-08 09:11:26', '2026-01-08 09:11:26', 24, NULL, NULL, NULL, 739, NULL, 0, 24, 0, 0, 'default', 0, -1, '', NULL, 'Tiers ETS KJL modifié', 'Tiers ETS KJL modifié', NULL, NULL, NULL, NULL, NULL, NULL, NULL, NULL, NULL, NULL, NULL, NULL, NULL, NULL, 0, 0, NULL, NULL, NULL, NULL, NULL, NULL),
(2518, '2518', NULL, 1, '2026-01-08 09:11:51', '2026-01-08 09:11:51', 40, 'AC_COMPANY_MODIFY', '2026-01-08 09:11:51', '2026-01-08 09:11:51', 24, NULL, NULL, NULL, 688, NULL, 0, 24, 0, 0, 'default', 0, -1, '', NULL, 'Tiers ETS KONTA modifié', 'Tiers ETS KONTA modifié', NULL, NULL, NULL, NULL, NULL, NULL, NULL, NULL, NULL, NULL, NULL, NULL, NULL, NULL, 0, 0, NULL, NULL, NULL, NULL, NULL, NULL),
(2519, '2519', NULL, 1, '2026-01-08 09:14:45', '2026-01-08 09:14:45', 40, 'AC_COMPANY_CREATE', '2026-01-08 09:14:45', '2026-01-08 09:14:45', 23, NULL, NULL, NULL, 802, NULL, 0, 23, 0, 0, 'default', 0, -1, '', NULL, 'Tiers AMBASSADE DE CORE créé', 'Tiers AMBASSADE DE CORE créé', NULL, NULL, NULL, NULL, NULL, NULL, NULL, NULL, NULL, NULL, NULL, NULL, NULL, NULL, 0, 0, NULL, NULL, NULL, NULL, NULL, NULL),
(2520, '2520', NULL, 1, '2026-01-08 09:26:14', '2026-01-08 09:26:14', 40, 'AC_COMPANY_CREATE', '2026-01-08 09:26:14', '2026-01-08 09:26:14', 23, NULL, NULL, NULL, 803, NULL, 0, 23, 0, 0, 'default', 0, -1, '', NULL, 'Tiers RADISSON BLU créé', 'Tiers RADISSON BLU créé', NULL, NULL, NULL, NULL, NULL, NULL, NULL, NULL, NULL, NULL, NULL, NULL, NULL, NULL, 0, 0, NULL, NULL, NULL, NULL, NULL, NULL),
(2521, '2521', NULL, 1, '2026-01-08 09:28:59', '2026-01-08 09:28:59', 40, 'AC_CONTACT_CREATE', '2026-01-08 09:28:59', '2026-01-08 09:28:59', 23, NULL, NULL, NULL, 803, 5, 0, 23, 0, 0, 'default', 0, -1, '', NULL, 'Contact/Adresse ALY AMARA créé', 'Contact/Adresse ALY AMARA créé', NULL, NULL, NULL, NULL, NULL, NULL, NULL, NULL, NULL, NULL, NULL, NULL, NULL, NULL, 0, 0, NULL, NULL, NULL, NULL, NULL, NULL),
(2522, '2522', NULL, 1, '2026-01-08 09:53:57', '2026-01-08 09:53:57', 40, 'AC_COMPANY_CREATE', '2026-01-08 09:53:57', '2026-01-08 09:53:57', 24, NULL, NULL, NULL, 804, NULL, 0, 24, 0, 0, 'default', 0, -1, '', NULL, 'Tiers ACTIVA ASSUR CI GESTION ASCOMA créé', 'Tiers ACTIVA ASSUR CI GESTION ASCOMA créé', NULL, NULL, NULL, NULL, NULL, NULL, NULL, NULL, NULL, NULL, NULL, NULL, NULL, NULL, 0, 0, NULL, NULL, NULL, NULL, NULL, NULL),
(2523, '2523', NULL, 1, '2026-01-08 09:56:43', '2026-01-08 09:56:43', 40, 'AC_COMPANY_CREATE', '2026-01-08 09:56:43', '2026-01-08 09:56:43', 23, NULL, NULL, NULL, 805, NULL, 0, 23, 0, 0, 'default', 0, -1, '', NULL, 'Tiers LA PARENTHESE créé', 'Tiers LA PARENTHESE créé', NULL, NULL, NULL, NULL, NULL, NULL, NULL, NULL, NULL, NULL, NULL, NULL, NULL, NULL, 0, 0, NULL, NULL, NULL, NULL, NULL, NULL),
(2524, '2524', NULL, 1, '2026-01-08 09:58:09', '2026-01-08 09:58:09', 40, 'AC_COMPANY_CREATE', '2026-01-08 09:58:09', '2026-01-08 09:58:09', 23, NULL, NULL, NULL, 806, NULL, 0, 23, 0, 0, 'default', 0, -1, '', NULL, 'Tiers SERVAIR ABIDJAN créé', 'Tiers SERVAIR ABIDJAN créé', NULL, NULL, NULL, NULL, NULL, NULL, NULL, NULL, NULL, NULL, NULL, NULL, NULL, NULL, 0, 0, NULL, NULL, NULL, NULL, NULL, NULL),
(2525, '2525', NULL, 1, '2026-01-08 10:00:10', '2026-01-08 10:00:10', 40, 'AC_COMPANY_MODIFY', '2026-01-08 10:00:10', '2026-01-08 10:00:10', 24, NULL, NULL, NULL, 804, NULL, 0, 24, 0, 0, 'default', 0, -1, '', NULL, 'Tiers ACTIVA ASSUR CI GESTION ASCOMA modifié', 'Tiers ACTIVA ASSUR CI GESTION ASCOMA modifié', NULL, NULL, NULL, NULL, NULL, NULL, NULL, NULL, NULL, NULL, NULL, NULL, NULL, NULL, 0, 0, NULL, NULL, NULL, NULL, NULL, NULL),
(2526, '2526', NULL, 1, '2026-01-08 10:01:47', '2026-01-08 10:01:47', 40, 'AC_COMPANY_MODIFY', '2026-01-08 10:01:47', '2026-01-08 10:01:47', 24, NULL, NULL, NULL, 804, NULL, 0, 24, 0, 0, 'default', 0, -1, '', NULL, 'Tiers ACTIVA ASSUR CI GESTION ASCOMA modifié', 'Tiers ACTIVA ASSUR CI GESTION ASCOMA modifié', NULL, NULL, NULL, NULL, NULL, NULL, NULL, NULL, NULL, NULL, NULL, NULL, NULL, NULL, 0, 0, NULL, NULL, NULL, NULL, NULL, NULL),
(2527, '2527', NULL, 1, '2026-01-08 10:25:24', '2026-01-08 10:25:24', 40, 'AC_USER_MODIFY', '2026-01-08 10:25:24', '2026-01-08 10:25:24', 7, NULL, NULL, NULL, NULL, NULL, 0, 7, 0, 0, 'default', 0, -1, '', NULL, 'Enregistrement 10 modifié', 'Enregistrement 10 modifié', NULL, NULL, NULL, NULL, NULL, NULL, NULL, NULL, NULL, NULL, NULL, NULL, NULL, NULL, 0, 0, 10, 'user', NULL, NULL, NULL, NULL),
(2528, '2528', NULL, 1, '2026-01-08 10:25:43', '2026-01-08 10:25:43', 40, 'AC_USER_MODIFY', '2026-01-08 10:25:43', '2026-01-08 10:25:43', 7, NULL, NULL, NULL, NULL, NULL, 0, 7, 0, 0, 'default', 0, -1, '', NULL, 'Enregistrement 10 modifié', 'Enregistrement 10 modifié', NULL, NULL, NULL, NULL, NULL, NULL, NULL, NULL, NULL, NULL, NULL, NULL, NULL, NULL, 0, 0, 10, 'user', NULL, NULL, NULL, NULL),
(2529, '2529', NULL, 1, '2026-01-08 10:26:21', '2026-01-08 10:26:21', 40, 'AC_USER_MODIFY', '2026-01-08 10:26:21', '2026-01-08 10:26:21', 7, NULL, NULL, NULL, NULL, NULL, 0, 7, 0, 0, 'default', 0, -1, '', NULL, 'Enregistrement 10 modifié', 'Enregistrement 10 modifié', NULL, NULL, NULL, NULL, NULL, NULL, NULL, NULL, NULL, NULL, NULL, NULL, NULL, NULL, 0, 0, 10, 'user', NULL, NULL, NULL, NULL),
(2530, '2530', NULL, 1, '2026-01-08 10:27:10', '2026-01-08 10:27:10', 40, 'AC_USER_MODIFY', '2026-01-08 10:27:10', '2026-01-08 10:27:10', 7, NULL, NULL, NULL, NULL, NULL, 0, 7, 0, 0, 'default', 0, -1, '', NULL, 'Enregistrement 10 modifié', 'Enregistrement 10 modifié', NULL, NULL, NULL, NULL, NULL, NULL, NULL, NULL, NULL, NULL, NULL, NULL, NULL, NULL, 0, 0, 10, 'user', NULL, NULL, NULL, NULL),
(2531, '2531', NULL, 1, '2026-01-08 10:27:16', '2026-01-08 10:27:16', 40, 'AC_USER_MODIFY', '2026-01-08 10:27:16', '2026-01-08 10:27:16', 7, NULL, NULL, NULL, NULL, NULL, 0, 7, 0, 0, 'default', 0, -1, '', NULL, 'Enregistrement 10 modifié', 'Enregistrement 10 modifié', NULL, NULL, NULL, NULL, NULL, NULL, NULL, NULL, NULL, NULL, NULL, NULL, NULL, NULL, 0, 0, 10, 'user', NULL, NULL, NULL, NULL),
(2532, '2532', NULL, 1, '2026-01-08 10:27:32', '2026-01-08 10:27:32', 40, 'AC_USER_MODIFY', '2026-01-08 10:27:32', '2026-01-08 10:27:32', 7, NULL, NULL, NULL, NULL, NULL, 0, 7, 0, 0, 'default', 0, -1, '', NULL, 'Enregistrement 10 modifié', 'Enregistrement 10 modifié', NULL, NULL, NULL, NULL, NULL, NULL, NULL, NULL, NULL, NULL, NULL, NULL, NULL, NULL, 0, 0, 10, 'user', NULL, NULL, NULL, NULL),
(2533, '2533', NULL, 1, '2026-01-08 10:41:51', '2026-01-08 10:41:51', 40, 'AC_COMPANY_MODIFY', '2026-01-08 10:41:51', '2026-01-08 10:41:51', 24, NULL, NULL, NULL, 740, NULL, 0, 24, 0, 0, 'default', 0, -1, '', NULL, 'Tiers ETS LAURENT modifié', 'Tiers ETS LAURENT modifié', NULL, NULL, NULL, NULL, NULL, NULL, NULL, NULL, NULL, NULL, NULL, NULL, NULL, NULL, 0, 0, NULL, NULL, NULL, NULL, NULL, NULL),
(2534, '2534', NULL, 1, '2026-01-08 10:43:08', '2026-01-08 10:43:08', 40, 'AC_COMPANY_MODIFY', '2026-01-08 10:43:08', '2026-01-08 10:43:08', 24, NULL, NULL, NULL, 741, NULL, 0, 24, 0, 0, 'default', 0, -1, '', NULL, 'Tiers ETS OUMAR KOBENA OMNITRONIK modifié', 'Tiers ETS OUMAR KOBENA OMNITRONIK modifié', NULL, NULL, NULL, NULL, NULL, NULL, NULL, NULL, NULL, NULL, NULL, NULL, NULL, NULL, 0, 0, NULL, NULL, NULL, NULL, NULL, NULL),
(2535, '2535', NULL, 1, '2026-01-08 10:43:47', '2026-01-08 10:43:47', 40, 'AC_COMPANY_MODIFY', '2026-01-08 10:43:47', '2026-01-08 10:43:47', 24, NULL, NULL, NULL, 429, NULL, 0, 24, 0, 0, 'default', 0, -1, '', NULL, 'Tiers FADCO modifié', 'Tiers FADCO modifié', NULL, NULL, NULL, NULL, NULL, NULL, NULL, NULL, NULL, NULL, NULL, NULL, NULL, NULL, 0, 0, NULL, NULL, NULL, NULL, NULL, NULL),
(2536, '2536', NULL, 1, '2026-01-08 10:45:40', '2026-01-08 10:45:40', 40, 'AC_COMPANY_MODIFY', '2026-01-08 10:45:40', '2026-01-08 10:45:40', 24, NULL, NULL, NULL, 644, NULL, 0, 24, 0, 0, 'default', 0, -1, '', NULL, 'Tiers FAWAZ AUTO modifié', 'Tiers FAWAZ AUTO modifié', NULL, NULL, NULL, NULL, NULL, NULL, NULL, NULL, NULL, NULL, NULL, NULL, NULL, NULL, 0, 0, NULL, NULL, NULL, NULL, NULL, NULL),
(2537, '2537', NULL, 1, '2026-01-08 10:48:00', '2026-01-08 10:48:00', 40, 'AC_COMPANY_MODIFY', '2026-01-08 10:48:00', '2026-01-08 10:48:00', 24, NULL, NULL, NULL, 742, NULL, 0, 24, 0, 0, 'default', 0, -1, '', NULL, 'Tiers FROID SERVICE KONATE modifié', 'Tiers FROID SERVICE KONATE modifié', NULL, NULL, NULL, NULL, NULL, NULL, NULL, NULL, NULL, NULL, NULL, NULL, NULL, NULL, 0, 0, NULL, NULL, NULL, NULL, NULL, NULL),
(2538, '2538', NULL, 1, '2026-01-08 10:48:47', '2026-01-08 10:48:47', 40, 'AC_COMPANY_MODIFY', '2026-01-08 10:48:47', '2026-01-08 10:48:47', 24, NULL, NULL, NULL, 677, NULL, 0, 24, 0, 0, 'default', 0, -1, '', NULL, 'Tiers FUTURE IMAGE modifié', 'Tiers FUTURE IMAGE modifié', NULL, NULL, NULL, NULL, NULL, NULL, NULL, NULL, NULL, NULL, NULL, NULL, NULL, NULL, 0, 0, NULL, NULL, NULL, NULL, NULL, NULL),
(2539, '2539', NULL, 1, '2026-01-08 10:51:58', '2026-01-08 10:51:58', 40, 'AC_COMPANY_MODIFY', '2026-01-08 10:51:58', '2026-01-08 10:51:58', 24, NULL, NULL, NULL, 680, NULL, 0, 24, 0, 0, 'default', 0, -1, '', NULL, 'Tiers G4S SECURE SOLUTIONS(CI) SA modifié', 'Tiers G4S SECURE SOLUTIONS(CI) SA modifié', NULL, NULL, NULL, NULL, NULL, NULL, NULL, NULL, NULL, NULL, NULL, NULL, NULL, NULL, 0, 0, NULL, NULL, NULL, NULL, NULL, NULL),
(2540, '2540', NULL, 1, '2026-01-08 10:52:26', '2026-01-08 10:52:26', 40, 'AC_COMPANY_MODIFY', '2026-01-08 10:52:26', '2026-01-08 10:52:26', 24, NULL, NULL, NULL, 743, NULL, 0, 24, 0, 0, 'default', 0, -1, '', NULL, 'Tiers GANA ABOUBACAR modifié', 'Tiers GANA ABOUBACAR modifié', NULL, NULL, NULL, NULL, NULL, NULL, NULL, NULL, NULL, NULL, NULL, NULL, NULL, NULL, 0, 0, NULL, NULL, NULL, NULL, NULL, NULL),
(2541, '2541', NULL, 1, '2026-01-08 10:53:51', '2026-01-08 10:53:51', 40, 'AC_COMPANY_MODIFY', '2026-01-08 10:53:51', '2026-01-08 10:53:51', 24, NULL, NULL, NULL, 670, NULL, 0, 24, 0, 0, 'default', 0, -1, '', NULL, 'Tiers GARAGE ABDOUL modifié', 'Tiers GARAGE ABDOUL modifié', NULL, NULL, NULL, NULL, NULL, NULL, NULL, NULL, NULL, NULL, NULL, NULL, NULL, NULL, 0, 0, NULL, NULL, NULL, NULL, NULL, NULL),
(2542, '2542', NULL, 1, '2026-01-08 10:54:18', '2026-01-08 10:54:18', 40, 'AC_COMPANY_MODIFY', '2026-01-08 10:54:18', '2026-01-08 10:54:18', 24, NULL, NULL, NULL, 641, NULL, 0, 24, 0, 0, 'default', 0, -1, '', NULL, 'Tiers GARAGE SAM modifié', 'Tiers GARAGE SAM modifié', NULL, NULL, NULL, NULL, NULL, NULL, NULL, NULL, NULL, NULL, NULL, NULL, NULL, NULL, 0, 0, NULL, NULL, NULL, NULL, NULL, NULL),
(2543, '2543', NULL, 1, '2026-01-08 10:55:37', '2026-01-08 10:55:37', 40, 'AC_COMPANY_MODIFY', '2026-01-08 10:55:37', '2026-01-08 10:55:37', 24, NULL, NULL, NULL, 744, NULL, 0, 24, 0, 0, 'default', 0, -1, '', NULL, 'Tiers GEDISPRES modifié', 'Tiers GEDISPRES modifié', NULL, NULL, NULL, NULL, NULL, NULL, NULL, NULL, NULL, NULL, NULL, NULL, NULL, NULL, 0, 0, NULL, NULL, NULL, NULL, NULL, NULL),
(2544, '2544', NULL, 1, '2026-01-08 11:05:11', '2026-01-08 11:05:11', 40, 'AC_COMPANY_MODIFY', '2026-01-08 11:05:11', '2026-01-08 11:05:11', 24, NULL, NULL, NULL, 656, NULL, 0, 24, 0, 0, 'default', 0, -1, '', NULL, 'Tiers GEHANT modifié', 'Tiers GEHANT modifié', NULL, NULL, NULL, NULL, NULL, NULL, NULL, NULL, NULL, NULL, NULL, NULL, NULL, NULL, 0, 0, NULL, NULL, NULL, NULL, NULL, NULL),
(2545, '2545', NULL, 1, '2026-01-08 11:16:25', '2026-01-08 11:16:25', 40, 'AC_COMPANY_MODIFY', '2026-01-08 11:16:25', '2026-01-08 11:16:25', 24, NULL, NULL, NULL, 646, NULL, 0, 24, 0, 0, 'default', 0, -1, '', NULL, 'Tiers GEMC modifié', 'Tiers GEMC modifié', NULL, NULL, NULL, NULL, NULL, NULL, NULL, NULL, NULL, NULL, NULL, NULL, NULL, NULL, 0, 0, NULL, NULL, NULL, NULL, NULL, NULL),
(2546, '2546', NULL, 1, '2026-01-08 11:18:44', '2026-01-08 11:18:44', 40, 'AC_COMPANY_MODIFY', '2026-01-08 11:18:44', '2026-01-08 11:18:44', 24, NULL, NULL, NULL, 675, NULL, 0, 24, 0, 0, 'default', 0, -1, '', NULL, 'Tiers GES ENENISTE modifié', 'Tiers GES ENENISTE modifié', NULL, NULL, NULL, NULL, NULL, NULL, NULL, NULL, NULL, NULL, NULL, NULL, NULL, NULL, 0, 0, NULL, NULL, NULL, NULL, NULL, NULL),
(2547, '2547', NULL, 1, '2026-01-08 11:20:55', '2026-01-08 11:20:55', 40, 'AC_COMPANY_MODIFY', '2026-01-08 11:20:55', '2026-01-08 11:20:55', 24, NULL, NULL, NULL, 746, NULL, 0, 24, 0, 0, 'default', 0, -1, '', NULL, 'Tiers GHANDOUR HASSAN modifié', 'Tiers GHANDOUR HASSAN modifié', NULL, NULL, NULL, NULL, NULL, NULL, NULL, NULL, NULL, NULL, NULL, NULL, NULL, NULL, 0, 0, NULL, NULL, NULL, NULL, NULL, NULL),
(2548, '2548', NULL, 1, '2026-01-08 11:21:56', '2026-01-08 11:21:56', 40, 'AC_COMPANY_MODIFY', '2026-01-08 11:21:56', '2026-01-08 11:21:56', 24, NULL, NULL, NULL, 430, NULL, 0, 24, 0, 0, 'default', 0, -1, '', NULL, 'Tiers GIFC modifié', 'Tiers GIFC modifié', NULL, NULL, NULL, NULL, NULL, NULL, NULL, NULL, NULL, NULL, NULL, NULL, NULL, NULL, 0, 0, NULL, NULL, NULL, NULL, NULL, NULL),
(2549, '2549', NULL, 1, '2026-01-08 11:22:36', '2026-01-08 11:22:36', 40, 'AC_COMPANY_MODIFY', '2026-01-08 11:22:36', '2026-01-08 11:22:36', 24, NULL, NULL, NULL, 674, NULL, 0, 24, 0, 0, 'default', 0, -1, '', NULL, 'Tiers GK PLUS STORE modifié', 'Tiers GK PLUS STORE modifié', NULL, NULL, NULL, NULL, NULL, NULL, NULL, NULL, NULL, NULL, NULL, NULL, NULL, NULL, 0, 0, NULL, NULL, NULL, NULL, NULL, NULL),
(2550, '2550', NULL, 1, '2026-01-08 11:23:32', '2026-01-08 11:23:32', 40, 'AC_COMPANY_MODIFY', '2026-01-08 11:23:32', '2026-01-08 11:23:32', 24, NULL, NULL, NULL, 747, NULL, 0, 24, 0, 0, 'default', 0, -1, '', NULL, 'Tiers GLOBAL MANUTENTION CI modifié', 'Tiers GLOBAL MANUTENTION CI modifié', NULL, NULL, NULL, NULL, NULL, NULL, NULL, NULL, NULL, NULL, NULL, NULL, NULL, NULL, 0, 0, NULL, NULL, NULL, NULL, NULL, NULL),
(2551, '2551', NULL, 1, '2026-01-08 11:24:39', '2026-01-08 11:24:39', 40, 'AC_COMPANY_MODIFY', '2026-01-08 11:24:39', '2026-01-08 11:24:39', 24, NULL, NULL, NULL, 748, NULL, 0, 24, 0, 0, 'default', 0, -1, '', NULL, 'Tiers GNA -CI modifié', 'Tiers GNA -CI modifié', NULL, NULL, NULL, NULL, NULL, NULL, NULL, NULL, NULL, NULL, NULL, NULL, NULL, NULL, 0, 0, NULL, NULL, NULL, NULL, NULL, NULL),
(2552, '2552', NULL, 1, '2026-01-08 11:25:39', '2026-01-08 11:25:39', 40, 'AC_COMPANY_MODIFY', '2026-01-08 11:25:39', '2026-01-08 11:25:39', 24, NULL, NULL, NULL, 700, NULL, 0, 24, 0, 0, 'default', 0, -1, '', NULL, 'Tiers GLOBAL ELECTRICK modifié', 'Tiers GLOBAL ELECTRICK modifié', NULL, NULL, NULL, NULL, NULL, NULL, NULL, NULL, NULL, NULL, NULL, NULL, NULL, NULL, 0, 0, NULL, NULL, NULL, NULL, NULL, NULL);

-- --------------------------------------------------------

--
-- Structure de la table `llx_actioncomm_extrafields`
--

CREATE TABLE IF NOT EXISTS `llx_actioncomm_extrafields` (
  `rowid` int(11) NOT NULL AUTO_INCREMENT,
  `tms` timestamp NULL DEFAULT CURRENT_TIMESTAMP ON UPDATE CURRENT_TIMESTAMP,
  `fk_object` int(11) NOT NULL,
  `import_key` varchar(14) COLLATE utf8_unicode_ci DEFAULT NULL,
  PRIMARY KEY (`rowid`),
  UNIQUE KEY `uk_actioncomm_extrafields` (`fk_object`)
) ENGINE=InnoDB DEFAULT CHARSET=utf8 COLLATE=utf8_unicode_ci;

-- --------------------------------------------------------

--
-- Structure de la table `llx_actioncomm_reminder`
--

CREATE TABLE IF NOT EXISTS `llx_actioncomm_reminder` (
  `rowid` int(11) NOT NULL AUTO_INCREMENT,
  `dateremind` datetime NOT NULL,
  `typeremind` varchar(32) COLLATE utf8_unicode_ci NOT NULL,
  `fk_user` int(11) NOT NULL,
  `offsetvalue` int(11) NOT NULL,
  `offsetunit` varchar(1) COLLATE utf8_unicode_ci NOT NULL,
  `status` int(11) NOT NULL DEFAULT '0',
  `datedone` datetime DEFAULT NULL,
  `lasterror` varchar(128) COLLATE utf8_unicode_ci DEFAULT NULL,
  `entity` int(11) NOT NULL DEFAULT '1',
  `fk_actioncomm` int(11) NOT NULL,
  `fk_email_template` int(11) DEFAULT NULL,
  PRIMARY KEY (`rowid`),
  UNIQUE KEY `uk_actioncomm_reminder_unique` (`fk_actioncomm`,`fk_user`,`typeremind`,`offsetvalue`,`offsetunit`),
  KEY `idx_actioncomm_reminder_dateremind` (`dateremind`),
  KEY `idx_actioncomm_reminder_fk_user` (`fk_user`),
  KEY `idx_actioncomm_reminder_status` (`status`)
) ENGINE=InnoDB DEFAULT CHARSET=utf8 COLLATE=utf8_unicode_ci;

-- --------------------------------------------------------

--
-- Structure de la table `llx_actioncomm_resources`
--

CREATE TABLE IF NOT EXISTS `llx_actioncomm_resources` (
  `rowid` int(11) NOT NULL AUTO_INCREMENT,
  `fk_actioncomm` int(11) NOT NULL,
  `element_type` varchar(50) COLLATE utf8_unicode_ci NOT NULL,
  `fk_element` int(11) NOT NULL,
  `answer_status` varchar(50) COLLATE utf8_unicode_ci DEFAULT NULL,
  `mandatory` smallint(6) DEFAULT NULL,
  `transparency` smallint(6) DEFAULT '1',
  PRIMARY KEY (`rowid`),
  UNIQUE KEY `uk_actioncomm_resources` (`fk_actioncomm`,`element_type`,`fk_element`),
  KEY `idx_actioncomm_resources_fk_element` (`fk_element`)
) ENGINE=InnoDB AUTO_INCREMENT=2560 DEFAULT CHARSET=utf8 COLLATE=utf8_unicode_ci;

--
-- Déchargement des données de la table `llx_actioncomm_resources`
--

INSERT INTO `llx_actioncomm_resources` (`rowid`, `fk_actioncomm`, `element_type`, `fk_element`, `answer_status`, `mandatory`, `transparency`) VALUES
(1, 1, 'user', 1, '0', 0, 0),
(2, 2, 'user', 1, '0', 0, 0),
(3, 3, 'user', 1, '0', 0, 0),
(4, 4, 'user', 1, '0', 0, 0),
(5, 5, 'user', 1, '0', 0, 0),
(6, 6, 'user', 1, '0', 0, 0),
(7, 7, 'user', 1, '0', 0, 0),
(8, 8, 'user', 1, '0', 0, 0),
(9, 9, 'user', 1, '0', 0, 0),
(10, 10, 'user', 1, '0', 0, 0),
(11, 11, 'user', 1, '0', 0, 0),
(12, 12, 'user', 1, '0', 0, 0),
(13, 13, 'user', 1, '0', 0, 0),
(14, 14, 'user', 1, '0', 0, 0),
(15, 15, 'user', 1, '0', 0, 0),
(16, 16, 'user', 1, '0', 0, 0),
(17, 17, 'user', 1, '0', 0, 0),
(18, 18, 'user', 1, '0', 0, 0),
(19, 19, 'user', 1, '0', 0, 0),
(20, 20, 'user', 1, '0', 0, 0),
(21, 21, 'user', 1, '0', 0, 0),
(22, 22, 'user', 1, '0', 0, 0),
(23, 23, 'user', 1, '0', 0, 0),
(24, 24, 'user', 1, '0', 0, 0),
(25, 25, 'user', 1, '0', 0, 0),
(26, 26, 'user', 1, '0', 0, 0),
(27, 27, 'user', 1, '0', 0, 0),
(28, 28, 'user', 1, '0', 0, 0),
(29, 29, 'user', 1, '0', 0, 0),
(30, 30, 'user', 1, '0', 0, 0),
(31, 31, 'user', 1, '0', 0, 0),
(32, 32, 'user', 1, '0', 0, 0),
(33, 33, 'user', 1, '0', 0, 0),
(34, 34, 'user', 1, '0', 0, 0),
(35, 35, 'user', 1, '0', 0, 0),
(36, 36, 'user', 1, '0', 0, 0),
(37, 37, 'user', 1, '0', 0, 0),
(38, 38, 'user', 1, '0', 0, 0),
(39, 39, 'user', 1, '0', 0, 0),
(40, 40, 'user', 1, '0', 0, 0),
(41, 41, 'user', 1, '0', 0, 0),
(42, 42, 'user', 1, '0', 0, 0),
(43, 43, 'user', 1, '0', 0, 0),
(44, 44, 'user', 1, '0', 0, 0),
(45, 45, 'user', 1, '0', 0, 0),
(46, 46, 'user', 1, '0', 0, 0),
(47, 47, 'user', 1, '0', 0, 0),
(48, 48, 'user', 1, '0', 0, 0),
(49, 49, 'user', 1, '0', 0, 0),
(50, 50, 'user', 1, '0', 0, 0),
(51, 51, 'user', 1, '0', 0, 0),
(52, 52, 'user', 1, '0', 0, 0),
(53, 53, 'user', 1, '0', 0, 0),
(54, 54, 'user', 1, '0', 0, 0),
(55, 55, 'user', 1, '0', 0, 0),
(56, 56, 'user', 1, '0', 0, 0),
(57, 57, 'user', 1, '0', 0, 0),
(58, 58, 'user', 1, '0', 0, 0),
(59, 59, 'user', 1, '0', 0, 0),
(60, 60, 'user', 1, '0', 0, 0),
(61, 61, 'user', 1, '0', 0, 0),
(62, 62, 'user', 1, '0', 0, 0),
(63, 63, 'user', 1, '0', 0, 0),
(64, 64, 'user', 1, '0', 0, 0),
(65, 65, 'user', 1, '0', 0, 0),
(66, 66, 'user', 1, '0', 0, 0),
(67, 67, 'user', 1, '0', 0, 0),
(68, 68, 'user', 1, '0', 0, 0),
(69, 69, 'user', 1, '0', 0, 0),
(70, 70, 'user', 1, '0', 0, 0),
(71, 71, 'user', 1, '0', 0, 0),
(72, 72, 'user', 1, '0', 0, 0),
(73, 73, 'user', 1, '0', 0, 0),
(74, 74, 'user', 1, '0', 0, 0),
(75, 75, 'user', 1, '0', 0, 0),
(76, 76, 'user', 1, '0', 0, 0),
(77, 77, 'user', 1, '0', 0, 0),
(78, 78, 'user', 1, '0', 0, 0),
(79, 79, 'user', 1, '0', 0, 0),
(80, 80, 'user', 1, '0', 0, 0),
(81, 81, 'user', 1, '0', 0, 0),
(82, 82, 'user', 1, '0', 0, 0),
(83, 83, 'user', 1, '0', 0, 0),
(84, 84, 'user', 1, '0', 0, 0),
(85, 85, 'user', 1, '0', 0, 0),
(86, 86, 'user', 1, '0', 0, 0),
(87, 87, 'user', 1, '0', 0, 0),
(88, 88, 'user', 1, '0', 0, 0),
(89, 89, 'user', 1, '0', 0, 0),
(90, 90, 'user', 1, '0', 0, 0),
(91, 91, 'user', 1, '0', 0, 0),
(92, 92, 'user', 1, '0', 0, 0),
(93, 93, 'user', 1, '0', 0, 0),
(94, 94, 'user', 1, '0', 0, 0),
(95, 95, 'user', 1, '0', 0, 0),
(96, 96, 'user', 1, '0', 0, 0),
(97, 97, 'user', 1, '0', 0, 0),
(98, 98, 'user', 1, '0', 0, 0),
(99, 99, 'user', 1, '0', 0, 0),
(100, 100, 'user', 1, '0', 0, 0),
(101, 101, 'user', 1, '0', 0, 0),
(102, 102, 'user', 1, '0', 0, 0),
(103, 103, 'user', 1, '0', 0, 0),
(104, 104, 'user', 1, '0', 0, 0),
(105, 105, 'user', 1, '0', 0, 0),
(106, 106, 'user', 1, '0', 0, 0),
(107, 107, 'user', 3, '0', 0, 0),
(108, 108, 'user', 3, '0', 0, 0),
(109, 109, 'user', 1, '0', 0, 0),
(110, 110, 'user', 1, '0', 0, 0),
(111, 111, 'user', 1, '0', 0, 0),
(112, 112, 'user', 3, '0', 0, 0),
(113, 113, 'user', 1, '0', 0, 0),
(114, 114, 'user', 1, '0', 0, 0),
(115, 115, 'user', 1, '0', 0, 0),
(116, 116, 'user', 1, '0', 0, 0),
(117, 117, 'user', 3, '0', 0, 0),
(118, 118, 'user', 3, '0', 0, 0),
(119, 119, 'user', 3, '0', 0, 0),
(120, 120, 'user', 1, '0', 0, 0),
(121, 121, 'user', 1, '0', 0, 0),
(122, 122, 'user', 1, '0', 0, 0),
(123, 123, 'user', 3, '0', 0, 0),
(124, 124, 'user', 3, '0', 0, 0),
(125, 125, 'user', 3, '0', 0, 0),
(126, 126, 'user', 1, '0', 0, 0),
(127, 127, 'user', 1, '0', 0, 0),
(128, 128, 'user', 1, '0', 0, 0),
(129, 129, 'user', 1, '0', 0, 0),
(130, 130, 'user', 1, '0', 0, 0),
(131, 130, 'socpeople', 1, '0', 0, 0),
(132, 131, 'user', 1, '0', 0, 0),
(133, 132, 'user', 1, '0', 0, 0),
(134, 133, 'user', 1, '0', 0, 0),
(135, 134, 'user', 1, '0', 0, 0),
(136, 135, 'user', 1, '0', 0, 0),
(137, 136, 'user', 1, '0', 0, 0),
(138, 137, 'user', 1, '0', 0, 0),
(139, 138, 'user', 1, '0', 0, 0),
(140, 139, 'user', 1, '0', 0, 0),
(141, 140, 'user', 1, '0', 0, 0),
(142, 141, 'user', 1, '0', 0, 0),
(143, 142, 'user', 1, '0', 0, 0),
(144, 143, 'user', 1, '0', 0, 0),
(145, 144, 'user', 1, '0', 0, 0),
(146, 144, 'socpeople', 1, '0', 0, 0),
(147, 145, 'user', 1, '0', 0, 0),
(148, 146, 'user', 1, '0', 0, 0),
(149, 147, 'user', 1, '0', 0, 0),
(150, 148, 'user', 1, '0', 0, 0),
(151, 149, 'user', 1, '0', 0, 0),
(152, 150, 'user', 1, '0', 0, 0),
(153, 151, 'user', 1, '0', 0, 0),
(154, 152, 'user', 1, '0', 0, 0),
(155, 153, 'user', 1, '0', 0, 0),
(156, 154, 'user', 1, '0', 0, 0),
(157, 155, 'user', 1, '0', 0, 0),
(158, 156, 'user', 1, '0', 0, 0),
(159, 157, 'user', 1, '0', 0, 0),
(160, 158, 'user', 1, '0', 0, 0),
(161, 159, 'user', 1, '0', 0, 0),
(162, 160, 'user', 1, '0', 0, 0),
(163, 161, 'user', 1, '0', 0, 0),
(164, 162, 'user', 1, '0', 0, 0),
(165, 163, 'user', 1, '0', 0, 0),
(166, 164, 'user', 1, '0', 0, 0),
(167, 165, 'user', 1, '0', 0, 0),
(168, 166, 'user', 1, '0', 0, 0),
(169, 167, 'user', 1, '0', 0, 0),
(170, 168, 'user', 1, '0', 0, 0),
(171, 169, 'user', 1, '0', 0, 0),
(172, 170, 'user', 1, '0', 0, 0),
(173, 171, 'user', 1, '0', 0, 0),
(174, 172, 'user', 1, '0', 0, 0),
(175, 173, 'user', 1, '0', 0, 0),
(176, 174, 'user', 1, '0', 0, 0),
(177, 174, 'socpeople', 1, '0', 0, 0),
(178, 175, 'user', 1, '0', 0, 0),
(179, 176, 'user', 1, '0', 0, 0),
(180, 177, 'user', 1, '0', 0, 0),
(181, 178, 'user', 1, '0', 0, 0),
(182, 179, 'user', 1, '0', 0, 0),
(183, 180, 'user', 1, '0', 0, 0),
(184, 181, 'user', 1, '0', 0, 0),
(185, 182, 'user', 1, '0', 0, 0),
(186, 183, 'user', 1, '0', 0, 0),
(187, 184, 'user', 1, '0', 0, 0),
(188, 185, 'user', 1, '0', 0, 0),
(189, 186, 'user', 1, '0', 0, 0),
(190, 187, 'user', 1, '0', 0, 0),
(191, 188, 'user', 1, '0', 0, 0),
(192, 189, 'user', 1, '0', 0, 0),
(193, 190, 'user', 1, '0', 0, 0),
(194, 191, 'user', 1, '0', 0, 0),
(195, 192, 'user', 1, '0', 0, 0),
(196, 193, 'user', 3, '0', 0, 0),
(197, 194, 'user', 3, '0', 0, 0),
(198, 195, 'user', 3, '0', 0, 0),
(199, 196, 'user', 1, '0', 0, 0),
(200, 197, 'user', 1, '0', 0, 0),
(201, 198, 'user', 1, '0', 0, 0),
(202, 199, 'user', 1, '0', 0, 0),
(203, 200, 'user', 1, '0', 0, 0),
(204, 201, 'user', 1, '0', 0, 0),
(205, 202, 'user', 1, '0', 0, 0),
(206, 203, 'user', 1, '0', 0, 0),
(207, 204, 'user', 1, '0', 0, 0),
(208, 205, 'user', 1, '0', 0, 0),
(209, 206, 'user', 1, '0', 0, 0),
(210, 207, 'user', 1, '0', 0, 0),
(211, 208, 'user', 1, '0', 0, 0),
(212, 209, 'user', 1, '0', 0, 0),
(213, 210, 'user', 1, '0', 0, 0),
(214, 211, 'user', 1, '0', 0, 0),
(215, 212, 'user', 1, '0', 0, 0),
(216, 213, 'user', 1, '0', 0, 0),
(217, 214, 'user', 1, '0', 0, 0),
(218, 215, 'user', 1, '0', 0, 0),
(219, 216, 'user', 1, '0', 0, 0),
(220, 217, 'user', 1, '0', 0, 0),
(221, 218, 'user', 1, '0', 0, 0),
(222, 219, 'user', 1, '0', 0, 0),
(223, 220, 'user', 1, '0', 0, 0),
(224, 221, 'user', 1, '0', 0, 0),
(225, 222, 'user', 1, '0', 0, 0),
(226, 223, 'user', 1, '0', 0, 0),
(227, 224, 'user', 1, '0', 0, 0),
(228, 225, 'user', 1, '0', 0, 0),
(229, 226, 'user', 1, '0', 0, 0),
(230, 227, 'user', 1, '0', 0, 0),
(231, 228, 'user', 1, '0', 0, 0),
(232, 229, 'user', 1, '0', 0, 0),
(233, 230, 'user', 1, '0', 0, 0),
(234, 231, 'user', 1, '0', 0, 0),
(235, 232, 'user', 1, '0', 0, 0),
(236, 233, 'user', 1, '0', 0, 0),
(237, 234, 'user', 1, '0', 0, 0),
(238, 235, 'user', 1, '0', 0, 0),
(239, 236, 'user', 1, '0', 0, 0),
(240, 237, 'user', 1, '0', 0, 0),
(241, 238, 'user', 1, '0', 0, 0),
(242, 239, 'user', 1, '0', 0, 0),
(243, 240, 'user', 1, '0', 0, 0),
(244, 241, 'user', 1, '0', 0, 0),
(245, 242, 'user', 1, '0', 0, 0),
(246, 243, 'user', 1, '0', 0, 0),
(247, 244, 'user', 1, '0', 0, 0),
(248, 245, 'user', 1, '0', 0, 0),
(249, 246, 'user', 1, '0', 0, 0),
(250, 247, 'user', 1, '0', 0, 0),
(251, 248, 'user', 1, '0', 0, 0),
(252, 249, 'user', 1, '0', 0, 0),
(253, 250, 'user', 1, '0', 0, 0),
(254, 251, 'user', 1, '0', 0, 0),
(255, 252, 'user', 1, '0', 0, 0),
(256, 253, 'user', 1, '0', 0, 0),
(257, 254, 'user', 1, '0', 0, 0),
(258, 255, 'user', 1, '0', 0, 0),
(259, 256, 'user', 1, '0', 0, 0),
(260, 257, 'user', 1, '0', 0, 0),
(261, 258, 'user', 1, '0', 0, 0),
(262, 259, 'user', 3, '0', 0, 0),
(263, 260, 'user', 3, '0', 0, 0),
(264, 261, 'user', 3, '0', 0, 0),
(265, 262, 'user', 3, '0', 0, 0),
(266, 263, 'user', 3, '0', 0, 0),
(267, 264, 'user', 3, '0', 0, 0),
(268, 265, 'user', 3, '0', 0, 0),
(269, 266, 'user', 3, '0', 0, 0),
(270, 267, 'user', 3, '0', 0, 0),
(271, 268, 'user', 3, '0', 0, 0),
(272, 269, 'user', 3, '0', 0, 0),
(273, 270, 'user', 3, '0', 0, 0),
(274, 271, 'user', 3, '0', 0, 0),
(275, 272, 'user', 3, '0', 0, 0),
(276, 273, 'user', 3, '0', 0, 0),
(277, 274, 'user', 3, '0', 0, 0),
(278, 275, 'user', 3, '0', 0, 0),
(279, 276, 'user', 1, '0', 0, 0),
(280, 277, 'user', 1, '0', 0, 0),
(281, 278, 'user', 1, '0', 0, 0),
(282, 279, 'user', 1, '0', 0, 0),
(283, 280, 'user', 1, '0', 0, 0),
(284, 281, 'user', 1, '0', 0, 0),
(285, 282, 'user', 1, '0', 0, 0),
(286, 283, 'user', 1, '0', 0, 0),
(287, 284, 'user', 1, '0', 0, 0),
(288, 285, 'user', 1, '0', 0, 0),
(289, 286, 'user', 1, '0', 0, 0),
(290, 287, 'user', 1, '0', 0, 0),
(291, 288, 'user', 1, '0', 0, 0),
(292, 289, 'user', 1, '0', 0, 0),
(293, 290, 'user', 1, '0', 0, 0),
(294, 291, 'user', 1, '0', 0, 0),
(295, 292, 'user', 1, '0', 0, 0),
(296, 293, 'user', 1, '0', 0, 0),
(297, 294, 'user', 1, '0', 0, 0),
(298, 295, 'user', 1, '0', 0, 0),
(299, 296, 'user', 1, '0', 0, 0),
(300, 297, 'user', 1, '0', 0, 0),
(301, 298, 'user', 1, '0', 0, 0),
(302, 299, 'user', 1, '0', 0, 0),
(303, 300, 'user', 1, '0', 0, 0),
(304, 301, 'user', 1, '0', 0, 0),
(305, 302, 'user', 1, '0', 0, 0),
(306, 303, 'user', 1, '0', 0, 0),
(307, 304, 'user', 1, '0', 0, 0),
(308, 305, 'user', 1, '0', 0, 0),
(309, 306, 'user', 1, '0', 0, 0),
(310, 307, 'user', 1, '0', 0, 0),
(311, 308, 'user', 1, '0', 0, 0),
(312, 309, 'user', 1, '0', 0, 0),
(313, 310, 'user', 1, '0', 0, 0),
(314, 311, 'user', 1, '0', 0, 0),
(315, 312, 'user', 1, '0', 0, 0),
(316, 313, 'user', 1, '0', 0, 0),
(317, 314, 'user', 1, '0', 0, 0),
(318, 315, 'user', 1, '0', 0, 0),
(319, 316, 'user', 1, '0', 0, 0),
(320, 317, 'user', 1, '0', 0, 0),
(321, 318, 'user', 1, '0', 0, 0),
(322, 319, 'user', 1, '0', 0, 0),
(323, 320, 'user', 1, '0', 0, 0),
(324, 321, 'user', 1, '0', 0, 0),
(325, 322, 'user', 1, '0', 0, 0),
(326, 323, 'user', 1, '0', 0, 0),
(327, 324, 'user', 1, '0', 0, 0),
(328, 325, 'user', 1, '0', 0, 0),
(329, 326, 'user', 1, '0', 0, 0),
(330, 327, 'user', 1, '0', 0, 0),
(331, 328, 'user', 1, '0', 0, 0),
(332, 329, 'user', 1, '0', 0, 0),
(333, 330, 'user', 1, '0', 0, 0),
(334, 331, 'user', 1, '0', 0, 0),
(335, 332, 'user', 7, '0', 0, 0),
(336, 333, 'user', 7, '0', 0, 0),
(337, 334, 'user', 7, '0', 0, 0),
(338, 335, 'user', 7, '0', 0, 0),
(339, 336, 'user', 7, '0', 0, 0),
(341, 338, 'user', 7, '0', 0, 0),
(342, 339, 'user', 7, '0', 0, 0),
(343, 340, 'user', 7, '0', 0, 0),
(344, 341, 'user', 7, '0', 0, 0),
(345, 342, 'user', 7, '0', 0, 0),
(346, 343, 'user', 7, '0', 0, 0),
(347, 344, 'user', 7, '0', 0, 0),
(348, 345, 'user', 7, '0', 0, 0),
(349, 346, 'user', 7, '0', 0, 0),
(350, 347, 'user', 7, '0', 0, 0),
(351, 348, 'user', 7, '0', 0, 0),
(352, 349, 'user', 7, '0', 0, 0),
(353, 350, 'user', 7, '0', 0, 0),
(354, 351, 'user', 7, '0', 0, 0),
(355, 352, 'user', 7, '0', 0, 0),
(356, 353, 'user', 7, '0', 0, 0),
(357, 354, 'user', 7, '0', 0, 0),
(358, 355, 'user', 7, '0', 0, 0),
(359, 356, 'user', 7, '0', 0, 0),
(360, 357, 'user', 7, '0', 0, 0),
(361, 358, 'user', 10, '0', 0, 0),
(362, 359, 'user', 7, '0', 0, 0),
(363, 360, 'user', 7, '0', 0, 0),
(364, 361, 'user', 7, '0', 0, 0),
(365, 362, 'user', 7, '0', 0, 0),
(366, 363, 'user', 7, '0', 0, 0),
(367, 364, 'user', 7, '0', 0, 0),
(368, 365, 'user', 7, '0', 0, 0),
(369, 366, 'user', 7, '0', 0, 0),
(370, 367, 'user', 7, '0', 0, 0),
(371, 368, 'user', 7, '0', 0, 0),
(372, 369, 'user', 7, '0', 0, 0),
(373, 370, 'user', 7, '0', 0, 0),
(374, 371, 'user', 7, '0', 0, 0),
(375, 372, 'user', 1, '0', 0, 0),
(376, 373, 'user', 10, '0', 0, 0),
(377, 374, 'user', 11, '0', 0, 0),
(378, 375, 'user', 11, '0', 0, 0),
(379, 376, 'user', 10, '0', 0, 0),
(380, 377, 'user', 10, '0', 0, 0),
(381, 378, 'user', 10, '0', 0, 0),
(382, 379, 'user', 10, '0', 0, 0),
(383, 380, 'user', 10, '0', 0, 0),
(384, 381, 'user', 1, '0', 0, 0),
(385, 382, 'user', 1, '0', 0, 0),
(386, 383, 'user', 1, '0', 0, 0),
(387, 384, 'user', 1, '0', 0, 0),
(388, 385, 'user', 1, '0', 0, 0),
(389, 386, 'user', 1, '0', 0, 0),
(390, 387, 'user', 1, '0', 0, 0),
(391, 388, 'user', 1, '0', 0, 0),
(392, 389, 'user', 1, '0', 0, 0),
(393, 390, 'user', 1, '0', 0, 0),
(394, 391, 'user', 1, '0', 0, 0),
(395, 392, 'user', 1, '0', 0, 0),
(396, 393, 'user', 1, '0', 0, 0),
(397, 394, 'user', 1, '0', 0, 0),
(398, 395, 'user', 1, '0', 0, 0),
(399, 396, 'user', 1, '0', 0, 0),
(400, 397, 'user', 1, '0', 0, 0),
(401, 398, 'user', 1, '0', 0, 0),
(402, 399, 'user', 1, '0', 0, 0),
(403, 400, 'user', 1, '0', 0, 0),
(404, 401, 'user', 1, '0', 0, 0),
(405, 402, 'user', 1, '0', 0, 0),
(406, 403, 'user', 1, '0', 0, 0),
(407, 404, 'user', 1, '0', 0, 0),
(408, 405, 'user', 1, '0', 0, 0),
(409, 406, 'user', 1, '0', 0, 0),
(410, 407, 'user', 1, '0', 0, 0),
(411, 408, 'user', 1, '0', 0, 0),
(412, 409, 'user', 1, '0', 0, 0),
(413, 410, 'user', 1, '0', 0, 0),
(414, 411, 'user', 1, '0', 0, 0),
(415, 412, 'user', 1, '0', 0, 0),
(416, 413, 'user', 1, '0', 0, 0),
(417, 414, 'user', 1, '0', 0, 0),
(418, 415, 'user', 1, '0', 0, 0),
(419, 416, 'user', 1, '0', 0, 0),
(420, 417, 'user', 1, '0', 0, 0),
(421, 418, 'user', 1, '0', 0, 0),
(422, 419, 'user', 1, '0', 0, 0),
(423, 420, 'user', 1, '0', 0, 0),
(424, 421, 'user', 1, '0', 0, 0),
(425, 422, 'user', 1, '0', 0, 0),
(426, 423, 'user', 1, '0', 0, 0),
(427, 424, 'user', 1, '0', 0, 0),
(428, 425, 'user', 1, '0', 0, 0),
(429, 426, 'user', 1, '0', 0, 0),
(430, 427, 'user', 1, '0', 0, 0),
(431, 428, 'user', 1, '0', 0, 0),
(432, 429, 'user', 1, '0', 0, 0),
(433, 430, 'user', 1, '0', 0, 0),
(434, 431, 'user', 1, '0', 0, 0),
(435, 432, 'user', 1, '0', 0, 0),
(436, 433, 'user', 1, '0', 0, 0),
(437, 434, 'user', 1, '0', 0, 0),
(438, 435, 'user', 1, '0', 0, 0),
(439, 436, 'user', 1, '0', 0, 0),
(440, 437, 'user', 1, '0', 0, 0),
(441, 438, 'user', 1, '0', 0, 0),
(442, 439, 'user', 1, '0', 0, 0),
(443, 440, 'user', 1, '0', 0, 0),
(444, 441, 'user', 1, '0', 0, 0),
(445, 442, 'user', 1, '0', 0, 0),
(446, 443, 'user', 1, '0', 0, 0),
(447, 444, 'user', 1, '0', 0, 0),
(448, 445, 'user', 1, '0', 0, 0),
(449, 446, 'user', 1, '0', 0, 0),
(450, 447, 'user', 1, '0', 0, 0),
(451, 448, 'user', 1, '0', 0, 0),
(452, 449, 'user', 8, '0', 0, 0),
(453, 450, 'user', 8, '0', 0, 0),
(454, 450, 'socpeople', 2, '0', 0, 0),
(455, 451, 'user', 8, '0', 0, 0),
(456, 452, 'user', 12, '0', 0, 0),
(457, 453, 'user', 12, '0', 0, 0),
(458, 453, 'socpeople', 3, '0', 0, 0),
(459, 454, 'user', 7, '0', 0, 0),
(460, 455, 'user', 7, '0', 0, 0),
(461, 456, 'user', 7, '0', 0, 0),
(462, 457, 'user', 7, '0', 0, 0),
(463, 458, 'user', 7, '0', 0, 0),
(464, 459, 'user', 7, '0', 0, 0),
(465, 460, 'user', 7, '0', 0, 0),
(466, 461, 'user', 7, '0', 0, 0),
(467, 462, 'user', 7, '0', 0, 0),
(468, 463, 'user', 7, '0', 0, 0),
(469, 464, 'user', 7, '0', 0, 0),
(470, 465, 'user', 7, '0', 0, 0),
(471, 466, 'user', 7, '0', 0, 0),
(472, 467, 'user', 7, '0', 0, 0),
(473, 468, 'user', 7, '0', 0, 0),
(474, 469, 'user', 7, '0', 0, 0),
(475, 470, 'user', 7, '0', 0, 0),
(476, 471, 'user', 7, '0', 0, 0),
(477, 472, 'user', 7, '0', 0, 0),
(478, 473, 'user', 7, '0', 0, 0),
(479, 474, 'user', 7, '0', 0, 0),
(480, 475, 'user', 7, '0', 0, 0),
(481, 476, 'user', 7, '0', 0, 0),
(482, 477, 'user', 7, '0', 0, 0),
(483, 478, 'user', 7, '0', 0, 0),
(484, 479, 'user', 7, '0', 0, 0),
(485, 480, 'user', 7, '0', 0, 0),
(486, 481, 'user', 7, '0', 0, 0),
(487, 482, 'user', 7, '0', 0, 0),
(488, 483, 'user', 7, '0', 0, 0),
(489, 484, 'user', 7, '0', 0, 0),
(490, 485, 'user', 7, '0', 0, 0),
(491, 486, 'user', 7, '0', 0, 0),
(492, 487, 'user', 7, '0', 0, 0),
(493, 488, 'user', 7, '0', 0, 0),
(494, 489, 'user', 7, '0', 0, 0),
(495, 490, 'user', 7, '0', 0, 0),
(496, 491, 'user', 7, '0', 0, 0),
(497, 492, 'user', 7, '0', 0, 0),
(498, 493, 'user', 7, '0', 0, 0),
(499, 494, 'user', 7, '0', 0, 0),
(500, 495, 'user', 7, '0', 0, 0),
(501, 496, 'user', 7, '0', 0, 0),
(502, 497, 'user', 7, '0', 0, 0),
(503, 498, 'user', 7, '0', 0, 0),
(504, 499, 'user', 7, '0', 0, 0),
(505, 500, 'user', 7, '0', 0, 0),
(506, 501, 'user', 7, '0', 0, 0),
(507, 502, 'user', 7, '0', 0, 0),
(508, 503, 'user', 7, '0', 0, 0),
(509, 504, 'user', 7, '0', 0, 0),
(510, 505, 'user', 7, '0', 0, 0),
(511, 506, 'user', 7, '0', 0, 0),
(512, 507, 'user', 7, '0', 0, 0),
(513, 508, 'user', 7, '0', 0, 0),
(514, 509, 'user', 7, '0', 0, 0),
(515, 510, 'user', 7, '0', 0, 0),
(516, 511, 'user', 7, '0', 0, 0),
(517, 512, 'user', 7, '0', 0, 0),
(518, 513, 'user', 7, '0', 0, 0),
(519, 514, 'user', 7, '0', 0, 0),
(520, 515, 'user', 7, '0', 0, 0),
(521, 516, 'user', 7, '0', 0, 0),
(522, 517, 'user', 7, '0', 0, 0),
(523, 518, 'user', 7, '0', 0, 0),
(524, 519, 'user', 7, '0', 0, 0),
(525, 520, 'user', 7, '0', 0, 0),
(526, 521, 'user', 7, '0', 0, 0),
(527, 522, 'user', 7, '0', 0, 0),
(528, 523, 'user', 7, '0', 0, 0),
(529, 524, 'user', 7, '0', 0, 0),
(530, 525, 'user', 1, '0', 0, 0),
(531, 526, 'user', 7, '0', 0, 0),
(532, 527, 'user', 7, '0', 0, 0),
(533, 528, 'user', 7, '0', 0, 0),
(534, 529, 'user', 7, '0', 0, 0),
(535, 530, 'user', 7, '0', 0, 0),
(536, 531, 'user', 7, '0', 0, 0),
(537, 532, 'user', 7, '0', 0, 0),
(538, 533, 'user', 7, '0', 0, 0),
(539, 534, 'user', 7, '0', 0, 0),
(540, 535, 'user', 7, '0', 0, 0),
(541, 536, 'user', 7, '0', 0, 0),
(542, 537, 'user', 7, '0', 0, 0),
(543, 538, 'user', 7, '0', 0, 0),
(544, 539, 'user', 7, '0', 0, 0),
(545, 540, 'user', 7, '0', 0, 0),
(546, 541, 'user', 7, '0', 0, 0),
(547, 542, 'user', 7, '0', 0, 0),
(548, 543, 'user', 7, '0', 0, 0),
(549, 544, 'user', 1, '0', 0, 0),
(550, 545, 'user', 1, '0', 0, 0),
(551, 546, 'user', 1, '0', 0, 0),
(552, 547, 'user', 1, '0', 0, 0),
(553, 548, 'user', 1, '0', 0, 0),
(554, 549, 'user', 1, '0', 0, 0),
(555, 550, 'user', 1, '0', 0, 0),
(556, 551, 'user', 1, '0', 0, 0),
(557, 552, 'user', 7, '0', 0, 0),
(558, 553, 'user', 7, '0', 0, 0),
(559, 554, 'user', 7, '0', 0, 0),
(560, 555, 'user', 7, '0', 0, 0),
(561, 556, 'user', 7, '0', 0, 0),
(562, 557, 'user', 7, '0', 0, 0),
(563, 558, 'user', 7, '0', 0, 0),
(564, 559, 'user', 7, '0', 0, 0),
(565, 560, 'user', 7, '0', 0, 0),
(566, 561, 'user', 7, '0', 0, 0),
(567, 562, 'user', 7, '0', 0, 0),
(568, 563, 'user', 7, '0', 0, 0),
(569, 564, 'user', 7, '0', 0, 0),
(570, 565, 'user', 7, '0', 0, 0),
(571, 566, 'user', 7, '0', 0, 0),
(572, 567, 'user', 7, '0', 0, 0),
(573, 568, 'user', 7, '0', 0, 0),
(574, 569, 'user', 7, '0', 0, 0),
(575, 570, 'user', 7, '0', 0, 0),
(576, 571, 'user', 7, '0', 0, 0),
(577, 572, 'user', 7, '0', 0, 0),
(578, 573, 'user', 7, '0', 0, 0),
(579, 574, 'user', 7, '0', 0, 0),
(580, 575, 'user', 7, '0', 0, 0),
(581, 576, 'user', 7, '0', 0, 0),
(582, 577, 'user', 7, '0', 0, 0),
(583, 578, 'user', 7, '0', 0, 0),
(584, 579, 'user', 7, '0', 0, 0),
(585, 580, 'user', 7, '0', 0, 0),
(586, 581, 'user', 7, '0', 0, 0),
(587, 582, 'user', 7, '0', 0, 0),
(588, 583, 'user', 7, '0', 0, 0),
(589, 584, 'user', 7, '0', 0, 0),
(590, 585, 'user', 7, '0', 0, 0),
(591, 586, 'user', 7, '0', 0, 0),
(592, 587, 'user', 7, '0', 0, 0),
(593, 588, 'user', 7, '0', 0, 0),
(594, 589, 'user', 7, '0', 0, 0),
(595, 590, 'user', 7, '0', 0, 0),
(596, 591, 'user', 7, '0', 0, 0),
(597, 592, 'user', 7, '0', 0, 0),
(598, 593, 'user', 7, '0', 0, 0),
(599, 594, 'user', 7, '0', 0, 0),
(600, 595, 'user', 7, '0', 0, 0),
(601, 596, 'user', 7, '0', 0, 0),
(602, 597, 'user', 7, '0', 0, 0),
(603, 598, 'user', 7, '0', 0, 0),
(604, 599, 'user', 7, '0', 0, 0),
(605, 600, 'user', 7, '0', 0, 0),
(606, 601, 'user', 7, '0', 0, 0),
(607, 602, 'user', 7, '0', 0, 0),
(608, 603, 'user', 7, '0', 0, 0),
(609, 604, 'user', 7, '0', 0, 0),
(610, 605, 'user', 7, '0', 0, 0),
(611, 606, 'user', 7, '0', 0, 0),
(612, 607, 'user', 7, '0', 0, 0),
(613, 608, 'user', 7, '0', 0, 0),
(614, 609, 'user', 7, '0', 0, 0),
(615, 610, 'user', 7, '0', 0, 0),
(616, 611, 'user', 7, '0', 0, 0),
(617, 612, 'user', 7, '0', 0, 0),
(618, 613, 'user', 7, '0', 0, 0),
(619, 614, 'user', 7, '0', 0, 0),
(620, 615, 'user', 7, '0', 0, 0),
(621, 616, 'user', 7, '0', 0, 0),
(622, 617, 'user', 7, '0', 0, 0),
(623, 618, 'user', 7, '0', 0, 0),
(624, 619, 'user', 7, '0', 0, 0),
(625, 620, 'user', 10, '0', 0, 0),
(626, 621, 'user', 7, '0', 0, 0),
(627, 622, 'user', 7, '0', 0, 0),
(628, 623, 'user', 7, '0', 0, 0),
(629, 624, 'user', 7, '0', 0, 0),
(630, 625, 'user', 7, '0', 0, 0),
(631, 626, 'user', 7, '0', 0, 0),
(632, 627, 'user', 7, '0', 0, 0),
(633, 628, 'user', 7, '0', 0, 0),
(634, 629, 'user', 7, '0', 0, 0),
(635, 630, 'user', 7, '0', 0, 0),
(636, 631, 'user', 7, '0', 0, 0),
(637, 632, 'user', 7, '0', 0, 0),
(638, 633, 'user', 7, '0', 0, 0),
(639, 634, 'user', 7, '0', 0, 0),
(640, 635, 'user', 7, '0', 0, 0),
(641, 636, 'user', 7, '0', 0, 0),
(642, 637, 'user', 7, '0', 0, 0),
(643, 638, 'user', 7, '0', 0, 0),
(644, 639, 'user', 7, '0', 0, 0),
(645, 640, 'user', 10, '0', 0, 0),
(646, 641, 'user', 1, '0', 0, 0),
(647, 642, 'user', 1, '0', 0, 0),
(648, 643, 'user', 1, '0', 0, 0),
(649, 644, 'user', 1, '0', 0, 0),
(650, 645, 'user', 1, '0', 0, 0),
(651, 646, 'user', 7, '0', 0, 0),
(652, 647, 'user', 1, '0', 0, 0),
(653, 648, 'user', 1, '0', 0, 0),
(654, 649, 'user', 1, '0', 0, 0),
(655, 650, 'user', 1, '0', 0, 0),
(656, 651, 'user', 1, '0', 0, 0),
(657, 652, 'user', 1, '0', 0, 0),
(658, 653, 'user', 1, '0', 0, 0),
(659, 654, 'user', 1, '0', 0, 0),
(660, 655, 'user', 1, '0', 0, 0),
(661, 656, 'user', 1, '0', 0, 0),
(662, 657, 'user', 1, '0', 0, 0),
(663, 658, 'user', 1, '0', 0, 0),
(664, 659, 'user', 1, '0', 0, 0),
(665, 660, 'user', 1, '0', 0, 0),
(666, 661, 'user', 1, '0', 0, 0),
(667, 662, 'user', 1, '0', 0, 0),
(668, 663, 'user', 1, '0', 0, 0),
(669, 664, 'user', 1, '0', 0, 0),
(670, 665, 'user', 1, '0', 0, 0),
(671, 666, 'user', 1, '0', 0, 0),
(672, 667, 'user', 1, '0', 0, 0),
(673, 668, 'user', 1, '0', 0, 0),
(674, 669, 'user', 1, '0', 0, 0),
(675, 670, 'user', 1, '0', 0, 0),
(676, 671, 'user', 1, '0', 0, 0),
(677, 672, 'user', 1, '0', 0, 0),
(678, 673, 'user', 1, '0', 0, 0),
(679, 674, 'user', 1, '0', 0, 0),
(680, 675, 'user', 1, '0', 0, 0),
(681, 676, 'user', 1, '0', 0, 0),
(682, 677, 'user', 1, '0', 0, 0),
(683, 678, 'user', 1, '0', 0, 0),
(684, 679, 'user', 1, '0', 0, 0),
(685, 680, 'user', 1, '0', 0, 0),
(686, 681, 'user', 1, '0', 0, 0),
(687, 682, 'user', 1, '0', 0, 0),
(688, 683, 'user', 1, '0', 0, 0),
(689, 684, 'user', 1, '0', 0, 0),
(690, 685, 'user', 1, '0', 0, 0),
(691, 686, 'user', 1, '0', 0, 0),
(692, 687, 'user', 1, '0', 0, 0),
(693, 688, 'user', 1, '0', 0, 0),
(694, 689, 'user', 1, '0', 0, 0),
(695, 690, 'user', 1, '0', 0, 0),
(696, 691, 'user', 1, '0', 0, 0),
(697, 692, 'user', 1, '0', 0, 0),
(698, 693, 'user', 1, '0', 0, 0),
(699, 694, 'user', 1, '0', 0, 0),
(700, 695, 'user', 1, '0', 0, 0),
(701, 696, 'user', 1, '0', 0, 0),
(702, 697, 'user', 1, '0', 0, 0),
(703, 698, 'user', 1, '0', 0, 0),
(704, 699, 'user', 1, '0', 0, 0),
(705, 700, 'user', 1, '0', 0, 0),
(706, 701, 'user', 1, '0', 0, 0),
(707, 702, 'user', 1, '0', 0, 0),
(708, 703, 'user', 1, '0', 0, 0),
(709, 704, 'user', 1, '0', 0, 0),
(710, 705, 'user', 1, '0', 0, 0),
(711, 706, 'user', 1, '0', 0, 0),
(712, 707, 'user', 1, '0', 0, 0),
(713, 708, 'user', 1, '0', 0, 0),
(714, 709, 'user', 1, '0', 0, 0),
(715, 710, 'user', 1, '0', 0, 0),
(716, 711, 'user', 1, '0', 0, 0),
(717, 712, 'user', 1, '0', 0, 0),
(718, 713, 'user', 1, '0', 0, 0),
(719, 714, 'user', 1, '0', 0, 0),
(720, 715, 'user', 1, '0', 0, 0),
(721, 716, 'user', 1, '0', 0, 0),
(722, 717, 'user', 1, '0', 0, 0),
(723, 718, 'user', 1, '0', 0, 0),
(724, 719, 'user', 1, '0', 0, 0),
(725, 720, 'user', 1, '0', 0, 0),
(726, 721, 'user', 1, '0', 0, 0),
(727, 722, 'user', 7, '0', 0, 0),
(728, 723, 'user', 7, '0', 0, 0),
(729, 724, 'user', 7, '0', 0, 0),
(730, 725, 'user', 1, '0', 0, 0),
(731, 726, 'user', 1, '0', 0, 0),
(732, 727, 'user', 1, '0', 0, 0),
(733, 728, 'user', 1, '0', 0, 0),
(734, 729, 'user', 1, '0', 0, 0),
(735, 730, 'user', 1, '0', 0, 0),
(736, 731, 'user', 1, '0', 0, 0),
(737, 732, 'user', 1, '0', 0, 0),
(738, 733, 'user', 1, '0', 0, 0),
(739, 734, 'user', 1, '0', 0, 0),
(740, 735, 'user', 1, '0', 0, 0),
(741, 736, 'user', 1, '0', 0, 0),
(742, 737, 'user', 1, '0', 0, 0),
(743, 738, 'user', 1, '0', 0, 0),
(744, 739, 'user', 1, '0', 0, 0),
(745, 740, 'user', 1, '0', 0, 0),
(746, 741, 'user', 1, '0', 0, 0),
(747, 742, 'user', 1, '0', 0, 0),
(748, 743, 'user', 1, '0', 0, 0),
(749, 744, 'user', 1, '0', 0, 0),
(750, 745, 'user', 1, '0', 0, 0),
(751, 746, 'user', 1, '0', 0, 0),
(752, 747, 'user', 1, '0', 0, 0),
(753, 748, 'user', 1, '0', 0, 0),
(754, 749, 'user', 1, '0', 0, 0),
(755, 750, 'user', 1, '0', 0, 0),
(756, 751, 'user', 1, '0', 0, 0),
(757, 752, 'user', 1, '0', 0, 0),
(758, 753, 'user', 1, '0', 0, 0),
(759, 754, 'user', 7, '0', 0, 0),
(760, 755, 'user', 7, '0', 0, 0),
(761, 756, 'user', 7, '0', 0, 0),
(762, 757, 'user', 1, '0', 0, 0),
(763, 758, 'user', 1, '0', 0, 0),
(764, 759, 'user', 1, '0', 0, 0),
(765, 760, 'user', 1, '0', 0, 0),
(766, 761, 'user', 1, '0', 0, 0),
(767, 762, 'user', 1, '0', 0, 0),
(768, 763, 'user', 1, '0', 0, 0),
(769, 764, 'user', 1, '0', 0, 0),
(770, 765, 'user', 1, '0', 0, 0),
(771, 766, 'user', 1, '0', 0, 0),
(772, 767, 'user', 1, '0', 0, 0),
(773, 768, 'user', 1, '0', 0, 0),
(774, 769, 'user', 1, '0', 0, 0),
(775, 770, 'user', 1, '0', 0, 0),
(776, 771, 'user', 1, '0', 0, 0),
(777, 772, 'user', 1, '0', 0, 0),
(778, 773, 'user', 1, '0', 0, 0),
(779, 774, 'user', 1, '0', 0, 0),
(780, 775, 'user', 1, '0', 0, 0),
(781, 776, 'user', 1, '0', 0, 0),
(782, 777, 'user', 1, '0', 0, 0),
(783, 778, 'user', 1, '0', 0, 0),
(784, 779, 'user', 1, '0', 0, 0),
(785, 780, 'user', 1, '0', 0, 0),
(786, 781, 'user', 1, '0', 0, 0),
(787, 782, 'user', 1, '0', 0, 0),
(788, 783, 'user', 1, '0', 0, 0),
(789, 784, 'user', 1, '0', 0, 0),
(790, 785, 'user', 1, '0', 0, 0),
(791, 786, 'user', 1, '0', 0, 0),
(792, 787, 'user', 1, '0', 0, 0),
(793, 788, 'user', 1, '0', 0, 0),
(794, 789, 'user', 1, '0', 0, 0),
(795, 790, 'user', 1, '0', 0, 0),
(796, 791, 'user', 1, '0', 0, 0),
(797, 792, 'user', 1, '0', 0, 0),
(798, 793, 'user', 1, '0', 0, 0),
(799, 794, 'user', 1, '0', 0, 0),
(800, 795, 'user', 1, '0', 0, 0),
(801, 796, 'user', 1, '0', 0, 0),
(802, 797, 'user', 1, '0', 0, 0),
(803, 798, 'user', 1, '0', 0, 0),
(804, 799, 'user', 1, '0', 0, 0),
(805, 800, 'user', 1, '0', 0, 0),
(806, 801, 'user', 1, '0', 0, 0),
(807, 802, 'user', 1, '0', 0, 0),
(808, 803, 'user', 1, '0', 0, 0),
(809, 804, 'user', 1, '0', 0, 0),
(810, 805, 'user', 1, '0', 0, 0),
(811, 806, 'user', 1, '0', 0, 0),
(812, 807, 'user', 1, '0', 0, 0),
(813, 808, 'user', 1, '0', 0, 0),
(814, 809, 'user', 1, '0', 0, 0),
(815, 810, 'user', 1, '0', 0, 0),
(816, 811, 'user', 1, '0', 0, 0),
(817, 812, 'user', 1, '0', 0, 0),
(818, 813, 'user', 1, '0', 0, 0),
(819, 814, 'user', 1, '0', 0, 0),
(820, 815, 'user', 1, '0', 0, 0),
(821, 816, 'user', 1, '0', 0, 0),
(822, 817, 'user', 1, '0', 0, 0),
(823, 818, 'user', 1, '0', 0, 0),
(824, 819, 'user', 1, '0', 0, 0),
(825, 820, 'user', 1, '0', 0, 0),
(826, 821, 'user', 1, '0', 0, 0),
(827, 822, 'user', 1, '0', 0, 0),
(828, 823, 'user', 1, '0', 0, 0),
(829, 824, 'user', 1, '0', 0, 0),
(830, 825, 'user', 1, '0', 0, 0),
(831, 826, 'user', 1, '0', 0, 0),
(832, 827, 'user', 1, '0', 0, 0),
(833, 828, 'user', 1, '0', 0, 0),
(834, 829, 'user', 1, '0', 0, 0),
(835, 830, 'user', 1, '0', 0, 0),
(836, 831, 'user', 1, '0', 0, 0),
(837, 832, 'user', 1, '0', 0, 0),
(838, 833, 'user', 1, '0', 0, 0),
(839, 834, 'user', 1, '0', 0, 0),
(840, 835, 'user', 1, '0', 0, 0),
(841, 836, 'user', 1, '0', 0, 0),
(842, 837, 'user', 1, '0', 0, 0),
(843, 838, 'user', 1, '0', 0, 0),
(844, 839, 'user', 1, '0', 0, 0),
(845, 840, 'user', 1, '0', 0, 0),
(846, 841, 'user', 1, '0', 0, 0),
(847, 842, 'user', 1, '0', 0, 0),
(848, 843, 'user', 1, '0', 0, 0),
(849, 844, 'user', 1, '0', 0, 0),
(850, 845, 'user', 1, '0', 0, 0),
(851, 846, 'user', 1, '0', 0, 0),
(852, 847, 'user', 1, '0', 0, 0),
(853, 848, 'user', 1, '0', 0, 0),
(854, 849, 'user', 1, '0', 0, 0),
(855, 850, 'user', 1, '0', 0, 0),
(856, 851, 'user', 1, '0', 0, 0),
(857, 852, 'user', 1, '0', 0, 0),
(858, 853, 'user', 1, '0', 0, 0),
(859, 854, 'user', 1, '0', 0, 0),
(860, 855, 'user', 1, '0', 0, 0),
(861, 856, 'user', 1, '0', 0, 0),
(862, 857, 'user', 1, '0', 0, 0),
(863, 858, 'user', 1, '0', 0, 0),
(864, 859, 'user', 1, '0', 0, 0),
(865, 860, 'user', 1, '0', 0, 0),
(866, 861, 'user', 1, '0', 0, 0),
(867, 862, 'user', 1, '0', 0, 0),
(868, 863, 'user', 1, '0', 0, 0),
(869, 864, 'user', 1, '0', 0, 0),
(870, 865, 'user', 1, '0', 0, 0),
(871, 866, 'user', 1, '0', 0, 0),
(872, 867, 'user', 1, '0', 0, 0),
(873, 868, 'user', 1, '0', 0, 0),
(874, 869, 'user', 1, '0', 0, 0),
(875, 870, 'user', 1, '0', 0, 0),
(876, 871, 'user', 7, '0', 0, 0),
(877, 872, 'user', 7, '0', 0, 0),
(878, 873, 'user', 7, '0', 0, 0),
(879, 874, 'user', 7, '0', 0, 0),
(880, 875, 'user', 7, '0', 0, 0),
(881, 876, 'user', 7, '0', 0, 0),
(882, 877, 'user', 7, '0', 0, 0),
(883, 878, 'user', 7, '0', 0, 0),
(884, 879, 'user', 7, '0', 0, 0),
(885, 880, 'user', 7, '0', 0, 0),
(886, 881, 'user', 7, '0', 0, 0),
(887, 882, 'user', 7, '0', 0, 0),
(888, 883, 'user', 7, '0', 0, 0),
(889, 884, 'user', 7, '0', 0, 0),
(890, 885, 'user', 7, '0', 0, 0),
(891, 886, 'user', 7, '0', 0, 0),
(892, 887, 'user', 7, '0', 0, 0),
(893, 888, 'user', 7, '0', 0, 0),
(894, 889, 'user', 7, '0', 0, 0),
(895, 890, 'user', 7, '0', 0, 0),
(896, 891, 'user', 7, '0', 0, 0),
(897, 892, 'user', 7, '0', 0, 0),
(898, 893, 'user', 7, '0', 0, 0),
(899, 894, 'user', 7, '0', 0, 0),
(900, 895, 'user', 7, '0', 0, 0),
(901, 896, 'user', 15, '0', 0, 0),
(902, 897, 'user', 15, '0', 0, 0),
(903, 898, 'user', 15, '0', 0, 0),
(904, 899, 'user', 15, '0', 0, 0),
(905, 900, 'user', 7, '0', 0, 0),
(906, 901, 'user', 15, '0', 0, 0),
(907, 902, 'user', 7, '0', 0, 0),
(908, 903, 'user', 15, '0', 0, 0),
(909, 904, 'user', 7, '0', 0, 0),
(910, 905, 'user', 7, '0', 0, 0),
(911, 906, 'user', 7, '0', 0, 0),
(912, 907, 'user', 7, '0', 0, 0),
(913, 908, 'user', 16, '0', 0, 0),
(914, 909, 'user', 7, '0', 0, 0),
(915, 910, 'user', 7, '0', 0, 0),
(916, 911, 'user', 7, '0', 0, 0),
(917, 912, 'user', 7, '0', 0, 0),
(918, 913, 'user', 17, '0', 0, 0),
(919, 914, 'user', 7, '0', 0, 0),
(920, 915, 'user', 7, '0', 0, 0),
(921, 916, 'user', 7, '0', 0, 0),
(922, 917, 'user', 7, '0', 0, 0),
(923, 918, 'user', 7, '0', 0, 0),
(924, 919, 'user', 7, '0', 0, 0),
(925, 920, 'user', 7, '0', 0, 0),
(926, 921, 'user', 7, '0', 0, 0),
(927, 922, 'user', 7, '0', 0, 0),
(928, 923, 'user', 7, '0', 0, 0),
(929, 924, 'user', 7, '0', 0, 0),
(930, 925, 'user', 7, '0', 0, 0),
(931, 926, 'user', 7, '0', 0, 0),
(932, 927, 'user', 7, '0', 0, 0),
(933, 928, 'user', 7, '0', 0, 0),
(934, 929, 'user', 7, '0', 0, 0),
(935, 930, 'user', 7, '0', 0, 0),
(936, 931, 'user', 7, '0', 0, 0),
(937, 932, 'user', 7, '0', 0, 0),
(938, 933, 'user', 7, '0', 0, 0),
(939, 934, 'user', 7, '0', 0, 0),
(940, 935, 'user', 7, '0', 0, 0),
(941, 936, 'user', 7, '0', 0, 0),
(942, 937, 'user', 7, '0', 0, 0),
(943, 938, 'user', 7, '0', 0, 0),
(944, 939, 'user', 7, '0', 0, 0),
(945, 940, 'user', 7, '0', 0, 0),
(946, 941, 'user', 7, '0', 0, 0),
(947, 942, 'user', 7, '0', 0, 0),
(948, 943, 'user', 7, '0', 0, 0),
(949, 944, 'user', 7, '0', 0, 0),
(950, 945, 'user', 7, '0', 0, 0),
(951, 946, 'user', 7, '0', 0, 0),
(952, 947, 'user', 7, '0', 0, 0),
(953, 948, 'user', 7, '0', 0, 0),
(954, 949, 'user', 7, '0', 0, 0),
(955, 950, 'user', 7, '0', 0, 0),
(956, 951, 'user', 7, '0', 0, 0),
(957, 952, 'user', 7, '0', 0, 0),
(958, 953, 'user', 7, '0', 0, 0),
(959, 954, 'user', 7, '0', 0, 0),
(960, 955, 'user', 7, '0', 0, 0),
(961, 956, 'user', 7, '0', 0, 0),
(962, 957, 'user', 7, '0', 0, 0),
(963, 958, 'user', 7, '0', 0, 0),
(964, 959, 'user', 7, '0', 0, 0),
(965, 960, 'user', 7, '0', 0, 0),
(966, 961, 'user', 7, '0', 0, 0),
(967, 962, 'user', 7, '0', 0, 0),
(968, 963, 'user', 7, '0', 0, 0),
(969, 964, 'user', 7, '0', 0, 0),
(970, 965, 'user', 7, '0', 0, 0),
(971, 966, 'user', 7, '0', 0, 0),
(972, 967, 'user', 7, '0', 0, 0),
(973, 968, 'user', 7, '0', 0, 0),
(974, 969, 'user', 7, '0', 0, 0),
(975, 970, 'user', 7, '0', 0, 0),
(976, 971, 'user', 7, '0', 0, 0),
(977, 972, 'user', 7, '0', 0, 0),
(978, 973, 'user', 7, '0', 0, 0),
(979, 974, 'user', 7, '0', 0, 0),
(980, 975, 'user', 7, '0', 0, 0),
(981, 976, 'user', 7, '0', 0, 0),
(982, 977, 'user', 7, '0', 0, 0),
(983, 978, 'user', 7, '0', 0, 0),
(984, 979, 'user', 7, '0', 0, 0),
(985, 980, 'user', 7, '0', 0, 0),
(986, 981, 'user', 7, '0', 0, 0),
(987, 982, 'user', 7, '0', 0, 0),
(988, 983, 'user', 7, '0', 0, 0),
(989, 984, 'user', 7, '0', 0, 0),
(990, 985, 'user', 7, '0', 0, 0),
(991, 986, 'user', 7, '0', 0, 0),
(992, 987, 'user', 7, '0', 0, 0),
(993, 988, 'user', 7, '0', 0, 0),
(994, 989, 'user', 7, '0', 0, 0),
(995, 990, 'user', 7, '0', 0, 0),
(996, 991, 'user', 7, '0', 0, 0),
(997, 992, 'user', 7, '0', 0, 0),
(998, 993, 'user', 7, '0', 0, 0),
(999, 994, 'user', 7, '0', 0, 0),
(1000, 995, 'user', 32, '0', 0, 0),
(1001, 996, 'user', 32, '0', 0, 0),
(1002, 997, 'user', 7, '0', 0, 0),
(1003, 998, 'user', 7, '0', 0, 0),
(1004, 999, 'user', 7, '0', 0, 0),
(1005, 1000, 'user', 32, '0', 0, 0),
(1006, 1001, 'user', 32, '0', 0, 0),
(1007, 1002, 'user', 32, '0', 0, 0),
(1008, 1003, 'user', 32, '0', 0, 0),
(1009, 1004, 'user', 32, '0', 0, 0),
(1010, 1005, 'user', 32, '0', 0, 0),
(1011, 1006, 'user', 32, '0', 0, 0),
(1012, 1007, 'user', 32, '0', 0, 0),
(1013, 1008, 'user', 32, '0', 0, 0),
(1014, 1009, 'user', 32, '0', 0, 0),
(1015, 1010, 'user', 32, '0', 0, 0),
(1016, 1011, 'user', 32, '0', 0, 0),
(1017, 1012, 'user', 32, '0', 0, 0),
(1018, 1013, 'user', 32, '0', 0, 0),
(1019, 1014, 'user', 32, '0', 0, 0),
(1020, 1015, 'user', 32, '0', 0, 0),
(1021, 1016, 'user', 32, '0', 0, 0),
(1022, 1017, 'user', 32, '0', 0, 0),
(1023, 1018, 'user', 7, '0', 0, 0),
(1024, 1019, 'user', 7, '0', 0, 0),
(1025, 1020, 'user', 7, '0', 0, 0),
(1026, 1021, 'user', 7, '0', 0, 0),
(1027, 1022, 'user', 7, '0', 0, 0),
(1028, 1023, 'user', 7, '0', 0, 0),
(1029, 1024, 'user', 7, '0', 0, 0),
(1030, 1025, 'user', 7, '0', 0, 0),
(1031, 1026, 'user', 7, '0', 0, 0),
(1032, 1027, 'user', 7, '0', 0, 0),
(1033, 1028, 'user', 7, '0', 0, 0),
(1034, 1029, 'user', 7, '0', 0, 0),
(1035, 1030, 'user', 7, '0', 0, 0),
(1036, 1031, 'user', 7, '0', 0, 0),
(1037, 1032, 'user', 7, '0', 0, 0),
(1038, 1033, 'user', 7, '0', 0, 0),
(1039, 1034, 'user', 7, '0', 0, 0),
(1040, 1035, 'user', 7, '0', 0, 0),
(1041, 1036, 'user', 7, '0', 0, 0),
(1042, 1037, 'user', 32, '0', 0, 0),
(1043, 1038, 'user', 32, '0', 0, 0),
(1044, 1039, 'user', 7, '0', 0, 0),
(1045, 1040, 'user', 7, '0', 0, 0),
(1046, 1041, 'user', 7, '0', 0, 0),
(1047, 1042, 'user', 32, '0', 0, 0),
(1048, 1043, 'user', 32, '0', 0, 0),
(1049, 1044, 'user', 7, '0', 0, 0),
(1050, 1045, 'user', 7, '0', 0, 0),
(1051, 1046, 'user', 7, '0', 0, 0),
(1052, 1047, 'user', 7, '0', 0, 0),
(1053, 1048, 'user', 7, '0', 0, 0),
(1054, 1049, 'user', 7, '0', 0, 0),
(1055, 1050, 'user', 7, '0', 0, 0),
(1056, 1051, 'user', 7, '0', 0, 0),
(1057, 1052, 'user', 7, '0', 0, 0),
(1058, 1053, 'user', 7, '0', 0, 0),
(1059, 1054, 'user', 7, '0', 0, 0),
(1060, 1055, 'user', 24, '0', 0, 0),
(1061, 1056, 'user', 24, '0', 0, 0),
(1062, 1057, 'user', 24, '0', 0, 0),
(1063, 1058, 'user', 24, '0', 0, 0),
(1064, 1059, 'user', 24, '0', 0, 0),
(1065, 1060, 'user', 24, '0', 0, 0),
(1066, 1061, 'user', 24, '0', 0, 0),
(1067, 1062, 'user', 24, '0', 0, 0),
(1068, 1063, 'user', 24, '0', 0, 0),
(1069, 1064, 'user', 24, '0', 0, 0),
(1070, 1065, 'user', 24, '0', 0, 0),
(1071, 1066, 'user', 24, '0', 0, 0),
(1072, 1067, 'user', 24, '0', 0, 0),
(1073, 1068, 'user', 24, '0', 0, 0),
(1074, 1069, 'user', 24, '0', 0, 0),
(1075, 1070, 'user', 24, '0', 0, 0),
(1076, 1071, 'user', 24, '0', 0, 0),
(1077, 1072, 'user', 24, '0', 0, 0),
(1078, 1073, 'user', 24, '0', 0, 0),
(1079, 1074, 'user', 24, '0', 0, 0),
(1080, 1075, 'user', 24, '0', 0, 0),
(1081, 1076, 'user', 24, '0', 0, 0),
(1082, 1077, 'user', 7, '0', 0, 0),
(1083, 1078, 'user', 7, '0', 0, 0),
(1084, 1079, 'user', 7, '0', 0, 0),
(1085, 1080, 'user', 7, '0', 0, 0),
(1086, 1081, 'user', 24, '0', 0, 0),
(1087, 1082, 'user', 24, '0', 0, 0),
(1088, 1083, 'user', 24, '0', 0, 0),
(1089, 1084, 'user', 24, '0', 0, 0),
(1090, 1085, 'user', 24, '0', 0, 0),
(1091, 1086, 'user', 24, '0', 0, 0),
(1092, 1087, 'user', 24, '0', 0, 0),
(1093, 1088, 'user', 24, '0', 0, 0),
(1094, 1089, 'user', 24, '0', 0, 0),
(1095, 1090, 'user', 24, '0', 0, 0),
(1096, 1091, 'user', 24, '0', 0, 0),
(1097, 1092, 'user', 24, '0', 0, 0),
(1098, 1093, 'user', 24, '0', 0, 0),
(1099, 1094, 'user', 24, '0', 0, 0),
(1100, 1095, 'user', 24, '0', 0, 0),
(1101, 1096, 'user', 24, '0', 0, 0),
(1102, 1097, 'user', 24, '0', 0, 0),
(1103, 1098, 'user', 24, '0', 0, 0),
(1104, 1099, 'user', 24, '0', 0, 0),
(1105, 1100, 'user', 24, '0', 0, 0),
(1106, 1101, 'user', 24, '0', 0, 0),
(1107, 1102, 'user', 24, '0', 0, 0),
(1108, 1103, 'user', 24, '0', 0, 0),
(1109, 1104, 'user', 24, '0', 0, 0),
(1110, 1105, 'user', 24, '0', 0, 0),
(1111, 1106, 'user', 24, '0', 0, 0),
(1112, 1107, 'user', 24, '0', 0, 0),
(1113, 1108, 'user', 24, '0', 0, 0),
(1114, 1109, 'user', 24, '0', 0, 0),
(1115, 1110, 'user', 24, '0', 0, 0),
(1116, 1111, 'user', 24, '0', 0, 0),
(1117, 1112, 'user', 24, '0', 0, 0),
(1118, 1113, 'user', 24, '0', 0, 0),
(1119, 1114, 'user', 24, '0', 0, 0),
(1120, 1115, 'user', 24, '0', 0, 0),
(1121, 1116, 'user', 24, '0', 0, 0),
(1122, 1117, 'user', 24, '0', 0, 0),
(1123, 1118, 'user', 24, '0', 0, 0),
(1124, 1119, 'user', 24, '0', 0, 0),
(1125, 1120, 'user', 24, '0', 0, 0),
(1126, 1121, 'user', 24, '0', 0, 0),
(1127, 1122, 'user', 24, '0', 0, 0),
(1128, 1123, 'user', 24, '0', 0, 0),
(1129, 1124, 'user', 24, '0', 0, 0),
(1130, 1125, 'user', 24, '0', 0, 0),
(1131, 1126, 'user', 24, '0', 0, 0),
(1132, 1127, 'user', 24, '0', 0, 0),
(1133, 1128, 'user', 24, '0', 0, 0),
(1134, 1129, 'user', 24, '0', 0, 0),
(1135, 1130, 'user', 24, '0', 0, 0),
(1136, 1131, 'user', 24, '0', 0, 0),
(1137, 1132, 'user', 24, '0', 0, 0),
(1138, 1133, 'user', 24, '0', 0, 0),
(1139, 1134, 'user', 24, '0', 0, 0),
(1140, 1135, 'user', 24, '0', 0, 0),
(1141, 1136, 'user', 24, '0', 0, 0),
(1142, 1137, 'user', 24, '0', 0, 0),
(1143, 1138, 'user', 24, '0', 0, 0),
(1144, 1139, 'user', 24, '0', 0, 0),
(1145, 1140, 'user', 24, '0', 0, 0),
(1146, 1141, 'user', 24, '0', 0, 0),
(1147, 1142, 'user', 24, '0', 0, 0),
(1148, 1143, 'user', 24, '0', 0, 0),
(1149, 1144, 'user', 24, '0', 0, 0),
(1150, 1145, 'user', 24, '0', 0, 0),
(1151, 1146, 'user', 24, '0', 0, 0),
(1152, 1147, 'user', 24, '0', 0, 0),
(1153, 1148, 'user', 24, '0', 0, 0),
(1154, 1149, 'user', 24, '0', 0, 0),
(1155, 1150, 'user', 24, '0', 0, 0),
(1156, 1151, 'user', 24, '0', 0, 0),
(1157, 1152, 'user', 24, '0', 0, 0),
(1158, 1153, 'user', 24, '0', 0, 0),
(1159, 1154, 'user', 24, '0', 0, 0),
(1160, 1155, 'user', 24, '0', 0, 0),
(1161, 1156, 'user', 24, '0', 0, 0),
(1162, 1157, 'user', 24, '0', 0, 0),
(1163, 1158, 'user', 24, '0', 0, 0),
(1164, 1159, 'user', 24, '0', 0, 0),
(1165, 1160, 'user', 24, '0', 0, 0),
(1166, 1161, 'user', 24, '0', 0, 0),
(1167, 1162, 'user', 24, '0', 0, 0),
(1168, 1163, 'user', 24, '0', 0, 0),
(1169, 1164, 'user', 24, '0', 0, 0),
(1170, 1165, 'user', 24, '0', 0, 0),
(1171, 1166, 'user', 24, '0', 0, 0),
(1172, 1167, 'user', 7, '0', 0, 0),
(1173, 1168, 'user', 7, '0', 0, 0),
(1174, 1169, 'user', 7, '0', 0, 0),
(1175, 1170, 'user', 7, '0', 0, 0),
(1176, 1171, 'user', 7, '0', 0, 0),
(1177, 1172, 'user', 7, '0', 0, 0),
(1178, 1173, 'user', 7, '0', 0, 0),
(1179, 1174, 'user', 7, '0', 0, 0),
(1180, 1175, 'user', 7, '0', 0, 0),
(1181, 1176, 'user', 7, '0', 0, 0),
(1182, 1177, 'user', 7, '0', 0, 0),
(1183, 1178, 'user', 7, '0', 0, 0),
(1184, 1179, 'user', 7, '0', 0, 0),
(1185, 1180, 'user', 7, '0', 0, 0),
(1186, 1181, 'user', 7, '0', 0, 0),
(1187, 1182, 'user', 7, '0', 0, 0),
(1188, 1183, 'user', 7, '0', 0, 0),
(1189, 1184, 'user', 7, '0', 0, 0),
(1190, 1185, 'user', 7, '0', 0, 0),
(1191, 1186, 'user', 7, '0', 0, 0),
(1192, 1187, 'user', 7, '0', 0, 0),
(1193, 1188, 'user', 7, '0', 0, 0),
(1194, 1189, 'user', 7, '0', 0, 0),
(1195, 1190, 'user', 7, '0', 0, 0),
(1196, 1191, 'user', 7, '0', 0, 0),
(1197, 1192, 'user', 7, '0', 0, 0),
(1198, 1193, 'user', 7, '0', 0, 0),
(1199, 1194, 'user', 7, '0', 0, 0),
(1200, 1195, 'user', 7, '0', 0, 0),
(1201, 1196, 'user', 7, '0', 0, 0),
(1202, 1197, 'user', 7, '0', 0, 0),
(1203, 1198, 'user', 7, '0', 0, 0),
(1204, 1199, 'user', 7, '0', 0, 0),
(1205, 1200, 'user', 7, '0', 0, 0),
(1206, 1201, 'user', 7, '0', 0, 0),
(1207, 1202, 'user', 7, '0', 0, 0),
(1208, 1203, 'user', 7, '0', 0, 0),
(1209, 1204, 'user', 7, '0', 0, 0),
(1210, 1205, 'user', 7, '0', 0, 0),
(1211, 1206, 'user', 7, '0', 0, 0),
(1212, 1207, 'user', 7, '0', 0, 0),
(1213, 1208, 'user', 7, '0', 0, 0),
(1214, 1209, 'user', 7, '0', 0, 0),
(1215, 1210, 'user', 7, '0', 0, 0),
(1216, 1211, 'user', 7, '0', 0, 0),
(1217, 1212, 'user', 7, '0', 0, 0),
(1218, 1213, 'user', 7, '0', 0, 0),
(1219, 1214, 'user', 7, '0', 0, 0),
(1220, 1215, 'user', 7, '0', 0, 0),
(1221, 1216, 'user', 7, '0', 0, 0),
(1222, 1217, 'user', 7, '0', 0, 0),
(1223, 1218, 'user', 7, '0', 0, 0),
(1224, 1219, 'user', 7, '0', 0, 0),
(1225, 1220, 'user', 7, '0', 0, 0),
(1226, 1221, 'user', 7, '0', 0, 0),
(1227, 1222, 'user', 7, '0', 0, 0),
(1228, 1223, 'user', 7, '0', 0, 0),
(1229, 1224, 'user', 7, '0', 0, 0),
(1230, 1225, 'user', 7, '0', 0, 0),
(1231, 1226, 'user', 7, '0', 0, 0),
(1232, 1227, 'user', 7, '0', 0, 0),
(1233, 1228, 'user', 7, '0', 0, 0),
(1234, 1229, 'user', 7, '0', 0, 0),
(1235, 1230, 'user', 34, '0', 0, 0),
(1236, 1231, 'user', 7, '0', 0, 0),
(1237, 1232, 'user', 7, '0', 0, 0),
(1238, 1233, 'user', 7, '0', 0, 0),
(1239, 1234, 'user', 7, '0', 0, 0),
(1240, 1235, 'user', 7, '0', 0, 0),
(1241, 1236, 'user', 7, '0', 0, 0),
(1242, 1237, 'user', 24, '0', 0, 0),
(1243, 1238, 'user', 24, '0', 0, 0),
(1244, 1239, 'user', 24, '0', 0, 0),
(1245, 1240, 'user', 24, '0', 0, 0),
(1246, 1241, 'user', 24, '0', 0, 0),
(1247, 1242, 'user', 24, '0', 0, 0),
(1248, 1243, 'user', 24, '0', 0, 0),
(1249, 1244, 'user', 24, '0', 0, 0),
(1250, 1245, 'user', 7, '0', 0, 0),
(1251, 1246, 'user', 24, '0', 0, 0),
(1252, 1247, 'user', 24, '0', 0, 0),
(1253, 1248, 'user', 24, '0', 0, 0),
(1254, 1249, 'user', 24, '0', 0, 0),
(1255, 1250, 'user', 24, '0', 0, 0),
(1256, 1251, 'user', 24, '0', 0, 0),
(1257, 1252, 'user', 24, '0', 0, 0),
(1258, 1253, 'user', 7, '0', 0, 0),
(1259, 1254, 'user', 7, '0', 0, 0),
(1260, 1255, 'user', 7, '0', 0, 0),
(1261, 1256, 'user', 7, '0', 0, 0),
(1262, 1257, 'user', 24, '0', 0, 0),
(1263, 1258, 'user', 24, '0', 0, 0),
(1264, 1259, 'user', 24, '0', 0, 0),
(1265, 1260, 'user', 24, '0', 0, 0),
(1266, 1261, 'user', 24, '0', 0, 0),
(1267, 1262, 'user', 24, '0', 0, 0),
(1268, 1263, 'user', 24, '0', 0, 0),
(1269, 1264, 'user', 24, '0', 0, 0),
(1270, 1265, 'user', 24, '0', 0, 0),
(1271, 1266, 'user', 24, '0', 0, 0),
(1272, 1267, 'user', 24, '0', 0, 0),
(1273, 1268, 'user', 24, '0', 0, 0),
(1274, 1269, 'user', 24, '0', 0, 0),
(1275, 1270, 'user', 24, '0', 0, 0),
(1276, 1271, 'user', 24, '0', 0, 0),
(1277, 1272, 'user', 24, '0', 0, 0),
(1278, 1273, 'user', 24, '0', 0, 0),
(1279, 1274, 'user', 24, '0', 0, 0),
(1280, 1275, 'user', 24, '0', 0, 0),
(1281, 1276, 'user', 24, '0', 0, 0),
(1282, 1277, 'user', 24, '0', 0, 0),
(1283, 1278, 'user', 24, '0', 0, 0),
(1284, 1279, 'user', 24, '0', 0, 0),
(1285, 1280, 'user', 24, '0', 0, 0),
(1286, 1281, 'user', 24, '0', 0, 0),
(1287, 1282, 'user', 24, '0', 0, 0),
(1288, 1283, 'user', 24, '0', 0, 0),
(1289, 1284, 'user', 24, '0', 0, 0),
(1290, 1285, 'user', 24, '0', 0, 0),
(1291, 1286, 'user', 24, '0', 0, 0),
(1292, 1287, 'user', 24, '0', 0, 0),
(1293, 1288, 'user', 24, '0', 0, 0),
(1294, 1289, 'user', 24, '0', 0, 0),
(1295, 1290, 'user', 24, '0', 0, 0),
(1296, 1291, 'user', 24, '0', 0, 0),
(1297, 1292, 'user', 24, '0', 0, 0),
(1298, 1293, 'user', 24, '0', 0, 0),
(1299, 1294, 'user', 24, '0', 0, 0),
(1300, 1295, 'user', 24, '0', 0, 0),
(1301, 1296, 'user', 24, '0', 0, 0),
(1302, 1297, 'user', 24, '0', 0, 0),
(1303, 1298, 'user', 24, '0', 0, 0),
(1304, 1299, 'user', 24, '0', 0, 0),
(1305, 1300, 'user', 24, '0', 0, 0),
(1306, 1301, 'user', 24, '0', 0, 0),
(1307, 1302, 'user', 24, '0', 0, 0),
(1308, 1303, 'user', 24, '0', 0, 0),
(1309, 1304, 'user', 24, '0', 0, 0),
(1310, 1305, 'user', 24, '0', 0, 0),
(1311, 1306, 'user', 24, '0', 0, 0),
(1312, 1307, 'user', 24, '0', 0, 0),
(1313, 1308, 'user', 24, '0', 0, 0),
(1314, 1309, 'user', 24, '0', 0, 0),
(1315, 1310, 'user', 24, '0', 0, 0),
(1316, 1311, 'user', 24, '0', 0, 0),
(1317, 1312, 'user', 24, '0', 0, 0),
(1318, 1313, 'user', 24, '0', 0, 0),
(1319, 1314, 'user', 24, '0', 0, 0),
(1320, 1315, 'user', 24, '0', 0, 0),
(1321, 1316, 'user', 24, '0', 0, 0),
(1322, 1317, 'user', 24, '0', 0, 0),
(1323, 1318, 'user', 24, '0', 0, 0),
(1324, 1319, 'user', 24, '0', 0, 0),
(1325, 1320, 'user', 24, '0', 0, 0),
(1326, 1321, 'user', 24, '0', 0, 0),
(1327, 1322, 'user', 24, '0', 0, 0),
(1328, 1323, 'user', 24, '0', 0, 0),
(1329, 1324, 'user', 24, '0', 0, 0),
(1330, 1325, 'user', 24, '0', 0, 0),
(1331, 1326, 'user', 24, '0', 0, 0),
(1332, 1327, 'user', 24, '0', 0, 0),
(1333, 1328, 'user', 24, '0', 0, 0),
(1334, 1329, 'user', 24, '0', 0, 0),
(1335, 1330, 'user', 24, '0', 0, 0),
(1336, 1331, 'user', 24, '0', 0, 0),
(1337, 1332, 'user', 7, '0', 0, 0),
(1338, 1333, 'user', 7, '0', 0, 0),
(1339, 1334, 'user', 7, '0', 0, 0),
(1340, 1335, 'user', 7, '0', 0, 0),
(1341, 1336, 'user', 7, '0', 0, 0),
(1342, 1337, 'user', 7, '0', 0, 0),
(1343, 1338, 'user', 7, '0', 0, 0),
(1344, 1339, 'user', 7, '0', 0, 0),
(1345, 1340, 'user', 7, '0', 0, 0),
(1346, 1341, 'user', 7, '0', 0, 0),
(1347, 1342, 'user', 7, '0', 0, 0),
(1348, 1343, 'user', 7, '0', 0, 0),
(1349, 1344, 'user', 31, '0', 0, 0),
(1350, 1345, 'user', 7, '0', 0, 0),
(1351, 1346, 'user', 7, '0', 0, 0),
(1352, 1347, 'user', 7, '0', 0, 0),
(1353, 1348, 'user', 7, '0', 0, 0),
(1354, 1349, 'user', 7, '0', 0, 0),
(1355, 1350, 'user', 7, '0', 0, 0),
(1356, 1351, 'user', 7, '0', 0, 0),
(1357, 1352, 'user', 7, '0', 0, 0),
(1358, 1353, 'user', 7, '0', 0, 0),
(1359, 1354, 'user', 7, '0', 0, 0),
(1360, 1355, 'user', 7, '0', 0, 0),
(1361, 1356, 'user', 7, '0', 0, 0),
(1362, 1357, 'user', 7, '0', 0, 0),
(1363, 1358, 'user', 31, '0', 0, 0),
(1364, 1359, 'user', 31, '0', 0, 0),
(1365, 1360, 'user', 31, '0', 0, 0),
(1366, 1361, 'user', 31, '0', 0, 0),
(1367, 1362, 'user', 31, '0', 0, 0),
(1368, 1363, 'user', 31, '0', 0, 0),
(1369, 1364, 'user', 31, '0', 0, 0),
(1370, 1365, 'user', 31, '0', 0, 0),
(1371, 1366, 'user', 31, '0', 0, 0),
(1372, 1367, 'user', 31, '0', 0, 0),
(1373, 1368, 'user', 31, '0', 0, 0),
(1374, 1369, 'user', 31, '0', 0, 0),
(1375, 1370, 'user', 31, '0', 0, 0),
(1376, 1371, 'user', 31, '0', 0, 0),
(1377, 1372, 'user', 31, '0', 0, 0),
(1378, 1373, 'user', 31, '0', 0, 0),
(1379, 1374, 'user', 31, '0', 0, 0),
(1380, 1375, 'user', 31, '0', 0, 0),
(1381, 1376, 'user', 31, '0', 0, 0),
(1382, 1377, 'user', 31, '0', 0, 0),
(1383, 1378, 'user', 31, '0', 0, 0),
(1384, 1379, 'user', 31, '0', 0, 0),
(1385, 1380, 'user', 31, '0', 0, 0),
(1386, 1381, 'user', 31, '0', 0, 0),
(1387, 1382, 'user', 31, '0', 0, 0),
(1388, 1383, 'user', 31, '0', 0, 0),
(1389, 1384, 'user', 31, '0', 0, 0),
(1390, 1385, 'user', 31, '0', 0, 0),
(1391, 1386, 'user', 31, '0', 0, 0),
(1392, 1387, 'user', 31, '0', 0, 0),
(1393, 1388, 'user', 31, '0', 0, 0),
(1394, 1389, 'user', 31, '0', 0, 0),
(1395, 1390, 'user', 31, '0', 0, 0),
(1396, 1391, 'user', 31, '0', 0, 0),
(1397, 1392, 'user', 7, '0', 0, 0),
(1398, 1393, 'user', 7, '0', 0, 0),
(1399, 1394, 'user', 7, '0', 0, 0),
(1400, 1395, 'user', 7, '0', 0, 0),
(1401, 1396, 'user', 7, '0', 0, 0),
(1402, 1397, 'user', 7, '0', 0, 0),
(1403, 1398, 'user', 7, '0', 0, 0),
(1404, 1399, 'user', 31, '0', 0, 0),
(1405, 1400, 'user', 7, '0', 0, 0),
(1406, 1401, 'user', 32, '0', 0, 0),
(1407, 1402, 'user', 32, '0', 0, 0),
(1408, 1403, 'user', 32, '0', 0, 0),
(1409, 1404, 'user', 32, '0', 0, 0),
(1410, 1405, 'user', 32, '0', 0, 0),
(1411, 1406, 'user', 7, '0', 0, 0),
(1412, 1407, 'user', 7, '0', 0, 0),
(1413, 1408, 'user', 7, '0', 0, 0),
(1414, 1409, 'user', 7, '0', 0, 0),
(1415, 1410, 'user', 32, '0', 0, 0),
(1416, 1411, 'user', 32, '0', 0, 0),
(1417, 1412, 'user', 32, '0', 0, 0),
(1418, 1413, 'user', 32, '0', 0, 0),
(1419, 1414, 'user', 32, '0', 0, 0),
(1420, 1415, 'user', 32, '0', 0, 0),
(1421, 1416, 'user', 32, '0', 0, 0),
(1422, 1417, 'user', 32, '0', 0, 0),
(1423, 1418, 'user', 32, '0', 0, 0),
(1424, 1419, 'user', 32, '0', 0, 0),
(1425, 1420, 'user', 32, '0', 0, 0),
(1426, 1421, 'user', 1, '0', 0, 0),
(1427, 1422, 'user', 1, '0', 0, 0),
(1428, 1423, 'user', 1, '0', 0, 0),
(1429, 1424, 'user', 1, '0', 0, 0),
(1430, 1425, 'user', 1, '0', 0, 0),
(1431, 1426, 'user', 1, '0', 0, 0),
(1432, 1427, 'user', 1, '0', 0, 0),
(1433, 1428, 'user', 1, '0', 0, 0),
(1434, 1429, 'user', 1, '0', 0, 0),
(1435, 1430, 'user', 1, '0', 0, 0),
(1436, 1431, 'user', 1, '0', 0, 0),
(1437, 1432, 'user', 1, '0', 0, 0),
(1438, 1433, 'user', 1, '0', 0, 0),
(1439, 1434, 'user', 1, '0', 0, 0),
(1440, 1435, 'user', 1, '0', 0, 0),
(1441, 1436, 'user', 1, '0', 0, 0),
(1442, 1437, 'user', 1, '0', 0, 0),
(1443, 1438, 'user', 1, '0', 0, 0),
(1444, 1439, 'user', 1, '0', 0, 0),
(1445, 1440, 'user', 1, '0', 0, 0),
(1446, 1441, 'user', 1, '0', 0, 0),
(1447, 1442, 'user', 1, '0', 0, 0),
(1448, 1443, 'user', 1, '0', 0, 0),
(1449, 1444, 'user', 1, '0', 0, 0),
(1450, 1445, 'user', 1, '0', 0, 0),
(1451, 1446, 'user', 1, '0', 0, 0),
(1452, 1447, 'user', 1, '0', 0, 0),
(1453, 1448, 'user', 1, '0', 0, 0),
(1454, 1449, 'user', 1, '0', 0, 0),
(1455, 1450, 'user', 1, '0', 0, 0),
(1456, 1451, 'user', 1, '0', 0, 0),
(1457, 1452, 'user', 1, '0', 0, 0),
(1458, 1453, 'user', 1, '0', 0, 0),
(1459, 1454, 'user', 1, '0', 0, 0),
(1460, 1455, 'user', 1, '0', 0, 0),
(1461, 1456, 'user', 1, '0', 0, 0),
(1462, 1457, 'user', 1, '0', 0, 0),
(1463, 1458, 'user', 1, '0', 0, 0),
(1464, 1459, 'user', 1, '0', 0, 0),
(1465, 1460, 'user', 1, '0', 0, 0),
(1466, 1461, 'user', 1, '0', 0, 0),
(1467, 1462, 'user', 1, '0', 0, 0),
(1468, 1463, 'user', 1, '0', 0, 0),
(1469, 1464, 'user', 1, '0', 0, 0),
(1470, 1465, 'user', 1, '0', 0, 0),
(1471, 1466, 'user', 1, '0', 0, 0),
(1472, 1467, 'user', 1, '0', 0, 0),
(1473, 1468, 'user', 1, '0', 0, 0),
(1474, 1469, 'user', 1, '0', 0, 0),
(1475, 1470, 'user', 1, '0', 0, 0),
(1476, 1471, 'user', 1, '0', 0, 0),
(1477, 1472, 'user', 1, '0', 0, 0),
(1478, 1473, 'user', 1, '0', 0, 0),
(1479, 1474, 'user', 1, '0', 0, 0),
(1480, 1475, 'user', 1, '0', 0, 0),
(1481, 1476, 'user', 1, '0', 0, 0),
(1482, 1477, 'user', 1, '0', 0, 0),
(1483, 1478, 'user', 1, '0', 0, 0),
(1484, 1479, 'user', 1, '0', 0, 0),
(1485, 1480, 'user', 1, '0', 0, 0),
(1486, 1481, 'user', 1, '0', 0, 0),
(1487, 1482, 'user', 1, '0', 0, 0),
(1488, 1483, 'user', 1, '0', 0, 0),
(1489, 1484, 'user', 1, '0', 0, 0),
(1490, 1485, 'user', 1, '0', 0, 0),
(1491, 1486, 'user', 1, '0', 0, 0),
(1492, 1487, 'user', 7, '0', 0, 0),
(1493, 1488, 'user', 7, '0', 0, 0),
(1494, 1489, 'user', 7, '0', 0, 0),
(1495, 1490, 'user', 7, '0', 0, 0),
(1496, 1491, 'user', 23, '0', 0, 0),
(1497, 1492, 'user', 23, '0', 0, 0),
(1498, 1493, 'user', 1, '0', 0, 0),
(1499, 1494, 'user', 1, '0', 0, 0),
(1500, 1495, 'user', 1, '0', 0, 0),
(1501, 1496, 'user', 1, '0', 0, 0),
(1502, 1497, 'user', 1, '0', 0, 0),
(1503, 1498, 'user', 1, '0', 0, 0),
(1504, 1499, 'user', 1, '0', 0, 0),
(1505, 1500, 'user', 1, '0', 0, 0),
(1506, 1501, 'user', 1, '0', 0, 0),
(1507, 1502, 'user', 1, '0', 0, 0),
(1508, 1503, 'user', 1, '0', 0, 0),
(1509, 1504, 'user', 1, '0', 0, 0),
(1510, 1505, 'user', 1, '0', 0, 0),
(1511, 1506, 'user', 1, '0', 0, 0),
(1512, 1507, 'user', 1, '0', 0, 0),
(1513, 1508, 'user', 1, '0', 0, 0),
(1514, 1509, 'user', 1, '0', 0, 0),
(1515, 1510, 'user', 7, '0', 0, 0),
(1516, 1511, 'user', 7, '0', 0, 0),
(1517, 1512, 'user', 7, '0', 0, 0),
(1518, 1513, 'user', 7, '0', 0, 0),
(1519, 1514, 'user', 7, '0', 0, 0),
(1520, 1515, 'user', 7, '0', 0, 0),
(1521, 1516, 'user', 1, '0', 0, 0),
(1522, 1517, 'user', 1, '0', 0, 0);
INSERT INTO `llx_actioncomm_resources` (`rowid`, `fk_actioncomm`, `element_type`, `fk_element`, `answer_status`, `mandatory`, `transparency`) VALUES
(1523, 1518, 'user', 1, '0', 0, 0),
(1524, 1519, 'user', 1, '0', 0, 0),
(1525, 1520, 'user', 1, '0', 0, 0),
(1526, 1521, 'user', 1, '0', 0, 0),
(1527, 1522, 'user', 1, '0', 0, 0),
(1528, 1523, 'user', 1, '0', 0, 0),
(1529, 1524, 'user', 1, '0', 0, 0),
(1530, 1525, 'user', 1, '0', 0, 0),
(1531, 1526, 'user', 1, '0', 0, 0),
(1532, 1527, 'user', 1, '0', 0, 0),
(1533, 1528, 'user', 1, '0', 0, 0),
(1534, 1529, 'user', 1, '0', 0, 0),
(1535, 1530, 'user', 1, '0', 0, 0),
(1536, 1531, 'user', 1, '0', 0, 0),
(1537, 1532, 'user', 1, '0', 0, 0),
(1538, 1533, 'user', 1, '0', 0, 0),
(1539, 1534, 'user', 1, '0', 0, 0),
(1540, 1535, 'user', 1, '0', 0, 0),
(1541, 1536, 'user', 1, '0', 0, 0),
(1542, 1537, 'user', 1, '0', 0, 0),
(1543, 1538, 'user', 1, '0', 0, 0),
(1544, 1539, 'user', 1, '0', 0, 0),
(1545, 1540, 'user', 1, '0', 0, 0),
(1546, 1541, 'user', 1, '0', 0, 0),
(1547, 1542, 'user', 1, '0', 0, 0),
(1548, 1543, 'user', 1, '0', 0, 0),
(1549, 1544, 'user', 1, '0', 0, 0),
(1550, 1545, 'user', 1, '0', 0, 0),
(1551, 1546, 'user', 1, '0', 0, 0),
(1552, 1547, 'user', 1, '0', 0, 0),
(1553, 1548, 'user', 1, '0', 0, 0),
(1554, 1549, 'user', 1, '0', 0, 0),
(1555, 1550, 'user', 1, '0', 0, 0),
(1556, 1551, 'user', 1, '0', 0, 0),
(1557, 1552, 'user', 1, '0', 0, 0),
(1558, 1553, 'user', 1, '0', 0, 0),
(1559, 1554, 'user', 1, '0', 0, 0),
(1560, 1555, 'user', 1, '0', 0, 0),
(1561, 1556, 'user', 1, '0', 0, 0),
(1562, 1557, 'user', 1, '0', 0, 0),
(1563, 1558, 'user', 1, '0', 0, 0),
(1564, 1559, 'user', 1, '0', 0, 0),
(1565, 1560, 'user', 1, '0', 0, 0),
(1566, 1561, 'user', 1, '0', 0, 0),
(1567, 1562, 'user', 1, '0', 0, 0),
(1568, 1563, 'user', 1, '0', 0, 0),
(1569, 1564, 'user', 1, '0', 0, 0),
(1570, 1565, 'user', 1, '0', 0, 0),
(1571, 1566, 'user', 1, '0', 0, 0),
(1572, 1567, 'user', 1, '0', 0, 0),
(1573, 1568, 'user', 1, '0', 0, 0),
(1574, 1569, 'user', 1, '0', 0, 0),
(1575, 1570, 'user', 1, '0', 0, 0),
(1576, 1571, 'user', 1, '0', 0, 0),
(1577, 1572, 'user', 1, '0', 0, 0),
(1578, 1573, 'user', 1, '0', 0, 0),
(1579, 1574, 'user', 1, '0', 0, 0),
(1580, 1575, 'user', 1, '0', 0, 0),
(1581, 1576, 'user', 1, '0', 0, 0),
(1582, 1577, 'user', 1, '0', 0, 0),
(1583, 1578, 'user', 1, '0', 0, 0),
(1584, 1579, 'user', 1, '0', 0, 0),
(1585, 1580, 'user', 1, '0', 0, 0),
(1586, 1581, 'user', 1, '0', 0, 0),
(1587, 1582, 'user', 1, '0', 0, 0),
(1588, 1583, 'user', 1, '0', 0, 0),
(1589, 1584, 'user', 1, '0', 0, 0),
(1590, 1585, 'user', 1, '0', 0, 0),
(1591, 1586, 'user', 1, '0', 0, 0),
(1592, 1587, 'user', 1, '0', 0, 0),
(1593, 1588, 'user', 1, '0', 0, 0),
(1594, 1589, 'user', 1, '0', 0, 0),
(1595, 1590, 'user', 1, '0', 0, 0),
(1596, 1591, 'user', 1, '0', 0, 0),
(1597, 1592, 'user', 1, '0', 0, 0),
(1598, 1593, 'user', 1, '0', 0, 0),
(1599, 1594, 'user', 1, '0', 0, 0),
(1600, 1595, 'user', 1, '0', 0, 0),
(1601, 1596, 'user', 1, '0', 0, 0),
(1602, 1597, 'user', 1, '0', 0, 0),
(1603, 1598, 'user', 1, '0', 0, 0),
(1604, 1599, 'user', 1, '0', 0, 0),
(1605, 1600, 'user', 32, '0', 0, 0),
(1606, 1601, 'user', 32, '0', 0, 0),
(1607, 1602, 'user', 32, '0', 0, 0),
(1608, 1603, 'user', 32, '0', 0, 0),
(1609, 1604, 'user', 1, '0', 0, 0),
(1610, 1605, 'user', 1, '0', 0, 0),
(1611, 1606, 'user', 1, '0', 0, 0),
(1612, 1607, 'user', 1, '0', 0, 0),
(1613, 1608, 'user', 1, '0', 0, 0),
(1614, 1609, 'user', 1, '0', 0, 0),
(1615, 1610, 'user', 1, '0', 0, 0),
(1616, 1611, 'user', 1, '0', 0, 0),
(1617, 1612, 'user', 1, '0', 0, 0),
(1618, 1613, 'user', 1, '0', 0, 0),
(1619, 1614, 'user', 1, '0', 0, 0),
(1620, 1615, 'user', 1, '0', 0, 0),
(1621, 1616, 'user', 1, '0', 0, 0),
(1622, 1617, 'user', 1, '0', 0, 0),
(1623, 1618, 'user', 1, '0', 0, 0),
(1624, 1619, 'user', 1, '0', 0, 0),
(1625, 1620, 'user', 1, '0', 0, 0),
(1626, 1621, 'user', 32, '0', 0, 0),
(1627, 1622, 'user', 32, '0', 0, 0),
(1628, 1623, 'user', 1, '0', 0, 0),
(1629, 1624, 'user', 1, '0', 0, 0),
(1630, 1625, 'user', 1, '0', 0, 0),
(1631, 1626, 'user', 1, '0', 0, 0),
(1632, 1627, 'user', 1, '0', 0, 0),
(1633, 1628, 'user', 32, '0', 0, 0),
(1634, 1629, 'user', 32, '0', 0, 0),
(1635, 1630, 'user', 1, '0', 0, 0),
(1636, 1631, 'user', 1, '0', 0, 0),
(1637, 1632, 'user', 1, '0', 0, 0),
(1638, 1633, 'user', 1, '0', 0, 0),
(1639, 1634, 'user', 32, '0', 0, 0),
(1640, 1635, 'user', 32, '0', 0, 0),
(1641, 1636, 'user', 7, '0', 0, 0),
(1642, 1637, 'user', 7, '0', 0, 0),
(1643, 1638, 'user', 7, '0', 0, 0),
(1644, 1639, 'user', 7, '0', 0, 0),
(1645, 1640, 'user', 15, '0', 0, 0),
(1646, 1641, 'user', 15, '0', 0, 0),
(1647, 1642, 'user', 15, '0', 0, 0),
(1648, 1643, 'user', 32, '0', 0, 0),
(1649, 1644, 'user', 32, '0', 0, 0),
(1650, 1645, 'user', 7, '0', 0, 0),
(1651, 1646, 'user', 7, '0', 0, 0),
(1652, 1647, 'user', 7, '0', 0, 0),
(1653, 1648, 'user', 32, '0', 0, 0),
(1654, 1649, 'user', 32, '0', 0, 0),
(1655, 1650, 'user', 7, '0', 0, 0),
(1656, 1651, 'user', 7, '0', 0, 0),
(1657, 1652, 'user', 7, '0', 0, 0),
(1658, 1653, 'user', 7, '0', 0, 0),
(1659, 1654, 'user', 7, '0', 0, 0),
(1660, 1655, 'user', 7, '0', 0, 0),
(1661, 1656, 'user', 7, '0', 0, 0),
(1662, 1657, 'user', 13, '0', 0, 0),
(1663, 1658, 'user', 13, '0', 0, 0),
(1664, 1659, 'user', 13, '0', 0, 0),
(1665, 1660, 'user', 7, '0', 0, 0),
(1666, 1661, 'user', 32, '0', 0, 0),
(1667, 1662, 'user', 32, '0', 0, 0),
(1668, 1663, 'user', 7, '0', 0, 0),
(1669, 1664, 'user', 32, '0', 0, 0),
(1670, 1665, 'user', 32, '0', 0, 0),
(1671, 1666, 'user', 1, '0', 0, 0),
(1672, 1667, 'user', 32, '0', 0, 0),
(1673, 1668, 'user', 1, '0', 0, 0),
(1674, 1669, 'user', 1, '0', 0, 0),
(1675, 1670, 'user', 1, '0', 0, 0),
(1676, 1671, 'user', 32, '0', 0, 0),
(1677, 1672, 'user', 1, '0', 0, 0),
(1678, 1673, 'user', 32, '0', 0, 0),
(1679, 1674, 'user', 1, '0', 0, 0),
(1680, 1675, 'user', 1, '0', 0, 0),
(1681, 1676, 'user', 1, '0', 0, 0),
(1682, 1677, 'user', 1, '0', 0, 0),
(1683, 1678, 'user', 1, '0', 0, 0),
(1684, 1679, 'user', 1, '0', 0, 0),
(1685, 1680, 'user', 1, '0', 0, 0),
(1686, 1681, 'user', 1, '0', 0, 0),
(1687, 1682, 'user', 1, '0', 0, 0),
(1688, 1683, 'user', 1, '0', 0, 0),
(1689, 1684, 'user', 1, '0', 0, 0),
(1690, 1685, 'user', 32, '0', 0, 0),
(1691, 1686, 'user', 32, '0', 0, 0),
(1692, 1687, 'user', 32, '0', 0, 0),
(1693, 1688, 'user', 32, '0', 0, 0),
(1694, 1689, 'user', 1, '0', 0, 0),
(1695, 1690, 'user', 1, '0', 0, 0),
(1696, 1691, 'user', 1, '0', 0, 0),
(1697, 1692, 'user', 1, '0', 0, 0),
(1698, 1693, 'user', 1, '0', 0, 0),
(1699, 1694, 'user', 1, '0', 0, 0),
(1700, 1695, 'user', 1, '0', 0, 0),
(1701, 1696, 'user', 1, '0', 0, 0),
(1702, 1697, 'user', 1, '0', 0, 0),
(1703, 1698, 'user', 1, '0', 0, 0),
(1704, 1699, 'user', 1, '0', 0, 0),
(1705, 1700, 'user', 1, '0', 0, 0),
(1706, 1701, 'user', 1, '0', 0, 0),
(1707, 1702, 'user', 1, '0', 0, 0),
(1708, 1703, 'user', 32, '0', 0, 0),
(1709, 1704, 'user', 7, '0', 0, 0),
(1710, 1705, 'user', 7, '0', 0, 0),
(1711, 1706, 'user', 7, '0', 0, 0),
(1712, 1707, 'user', 7, '0', 0, 0),
(1713, 1708, 'user', 7, '0', 0, 0),
(1714, 1709, 'user', 32, '0', 0, 0),
(1715, 1710, 'user', 7, '0', 0, 0),
(1716, 1711, 'user', 7, '0', 0, 0),
(1717, 1712, 'user', 7, '0', 0, 0),
(1718, 1713, 'user', 7, '0', 0, 0),
(1719, 1714, 'user', 7, '0', 0, 0),
(1720, 1715, 'user', 7, '0', 0, 0),
(1721, 1716, 'user', 7, '0', 0, 0),
(1722, 1717, 'user', 7, '0', 0, 0),
(1723, 1718, 'user', 7, '0', 0, 0),
(1724, 1719, 'user', 7, '0', 0, 0),
(1725, 1720, 'user', 7, '0', 0, 0),
(1726, 1721, 'user', 7, '0', 0, 0),
(1727, 1722, 'user', 7, '0', 0, 0),
(1728, 1723, 'user', 7, '0', 0, 0),
(1729, 1724, 'user', 7, '0', 0, 0),
(1730, 1725, 'user', 7, '0', 0, 0),
(1731, 1726, 'user', 7, '0', 0, 0),
(1732, 1727, 'user', 7, '0', 0, 0),
(1733, 1728, 'user', 32, '0', 0, 0),
(1734, 1729, 'user', 32, '0', 0, 0),
(1735, 1730, 'user', 32, '0', 0, 0),
(1736, 1731, 'user', 32, '0', 0, 0),
(1737, 1732, 'user', 32, '0', 0, 0),
(1738, 1733, 'user', 32, '0', 0, 0),
(1739, 1734, 'user', 32, '0', 0, 0),
(1740, 1735, 'user', 32, '0', 0, 0),
(1741, 1736, 'user', 32, '0', 0, 0),
(1742, 1737, 'user', 32, '0', 0, 0),
(1743, 1738, 'user', 32, '0', 0, 0),
(1744, 1739, 'user', 32, '0', 0, 0),
(1745, 1740, 'user', 32, '0', 0, 0),
(1746, 1741, 'user', 32, '0', 0, 0),
(1747, 1742, 'user', 32, '0', 0, 0),
(1748, 1743, 'user', 32, '0', 0, 0),
(1749, 1744, 'user', 32, '0', 0, 0),
(1750, 1745, 'user', 32, '0', 0, 0),
(1751, 1746, 'user', 32, '0', 0, 0),
(1752, 1747, 'user', 32, '0', 0, 0),
(1753, 1748, 'user', 7, '0', 0, 0),
(1754, 1749, 'user', 32, '0', 0, 0),
(1755, 1750, 'user', 32, '0', 0, 0),
(1756, 1751, 'user', 32, '0', 0, 0),
(1757, 1752, 'user', 32, '0', 0, 0),
(1758, 1753, 'user', 32, '0', 0, 0),
(1759, 1754, 'user', 32, '0', 0, 0),
(1760, 1755, 'user', 32, '0', 0, 0),
(1761, 1756, 'user', 32, '0', 0, 0),
(1762, 1757, 'user', 32, '0', 0, 0),
(1763, 1758, 'user', 32, '0', 0, 0),
(1764, 1759, 'user', 32, '0', 0, 0),
(1765, 1760, 'user', 32, '0', 0, 0),
(1766, 1761, 'user', 32, '0', 0, 0),
(1767, 1762, 'user', 32, '0', 0, 0),
(1768, 1763, 'user', 32, '0', 0, 0),
(1769, 1764, 'user', 32, '0', 0, 0),
(1770, 1765, 'user', 32, '0', 0, 0),
(1771, 1766, 'user', 32, '0', 0, 0),
(1772, 1767, 'user', 32, '0', 0, 0),
(1773, 1768, 'user', 32, '0', 0, 0),
(1774, 1769, 'user', 32, '0', 0, 0),
(1775, 1770, 'user', 32, '0', 0, 0),
(1776, 1771, 'user', 32, '0', 0, 0),
(1777, 1772, 'user', 1, '0', 0, 0),
(1778, 1773, 'user', 1, '0', 0, 0),
(1779, 1774, 'user', 1, '0', 0, 0),
(1780, 1775, 'user', 1, '0', 0, 0),
(1781, 1776, 'user', 1, '0', 0, 0),
(1782, 1777, 'user', 1, '0', 0, 0),
(1783, 1778, 'user', 1, '0', 0, 0),
(1784, 1779, 'user', 1, '0', 0, 0),
(1785, 1780, 'user', 1, '0', 0, 0),
(1786, 1781, 'user', 1, '0', 0, 0),
(1787, 1782, 'user', 1, '0', 0, 0),
(1788, 1783, 'user', 1, '0', 0, 0),
(1789, 1784, 'user', 1, '0', 0, 0),
(1790, 1785, 'user', 1, '0', 0, 0),
(1791, 1786, 'user', 1, '0', 0, 0),
(1792, 1787, 'user', 1, '0', 0, 0),
(1793, 1788, 'user', 1, '0', 0, 0),
(1794, 1789, 'user', 1, '0', 0, 0),
(1795, 1790, 'user', 1, '0', 0, 0),
(1796, 1791, 'user', 1, '0', 0, 0),
(1797, 1792, 'user', 1, '0', 0, 0),
(1798, 1793, 'user', 7, '0', 0, 0),
(1799, 1794, 'user', 7, '0', 0, 0),
(1800, 1795, 'user', 7, '0', 0, 0),
(1801, 1796, 'user', 1, '0', 0, 0),
(1802, 1797, 'user', 1, '0', 0, 0),
(1803, 1798, 'user', 1, '0', 0, 0),
(1804, 1799, 'user', 1, '0', 0, 0),
(1805, 1800, 'user', 1, '0', 0, 0),
(1806, 1801, 'user', 1, '0', 0, 0),
(1807, 1802, 'user', 1, '0', 0, 0),
(1808, 1803, 'user', 1, '0', 0, 0),
(1809, 1804, 'user', 1, '0', 0, 0),
(1810, 1805, 'user', 1, '0', 0, 0),
(1811, 1806, 'user', 1, '0', 0, 0),
(1812, 1807, 'user', 1, '0', 0, 0),
(1813, 1808, 'user', 1, '0', 0, 0),
(1814, 1809, 'user', 1, '0', 0, 0),
(1815, 1810, 'user', 1, '0', 0, 0),
(1816, 1811, 'user', 1, '0', 0, 0),
(1817, 1812, 'user', 1, '0', 0, 0),
(1818, 1813, 'user', 1, '0', 0, 0),
(1819, 1814, 'user', 1, '0', 0, 0),
(1820, 1815, 'user', 1, '0', 0, 0),
(1821, 1816, 'user', 1, '0', 0, 0),
(1822, 1817, 'user', 1, '0', 0, 0),
(1823, 1818, 'user', 1, '0', 0, 0),
(1824, 1819, 'user', 1, '0', 0, 0),
(1825, 1820, 'user', 1, '0', 0, 0),
(1826, 1821, 'user', 1, '0', 0, 0),
(1827, 1822, 'user', 1, '0', 0, 0),
(1828, 1823, 'user', 1, '0', 0, 0),
(1829, 1824, 'user', 1, '0', 0, 0),
(1830, 1825, 'user', 1, '0', 0, 0),
(1831, 1826, 'user', 1, '0', 0, 0),
(1832, 1827, 'user', 1, '0', 0, 0),
(1833, 1828, 'user', 1, '0', 0, 0),
(1834, 1829, 'user', 7, '0', 0, 0),
(1835, 1830, 'user', 1, '0', 0, 0),
(1836, 1831, 'user', 1, '0', 0, 0),
(1837, 1832, 'user', 7, '0', 0, 0),
(1838, 1833, 'user', 1, '0', 0, 0),
(1839, 1834, 'user', 7, '0', 0, 0),
(1840, 1835, 'user', 7, '0', 0, 0),
(1841, 1836, 'user', 1, '0', 0, 0),
(1842, 1837, 'user', 1, '0', 0, 0),
(1843, 1838, 'user', 1, '0', 0, 0),
(1844, 1839, 'user', 1, '0', 0, 0),
(1845, 1840, 'user', 32, '0', 0, 0),
(1846, 1841, 'user', 1, '0', 0, 0),
(1847, 1842, 'user', 32, '0', 0, 0),
(1848, 1843, 'user', 1, '0', 0, 0),
(1849, 1844, 'user', 1, '0', 0, 0),
(1850, 1845, 'user', 1, '0', 0, 0),
(1851, 1846, 'user', 1, '0', 0, 0),
(1852, 1847, 'user', 1, '0', 0, 0),
(1853, 1848, 'user', 1, '0', 0, 0),
(1854, 1849, 'user', 1, '0', 0, 0),
(1855, 1850, 'user', 1, '0', 0, 0),
(1856, 1851, 'user', 1, '0', 0, 0),
(1857, 1852, 'user', 1, '0', 0, 0),
(1858, 1853, 'user', 1, '0', 0, 0),
(1859, 1854, 'user', 1, '0', 0, 0),
(1860, 1855, 'user', 1, '0', 0, 0),
(1861, 1856, 'user', 1, '0', 0, 0),
(1862, 1857, 'user', 1, '0', 0, 0),
(1863, 1858, 'user', 1, '0', 0, 0),
(1864, 1859, 'user', 1, '0', 0, 0),
(1865, 1860, 'user', 1, '0', 0, 0),
(1866, 1861, 'user', 1, '0', 0, 0),
(1867, 1862, 'user', 1, '0', 0, 0),
(1868, 1863, 'user', 1, '0', 0, 0),
(1869, 1864, 'user', 1, '0', 0, 0),
(1870, 1865, 'user', 1, '0', 0, 0),
(1871, 1866, 'user', 32, '0', 0, 0),
(1872, 1867, 'user', 1, '0', 0, 0),
(1873, 1868, 'user', 32, '0', 0, 0),
(1874, 1869, 'user', 1, '0', 0, 0),
(1875, 1870, 'user', 1, '0', 0, 0),
(1876, 1871, 'user', 32, '0', 0, 0),
(1877, 1872, 'user', 1, '0', 0, 0),
(1878, 1873, 'user', 1, '0', 0, 0),
(1879, 1874, 'user', 1, '0', 0, 0),
(1880, 1875, 'user', 1, '0', 0, 0),
(1881, 1876, 'user', 1, '0', 0, 0),
(1882, 1877, 'user', 1, '0', 0, 0),
(1883, 1878, 'user', 1, '0', 0, 0),
(1884, 1879, 'user', 1, '0', 0, 0),
(1885, 1880, 'user', 1, '0', 0, 0),
(1886, 1881, 'user', 1, '0', 0, 0),
(1887, 1882, 'user', 1, '0', 0, 0),
(1888, 1883, 'user', 1, '0', 0, 0),
(1889, 1884, 'user', 1, '0', 0, 0),
(1890, 1885, 'user', 1, '0', 0, 0),
(1891, 1886, 'user', 32, '0', 0, 0),
(1892, 1887, 'user', 32, '0', 0, 0),
(1893, 1888, 'user', 1, '0', 0, 0),
(1894, 1889, 'user', 1, '0', 0, 0),
(1895, 1890, 'user', 1, '0', 0, 0),
(1896, 1891, 'user', 1, '0', 0, 0),
(1897, 1892, 'user', 1, '0', 0, 0),
(1898, 1893, 'user', 1, '0', 0, 0),
(1899, 1894, 'user', 1, '0', 0, 0),
(1900, 1895, 'user', 1, '0', 0, 0),
(1901, 1896, 'user', 1, '0', 0, 0),
(1902, 1897, 'user', 1, '0', 0, 0),
(1903, 1898, 'user', 1, '0', 0, 0),
(1904, 1899, 'user', 1, '0', 0, 0),
(1905, 1900, 'user', 32, '0', 0, 0),
(1906, 1901, 'user', 1, '0', 0, 0),
(1907, 1902, 'user', 1, '0', 0, 0),
(1908, 1903, 'user', 1, '0', 0, 0),
(1909, 1904, 'user', 32, '0', 0, 0),
(1910, 1905, 'user', 1, '0', 0, 0),
(1911, 1906, 'user', 1, '0', 0, 0),
(1912, 1907, 'user', 1, '0', 0, 0),
(1913, 1908, 'user', 1, '0', 0, 0),
(1914, 1909, 'user', 1, '0', 0, 0),
(1915, 1910, 'user', 1, '0', 0, 0),
(1916, 1911, 'user', 1, '0', 0, 0),
(1917, 1912, 'user', 32, '0', 0, 0),
(1918, 1913, 'user', 1, '0', 0, 0),
(1919, 1914, 'user', 1, '0', 0, 0),
(1920, 1915, 'user', 32, '0', 0, 0),
(1921, 1916, 'user', 1, '0', 0, 0),
(1922, 1917, 'user', 1, '0', 0, 0),
(1923, 1918, 'user', 1, '0', 0, 0),
(1924, 1919, 'user', 1, '0', 0, 0),
(1925, 1920, 'user', 32, '0', 0, 0),
(1926, 1921, 'user', 32, '0', 0, 0),
(1927, 1922, 'user', 32, '0', 0, 0),
(1928, 1923, 'user', 1, '0', 0, 0),
(1929, 1924, 'user', 1, '0', 0, 0),
(1930, 1925, 'user', 1, '0', 0, 0),
(1931, 1926, 'user', 1, '0', 0, 0),
(1932, 1927, 'user', 1, '0', 0, 0),
(1933, 1928, 'user', 1, '0', 0, 0),
(1934, 1929, 'user', 1, '0', 0, 0),
(1935, 1930, 'user', 1, '0', 0, 0),
(1936, 1931, 'user', 1, '0', 0, 0),
(1937, 1932, 'user', 1, '0', 0, 0),
(1938, 1933, 'user', 1, '0', 0, 0),
(1939, 1934, 'user', 1, '0', 0, 0),
(1940, 1935, 'user', 1, '0', 0, 0),
(1941, 1936, 'user', 7, '0', 0, 0),
(1942, 1937, 'user', 7, '0', 0, 0),
(1943, 1938, 'user', 7, '0', 0, 0),
(1944, 1939, 'user', 7, '0', 0, 0),
(1945, 1940, 'user', 7, '0', 0, 0),
(1946, 1941, 'user', 7, '0', 0, 0),
(1947, 1942, 'user', 7, '0', 0, 0),
(1948, 1943, 'user', 7, '0', 0, 0),
(1949, 1944, 'user', 7, '0', 0, 0),
(1950, 1945, 'user', 7, '0', 0, 0),
(1951, 1946, 'user', 7, '0', 0, 0),
(1952, 1947, 'user', 7, '0', 0, 0),
(1953, 1948, 'user', 7, '0', 0, 0),
(1954, 1949, 'user', 7, '0', 0, 0),
(1955, 1950, 'user', 7, '0', 0, 0),
(1956, 1951, 'user', 7, '0', 0, 0),
(1957, 1952, 'user', 7, '0', 0, 0),
(1958, 1953, 'user', 7, '0', 0, 0),
(1959, 1954, 'user', 7, '0', 0, 0),
(1960, 1955, 'user', 7, '0', 0, 0),
(1961, 1956, 'user', 7, '0', 0, 0),
(1962, 1957, 'user', 7, '0', 0, 0),
(1963, 1958, 'user', 7, '0', 0, 0),
(1964, 1959, 'user', 7, '0', 0, 0),
(1965, 1960, 'user', 7, '0', 0, 0),
(1966, 1961, 'user', 7, '0', 0, 0),
(1967, 1962, 'user', 7, '0', 0, 0),
(1968, 1963, 'user', 7, '0', 0, 0),
(1969, 1964, 'user', 29, '0', 0, 0),
(1970, 1965, 'user', 29, '0', 0, 0),
(1971, 1966, 'user', 29, '0', 0, 0),
(1972, 1967, 'user', 1, '0', 0, 0),
(1973, 1968, 'user', 1, '0', 0, 0),
(1974, 1969, 'user', 1, '0', 0, 0),
(1975, 1970, 'user', 1, '0', 0, 0),
(1976, 1971, 'user', 1, '0', 0, 0),
(1977, 1972, 'user', 1, '0', 0, 0),
(1978, 1973, 'user', 1, '0', 0, 0),
(1979, 1974, 'user', 1, '0', 0, 0),
(1980, 1975, 'user', 1, '0', 0, 0),
(1981, 1976, 'user', 1, '0', 0, 0),
(1982, 1977, 'user', 1, '0', 0, 0),
(1983, 1978, 'user', 1, '0', 0, 0),
(1984, 1979, 'user', 1, '0', 0, 0),
(1985, 1980, 'user', 1, '0', 0, 0),
(1986, 1981, 'user', 1, '0', 0, 0),
(1987, 1982, 'user', 1, '0', 0, 0),
(1988, 1983, 'user', 1, '0', 0, 0),
(1989, 1984, 'user', 1, '0', 0, 0),
(1990, 1985, 'user', 1, '0', 0, 0),
(1991, 1986, 'user', 1, '0', 0, 0),
(1992, 1987, 'user', 1, '0', 0, 0),
(1993, 1988, 'user', 1, '0', 0, 0),
(1994, 1989, 'user', 1, '0', 0, 0),
(1995, 1990, 'user', 1, '0', 0, 0),
(1996, 1991, 'user', 1, '0', 0, 0),
(1997, 1992, 'user', 1, '0', 0, 0),
(1998, 1993, 'user', 1, '0', 0, 0),
(1999, 1994, 'user', 1, '0', 0, 0),
(2000, 1995, 'user', 1, '0', 0, 0),
(2001, 1996, 'user', 1, '0', 0, 0),
(2002, 1997, 'user', 1, '0', 0, 0),
(2003, 1998, 'user', 1, '0', 0, 0),
(2004, 1999, 'user', 1, '0', 0, 0),
(2005, 2000, 'user', 1, '0', 0, 0),
(2006, 2001, 'user', 1, '0', 0, 0),
(2007, 2002, 'user', 1, '0', 0, 0),
(2008, 2003, 'user', 1, '0', 0, 0),
(2009, 2004, 'user', 1, '0', 0, 0),
(2010, 2005, 'user', 1, '0', 0, 0),
(2011, 2006, 'user', 1, '0', 0, 0),
(2012, 2007, 'user', 1, '0', 0, 0),
(2013, 2008, 'user', 1, '0', 0, 0),
(2014, 2009, 'user', 1, '0', 0, 0),
(2015, 2010, 'user', 1, '0', 0, 0),
(2016, 2011, 'user', 1, '0', 0, 0),
(2017, 2012, 'user', 1, '0', 0, 0),
(2018, 2013, 'user', 1, '0', 0, 0),
(2019, 2014, 'user', 1, '0', 0, 0),
(2020, 2015, 'user', 1, '0', 0, 0),
(2021, 2016, 'user', 1, '0', 0, 0),
(2022, 2017, 'user', 1, '0', 0, 0),
(2023, 2018, 'user', 1, '0', 0, 0),
(2024, 2019, 'user', 1, '0', 0, 0),
(2025, 2020, 'user', 1, '0', 0, 0),
(2026, 2021, 'user', 1, '0', 0, 0),
(2027, 2022, 'user', 1, '0', 0, 0),
(2028, 2023, 'user', 1, '0', 0, 0),
(2029, 2024, 'user', 1, '0', 0, 0),
(2030, 2025, 'user', 7, '0', 0, 0),
(2031, 2026, 'user', 7, '0', 0, 0),
(2032, 2027, 'user', 1, '0', 0, 0),
(2033, 2028, 'user', 1, '0', 0, 0),
(2034, 2029, 'user', 1, '0', 0, 0),
(2035, 2030, 'user', 1, '0', 0, 0),
(2036, 2031, 'user', 7, '0', 0, 0),
(2037, 2032, 'user', 7, '0', 0, 0),
(2038, 2033, 'user', 7, '0', 0, 0),
(2039, 2034, 'user', 7, '0', 0, 0),
(2040, 2035, 'user', 7, '0', 0, 0),
(2041, 2036, 'user', 7, '0', 0, 0),
(2042, 2037, 'user', 7, '0', 0, 0),
(2043, 2038, 'user', 7, '0', 0, 0),
(2044, 2039, 'user', 7, '0', 0, 0),
(2045, 2040, 'user', 7, '0', 0, 0),
(2046, 2041, 'user', 7, '0', 0, 0),
(2047, 2042, 'user', 1, '0', 0, 0),
(2048, 2043, 'user', 1, '0', 0, 0),
(2049, 2044, 'user', 1, '0', 0, 0),
(2050, 2045, 'user', 1, '0', 0, 0),
(2051, 2046, 'user', 1, '0', 0, 0),
(2052, 2047, 'user', 1, '0', 0, 0),
(2053, 2048, 'user', 1, '0', 0, 0),
(2054, 2049, 'user', 1, '0', 0, 0),
(2055, 2050, 'user', 1, '0', 0, 0),
(2056, 2051, 'user', 1, '0', 0, 0),
(2057, 2052, 'user', 1, '0', 0, 0),
(2058, 2053, 'user', 1, '0', 0, 0),
(2059, 2054, 'user', 1, '0', 0, 0),
(2060, 2055, 'user', 1, '0', 0, 0),
(2061, 2056, 'user', 1, '0', 0, 0),
(2062, 2057, 'user', 1, '0', 0, 0),
(2063, 2058, 'user', 1, '0', 0, 0),
(2064, 2059, 'user', 1, '0', 0, 0),
(2065, 2060, 'user', 1, '0', 0, 0),
(2066, 2061, 'user', 1, '0', 0, 0),
(2067, 2062, 'user', 1, '0', 0, 0),
(2068, 2063, 'user', 1, '0', 0, 0),
(2069, 2064, 'user', 1, '0', 0, 0),
(2070, 2065, 'user', 1, '0', 0, 0),
(2071, 2066, 'user', 1, '0', 0, 0),
(2072, 2067, 'user', 1, '0', 0, 0),
(2073, 2068, 'user', 1, '0', 0, 0),
(2074, 2069, 'user', 1, '0', 0, 0),
(2075, 2070, 'user', 1, '0', 0, 0),
(2076, 2071, 'user', 1, '0', 0, 0),
(2077, 2072, 'user', 1, '0', 0, 0),
(2078, 2073, 'user', 1, '0', 0, 0),
(2079, 2074, 'user', 1, '0', 0, 0),
(2080, 2075, 'user', 1, '0', 0, 0),
(2081, 2076, 'user', 1, '0', 0, 0),
(2082, 2077, 'user', 1, '0', 0, 0),
(2083, 2078, 'user', 1, '0', 0, 0),
(2084, 2079, 'user', 1, '0', 0, 0),
(2085, 2080, 'user', 1, '0', 0, 0),
(2086, 2081, 'user', 1, '0', 0, 0),
(2087, 2082, 'user', 1, '0', 0, 0),
(2088, 2083, 'user', 1, '0', 0, 0),
(2089, 2084, 'user', 1, '0', 0, 0),
(2090, 2085, 'user', 1, '0', 0, 0),
(2091, 2086, 'user', 1, '0', 0, 0),
(2092, 2087, 'user', 1, '0', 0, 0),
(2093, 2088, 'user', 1, '0', 0, 0),
(2094, 2089, 'user', 1, '0', 0, 0),
(2095, 2090, 'user', 1, '0', 0, 0),
(2096, 2091, 'user', 1, '0', 0, 0),
(2097, 2092, 'user', 1, '0', 0, 0),
(2098, 2093, 'user', 1, '0', 0, 0),
(2099, 2094, 'user', 1, '0', 0, 0),
(2100, 2095, 'user', 1, '0', 0, 0),
(2101, 2096, 'user', 1, '0', 0, 0),
(2102, 2097, 'user', 1, '0', 0, 0),
(2103, 2098, 'user', 1, '0', 0, 0),
(2104, 2099, 'user', 1, '0', 0, 0),
(2105, 2100, 'user', 1, '0', 0, 0),
(2106, 2101, 'user', 1, '0', 0, 0),
(2107, 2102, 'user', 1, '0', 0, 0),
(2108, 2103, 'user', 1, '0', 0, 0),
(2109, 2104, 'user', 1, '0', 0, 0),
(2110, 2105, 'user', 1, '0', 0, 0),
(2111, 2106, 'user', 1, '0', 0, 0),
(2112, 2107, 'user', 1, '0', 0, 0),
(2113, 2108, 'user', 1, '0', 0, 0),
(2114, 2109, 'user', 1, '0', 0, 0),
(2115, 2110, 'user', 1, '0', 0, 0),
(2116, 2111, 'user', 1, '0', 0, 0),
(2117, 2112, 'user', 1, '0', 0, 0),
(2118, 2113, 'user', 1, '0', 0, 0),
(2119, 2114, 'user', 1, '0', 0, 0),
(2120, 2115, 'user', 1, '0', 0, 0),
(2121, 2116, 'user', 1, '0', 0, 0),
(2122, 2117, 'user', 1, '0', 0, 0),
(2123, 2118, 'user', 1, '0', 0, 0),
(2124, 2119, 'user', 1, '0', 0, 0),
(2125, 2120, 'user', 1, '0', 0, 0),
(2126, 2121, 'user', 1, '0', 0, 0),
(2127, 2122, 'user', 1, '0', 0, 0),
(2128, 2123, 'user', 1, '0', 0, 0),
(2129, 2124, 'user', 1, '0', 0, 0),
(2130, 2125, 'user', 1, '0', 0, 0),
(2131, 2126, 'user', 1, '0', 0, 0),
(2132, 2127, 'user', 1, '0', 0, 0),
(2133, 2128, 'user', 1, '0', 0, 0),
(2134, 2129, 'user', 1, '0', 0, 0),
(2135, 2130, 'user', 1, '0', 0, 0),
(2136, 2131, 'user', 1, '0', 0, 0),
(2137, 2132, 'user', 1, '0', 0, 0),
(2138, 2133, 'user', 1, '0', 0, 0),
(2139, 2134, 'user', 1, '0', 0, 0),
(2140, 2135, 'user', 1, '0', 0, 0),
(2141, 2136, 'user', 1, '0', 0, 0),
(2142, 2137, 'user', 1, '0', 0, 0),
(2143, 2138, 'user', 1, '0', 0, 0),
(2144, 2139, 'user', 1, '0', 0, 0),
(2145, 2140, 'user', 1, '0', 0, 0),
(2146, 2141, 'user', 1, '0', 0, 0),
(2147, 2142, 'user', 1, '0', 0, 0),
(2148, 2143, 'user', 1, '0', 0, 0),
(2149, 2144, 'user', 1, '0', 0, 0),
(2150, 2145, 'user', 1, '0', 0, 0),
(2151, 2146, 'user', 1, '0', 0, 0),
(2152, 2147, 'user', 1, '0', 0, 0),
(2153, 2148, 'user', 1, '0', 0, 0),
(2154, 2149, 'user', 1, '0', 0, 0),
(2155, 2150, 'user', 1, '0', 0, 0),
(2156, 2151, 'user', 1, '0', 0, 0),
(2157, 2152, 'user', 1, '0', 0, 0),
(2158, 2153, 'user', 1, '0', 0, 0),
(2159, 2154, 'user', 1, '0', 0, 0),
(2160, 2155, 'user', 1, '0', 0, 0),
(2161, 2156, 'user', 1, '0', 0, 0),
(2162, 2157, 'user', 1, '0', 0, 0),
(2163, 2158, 'user', 1, '0', 0, 0),
(2164, 2159, 'user', 1, '0', 0, 0),
(2165, 2160, 'user', 1, '0', 0, 0),
(2166, 2161, 'user', 1, '0', 0, 0),
(2167, 2162, 'user', 1, '0', 0, 0),
(2168, 2163, 'user', 1, '0', 0, 0),
(2169, 2164, 'user', 1, '0', 0, 0),
(2170, 2165, 'user', 1, '0', 0, 0),
(2171, 2166, 'user', 1, '0', 0, 0),
(2172, 2167, 'user', 1, '0', 0, 0),
(2173, 2168, 'user', 1, '0', 0, 0),
(2174, 2169, 'user', 1, '0', 0, 0),
(2175, 2170, 'user', 1, '0', 0, 0),
(2176, 2171, 'user', 1, '0', 0, 0),
(2177, 2172, 'user', 1, '0', 0, 0),
(2178, 2173, 'user', 1, '0', 0, 0),
(2179, 2174, 'user', 1, '0', 0, 0),
(2180, 2175, 'user', 1, '0', 0, 0),
(2181, 2176, 'user', 1, '0', 0, 0),
(2182, 2177, 'user', 1, '0', 0, 0),
(2183, 2178, 'user', 1, '0', 0, 0),
(2184, 2179, 'user', 1, '0', 0, 0),
(2185, 2180, 'user', 1, '0', 0, 0),
(2186, 2181, 'user', 1, '0', 0, 0),
(2187, 2182, 'user', 1, '0', 0, 0),
(2188, 2183, 'user', 1, '0', 0, 0),
(2189, 2184, 'user', 1, '0', 0, 0),
(2190, 2185, 'user', 1, '0', 0, 0),
(2191, 2186, 'user', 1, '0', 0, 0),
(2192, 2187, 'user', 1, '0', 0, 0),
(2193, 2188, 'user', 1, '0', 0, 0),
(2194, 2189, 'user', 1, '0', 0, 0),
(2195, 2190, 'user', 1, '0', 0, 0),
(2196, 2191, 'user', 1, '0', 0, 0),
(2197, 2192, 'user', 1, '0', 0, 0),
(2198, 2193, 'user', 1, '0', 0, 0),
(2199, 2194, 'user', 1, '0', 0, 0),
(2200, 2195, 'user', 1, '0', 0, 0),
(2201, 2196, 'user', 1, '0', 0, 0),
(2202, 2197, 'user', 1, '0', 0, 0),
(2203, 2198, 'user', 1, '0', 0, 0),
(2204, 2199, 'user', 1, '0', 0, 0),
(2205, 2200, 'user', 1, '0', 0, 0),
(2206, 2201, 'user', 1, '0', 0, 0),
(2207, 2202, 'user', 1, '0', 0, 0),
(2208, 2203, 'user', 1, '0', 0, 0),
(2209, 2204, 'user', 1, '0', 0, 0),
(2210, 2205, 'user', 1, '0', 0, 0),
(2211, 2206, 'user', 1, '0', 0, 0),
(2212, 2207, 'user', 1, '0', 0, 0),
(2213, 2208, 'user', 1, '0', 0, 0),
(2214, 2209, 'user', 1, '0', 0, 0),
(2215, 2210, 'user', 1, '0', 0, 0),
(2216, 2211, 'user', 1, '0', 0, 0),
(2217, 2212, 'user', 1, '0', 0, 0),
(2218, 2213, 'user', 1, '0', 0, 0),
(2219, 2214, 'user', 1, '0', 0, 0),
(2220, 2215, 'user', 1, '0', 0, 0),
(2221, 2216, 'user', 1, '0', 0, 0),
(2222, 2217, 'user', 1, '0', 0, 0),
(2223, 2218, 'user', 1, '0', 0, 0),
(2224, 2219, 'user', 1, '0', 0, 0),
(2225, 2220, 'user', 1, '0', 0, 0),
(2226, 2221, 'user', 1, '0', 0, 0),
(2227, 2222, 'user', 1, '0', 0, 0),
(2228, 2223, 'user', 1, '0', 0, 0),
(2229, 2224, 'user', 1, '0', 0, 0),
(2230, 2225, 'user', 1, '0', 0, 0),
(2231, 2226, 'user', 1, '0', 0, 0),
(2232, 2227, 'user', 7, '0', 0, 0),
(2233, 2228, 'user', 32, '0', 0, 0),
(2234, 2229, 'user', 32, '0', 0, 0),
(2235, 2230, 'user', 7, '0', 0, 0),
(2236, 2231, 'user', 7, '0', 0, 0),
(2237, 2232, 'user', 27, '0', 0, 0),
(2238, 2233, 'user', 27, '0', 0, 0),
(2239, 2234, 'user', 27, '0', 0, 0),
(2240, 2235, 'user', 32, '0', 0, 0),
(2241, 2236, 'user', 32, '0', 0, 0),
(2242, 2237, 'user', 32, '0', 0, 0),
(2243, 2238, 'user', 32, '0', 0, 0),
(2244, 2239, 'user', 32, '0', 0, 0),
(2245, 2240, 'user', 32, '0', 0, 0),
(2246, 2241, 'user', 32, '0', 0, 0),
(2247, 2242, 'user', 32, '0', 0, 0),
(2248, 2243, 'user', 32, '0', 0, 0),
(2249, 2244, 'user', 32, '0', 0, 0),
(2250, 2245, 'user', 7, '0', 0, 0),
(2251, 2246, 'user', 7, '0', 0, 0),
(2252, 2247, 'user', 32, '0', 0, 0),
(2253, 2248, 'user', 32, '0', 0, 0),
(2254, 2249, 'user', 32, '0', 0, 0),
(2255, 2250, 'user', 32, '0', 0, 0),
(2256, 2251, 'user', 32, '0', 0, 0),
(2257, 2252, 'user', 32, '0', 0, 0),
(2258, 2253, 'user', 32, '0', 0, 0),
(2259, 2254, 'user', 7, '0', 0, 0),
(2260, 2255, 'user', 7, '0', 0, 0),
(2261, 2256, 'user', 7, '0', 0, 0),
(2262, 2257, 'user', 7, '0', 0, 0),
(2263, 2258, 'user', 7, '0', 0, 0),
(2264, 2259, 'user', 7, '0', 0, 0),
(2265, 2260, 'user', 7, '0', 0, 0),
(2266, 2261, 'user', 7, '0', 0, 0),
(2267, 2262, 'user', 7, '0', 0, 0),
(2268, 2263, 'user', 7, '0', 0, 0),
(2269, 2264, 'user', 1, '0', 0, 0),
(2270, 2265, 'user', 1, '0', 0, 0),
(2271, 2266, 'user', 1, '0', 0, 0),
(2272, 2267, 'user', 1, '0', 0, 0),
(2273, 2268, 'user', 1, '0', 0, 0),
(2274, 2269, 'user', 1, '0', 0, 0),
(2275, 2270, 'user', 1, '0', 0, 0),
(2276, 2271, 'user', 1, '0', 0, 0),
(2277, 2272, 'user', 1, '0', 0, 0),
(2278, 2273, 'user', 1, '0', 0, 0),
(2279, 2274, 'user', 1, '0', 0, 0),
(2280, 2275, 'user', 1, '0', 0, 0),
(2281, 2276, 'user', 1, '0', 0, 0),
(2282, 2277, 'user', 1, '0', 0, 0),
(2283, 2278, 'user', 1, '0', 0, 0),
(2284, 2279, 'user', 1, '0', 0, 0),
(2285, 2280, 'user', 1, '0', 0, 0),
(2286, 2281, 'user', 1, '0', 0, 0),
(2287, 2282, 'user', 1, '0', 0, 0),
(2288, 2283, 'user', 1, '0', 0, 0),
(2289, 2284, 'user', 1, '0', 0, 0),
(2290, 2285, 'user', 1, '0', 0, 0),
(2291, 2286, 'user', 1, '0', 0, 0),
(2292, 2287, 'user', 1, '0', 0, 0),
(2293, 2288, 'user', 1, '0', 0, 0),
(2294, 2289, 'user', 1, '0', 0, 0),
(2295, 2290, 'user', 1, '0', 0, 0),
(2296, 2291, 'user', 1, '0', 0, 0),
(2297, 2292, 'user', 1, '0', 0, 0),
(2298, 2293, 'user', 1, '0', 0, 0),
(2299, 2294, 'user', 1, '0', 0, 0),
(2300, 2295, 'user', 1, '0', 0, 0),
(2301, 2296, 'user', 1, '0', 0, 0),
(2302, 2297, 'user', 1, '0', 0, 0),
(2303, 2298, 'user', 1, '0', 0, 0),
(2304, 2299, 'user', 1, '0', 0, 0),
(2305, 2300, 'user', 1, '0', 0, 0),
(2306, 2301, 'user', 1, '0', 0, 0),
(2307, 2302, 'user', 1, '0', 0, 0),
(2308, 2303, 'user', 1, '0', 0, 0),
(2309, 2304, 'user', 1, '0', 0, 0),
(2310, 2305, 'user', 1, '0', 0, 0),
(2311, 2306, 'user', 1, '0', 0, 0),
(2312, 2307, 'user', 7, '0', 0, 0),
(2313, 2308, 'user', 1, '0', 0, 0),
(2314, 2309, 'user', 1, '0', 0, 0),
(2315, 2310, 'user', 1, '0', 0, 0),
(2316, 2311, 'user', 1, '0', 0, 0),
(2317, 2312, 'user', 1, '0', 0, 0),
(2318, 2313, 'user', 1, '0', 0, 0),
(2319, 2314, 'user', 1, '0', 0, 0),
(2320, 2315, 'user', 1, '0', 0, 0),
(2321, 2316, 'user', 1, '0', 0, 0),
(2322, 2317, 'user', 1, '0', 0, 0),
(2323, 2318, 'user', 1, '0', 0, 0),
(2324, 2319, 'user', 1, '0', 0, 0),
(2325, 2320, 'user', 1, '0', 0, 0),
(2326, 2321, 'user', 1, '0', 0, 0),
(2327, 2322, 'user', 1, '0', 0, 0),
(2328, 2323, 'user', 1, '0', 0, 0),
(2329, 2324, 'user', 1, '0', 0, 0),
(2330, 2325, 'user', 1, '0', 0, 0),
(2331, 2326, 'user', 1, '0', 0, 0),
(2332, 2327, 'user', 1, '0', 0, 0),
(2333, 2328, 'user', 1, '0', 0, 0),
(2334, 2329, 'user', 1, '0', 0, 0),
(2335, 2330, 'user', 1, '0', 0, 0),
(2336, 2331, 'user', 1, '0', 0, 0),
(2337, 2332, 'user', 1, '0', 0, 0),
(2338, 2333, 'user', 1, '0', 0, 0),
(2339, 2334, 'user', 1, '0', 0, 0),
(2340, 2335, 'user', 1, '0', 0, 0),
(2341, 2336, 'user', 1, '0', 0, 0),
(2342, 2337, 'user', 1, '0', 0, 0),
(2343, 2338, 'user', 1, '0', 0, 0),
(2344, 2339, 'user', 1, '0', 0, 0),
(2345, 2340, 'user', 1, '0', 0, 0),
(2346, 2341, 'user', 1, '0', 0, 0),
(2347, 2342, 'user', 1, '0', 0, 0),
(2348, 2343, 'user', 1, '0', 0, 0),
(2349, 2344, 'user', 1, '0', 0, 0),
(2350, 2345, 'user', 1, '0', 0, 0),
(2351, 2346, 'user', 1, '0', 0, 0),
(2352, 2347, 'user', 1, '0', 0, 0),
(2353, 2348, 'user', 1, '0', 0, 0),
(2354, 2349, 'user', 1, '0', 0, 0),
(2355, 2350, 'user', 1, '0', 0, 0),
(2356, 2351, 'user', 1, '0', 0, 0),
(2357, 2352, 'user', 1, '0', 0, 0),
(2358, 2353, 'user', 1, '0', 0, 0),
(2359, 2354, 'user', 1, '0', 0, 0),
(2360, 2355, 'user', 1, '0', 0, 0),
(2361, 2356, 'user', 1, '0', 0, 0),
(2362, 2357, 'user', 1, '0', 0, 0),
(2363, 2358, 'user', 1, '0', 0, 0),
(2364, 2359, 'user', 1, '0', 0, 0),
(2365, 2360, 'user', 1, '0', 0, 0),
(2366, 2361, 'user', 1, '0', 0, 0),
(2367, 2362, 'user', 7, '0', 0, 0),
(2368, 2363, 'user', 7, '0', 0, 0),
(2369, 2364, 'user', 1, '0', 0, 0),
(2370, 2365, 'user', 1, '0', 0, 0),
(2371, 2366, 'user', 1, '0', 0, 0),
(2372, 2367, 'user', 1, '0', 0, 0),
(2373, 2368, 'user', 7, '0', 0, 0),
(2374, 2369, 'user', 1, '0', 0, 0),
(2375, 2370, 'user', 16, '0', 0, 0),
(2376, 2371, 'user', 16, '0', 0, 0),
(2377, 2372, 'user', 27, '0', 0, 0),
(2378, 2373, 'user', 27, '0', 0, 0),
(2379, 2374, 'user', 27, '0', 0, 0),
(2380, 2375, 'user', 27, '0', 0, 0),
(2381, 2376, 'user', 27, '0', 0, 0),
(2382, 2377, 'user', 27, '0', 0, 0),
(2383, 2378, 'user', 27, '0', 0, 0),
(2384, 2379, 'user', 27, '0', 0, 0),
(2385, 2380, 'user', 27, '0', 0, 0),
(2386, 2381, 'user', 27, '0', 0, 0),
(2387, 2382, 'user', 27, '0', 0, 0),
(2388, 2383, 'user', 27, '0', 0, 0),
(2389, 2384, 'user', 24, '0', 0, 0),
(2390, 2385, 'user', 24, '0', 0, 0),
(2391, 2386, 'user', 27, '0', 0, 0),
(2392, 2387, 'user', 27, '0', 0, 0),
(2393, 2388, 'user', 27, '0', 0, 0),
(2394, 2389, 'user', 27, '0', 0, 0),
(2395, 2390, 'user', 24, '0', 0, 0),
(2396, 2391, 'user', 24, '0', 0, 0),
(2397, 2392, 'user', 27, '0', 0, 0),
(2398, 2393, 'user', 27, '0', 0, 0),
(2399, 2394, 'user', 27, '0', 0, 0),
(2400, 2395, 'user', 27, '0', 0, 0),
(2401, 2396, 'user', 27, '0', 0, 0),
(2402, 2397, 'user', 27, '0', 0, 0),
(2403, 2398, 'user', 24, '0', 0, 0),
(2404, 2399, 'user', 27, '0', 0, 0),
(2405, 2400, 'user', 27, '0', 0, 0),
(2406, 2401, 'user', 27, '0', 0, 0),
(2407, 2402, 'user', 27, '0', 0, 0),
(2408, 2403, 'user', 27, '0', 0, 0),
(2409, 2404, 'user', 27, '0', 0, 0),
(2410, 2405, 'user', 27, '0', 0, 0),
(2411, 2406, 'user', 27, '0', 0, 0),
(2412, 2407, 'user', 24, '0', 0, 0),
(2413, 2408, 'user', 24, '0', 0, 0),
(2414, 2409, 'user', 24, '0', 0, 0),
(2415, 2410, 'user', 27, '0', 0, 0),
(2416, 2411, 'user', 27, '0', 0, 0),
(2417, 2412, 'user', 24, '0', 0, 0),
(2418, 2413, 'user', 27, '0', 0, 0),
(2419, 2414, 'user', 27, '0', 0, 0),
(2420, 2415, 'user', 24, '0', 0, 0),
(2421, 2416, 'user', 24, '0', 0, 0),
(2422, 2417, 'user', 24, '0', 0, 0),
(2423, 2418, 'user', 24, '0', 0, 0),
(2424, 2419, 'user', 27, '0', 0, 0),
(2425, 2420, 'user', 27, '0', 0, 0),
(2426, 2421, 'user', 24, '0', 0, 0),
(2427, 2422, 'user', 24, '0', 0, 0),
(2428, 2423, 'user', 24, '0', 0, 0),
(2429, 2424, 'user', 24, '0', 0, 0),
(2430, 2425, 'user', 24, '0', 0, 0),
(2431, 2426, 'user', 27, '0', 0, 0),
(2432, 2427, 'user', 27, '0', 0, 0),
(2433, 2428, 'user', 24, '0', 0, 0),
(2434, 2429, 'user', 24, '0', 0, 0),
(2435, 2430, 'user', 27, '0', 0, 0),
(2436, 2431, 'user', 27, '0', 0, 0),
(2437, 2432, 'user', 24, '0', 0, 0),
(2438, 2433, 'user', 27, '0', 0, 0),
(2439, 2434, 'user', 27, '0', 0, 0),
(2440, 2435, 'user', 27, '0', 0, 0),
(2441, 2436, 'user', 27, '0', 0, 0),
(2442, 2437, 'user', 27, '0', 0, 0),
(2443, 2438, 'user', 27, '0', 0, 0),
(2444, 2439, 'user', 27, '0', 0, 0),
(2445, 2440, 'user', 27, '0', 0, 0),
(2446, 2441, 'user', 27, '0', 0, 0),
(2447, 2442, 'user', 27, '0', 0, 0),
(2448, 2443, 'user', 24, '0', 0, 0),
(2449, 2444, 'user', 24, '0', 0, 0),
(2450, 2445, 'user', 27, '0', 0, 0),
(2451, 2446, 'user', 27, '0', 0, 0),
(2452, 2447, 'user', 24, '0', 0, 0),
(2453, 2448, 'user', 24, '0', 0, 0),
(2454, 2449, 'user', 24, '0', 0, 0),
(2455, 2450, 'user', 27, '0', 0, 0),
(2456, 2451, 'user', 27, '0', 0, 0),
(2457, 2452, 'user', 24, '0', 0, 0),
(2458, 2453, 'user', 24, '0', 0, 0),
(2459, 2454, 'user', 27, '0', 0, 0),
(2460, 2455, 'user', 24, '0', 0, 0),
(2461, 2456, 'user', 24, '0', 0, 0),
(2462, 2457, 'user', 24, '0', 0, 0),
(2463, 2458, 'user', 24, '0', 0, 0),
(2464, 2459, 'user', 27, '0', 0, 0),
(2465, 2460, 'user', 27, '0', 0, 0),
(2466, 2461, 'user', 27, '0', 0, 0),
(2467, 2462, 'user', 27, '0', 0, 0),
(2468, 2463, 'user', 27, '0', 0, 0),
(2469, 2464, 'user', 27, '0', 0, 0),
(2470, 2465, 'user', 27, '0', 0, 0),
(2471, 2466, 'user', 27, '0', 0, 0),
(2472, 2467, 'user', 27, '0', 0, 0),
(2473, 2468, 'user', 27, '0', 0, 0),
(2474, 2469, 'user', 27, '0', 0, 0),
(2475, 2470, 'user', 27, '0', 0, 0),
(2476, 2471, 'user', 27, '0', 0, 0),
(2477, 2472, 'user', 23, '0', 0, 0),
(2478, 2473, 'user', 23, '0', 0, 0),
(2479, 2474, 'user', 23, '0', 0, 0),
(2480, 2475, 'user', 23, '0', 0, 0),
(2481, 2476, 'user', 23, '0', 0, 0),
(2482, 2477, 'user', 23, '0', 0, 0),
(2483, 2478, 'user', 23, '0', 0, 0),
(2484, 2479, 'user', 24, '0', 0, 0),
(2485, 2480, 'user', 24, '0', 0, 0),
(2486, 2481, 'user', 24, '0', 0, 0),
(2487, 2482, 'user', 24, '0', 0, 0),
(2488, 2483, 'user', 24, '0', 0, 0),
(2489, 2484, 'user', 24, '0', 0, 0),
(2490, 2485, 'user', 23, '0', 0, 0),
(2491, 2486, 'user', 24, '0', 0, 0),
(2492, 2487, 'user', 24, '0', 0, 0),
(2493, 2488, 'user', 24, '0', 0, 0),
(2494, 2489, 'user', 24, '0', 0, 0),
(2495, 2490, 'user', 24, '0', 0, 0),
(2496, 2491, 'user', 23, '0', 0, 0),
(2497, 2492, 'user', 24, '0', 0, 0),
(2498, 2493, 'user', 23, '0', 0, 0),
(2499, 2494, 'user', 23, '0', 0, 0),
(2500, 2495, 'user', 24, '0', 0, 0),
(2501, 2496, 'user', 23, '0', 0, 0),
(2502, 2497, 'user', 7, '0', 0, 0),
(2503, 2498, 'user', 7, '0', 0, 0),
(2504, 2499, 'user', 7, '0', 0, 0),
(2505, 2500, 'user', 7, '0', 0, 0),
(2506, 2501, 'user', 7, '0', 0, 0),
(2507, 2502, 'user', 23, '0', 0, 0),
(2508, 2503, 'user', 24, '0', 0, 0),
(2509, 2504, 'user', 24, '0', 0, 0),
(2510, 2505, 'user', 24, '0', 0, 0),
(2511, 2506, 'user', 24, '0', 0, 0),
(2512, 2507, 'user', 24, '0', 0, 0),
(2513, 2508, 'user', 23, '0', 0, 0),
(2514, 2509, 'user', 24, '0', 0, 0),
(2515, 2510, 'user', 24, '0', 0, 0),
(2516, 2511, 'user', 24, '0', 0, 0),
(2517, 2512, 'user', 23, '0', 0, 0),
(2518, 2512, 'socpeople', 4, '0', 0, 0),
(2519, 2513, 'user', 24, '0', 0, 0),
(2520, 2514, 'user', 23, '0', 0, 0),
(2521, 2515, 'user', 24, '0', 0, 0),
(2522, 2516, 'user', 24, '0', 0, 0),
(2523, 2517, 'user', 24, '0', 0, 0),
(2524, 2518, 'user', 24, '0', 0, 0),
(2525, 2519, 'user', 23, '0', 0, 0),
(2526, 2520, 'user', 23, '0', 0, 0),
(2527, 2521, 'user', 23, '0', 0, 0),
(2528, 2521, 'socpeople', 5, '0', 0, 0),
(2529, 2522, 'user', 24, '0', 0, 0),
(2530, 2523, 'user', 23, '0', 0, 0),
(2531, 2524, 'user', 23, '0', 0, 0),
(2532, 2525, 'user', 24, '0', 0, 0),
(2533, 2526, 'user', 24, '0', 0, 0),
(2534, 2527, 'user', 7, '0', 0, 0),
(2535, 2528, 'user', 7, '0', 0, 0),
(2536, 2529, 'user', 7, '0', 0, 0),
(2537, 2530, 'user', 7, '0', 0, 0),
(2538, 2531, 'user', 7, '0', 0, 0),
(2539, 2532, 'user', 7, '0', 0, 0),
(2540, 2533, 'user', 24, '0', 0, 0),
(2541, 2534, 'user', 24, '0', 0, 0),
(2542, 2535, 'user', 24, '0', 0, 0),
(2543, 2536, 'user', 24, '0', 0, 0),
(2544, 2537, 'user', 24, '0', 0, 0),
(2545, 2538, 'user', 24, '0', 0, 0),
(2546, 2539, 'user', 24, '0', 0, 0),
(2547, 2540, 'user', 24, '0', 0, 0),
(2548, 2541, 'user', 24, '0', 0, 0),
(2549, 2542, 'user', 24, '0', 0, 0),
(2550, 2543, 'user', 24, '0', 0, 0),
(2551, 2544, 'user', 24, '0', 0, 0),
(2552, 2545, 'user', 24, '0', 0, 0),
(2553, 2546, 'user', 24, '0', 0, 0),
(2554, 2547, 'user', 24, '0', 0, 0),
(2555, 2548, 'user', 24, '0', 0, 0),
(2556, 2549, 'user', 24, '0', 0, 0),
(2557, 2550, 'user', 24, '0', 0, 0),
(2558, 2551, 'user', 24, '0', 0, 0),
(2559, 2552, 'user', 24, '0', 0, 0);

-- --------------------------------------------------------

--
-- Structure de la table `llx_adherent`
--

CREATE TABLE IF NOT EXISTS `llx_adherent` (
  `rowid` int(11) NOT NULL AUTO_INCREMENT,
  `ref` varchar(30) COLLATE utf8_unicode_ci NOT NULL,
  `entity` int(11) NOT NULL DEFAULT '1',
  `ref_ext` varchar(128) COLLATE utf8_unicode_ci DEFAULT NULL,
  `gender` varchar(10) COLLATE utf8_unicode_ci DEFAULT NULL,
  `civility` varchar(6) COLLATE utf8_unicode_ci DEFAULT NULL,
  `lastname` varchar(50) COLLATE utf8_unicode_ci DEFAULT NULL,
  `firstname` varchar(50) COLLATE utf8_unicode_ci DEFAULT NULL,
  `login` varchar(50) COLLATE utf8_unicode_ci DEFAULT NULL,
  `pass` varchar(50) COLLATE utf8_unicode_ci DEFAULT NULL,
  `pass_crypted` varchar(128) COLLATE utf8_unicode_ci DEFAULT NULL,
  `fk_adherent_type` int(11) NOT NULL,
  `morphy` varchar(3) COLLATE utf8_unicode_ci NOT NULL,
  `societe` varchar(128) COLLATE utf8_unicode_ci DEFAULT NULL,
  `fk_soc` int(11) DEFAULT NULL,
  `address` text COLLATE utf8_unicode_ci,
  `zip` varchar(30) COLLATE utf8_unicode_ci DEFAULT NULL,
  `town` varchar(50) COLLATE utf8_unicode_ci DEFAULT NULL,
  `state_id` int(11) DEFAULT NULL,
  `country` int(11) DEFAULT NULL,
  `email` varchar(255) COLLATE utf8_unicode_ci DEFAULT NULL,
  `url` varchar(255) COLLATE utf8_unicode_ci DEFAULT NULL,
  `socialnetworks` text COLLATE utf8_unicode_ci,
  `phone` varchar(30) COLLATE utf8_unicode_ci DEFAULT NULL,
  `phone_perso` varchar(30) COLLATE utf8_unicode_ci DEFAULT NULL,
  `phone_mobile` varchar(30) COLLATE utf8_unicode_ci DEFAULT NULL,
  `birth` date DEFAULT NULL,
  `photo` varchar(255) COLLATE utf8_unicode_ci DEFAULT NULL,
  `statut` smallint(6) NOT NULL DEFAULT '0',
  `public` smallint(6) NOT NULL DEFAULT '0',
  `datefin` datetime DEFAULT NULL,
  `default_lang` varchar(6) COLLATE utf8_unicode_ci DEFAULT NULL,
  `note_private` text COLLATE utf8_unicode_ci,
  `note_public` text COLLATE utf8_unicode_ci,
  `model_pdf` varchar(255) COLLATE utf8_unicode_ci DEFAULT NULL,
  `datevalid` datetime DEFAULT NULL,
  `datec` datetime DEFAULT NULL,
  `tms` timestamp NULL DEFAULT CURRENT_TIMESTAMP ON UPDATE CURRENT_TIMESTAMP,
  `fk_user_author` int(11) DEFAULT NULL,
  `fk_user_mod` int(11) DEFAULT NULL,
  `fk_user_valid` int(11) DEFAULT NULL,
  `canvas` varchar(32) COLLATE utf8_unicode_ci DEFAULT NULL,
  `ip` varchar(250) COLLATE utf8_unicode_ci DEFAULT NULL,
  `import_key` varchar(14) COLLATE utf8_unicode_ci DEFAULT NULL,
  PRIMARY KEY (`rowid`),
  UNIQUE KEY `uk_adherent_ref` (`ref`,`entity`),
  UNIQUE KEY `uk_adherent_login` (`login`,`entity`),
  UNIQUE KEY `uk_adherent_fk_soc` (`fk_soc`),
  KEY `idx_adherent_fk_adherent_type` (`fk_adherent_type`)
) ENGINE=InnoDB DEFAULT CHARSET=utf8 COLLATE=utf8_unicode_ci;

-- --------------------------------------------------------

--
-- Structure de la table `llx_adherent_extrafields`
--

CREATE TABLE IF NOT EXISTS `llx_adherent_extrafields` (
  `rowid` int(11) NOT NULL AUTO_INCREMENT,
  `tms` timestamp NULL DEFAULT CURRENT_TIMESTAMP ON UPDATE CURRENT_TIMESTAMP,
  `fk_object` int(11) NOT NULL,
  `import_key` varchar(14) COLLATE utf8_unicode_ci DEFAULT NULL,
  PRIMARY KEY (`rowid`),
  UNIQUE KEY `uk_adherent_extrafields` (`fk_object`)
) ENGINE=InnoDB DEFAULT CHARSET=utf8 COLLATE=utf8_unicode_ci;

-- --------------------------------------------------------

--
-- Structure de la table `llx_adherent_type`
--

CREATE TABLE IF NOT EXISTS `llx_adherent_type` (
  `rowid` int(11) NOT NULL AUTO_INCREMENT,
  `entity` int(11) NOT NULL DEFAULT '1',
  `tms` timestamp NULL DEFAULT CURRENT_TIMESTAMP ON UPDATE CURRENT_TIMESTAMP,
  `statut` smallint(6) NOT NULL DEFAULT '0',
  `libelle` varchar(50) COLLATE utf8_unicode_ci NOT NULL,
  `morphy` varchar(3) COLLATE utf8_unicode_ci NOT NULL,
  `duration` varchar(6) COLLATE utf8_unicode_ci DEFAULT NULL,
  `subscription` varchar(3) COLLATE utf8_unicode_ci NOT NULL DEFAULT '1',
  `amount` double(24,8) DEFAULT NULL,
  `caneditamount` int(11) DEFAULT '0',
  `vote` varchar(3) COLLATE utf8_unicode_ci NOT NULL DEFAULT '1',
  `note` text COLLATE utf8_unicode_ci,
  `mail_valid` text COLLATE utf8_unicode_ci,
  PRIMARY KEY (`rowid`),
  UNIQUE KEY `uk_adherent_type_libelle` (`libelle`,`entity`)
) ENGINE=InnoDB DEFAULT CHARSET=utf8 COLLATE=utf8_unicode_ci;

-- --------------------------------------------------------

--
-- Structure de la table `llx_adherent_type_extrafields`
--

CREATE TABLE IF NOT EXISTS `llx_adherent_type_extrafields` (
  `rowid` int(11) NOT NULL AUTO_INCREMENT,
  `tms` timestamp NULL DEFAULT CURRENT_TIMESTAMP ON UPDATE CURRENT_TIMESTAMP,
  `fk_object` int(11) NOT NULL,
  `import_key` varchar(14) COLLATE utf8_unicode_ci DEFAULT NULL,
  PRIMARY KEY (`rowid`),
  UNIQUE KEY `uk_adherent_type_extrafields` (`fk_object`)
) ENGINE=InnoDB DEFAULT CHARSET=utf8 COLLATE=utf8_unicode_ci;

-- --------------------------------------------------------

--
-- Structure de la table `llx_adherent_type_lang`
--

CREATE TABLE IF NOT EXISTS `llx_adherent_type_lang` (
  `rowid` int(11) NOT NULL AUTO_INCREMENT,
  `fk_type` int(11) NOT NULL DEFAULT '0',
  `lang` varchar(5) COLLATE utf8_unicode_ci NOT NULL DEFAULT '0',
  `label` varchar(255) COLLATE utf8_unicode_ci NOT NULL,
  `description` text COLLATE utf8_unicode_ci,
  `email` text COLLATE utf8_unicode_ci,
  `import_key` varchar(14) COLLATE utf8_unicode_ci DEFAULT NULL,
  PRIMARY KEY (`rowid`)
) ENGINE=InnoDB DEFAULT CHARSET=utf8 COLLATE=utf8_unicode_ci;

-- --------------------------------------------------------

--
-- Structure de la table `llx_bank`
--

CREATE TABLE IF NOT EXISTS `llx_bank` (
  `rowid` int(11) NOT NULL AUTO_INCREMENT,
  `datec` datetime DEFAULT NULL,
  `tms` timestamp NULL DEFAULT CURRENT_TIMESTAMP ON UPDATE CURRENT_TIMESTAMP,
  `datev` date DEFAULT NULL,
  `dateo` date DEFAULT NULL,
  `amount` double(24,8) NOT NULL DEFAULT '0.00000000',
  `amount_main_currency` double(24,8) DEFAULT NULL,
  `label` varchar(255) COLLATE utf8_unicode_ci DEFAULT NULL,
  `fk_account` int(11) DEFAULT NULL,
  `fk_user_author` int(11) DEFAULT NULL,
  `fk_user_rappro` int(11) DEFAULT NULL,
  `fk_type` varchar(6) COLLATE utf8_unicode_ci DEFAULT NULL,
  `num_releve` varchar(50) COLLATE utf8_unicode_ci DEFAULT NULL,
  `num_chq` varchar(50) COLLATE utf8_unicode_ci DEFAULT NULL,
  `numero_compte` varchar(32) COLLATE utf8_unicode_ci DEFAULT NULL,
  `rappro` tinyint(4) DEFAULT '0',
  `note` text COLLATE utf8_unicode_ci,
  `fk_bordereau` int(11) DEFAULT '0',
  `position` int(11) DEFAULT '0',
  `banque` varchar(255) COLLATE utf8_unicode_ci DEFAULT NULL,
  `emetteur` varchar(255) COLLATE utf8_unicode_ci DEFAULT NULL,
  `author` varchar(40) COLLATE utf8_unicode_ci DEFAULT NULL,
  `origin_id` int(11) DEFAULT NULL,
  `origin_type` varchar(64) COLLATE utf8_unicode_ci DEFAULT NULL,
  `import_key` varchar(14) COLLATE utf8_unicode_ci DEFAULT NULL,
  PRIMARY KEY (`rowid`),
  KEY `idx_bank_datev` (`datev`),
  KEY `idx_bank_dateo` (`dateo`),
  KEY `idx_bank_fk_account` (`fk_account`),
  KEY `idx_bank_rappro` (`rappro`),
  KEY `idx_bank_num_releve` (`num_releve`)
) ENGINE=InnoDB AUTO_INCREMENT=17 DEFAULT CHARSET=utf8 COLLATE=utf8_unicode_ci;

--
-- Déchargement des données de la table `llx_bank`
--

INSERT INTO `llx_bank` (`rowid`, `datec`, `tms`, `datev`, `dateo`, `amount`, `amount_main_currency`, `label`, `fk_account`, `fk_user_author`, `fk_user_rappro`, `fk_type`, `num_releve`, `num_chq`, `numero_compte`, `rappro`, `note`, `fk_bordereau`, `position`, `banque`, `emetteur`, `author`, `origin_id`, `origin_type`, `import_key`) VALUES
(1, '2025-11-20 12:47:12', '2025-11-20 12:47:12', '2025-11-20', '2025-11-20', 0.00000000, NULL, '(Solde initial)', 1, 1, NULL, 'SOLD', NULL, NULL, '', 0, NULL, 0, 0, NULL, NULL, NULL, NULL, NULL, NULL),
(2, '2025-11-20 12:48:09', '2025-11-20 12:48:09', '2025-11-20', '2025-11-20', 0.00000000, NULL, '(Solde initial)', 2, 1, NULL, 'SOLD', NULL, NULL, '', 0, NULL, 0, 0, NULL, NULL, NULL, NULL, NULL, NULL),
(3, '2025-11-21 11:23:10', '2025-11-21 11:23:10', '2025-11-21', '2025-11-21', 0.00000000, NULL, '(Solde initial)', 3, 7, NULL, 'SOLD', NULL, NULL, '', 0, NULL, 0, 0, NULL, NULL, NULL, NULL, NULL, NULL),
(4, '2025-11-21 11:31:58', '2025-11-21 11:31:58', '2025-11-21', '2025-11-21', 0.00000000, NULL, '(Solde initial)', 4, 7, NULL, 'SOLD', NULL, NULL, '', 0, NULL, 0, 0, NULL, NULL, NULL, NULL, NULL, NULL),
(5, '2025-11-21 11:41:33', '2025-11-21 11:41:33', '2025-11-21', '2025-11-21', 0.00000000, NULL, '(Solde initial)', 5, 7, NULL, 'SOLD', NULL, NULL, '', 0, NULL, 0, 0, NULL, NULL, NULL, NULL, NULL, NULL),
(6, '2025-11-21 11:48:49', '2025-11-22 20:02:48', '2025-11-21', '2025-11-21', 10000.00000000, NULL, '(CustomerInvoicePayment)', 4, 7, NULL, 'CHQ', NULL, 'BA001250', '', 0, NULL, 1, 0, 'BGFI BANK', ' BGFI BANK', NULL, NULL, NULL, NULL),
(7, '2025-11-21 11:56:54', '2025-11-21 11:56:54', '2025-11-21', '2025-11-21', 0.00000000, NULL, '(Solde initial)', 6, 7, NULL, 'SOLD', NULL, NULL, '', 0, NULL, 0, 0, NULL, NULL, NULL, NULL, NULL, NULL),
(8, '2025-11-21 12:05:50', '2025-11-21 12:05:50', '2025-11-21', '2025-11-21', -250000.00000000, NULL, 'RGLT FCT/ETG', 6, 7, NULL, 'LIQ', NULL, NULL, '', 0, NULL, 0, 0, NULL, NULL, NULL, NULL, NULL, NULL),
(9, '2025-11-21 16:15:11', '2025-11-21 16:15:11', '2025-11-21', '2025-11-21', -100000.00000000, NULL, 'Paiement divers', 6, 7, NULL, 'LIQ', NULL, NULL, '', 0, NULL, 0, 0, NULL, NULL, NULL, NULL, NULL, NULL),
(10, '2025-11-22 20:26:42', '2025-11-22 20:28:29', '2025-11-24', '2025-11-24', 300900.00000000, NULL, '(CustomerInvoicePayment)', 1, 7, NULL, 'CHQ', NULL, '009514', '', 0, NULL, 2, 0, 'SGCI', ' ARTELIA COTE D\'IVOIRE', NULL, NULL, NULL, NULL),
(11, '2025-11-23 21:05:13', '2025-11-23 21:05:13', '2025-11-23', '2025-11-23', 0.00000000, NULL, '(Solde initial)', 7, 7, NULL, 'SOLD', NULL, NULL, '', 0, NULL, 0, 0, NULL, NULL, NULL, NULL, NULL, NULL),
(12, '2025-11-23 21:05:58', '2025-11-23 21:05:58', '2025-11-23', '2025-11-23', 0.00000000, NULL, '(Solde initial)', 8, 7, NULL, 'SOLD', NULL, NULL, '', 0, NULL, 0, 0, NULL, NULL, NULL, NULL, NULL, NULL),
(13, '2025-12-30 16:50:17', '2025-12-30 16:50:17', '2025-12-30', '2025-12-30', -206500.00000000, NULL, '(SupplierInvoicePayment)', 5, 7, NULL, 'CHQ', NULL, NULL, '', 0, NULL, 0, 0, NULL, NULL, NULL, NULL, NULL, NULL),
(14, '2026-01-06 17:03:12', '2026-01-06 17:03:12', '2025-01-06', '2025-01-06', -100000.00000000, NULL, 'POUR REGLEMENT DE MISSION', 6, 7, NULL, 'LIQ', NULL, NULL, '', 0, NULL, 0, 0, NULL, NULL, NULL, NULL, NULL, NULL),
(15, '2026-01-07 10:21:59', '2026-01-07 10:21:59', '2026-01-07', '2026-01-07', -500000.00000000, NULL, 'NIVELLEMENT', 5, 7, NULL, 'VIR', NULL, NULL, '', 0, NULL, 0, 0, NULL, NULL, NULL, NULL, NULL, NULL),
(16, '2026-01-07 10:21:59', '2026-01-07 10:21:59', '2026-01-07', '2026-01-07', 500000.00000000, NULL, 'NIVELLEMENT', 1, 7, NULL, 'VIR', NULL, NULL, '', 0, NULL, 0, 0, NULL, NULL, NULL, NULL, NULL, NULL);

-- --------------------------------------------------------

--
-- Structure de la table `llx_bank_account`
--

CREATE TABLE IF NOT EXISTS `llx_bank_account` (
  `rowid` int(11) NOT NULL AUTO_INCREMENT,
  `datec` datetime DEFAULT NULL,
  `tms` timestamp NULL DEFAULT CURRENT_TIMESTAMP ON UPDATE CURRENT_TIMESTAMP,
  `ref` varchar(12) COLLATE utf8_unicode_ci NOT NULL,
  `label` varchar(50) COLLATE utf8_unicode_ci NOT NULL,
  `entity` int(11) NOT NULL DEFAULT '1',
  `fk_user_author` int(11) DEFAULT NULL,
  `fk_user_modif` int(11) DEFAULT NULL,
  `bank` varchar(60) COLLATE utf8_unicode_ci DEFAULT NULL,
  `code_banque` varchar(128) COLLATE utf8_unicode_ci DEFAULT NULL,
  `code_guichet` varchar(6) COLLATE utf8_unicode_ci DEFAULT NULL,
  `number` varchar(255) COLLATE utf8_unicode_ci DEFAULT NULL,
  `cle_rib` varchar(5) COLLATE utf8_unicode_ci DEFAULT NULL,
  `bic` varchar(11) COLLATE utf8_unicode_ci DEFAULT NULL,
  `bic_intermediate` varchar(11) COLLATE utf8_unicode_ci DEFAULT NULL,
  `iban_prefix` varchar(80) COLLATE utf8_unicode_ci DEFAULT NULL,
  `country_iban` varchar(2) COLLATE utf8_unicode_ci DEFAULT NULL,
  `cle_iban` varchar(2) COLLATE utf8_unicode_ci DEFAULT NULL,
  `domiciliation` varchar(255) COLLATE utf8_unicode_ci DEFAULT NULL,
  `pti_in_ctti` smallint(6) DEFAULT '0',
  `state_id` int(11) DEFAULT NULL,
  `fk_pays` int(11) NOT NULL,
  `proprio` varchar(60) COLLATE utf8_unicode_ci DEFAULT NULL,
  `owner_address` varchar(255) COLLATE utf8_unicode_ci DEFAULT NULL,
  `owner_zip` varchar(25) COLLATE utf8_unicode_ci DEFAULT NULL,
  `owner_town` varchar(50) COLLATE utf8_unicode_ci DEFAULT NULL,
  `owner_country_id` int(11) DEFAULT NULL,
  `courant` smallint(6) NOT NULL DEFAULT '0',
  `clos` smallint(6) NOT NULL DEFAULT '0',
  `rappro` smallint(6) DEFAULT '1',
  `url` varchar(128) COLLATE utf8_unicode_ci DEFAULT NULL,
  `account_number` varchar(32) COLLATE utf8_unicode_ci DEFAULT NULL,
  `fk_accountancy_journal` int(11) DEFAULT NULL,
  `currency_code` varchar(3) COLLATE utf8_unicode_ci NOT NULL,
  `min_allowed` int(11) DEFAULT '0',
  `min_desired` int(11) DEFAULT '0',
  `comment` text COLLATE utf8_unicode_ci,
  `note_public` text COLLATE utf8_unicode_ci,
  `model_pdf` varchar(255) COLLATE utf8_unicode_ci DEFAULT NULL,
  `import_key` varchar(14) COLLATE utf8_unicode_ci DEFAULT NULL,
  `extraparams` varchar(255) COLLATE utf8_unicode_ci DEFAULT NULL,
  `ics` varchar(32) COLLATE utf8_unicode_ci DEFAULT NULL,
  `ics_transfer` varchar(32) COLLATE utf8_unicode_ci DEFAULT NULL,
  PRIMARY KEY (`rowid`),
  UNIQUE KEY `uk_bank_account_label` (`label`,`entity`),
  KEY `idx_fk_accountancy_journal` (`fk_accountancy_journal`)
) ENGINE=InnoDB AUTO_INCREMENT=9 DEFAULT CHARSET=utf8 COLLATE=utf8_unicode_ci;

--
-- Déchargement des données de la table `llx_bank_account`
--

INSERT INTO `llx_bank_account` (`rowid`, `datec`, `tms`, `ref`, `label`, `entity`, `fk_user_author`, `fk_user_modif`, `bank`, `code_banque`, `code_guichet`, `number`, `cle_rib`, `bic`, `bic_intermediate`, `iban_prefix`, `country_iban`, `cle_iban`, `domiciliation`, `pti_in_ctti`, `state_id`, `fk_pays`, `proprio`, `owner_address`, `owner_zip`, `owner_town`, `owner_country_id`, `courant`, `clos`, `rappro`, `url`, `account_number`, `fk_accountancy_journal`, `currency_code`, `min_allowed`, `min_desired`, `comment`, `note_public`, `model_pdf`, `import_key`, `extraparams`, `ics`, `ics_transfer`) VALUES
(1, '2025-11-20 12:47:12', '2025-11-21 11:14:22', 'BICICI', 'BICICI', 1, NULL, NULL, 'BICICI', '', '', 'CI006 01561 011605000067 13', '', 'BICICIABXXX', NULL, 'CI93 CI00 6015 6101 1605 0000 6713', NULL, NULL, 'ABIDJAN SUD', 0, NULL, 21, 'UNIVERS ELECTRICITE & CLIMATISATION', '', '', '', NULL, 1, 0, 1, NULL, '52111', 12, 'XOF', NULL, NULL, '', NULL, NULL, NULL, NULL, '', ''),
(2, '2025-11-20 12:48:09', '2025-11-21 11:19:53', 'NSIA', 'NSIA BANK', 1, NULL, NULL, 'NSIA BANK', '', '', 'CI042 01282 082360000192 32', '', 'BIAOCIABXXX', NULL, 'CI93 CI04 2012 8208 2360 0001 9232', NULL, NULL, '', 0, NULL, 21, 'UNIVERS ELECTRICITE & CLIMATISATION', '', '', '', NULL, 1, 0, 1, NULL, '52112', 3, 'XOF', NULL, NULL, '', NULL, NULL, NULL, NULL, '', ''),
(3, '2025-11-21 11:23:10', '2025-11-21 11:23:10', 'VERSUS', 'VERSUS BANK', 1, NULL, NULL, 'VERSUS BANK', '', '', 'CI112 01003 017023610008 95', '', 'VSBKCIABXXX', NULL, 'CI93 CI11 2010 0301 7023 6100 0895', NULL, NULL, '', 0, NULL, 21, 'UNIVELECT', '', '', '', NULL, 1, 0, 1, NULL, '52113', 11, 'XOF', NULL, NULL, '', NULL, NULL, NULL, NULL, '', ''),
(4, '2025-11-21 11:31:58', '2025-11-21 11:31:58', 'SGCI', 'SGCI', 1, NULL, NULL, 'SGCI', '', '', 'CI93 CI008 01129 0129 458 998 14 61', '', 'SGCICIAB', NULL, 'CI93 CI008 01129 0129 458 99814 61', NULL, NULL, '', 0, NULL, 21, 'UNIVERS ELECTRICITE & CLIMATISATION', '', '', '', NULL, 1, 0, 1, NULL, '52114', 9, 'XOF', NULL, NULL, '', NULL, NULL, NULL, NULL, '', ''),
(5, '2025-11-21 11:41:33', '2025-11-21 11:41:33', 'BGFI', 'BGFI BANK', 1, NULL, NULL, 'BGFI', '', '', '10039 01001 02010463401 17', '', 'BGFICIAB', NULL, 'CI33 CI16 20100102010463401 17', NULL, NULL, '', 0, NULL, 21, 'UNIVERS ELECTRICITE & CLIMATISATION', '', '', '', NULL, 1, 0, 1, NULL, '52115', 10, 'XOF', NULL, NULL, '', NULL, NULL, NULL, NULL, '', ''),
(6, '2025-11-21 11:56:54', '2025-11-21 11:56:54', 'CAI', 'CAISSE SIEGE', 1, NULL, NULL, '', '', '', '', '', '', NULL, '', NULL, NULL, '', 0, NULL, 21, '', '', '', '', NULL, 2, 0, 1, NULL, '571', 8, 'XOF', NULL, NULL, '', NULL, NULL, NULL, NULL, '', ''),
(7, '2025-11-23 21:05:13', '2025-11-23 21:05:13', 'CAI_B', 'CAISSE BOUAKE', 1, NULL, NULL, '', '', '', '', '', '', NULL, '', NULL, NULL, '', 0, NULL, 21, '', '', '', '', NULL, 2, 0, 1, NULL, '57111', 8, 'XOF', NULL, NULL, '', NULL, NULL, NULL, NULL, '', ''),
(8, '2025-11-23 21:05:58', '2025-11-23 21:05:58', 'E-MONEY', 'WAVE', 1, NULL, NULL, '', '', '', '', '', '', NULL, '', NULL, NULL, '', 0, NULL, 21, '', '', '', '', NULL, 2, 0, 1, NULL, '5522', 14, 'XOF', NULL, NULL, '', NULL, NULL, NULL, NULL, '', '');

-- --------------------------------------------------------

--
-- Structure de la table `llx_bank_account_extrafields`
--

CREATE TABLE IF NOT EXISTS `llx_bank_account_extrafields` (
  `rowid` int(11) NOT NULL AUTO_INCREMENT,
  `tms` timestamp NULL DEFAULT CURRENT_TIMESTAMP ON UPDATE CURRENT_TIMESTAMP,
  `fk_object` int(11) NOT NULL,
  `import_key` varchar(14) COLLATE utf8_unicode_ci DEFAULT NULL,
  PRIMARY KEY (`rowid`),
  UNIQUE KEY `uk_bank_account_extrafields` (`fk_object`)
) ENGINE=InnoDB DEFAULT CHARSET=utf8 COLLATE=utf8_unicode_ci;

-- --------------------------------------------------------

--
-- Structure de la table `llx_bank_extrafields`
--

CREATE TABLE IF NOT EXISTS `llx_bank_extrafields` (
  `rowid` int(11) NOT NULL AUTO_INCREMENT,
  `tms` timestamp NULL DEFAULT CURRENT_TIMESTAMP ON UPDATE CURRENT_TIMESTAMP,
  `fk_object` int(11) NOT NULL,
  `import_key` varchar(14) COLLATE utf8_unicode_ci DEFAULT NULL,
  PRIMARY KEY (`rowid`),
  UNIQUE KEY `uk_bank_extrafields` (`fk_object`)
) ENGINE=InnoDB DEFAULT CHARSET=utf8 COLLATE=utf8_unicode_ci;

-- --------------------------------------------------------

--
-- Structure de la table `llx_bank_url`
--

CREATE TABLE IF NOT EXISTS `llx_bank_url` (
  `rowid` int(11) NOT NULL AUTO_INCREMENT,
  `fk_bank` int(11) DEFAULT NULL,
  `url_id` int(11) DEFAULT NULL,
  `url` varchar(255) COLLATE utf8_unicode_ci DEFAULT NULL,
  `label` varchar(255) COLLATE utf8_unicode_ci DEFAULT NULL,
  `type` varchar(24) COLLATE utf8_unicode_ci NOT NULL,
  PRIMARY KEY (`rowid`),
  UNIQUE KEY `uk_bank_url` (`fk_bank`,`url_id`,`type`),
  KEY `idx_bank_url_url_id` (`url_id`)
) ENGINE=InnoDB AUTO_INCREMENT=12 DEFAULT CHARSET=utf8 COLLATE=utf8_unicode_ci;

--
-- Déchargement des données de la table `llx_bank_url`
--

INSERT INTO `llx_bank_url` (`rowid`, `fk_bank`, `url_id`, `url`, `label`, `type`) VALUES
(1, 6, 1, '/univelectformation/htdocs/compta/paiement/card.php?id=', '(paiement)', 'payment'),
(2, 6, 139, '/univelectformation/htdocs/comm/card.php?socid=', ' BGFI BANK', 'company'),
(3, 8, 1, '/univelectformation/htdocs/compta/bank/various_payment/card.php?id=', '(VariousPayment)', 'payment_various'),
(4, 9, 2, '/univelectformation/htdocs/compta/bank/various_payment/card.php?id=', '(VariousPayment)', 'payment_various'),
(5, 10, 2, '/univelectformation/htdocs/compta/paiement/card.php?id=', '(paiement)', 'payment'),
(6, 10, 133, '/univelectformation/htdocs/comm/card.php?socid=', ' ARTELIA COTE D\'IVOIRE', 'company'),
(7, 13, 1, '/univelectformation/htdocs/fourn/paiement/card.php?id=', '(paiement)', 'payment_supplier'),
(8, 13, 410, '/univelectformation/htdocs/fourn/card.php?socid=', 'A.M.D.S', 'company'),
(9, 14, 3, '/univelectformation/htdocs/compta/bank/various_payment/card.php?id=', '(VariousPayment)', 'payment_various'),
(10, 15, 16, '/univelectformation/htdocs/compta/bank/line.php?rowid=', '(banktransfert)', 'banktransfert'),
(11, 16, 15, '/univelectformation/htdocs/compta/bank/line.php?rowid=', '(banktransfert)', 'banktransfert');

-- --------------------------------------------------------

--
-- Structure de la table `llx_blockedlog`
--

CREATE TABLE IF NOT EXISTS `llx_blockedlog` (
  `rowid` int(11) NOT NULL AUTO_INCREMENT,
  `entity` int(11) NOT NULL DEFAULT '1',
  `date_creation` datetime DEFAULT NULL,
  `tms` timestamp NULL DEFAULT CURRENT_TIMESTAMP ON UPDATE CURRENT_TIMESTAMP,
  `action` varchar(50) COLLATE utf8_unicode_ci DEFAULT NULL,
  `amounts` double(24,8) NOT NULL,
  `element` varchar(50) COLLATE utf8_unicode_ci DEFAULT NULL,
  `fk_user` int(11) DEFAULT NULL,
  `user_fullname` varchar(255) COLLATE utf8_unicode_ci DEFAULT NULL,
  `fk_object` int(11) DEFAULT NULL,
  `ref_object` varchar(255) COLLATE utf8_unicode_ci DEFAULT NULL,
  `date_object` datetime DEFAULT NULL,
  `signature` varchar(100) COLLATE utf8_unicode_ci NOT NULL,
  `signature_line` varchar(100) COLLATE utf8_unicode_ci NOT NULL,
  `object_data` mediumtext COLLATE utf8_unicode_ci,
  `object_version` varchar(32) COLLATE utf8_unicode_ci DEFAULT '',
  `certified` int(11) DEFAULT NULL,
  PRIMARY KEY (`rowid`),
  KEY `signature` (`signature`),
  KEY `fk_object_element` (`fk_object`,`element`),
  KEY `entity` (`entity`),
  KEY `fk_user` (`fk_user`),
  KEY `entity_action_certified` (`entity`,`action`,`certified`),
  KEY `entity_rowid` (`entity`,`rowid`)
) ENGINE=InnoDB AUTO_INCREMENT=21 DEFAULT CHARSET=utf8 COLLATE=utf8_unicode_ci;

--
-- Déchargement des données de la table `llx_blockedlog`
--

INSERT INTO `llx_blockedlog` (`rowid`, `entity`, `date_creation`, `tms`, `action`, `amounts`, `element`, `fk_user`, `user_fullname`, `fk_object`, `ref_object`, `date_object`, `signature`, `signature_line`, `object_data`, `object_version`, `certified`) VALUES
(1, 1, '2025-08-06 08:17:36', '2025-08-06 08:17:36', 'MODULE_SET', 0.00000000, 'module', 1, 'SuperAdmin', 0, 'systemevent', '2025-08-06 08:17:36', '2056c0d22f743ec09f079966749d4665d876398303e309a1ebd9ced8df60ff16', 'becc7c26e3209056bb1e8c99654afc60e5266b6414eebb64f10d58ecec9df911', '{\"mycompany\":{\"localtax1_assuj\":0,\"localtax2_assuj\":0,\"capital\":0,\"forme_juridique_code\":0},\"id\":0,\"element\":\"module\",\"ref\":\"systemevent\",\"entity\":1,\"date\":1754468256}', '21.0.2', 0),
(2, 1, '2025-08-15 11:29:10', '2025-08-15 11:29:10', 'BILL_VALIDATE', 1.18000000, 'facture', 1, 'SuperAdmin', 1, 'IN2508-0001', '2025-08-15 00:00:00', '0a9469605a60a66a431757f6c4f8d94cc1b137b35121ceb06eb1aed28ca0c110', '23db687bed12245f6348d1b694cf82a6cc3bbf5b1f13742f1b7040af357229af', '{\"thirdparty\":{\"name\":\"ABC\",\"localtax1_value\":\"0.0000\",\"localtax2_value\":\"0.0000\",\"code_client\":\"CU2508-00001\",\"country_code\":\"CI\"},\"mycompany\":{\"name\":\"Univers Electricit\\u00e9 et climatisation\",\"localtax1_assuj\":0,\"localtax2_assuj\":0,\"capital\":0,\"forme_juridique_code\":0,\"country_code\":\"CI\"},\"total_ht\":1,\"total_tva\":0.18,\"total_ttc\":1.18,\"revenuestamp\":\"0.00000000\",\"invoiceline\":{\"1\":{\"ref\":\"PC009\",\"product_type\":\"0\",\"product_label\":\"PIECE9\",\"qty\":\"1\",\"subprice\":\"1.00000000\",\"tva_tx\":\"18.0000\",\"localtax1_tx\":\"0.0000\",\"localtax2_tx\":\"0.0000\",\"total_ht\":\"1.00000000\",\"total_tva\":\"0.18000000\",\"total_localtax1\":\"0.00000000\",\"total_localtax2\":\"0.00000000\",\"total_ttc\":\"1.18000000\",\"info_bits\":\"0\",\"special_code\":\"0\",\"multicurrency_code\":\"EUR\",\"multicurrency_total_ht\":\"1.00000000\",\"multicurrency_total_tva\":\"0.18000000\",\"multicurrency_total_ttc\":\"1.18000000\"}},\"type\":\"0\",\"date\":1755216000,\"ref\":\"IN2508-0001\"}', '21.0.2', 0),
(3, 1, '2025-09-25 14:14:11', '2025-09-25 14:14:11', 'DOC_PREVIEW', 1.18000000, 'facture', 1, 'SuperAdmin', 1, 'IN2508-0001', '2025-08-15 00:00:00', 'e59a8a7f8272704259e442780dcf7ee91dde5960c3761862df851f39c2bcc9e5', '113124068a8c41cb67098801df62c33f552fc40244dce79ab52f1a0ea789032a', '{\"thirdparty\":{\"name\":\"ABC\",\"phone\":\"23434343\",\"email\":\"abc@gmail.com\",\"idprof1\":\"12345\",\"localtax1_value\":\"0.0000\",\"localtax2_value\":\"0.0000\",\"code_client\":\"CU2508-00001\",\"country_code\":\"CI\"},\"mycompany\":{\"name\":\"UNIVELECT\",\"phone\":\"2721280041\",\"fax\":\"+225 21269320\",\"email\":\"info@univelect.com\",\"idprof1\":\"1100418\",\"localtax1_assuj\":0,\"localtax2_assuj\":0,\"capital\":1000000000,\"forme_juridique_code\":0,\"country_code\":\"CI\",\"address\":\"Abidjan- Marcory-Zone 4 C - 25 Rue Paule langevin\",\"zip\":\"11 BP 2943\",\"town\":\"Abidjan\"},\"total_ht\":\"1.00000000\",\"total_tva\":\"0.18000000\",\"total_ttc\":\"1.18000000\",\"revenuestamp\":\"0.00000000\",\"invoiceline\":{\"1\":{\"ref\":\"PC009\",\"product_type\":\"0\",\"product_label\":\"PIECE9\",\"qty\":\"1\",\"subprice\":\"1.00000000\",\"tva_tx\":\"18.0000\",\"localtax1_tx\":\"0.0000\",\"localtax2_tx\":\"0.0000\",\"total_ht\":\"1.00000000\",\"total_tva\":\"0.18000000\",\"total_localtax1\":\"0.00000000\",\"total_localtax2\":\"0.00000000\",\"total_ttc\":\"1.18000000\",\"info_bits\":\"0\",\"special_code\":\"0\",\"multicurrency_code\":\"EUR\",\"multicurrency_total_ht\":\"1.00000000\",\"multicurrency_total_tva\":\"0.18000000\",\"multicurrency_total_ttc\":\"1.18000000\"}},\"type\":\"0\",\"date\":1755216000,\"ref\":\"IN2508-0001\"}', '21.0.2', 0),
(4, 1, '2025-11-20 12:57:03', '2025-11-20 12:57:03', 'BILL_VALIDATE', 0.00000000, 'facture', 7, 'DIDIER DONGO', 2, 'IN2511-0001', '2025-11-20 00:00:00', '413f7f3ee794ed33cdde3bf78768d2455adc99c8575ec0b88bc29eabc02e18e7', '065ebf46fb4e7be09def5f12c5fa6fdefa5c280730c199b3d627c1c0020283f3', '{\"thirdparty\":{\"name\":\"\\u00a0AUCHAN\",\"localtax1_value\":\"0.0000\",\"localtax2_value\":\"0.0000\",\"code_client\":\"CU2510-00032\",\"country_code\":\"CI\"},\"mycompany\":{\"name\":\"UNIVELECT\",\"phone\":\"2721280041\",\"fax\":\"+225 21269320\",\"email\":\"info@univelect.com\",\"idprof1\":\"1100418\",\"localtax1_assuj\":0,\"localtax2_assuj\":0,\"capital\":1000000000,\"forme_juridique_code\":0,\"country_code\":\"CI\",\"address\":\"Abidjan- Marcory-Zone 4 C - 25 Rue Paule langevin\",\"zip\":\"11 BP 2943\",\"town\":\"Abidjan\"},\"total_ht\":0,\"total_tva\":0,\"total_ttc\":0,\"revenuestamp\":\"0.00000000\",\"invoiceline\":{\"1\":{\"ref\":\"ALIM.GRPE.0001\",\"product_type\":\"0\",\"product_label\":\"Groupe \\u00c9lectrog\\u00e8ne 4 KVA Mono\",\"qty\":\"1\",\"subprice\":\"0.00000000\",\"tva_tx\":\"18.0000\",\"localtax1_tx\":\"0.0000\",\"localtax2_tx\":\"0.0000\",\"total_ht\":\"0.00000000\",\"total_tva\":\"0.00000000\",\"total_localtax1\":\"0.00000000\",\"total_localtax2\":\"0.00000000\",\"total_ttc\":\"0.00000000\",\"info_bits\":\"0\",\"special_code\":\"0\",\"multicurrency_code\":\"XOF\",\"multicurrency_total_ht\":\"0.00000000\",\"multicurrency_total_tva\":\"0.00000000\",\"multicurrency_total_ttc\":\"0.00000000\"}},\"type\":\"0\",\"date\":1763596800,\"ref\":\"IN2511-0001\"}', '21.0.2', 0),
(5, 1, '2025-11-20 12:58:26', '2025-11-20 12:58:26', 'BILL_VALIDATE', 10000.00000000, 'facture', 7, 'DIDIER DONGO', 3, 'IN2511-0002', '2025-11-20 00:00:00', 'b9c1130445bf5ee2d3dde37a731f947ca3d143104a6d4f2e53135148a59d2483', '026c1566a4c3c24d0b5e8672d118cee66947fc1f369698dee69795eef29ff3f2', '{\"thirdparty\":{\"name\":\"\\u00a0BGFI BANK\",\"localtax1_assuj\":\"0\",\"localtax2_assuj\":\"0\",\"code_client\":\"CU2510-00039\",\"country_code\":\"CI\"},\"mycompany\":{\"name\":\"UNIVELECT\",\"phone\":\"2721280041\",\"fax\":\"+225 21269320\",\"email\":\"info@univelect.com\",\"idprof1\":\"1100418\",\"localtax1_assuj\":0,\"localtax2_assuj\":0,\"capital\":1000000000,\"forme_juridique_code\":0,\"country_code\":\"CI\",\"address\":\"Abidjan- Marcory-Zone 4 C - 25 Rue Paule langevin\",\"zip\":\"11 BP 2943\",\"town\":\"Abidjan\"},\"total_ht\":8474.58,\"total_tva\":1525.42,\"total_ttc\":10000,\"revenuestamp\":\"0.00000000\",\"invoiceline\":{\"1\":{\"ref\":\"ALIM.GRPE.0004\",\"product_type\":\"0\",\"product_label\":\"Groupe \\u00e9l\\u00e8ctrog\\u00e8ne 16 KVA Tri\",\"qty\":\"1\",\"subprice\":\"8474.57627000\",\"tva_tx\":\"18.0000\",\"localtax1_tx\":\"0.0000\",\"localtax2_tx\":\"0.0000\",\"total_ht\":\"8474.58000000\",\"total_tva\":\"1525.42000000\",\"total_localtax1\":\"0.00000000\",\"total_localtax2\":\"0.00000000\",\"total_ttc\":\"10000.00000000\",\"info_bits\":\"0\",\"special_code\":\"0\",\"multicurrency_code\":\"XOF\",\"multicurrency_total_ht\":\"8474.58000000\",\"multicurrency_total_tva\":\"1525.42000000\",\"multicurrency_total_ttc\":\"10000.00000000\"}},\"type\":\"0\",\"date\":1763596800,\"ref\":\"IN2511-0002\"}', '21.0.2', 0),
(6, 1, '2025-11-21 11:48:49', '2025-11-21 11:48:49', 'PAYMENT_CUSTOMER_CREATE', 10000.00000000, 'payment', 7, 'DIDIER DONGO', 1, 'PAY2511-0001', '2025-11-21 12:00:00', 'd7c3af2cd77d835a84b7a371976845ae647627015ba8f48a8fc0d3af7d02889d', '7457047844a05456eea62e2f86bce6a5f70fad22a35e0de6cb092bee0cd1c796', '{\"thirdparty\":{\"name\":\"\\u00a0BGFI BANK\",\"localtax1_assuj\":\"0\",\"localtax2_assuj\":\"0\",\"code_client\":\"CU2510-00039\",\"country_code\":\"CI\"},\"mycompany\":{\"name\":\"UNIVELECT\",\"phone\":\"2721280041\",\"fax\":\"+225 21269320\",\"email\":\"info@univelect.com\",\"idprof1\":\"1100418\",\"localtax1_assuj\":0,\"localtax2_assuj\":0,\"capital\":1000000000,\"forme_juridique_code\":0,\"country_code\":\"CI\",\"address\":\"Abidjan- Marcory-Zone 4 C - 25 Rue Paule langevin\",\"zip\":\"11 BP 2943\",\"town\":\"Abidjan\"},\"ref\":\"PAY2511-0001\",\"date\":1763726400,\"type_code\":\"CHQ\",\"payment_num\":\"BA001250\",\"payment_part\":{\"1\":{\"amount\":\"10000\",\"thirdparty\":{\"name\":\"\\u00a0BGFI BANK\",\"localtax1_assuj\":\"0\",\"localtax2_assuj\":\"0\",\"code_client\":\"CU2510-00039\",\"country_code\":\"CI\"},\"invoice\":{\"total_ht\":\"8474.58000000\",\"total_tva\":\"1525.42000000\",\"total_ttc\":\"10000.00000000\",\"revenuestamp\":\"0.00000000\",\"type\":\"0\",\"date\":1763596800,\"ref\":\"IN2511-0002\"}}},\"amount\":10000}', '21.0.2', 0),
(7, 1, '2025-11-21 12:05:50', '2025-11-21 12:05:50', 'PAYMENT_VARIOUS_CREATE', 250000.00000000, 'payment_various', 7, 'DIDIER DONGO', 1, '1', '2025-11-21 12:00:00', '348afcd59012f38bc16726b76bb925e11a0ab9ba13aade1a456f97e0228598f9', '75c9cde8cf74a83a6b8404f315d0096a48cb75bef9fa86e348170b21520b04ac', '{\"mycompany\":{\"name\":\"UNIVELECT\",\"phone\":\"2721280041\",\"fax\":\"+225 21269320\",\"email\":\"info@univelect.com\",\"idprof1\":\"1100418\",\"localtax1_assuj\":0,\"localtax2_assuj\":0,\"capital\":1000000000,\"forme_juridique_code\":0,\"country_code\":\"CI\",\"address\":\"Abidjan- Marcory-Zone 4 C - 25 Rue Paule langevin\",\"zip\":\"11 BP 2943\",\"town\":\"Abidjan\"},\"ref\":\"1\",\"date\":1763726400,\"type_code\":\"LIQ\",\"amount\":250000}', '21.0.2', 0),
(8, 1, '2025-11-21 12:11:56', '2025-11-21 12:11:56', 'PAYMENT_VARIOUS_MODIFY', 250000.00000000, 'payment_various', 7, 'DIDIER DONGO', 1, '1', '2025-11-21 00:00:00', '710da49903e3c71e63463dd76b7c11569883248240b3cc736eea56126c6a0883', '05aae78b5243e6316aeb9ed1e109386ecbc98587d639367d08b878c0fb003054', '{\"mycompany\":{\"name\":\"UNIVELECT\",\"phone\":\"2721280041\",\"fax\":\"+225 21269320\",\"email\":\"info@univelect.com\",\"idprof1\":\"1100418\",\"localtax1_assuj\":0,\"localtax2_assuj\":0,\"capital\":1000000000,\"forme_juridique_code\":0,\"country_code\":\"CI\",\"address\":\"Abidjan- Marcory-Zone 4 C - 25 Rue Paule langevin\",\"zip\":\"11 BP 2943\",\"town\":\"Abidjan\"},\"ref\":\"1\",\"date\":1763683200,\"type_code\":\"LIQ\",\"amount\":250000}', '21.0.2', 0),
(9, 1, '2025-11-21 12:12:08', '2025-11-21 12:12:08', 'PAYMENT_VARIOUS_MODIFY', 250000.00000000, 'payment_various', 7, 'DIDIER DONGO', 1, '1', '2025-11-21 00:00:00', 'b9d4314252599cfb3059f10bce8d55d036e53ac700b77dfe0cbfe8acdae8e910', '56062c060d700a6360c2a149a8617750a1a30e0d02d8656c01457074146f9a1e', '{\"mycompany\":{\"name\":\"UNIVELECT\",\"phone\":\"2721280041\",\"fax\":\"+225 21269320\",\"email\":\"info@univelect.com\",\"idprof1\":\"1100418\",\"localtax1_assuj\":0,\"localtax2_assuj\":0,\"capital\":1000000000,\"forme_juridique_code\":0,\"country_code\":\"CI\",\"address\":\"Abidjan- Marcory-Zone 4 C - 25 Rue Paule langevin\",\"zip\":\"11 BP 2943\",\"town\":\"Abidjan\"},\"ref\":\"1\",\"date\":1763683200,\"type_code\":\"LIQ\",\"amount\":250000}', '21.0.2', 0),
(10, 1, '2025-11-21 16:15:11', '2025-11-21 16:15:11', 'PAYMENT_VARIOUS_CREATE', 100000.00000000, 'payment_various', 7, 'DIDIER DONGO', 2, '2', '2025-11-21 12:00:00', 'f012a628dde67af331fd37003c94829a4dbb5f3d7b5501f9c15f9464d462396f', '5bfa32723d9d006c35400626265cec82168a9043b337b1740e54b12f9f473d75', '{\"mycompany\":{\"name\":\"UNIVELECT\",\"phone\":\"2721280041\",\"fax\":\"+225 21269320\",\"email\":\"info@univelect.com\",\"idprof1\":\"1100418\",\"localtax1_assuj\":0,\"localtax2_assuj\":0,\"capital\":1000000000,\"forme_juridique_code\":0,\"country_code\":\"CI\",\"address\":\"Abidjan- Marcory-Zone 4 C - 25 Rue Paule langevin\",\"zip\":\"11 BP 2943\",\"town\":\"Abidjan\"},\"ref\":\"2\",\"date\":1763726400,\"type_code\":\"LIQ\",\"amount\":100000}', '21.0.2', 0),
(11, 1, '2025-11-22 20:06:52', '2025-11-22 20:06:52', 'BILL_VALIDATE', 300900.00000000, 'facture', 7, 'DIDIER DONGO', 4, 'IN2511-0003', '2025-11-22 00:00:00', '91b1438439df6ce9297aa1e4261ae8fde48a4ee4728b15925cdfde8ce9bc76ac', '7a1a48fe139fb4112c722a4c29645d1aa88ac70af93c2c8cb4390cf387640101', '{\"thirdparty\":{\"name\":\"\\u00a0ARTELIA COTE D\'IVOIRE\",\"name_alias\":\"ARTELIA CI\",\"phone\":\"+2252722516670\",\"fax\":\"0708537714\",\"email\":\"nda-richmond.nguessan@arteliagroup.com\",\"idprof1\":\"1637450G\",\"localtax1_value\":\"0.0000\",\"localtax2_value\":\"0.0000\",\"typent_code\":\"TE_GROUP\",\"code_client\":\"CLT0216\",\"country_code\":\"CI\",\"address\":\"RUE DE PAPAYERS COCODY RESIDENCE DIA\",\"zip\":\"08 BP 4101\",\"town\":\"ABIDJAN\"},\"mycompany\":{\"name\":\"UNIVELECT\",\"phone\":\"2721280041\",\"fax\":\"+225 21269320\",\"email\":\"info@univelect.com\",\"idprof1\":\"1100418\",\"localtax1_assuj\":0,\"localtax2_assuj\":0,\"capital\":1000000000,\"forme_juridique_code\":0,\"country_code\":\"CI\",\"address\":\"Abidjan- Marcory-Zone 4 C - 25 Rue Paule langevin\",\"zip\":\"11 BP 2943\",\"town\":\"Abidjan\"},\"total_ht\":255000,\"total_tva\":45900,\"total_ttc\":300900,\"revenuestamp\":\"0.00000000\",\"invoiceline\":{\"1\":{\"ref\":\"ALIM.INVE.0005\",\"product_type\":\"0\",\"product_label\":\"Inverseur 63A \\u00e0 contacteur\",\"qty\":\"1\",\"subprice\":\"155000.00000000\",\"tva_tx\":\"18.0000\",\"localtax1_tx\":\"0.0000\",\"localtax2_tx\":\"0.0000\",\"total_ht\":\"155000.00000000\",\"total_tva\":\"27900.00000000\",\"total_localtax1\":\"0.00000000\",\"total_localtax2\":\"0.00000000\",\"total_ttc\":\"182900.00000000\",\"info_bits\":\"0\",\"special_code\":\"0\",\"multicurrency_code\":\"XOF\",\"multicurrency_total_ht\":\"155000.00000000\",\"multicurrency_total_tva\":\"27900.00000000\",\"multicurrency_total_ttc\":\"182900.00000000\"},\"2\":{\"ref\":\"ALIM.GRPE.0001\",\"product_type\":\"0\",\"product_label\":\"Groupe \\u00c9lectrog\\u00e8ne 4 KVA Mono\",\"qty\":\"1\",\"subprice\":\"100000.00000000\",\"tva_tx\":\"18.0000\",\"localtax1_tx\":\"0.0000\",\"localtax2_tx\":\"0.0000\",\"total_ht\":\"100000.00000000\",\"total_tva\":\"18000.00000000\",\"total_localtax1\":\"0.00000000\",\"total_localtax2\":\"0.00000000\",\"total_ttc\":\"118000.00000000\",\"info_bits\":\"0\",\"special_code\":\"0\",\"multicurrency_code\":\"XOF\",\"multicurrency_total_ht\":\"100000.00000000\",\"multicurrency_total_tva\":\"18000.00000000\",\"multicurrency_total_ttc\":\"118000.00000000\"}},\"type\":\"0\",\"date\":1763769600,\"ref\":\"IN2511-0003\"}', '21.0.2', 0),
(12, 1, '2025-11-22 20:08:36', '2025-11-22 20:08:36', 'BILL_VALIDATE', 147500.00000000, 'facture', 7, 'DIDIER DONGO', 5, 'IN2511-0004', '2025-11-22 00:00:00', '94142b5c0bc7ee42bbebc64cc20de9d08ef935c9ee6a0f5b0a47a0df2fd915a7', 'b8f81c2020e18372f68eab72ef985e54ec27487f0d36276e3033433e6564b17a', '{\"thirdparty\":{\"name\":\"\\u00a0CFAO MOBILITY CI\",\"name_alias\":\"CFAO MOBILITY\",\"phone\":\"+2252721751800\",\"email\":\"oatta@cfao.com\",\"idprof1\":\"0100432G\",\"localtax1_value\":\"0.0000\",\"localtax2_value\":\"0.0000\",\"typent_code\":\"TE_GROUP\",\"code_client\":\"CLT220\",\"country_code\":\"CI\",\"address\":\"BOULEVARD DE MARSEILLE\",\"zip\":\"01 BP 2114\",\"town\":\"ABIDJAN\"},\"mycompany\":{\"name\":\"UNIVELECT\",\"phone\":\"2721280041\",\"fax\":\"+225 21269320\",\"email\":\"info@univelect.com\",\"idprof1\":\"1100418\",\"localtax1_assuj\":0,\"localtax2_assuj\":0,\"capital\":1000000000,\"forme_juridique_code\":0,\"country_code\":\"CI\",\"address\":\"Abidjan- Marcory-Zone 4 C - 25 Rue Paule langevin\",\"zip\":\"11 BP 2943\",\"town\":\"Abidjan\"},\"total_ht\":125000,\"total_tva\":22500,\"total_ttc\":147500,\"revenuestamp\":\"0.00000000\",\"invoiceline\":{\"1\":{\"ref\":\"ALIM.GRPE.0002\",\"product_type\":\"0\",\"product_label\":\"Groupe \\u00c9lectrog\\u00e8ne 8 KVA Mono\",\"qty\":\"1\",\"subprice\":\"125000.00000000\",\"tva_tx\":\"18.0000\",\"localtax1_tx\":\"0.0000\",\"localtax2_tx\":\"0.0000\",\"total_ht\":\"125000.00000000\",\"total_tva\":\"22500.00000000\",\"total_localtax1\":\"0.00000000\",\"total_localtax2\":\"0.00000000\",\"total_ttc\":\"147500.00000000\",\"info_bits\":\"0\",\"special_code\":\"0\",\"multicurrency_code\":\"XOF\",\"multicurrency_total_ht\":\"125000.00000000\",\"multicurrency_total_tva\":\"22500.00000000\",\"multicurrency_total_ttc\":\"147500.00000000\"}},\"type\":\"0\",\"date\":1763769600,\"ref\":\"IN2511-0004\"}', '21.0.2', 0),
(13, 1, '2025-11-22 20:26:42', '2025-11-22 20:26:42', 'PAYMENT_CUSTOMER_CREATE', 300900.00000000, 'payment', 7, 'DIDIER DONGO', 2, 'PAY2511-0002', '2025-11-24 12:00:00', '369c5b6b0bb60af2ecb21c7efdb6e14446967ff78738bf9dbe3de1a0ea0329a6', '6f53d77b35176699c857db9f212ad06e36d1cea8bd82959c1d10712711bde72e', '{\"thirdparty\":{\"name\":\"\\u00a0ARTELIA COTE D\'IVOIRE\",\"name_alias\":\"ARTELIA CI\",\"phone\":\"+2252722516670\",\"fax\":\"0708537714\",\"email\":\"nda-richmond.nguessan@arteliagroup.com\",\"idprof1\":\"1637450G\",\"localtax1_value\":\"0.0000\",\"localtax2_value\":\"0.0000\",\"typent_code\":\"TE_GROUP\",\"code_client\":\"CLT0216\",\"country_code\":\"CI\",\"address\":\"RUE DE PAPAYERS COCODY RESIDENCE DIA\",\"zip\":\"08 BP 4101\",\"town\":\"ABIDJAN\"},\"mycompany\":{\"name\":\"UNIVELECT\",\"phone\":\"2721280041\",\"fax\":\"+225 21269320\",\"email\":\"info@univelect.com\",\"idprof1\":\"1100418\",\"localtax1_assuj\":0,\"localtax2_assuj\":0,\"capital\":1000000000,\"forme_juridique_code\":0,\"country_code\":\"CI\",\"address\":\"Abidjan- Marcory-Zone 4 C - 25 Rue Paule langevin\",\"zip\":\"11 BP 2943\",\"town\":\"Abidjan\"},\"ref\":\"PAY2511-0002\",\"date\":1763985600,\"type_code\":\"CHQ\",\"payment_num\":\"009514\",\"payment_part\":{\"1\":{\"amount\":\"300900\",\"thirdparty\":{\"name\":\"\\u00a0ARTELIA COTE D\'IVOIRE\",\"name_alias\":\"ARTELIA CI\",\"phone\":\"+2252722516670\",\"fax\":\"0708537714\",\"email\":\"nda-richmond.nguessan@arteliagroup.com\",\"idprof1\":\"1637450G\",\"localtax1_value\":\"0.0000\",\"localtax2_value\":\"0.0000\",\"typent_code\":\"TE_GROUP\",\"code_client\":\"CLT0216\",\"country_code\":\"CI\",\"address\":\"RUE DE PAPAYERS COCODY RESIDENCE DIA\",\"zip\":\"08 BP 4101\",\"town\":\"ABIDJAN\"},\"invoice\":{\"total_ht\":\"255000.00000000\",\"total_tva\":\"45900.00000000\",\"total_ttc\":\"300900.00000000\",\"revenuestamp\":\"0.00000000\",\"type\":\"0\",\"date\":1763769600,\"ref\":\"IN2511-0003\"}}},\"amount\":300900}', '21.0.2', 0),
(14, 1, '2025-11-23 21:43:22', '2025-11-23 21:43:22', 'DOC_PREVIEW', 147500.00000000, 'facture', 7, 'DIDIER DONGO', 5, 'IN2511-0004', '2025-11-22 00:00:00', '238da5f55484768230b8a2dd24df85f6025bcfabeb75f7c30d0318272052a04b', '0291108191be29b6a6a32d5a62046fbc80ab33d281ec212c2d63de5d04d406db', '{\"thirdparty\":{\"name\":\"\\u00a0CFAO MOBILITY CI\",\"name_alias\":\"CFAO MOBILITY\",\"phone\":\"+2252721751800\",\"email\":\"oatta@cfao.com\",\"idprof1\":\"0100432G\",\"localtax1_value\":\"0.0000\",\"localtax2_value\":\"0.0000\",\"typent_code\":\"TE_GROUP\",\"code_client\":\"CLT220\",\"country_code\":\"CI\",\"address\":\"BOULEVARD DE MARSEILLE\",\"zip\":\"01 BP 2114\",\"town\":\"ABIDJAN\"},\"mycompany\":{\"name\":\"UNIVELECT\",\"phone\":\"2721280041\",\"fax\":\"+225 21269320\",\"email\":\"info@univelect.com\",\"idprof1\":\"1100418F\",\"localtax1_assuj\":0,\"localtax2_assuj\":0,\"managers\":\"M.SOMDO JEAN CLAUDE\",\"capital\":100000000,\"forme_juridique_code\":0,\"country_code\":\"CI\",\"address\":\"Abidjan- Marcory-Zone 4 C - 25 Rue Paule langevin\",\"zip\":\"11 BP 2943\",\"town\":\"Abidjan\"},\"total_ht\":\"125000.00000000\",\"total_tva\":\"22500.00000000\",\"total_ttc\":\"147500.00000000\",\"revenuestamp\":\"0.00000000\",\"invoiceline\":{\"1\":{\"ref\":\"ALIM.GRPE.0002\",\"product_type\":\"0\",\"product_label\":\"Groupe \\u00c9lectrog\\u00e8ne 8 KVA Mono\",\"qty\":\"1\",\"subprice\":\"125000.00000000\",\"tva_tx\":\"18.0000\",\"localtax1_tx\":\"0.0000\",\"localtax2_tx\":\"0.0000\",\"total_ht\":\"125000.00000000\",\"total_tva\":\"22500.00000000\",\"total_localtax1\":\"0.00000000\",\"total_localtax2\":\"0.00000000\",\"total_ttc\":\"147500.00000000\",\"info_bits\":\"0\",\"special_code\":\"0\",\"multicurrency_code\":\"XOF\",\"multicurrency_total_ht\":\"125000.00000000\",\"multicurrency_total_tva\":\"22500.00000000\",\"multicurrency_total_ttc\":\"147500.00000000\"}},\"type\":\"0\",\"date\":1763769600,\"ref\":\"IN2511-0004\"}', '21.0.2', 0),
(15, 1, '2025-12-06 21:44:20', '2025-12-06 21:44:20', 'BILL_VALIDATE', 150000.00000000, 'facture', 7, 'DIDIER DONGO', 6, 'IN2512-0005', '2025-12-06 00:00:00', '1d64e43901eac2521eae187980d4bb1b2137304741e53bf09779f5b8cd48240e', '6a7bdcf1188ca2a4f54834405a2efc44e1fc8c7ef6ac080eaad3f3b0f55a05f7', '{\"thirdparty\":{\"name\":\"TULLOW\",\"localtax1_assuj\":\"0\",\"localtax2_assuj\":\"0\",\"code_client\":\"CU2510-00010\",\"country_code\":\"CI\"},\"mycompany\":{\"name\":\"UNIVELECT\",\"phone\":\"2721280041\",\"fax\":\"+225 21269320\",\"email\":\"info@univelect.com\",\"idprof1\":\"1100418F\",\"localtax1_assuj\":0,\"localtax2_assuj\":0,\"managers\":\"M.SOMDO JEAN CLAUDE\",\"capital\":100000000,\"forme_juridique_code\":0,\"country_code\":\"CI\",\"address\":\"Abidjan- Marcory-Zone 4 C - 25 Rue Paule langevin\",\"zip\":\"11 BP 2943\",\"town\":\"Abidjan\"},\"total_ht\":150000,\"total_tva\":0,\"total_ttc\":150000,\"revenuestamp\":\"0.00000000\",\"invoiceline\":{\"1\":{\"ref\":\"CME\",\"product_type\":\"1\",\"product_label\":\"CONTRAT DE MAINTENANCE EXONERE\",\"qty\":\"1\",\"subprice\":\"150000.00000000\",\"tva_tx\":\"0.0000\",\"localtax1_tx\":\"0.0000\",\"localtax2_tx\":\"0.0000\",\"total_ht\":\"150000.00000000\",\"total_tva\":\"0.00000000\",\"total_localtax1\":\"0.00000000\",\"total_localtax2\":\"0.00000000\",\"total_ttc\":\"150000.00000000\",\"info_bits\":\"0\",\"special_code\":\"0\",\"multicurrency_code\":\"XOF\",\"multicurrency_total_ht\":\"150000.00000000\",\"multicurrency_total_tva\":\"0.00000000\",\"multicurrency_total_ttc\":\"150000.00000000\"}},\"type\":\"0\",\"date\":1764979200,\"ref\":\"IN2512-0005\"}', '21.0.2', 0),
(16, 1, '2025-12-09 14:16:42', '2025-12-09 14:16:42', 'DOC_PREVIEW', 10000.00000000, 'facture', 7, 'DIDIER DONGO', 3, 'IN2511-0002', '2025-11-20 00:00:00', 'd6712665fba93862c9098d7c0f2e5b11316fd51838b3fdc18363fc6167c1df08', '2919dd986cfc4f244d475025eccf37d7c911e3bf0ec83c75f098de37471a5f43', '{\"thirdparty\":{\"name\":\"\\u00a0BGFI BANK CI\",\"name_alias\":\"\\u00a0BGFI BANK\",\"phone\":\"+2252721569156\",\"fax\":\"0747384708\",\"email\":\"p.kouassi@bgfigroupe.com\",\"idprof1\":\"1107329G\",\"localtax1_value\":\"0.0000\",\"localtax2_value\":\"0.0000\",\"typent_code\":\"TE_GROUP\",\"code_client\":\"CLT0221\",\"country_code\":\"CI\",\"address\":\"MARCORY BOULEVARD VGE\",\"zip\":\"01 BP 11563\",\"town\":\"ABIDJAN\"},\"mycompany\":{\"name\":\"UNIVELECT\",\"phone\":\"2721280041\",\"fax\":\"+225 21269320\",\"email\":\"info@univelect.com\",\"idprof1\":\"1100418F\",\"localtax1_assuj\":0,\"localtax2_assuj\":0,\"managers\":\"M.SOMDO JEAN CLAUDE\",\"capital\":100000000,\"forme_juridique_code\":0,\"country_code\":\"CI\",\"address\":\"Abidjan- Marcory-Zone 4 C - 25 Rue Paule langevin\",\"zip\":\"11 BP 2943\",\"town\":\"Abidjan\"},\"total_ht\":\"8474.58000000\",\"total_tva\":\"1525.42000000\",\"total_ttc\":\"10000.00000000\",\"revenuestamp\":\"0.00000000\",\"invoiceline\":{\"1\":{\"ref\":\"ALIM.GRPE.0004\",\"product_type\":\"0\",\"product_label\":\"Groupe \\u00e9l\\u00e8ctrog\\u00e8ne 16 KVA Tri\",\"qty\":\"1\",\"subprice\":\"8474.57627000\",\"tva_tx\":\"18.0000\",\"localtax1_tx\":\"0.0000\",\"localtax2_tx\":\"0.0000\",\"total_ht\":\"8474.58000000\",\"total_tva\":\"1525.42000000\",\"total_localtax1\":\"0.00000000\",\"total_localtax2\":\"0.00000000\",\"total_ttc\":\"10000.00000000\",\"info_bits\":\"0\",\"special_code\":\"0\",\"multicurrency_code\":\"XOF\",\"multicurrency_total_ht\":\"8474.58000000\",\"multicurrency_total_tva\":\"1525.42000000\",\"multicurrency_total_ttc\":\"10000.00000000\"}},\"type\":\"0\",\"date\":1763596800,\"ref\":\"IN2511-0002\"}', '21.0.2', 0),
(17, 1, '2025-12-13 10:55:39', '2025-12-13 10:55:39', 'DOC_PREVIEW', 10000.00000000, 'facture', 7, 'DIDIER DONGO', 3, 'IN2511-0002', '2025-11-20 00:00:00', '050d509d4cbc5dc6ad9e1ff3094f84a34151d3ac346a652d7807d111e0a8e915', '3928a558f526c7d107fa47e7d8fb6d38d2295b1ba60ad88efbd0dcf6a900ec89', '{\"thirdparty\":{\"name\":\"\\u00a0BGFI BANK CI\",\"name_alias\":\"\\u00a0BGFI BANK\",\"phone\":\"+2252721569156\",\"fax\":\"0747384708\",\"email\":\"p.kouassi@bgfigroupe.com\",\"idprof1\":\"1107329G\",\"localtax1_value\":\"0.0000\",\"localtax2_value\":\"0.0000\",\"typent_code\":\"TE_GROUP\",\"code_client\":\"CLT0221\",\"country_code\":\"CI\",\"address\":\"MARCORY BOULEVARD VGE\",\"zip\":\"01 BP 11563\",\"town\":\"ABIDJAN\"},\"mycompany\":{\"name\":\"UNIVELECT\",\"phone\":\"2721280041\",\"fax\":\"+225 21269320\",\"email\":\"info@univelect.com\",\"idprof1\":\"1100418F\",\"localtax1_assuj\":0,\"localtax2_assuj\":0,\"managers\":\"M.SOMDO JEAN CLAUDE\",\"capital\":100000000,\"forme_juridique_code\":0,\"country_code\":\"CI\",\"address\":\"Abidjan- Marcory-Zone 4 C - 25 Rue Paule langevin\",\"zip\":\"11 BP 2943\",\"town\":\"Abidjan\"},\"total_ht\":\"8474.58000000\",\"total_tva\":\"1525.42000000\",\"total_ttc\":\"10000.00000000\",\"revenuestamp\":\"0.00000000\",\"invoiceline\":{\"1\":{\"ref\":\"ALIM.GRPE.0004\",\"product_type\":\"0\",\"product_label\":\"Groupe \\u00e9l\\u00e8ctrog\\u00e8ne 16 KVA Tri\",\"qty\":\"1\",\"subprice\":\"8474.57627000\",\"tva_tx\":\"18.0000\",\"localtax1_tx\":\"0.0000\",\"localtax2_tx\":\"0.0000\",\"total_ht\":\"8474.58000000\",\"total_tva\":\"1525.42000000\",\"total_localtax1\":\"0.00000000\",\"total_localtax2\":\"0.00000000\",\"total_ttc\":\"10000.00000000\",\"info_bits\":\"0\",\"special_code\":\"0\",\"multicurrency_code\":\"XOF\",\"multicurrency_total_ht\":\"8474.58000000\",\"multicurrency_total_tva\":\"1525.42000000\",\"multicurrency_total_ttc\":\"10000.00000000\"}},\"type\":\"0\",\"date\":1763596800,\"ref\":\"IN2511-0002\"}', '21.0.2', 0),
(18, 1, '2025-12-24 16:26:40', '2025-12-24 16:26:40', 'DOC_PREVIEW', 10000.00000000, 'facture', 7, 'DIDIER DONGO', 3, 'IN2511-0002', '2025-11-20 00:00:00', '57e72671f10acbb8d4efe79cd8e22e538e26beb2113a637bfc7a5aa5029f57fc', '0d22aff8d16ae900ec9d4f95135ca9def37d7d38045712e711e9320e0c934ef9', '{\"thirdparty\":{\"name\":\"\\u00a0BGFI BANK CI\",\"name_alias\":\"\\u00a0BGFI BANK\",\"phone\":\"+2252721569156\",\"fax\":\"0747384708\",\"email\":\"p.kouassi@bgfigroupe.com\",\"idprof1\":\"1107329G\",\"localtax1_value\":\"0.0000\",\"localtax2_value\":\"0.0000\",\"typent_code\":\"TE_GROUP\",\"code_client\":\"CLT0221\",\"country_code\":\"CI\",\"address\":\"MARCORY BOULEVARD VGE\",\"zip\":\"01 BP 11563\",\"town\":\"ABIDJAN\"},\"mycompany\":{\"name\":\"UNIVELECT\",\"phone\":\"2721280041\",\"fax\":\"+225 21269320\",\"email\":\"info@univelect.com\",\"idprof1\":\"1100418F\",\"localtax1_assuj\":0,\"localtax2_assuj\":0,\"managers\":\"M.SOMDO JEAN CLAUDE\",\"capital\":100000000,\"forme_juridique_code\":0,\"country_code\":\"CI\",\"address\":\"Abidjan- Marcory-Zone 4 C - 681 Avenue Abdoulaye Sawadogo\",\"zip\":\"11 BP 2943\",\"town\":\"Abidjan\"},\"total_ht\":\"8474.58000000\",\"total_tva\":\"1525.42000000\",\"total_ttc\":\"10000.00000000\",\"revenuestamp\":\"0.00000000\",\"invoiceline\":{\"1\":{\"ref\":\"ALIM.GRPE.0004\",\"product_type\":\"0\",\"product_label\":\"Groupe \\u00e9l\\u00e8ctrog\\u00e8ne 16 KVA Tri\",\"qty\":\"1\",\"subprice\":\"8474.57627000\",\"tva_tx\":\"18.0000\",\"localtax1_tx\":\"0.0000\",\"localtax2_tx\":\"0.0000\",\"total_ht\":\"8474.58000000\",\"total_tva\":\"1525.42000000\",\"total_localtax1\":\"0.00000000\",\"total_localtax2\":\"0.00000000\",\"total_ttc\":\"10000.00000000\",\"info_bits\":\"0\",\"special_code\":\"0\",\"multicurrency_code\":\"XOF\",\"multicurrency_total_ht\":\"8474.58000000\",\"multicurrency_total_tva\":\"1525.42000000\",\"multicurrency_total_ttc\":\"10000.00000000\"}},\"type\":\"0\",\"date\":1763596800,\"ref\":\"IN2511-0002\"}', '21.0.2', 0),
(19, 1, '2025-12-31 13:31:05', '2025-12-31 13:31:05', 'DOC_PREVIEW', 300900.00000000, 'facture', 7, 'DIDIER DONGO', 4, 'IN2511-0003', '2025-11-22 00:00:00', '50d405e0c118e815c40a53f15dc04459a2776c83bd1bb7eabf45a48752c010d2', '3724b40cf94ebe083bfadf5c113dbea0c5e33992cf6c93d6a93744ab9f530d79', '{\"thirdparty\":{\"name\":\"\\u00a0ARTELIA COTE D\'IVOIRE\",\"name_alias\":\"ARTELIA CI\",\"phone\":\"+2252722516670\",\"fax\":\"0708537714\",\"email\":\"nda-richmond.nguessan@arteliagroup.com\",\"idprof1\":\"1637450G\",\"localtax1_value\":\"0.0000\",\"localtax2_value\":\"0.0000\",\"typent_code\":\"TE_GROUP\",\"code_client\":\"CLT0216\",\"country_code\":\"CI\",\"address\":\"RUE DE PAPAYERS COCODY RESIDENCE DIA\",\"zip\":\"08 BP 4101\",\"town\":\"ABIDJAN\"},\"mycompany\":{\"name\":\"UNIVELECT\",\"phone\":\"2721280041\",\"fax\":\"+225 21269320\",\"email\":\"info@univelect.com\",\"idprof1\":\"1100418F\",\"localtax1_assuj\":0,\"localtax2_assuj\":0,\"managers\":\"M.SOMDO JEAN CLAUDE\",\"capital\":100000000,\"forme_juridique_code\":0,\"country_code\":\"CI\",\"address\":\"Abidjan- Marcory-Zone 4 C - 681 Avenue Abdoulaye Sawadogo\",\"zip\":\"11 BP 2943\",\"town\":\"Abidjan\"},\"total_ht\":\"255000.00000000\",\"total_tva\":\"45900.00000000\",\"total_ttc\":\"300900.00000000\",\"revenuestamp\":\"0.00000000\",\"invoiceline\":{\"1\":{\"ref\":\"ALIM.INVE.0005\",\"product_type\":\"0\",\"product_label\":\"Inverseur 63A \\u00e0 contacteur\",\"qty\":\"1\",\"subprice\":\"155000.00000000\",\"tva_tx\":\"18.0000\",\"localtax1_tx\":\"0.0000\",\"localtax2_tx\":\"0.0000\",\"total_ht\":\"155000.00000000\",\"total_tva\":\"27900.00000000\",\"total_localtax1\":\"0.00000000\",\"total_localtax2\":\"0.00000000\",\"total_ttc\":\"182900.00000000\",\"info_bits\":\"0\",\"special_code\":\"0\",\"multicurrency_code\":\"XOF\",\"multicurrency_total_ht\":\"155000.00000000\",\"multicurrency_total_tva\":\"27900.00000000\",\"multicurrency_total_ttc\":\"182900.00000000\"},\"2\":{\"ref\":\"ALIM.GRPE.0001\",\"product_type\":\"0\",\"product_label\":\"Groupe \\u00c9lectrog\\u00e8ne 4 KVA Mono\",\"qty\":\"1\",\"subprice\":\"100000.00000000\",\"tva_tx\":\"18.0000\",\"localtax1_tx\":\"0.0000\",\"localtax2_tx\":\"0.0000\",\"total_ht\":\"100000.00000000\",\"total_tva\":\"18000.00000000\",\"total_localtax1\":\"0.00000000\",\"total_localtax2\":\"0.00000000\",\"total_ttc\":\"118000.00000000\",\"info_bits\":\"0\",\"special_code\":\"0\",\"multicurrency_code\":\"XOF\",\"multicurrency_total_ht\":\"100000.00000000\",\"multicurrency_total_tva\":\"18000.00000000\",\"multicurrency_total_ttc\":\"118000.00000000\"}},\"type\":\"0\",\"date\":1763769600,\"ref\":\"IN2511-0003\"}', '21.0.2', 0),
(20, 1, '2026-01-06 17:03:12', '2026-01-06 17:03:12', 'PAYMENT_VARIOUS_CREATE', 100000.00000000, 'payment_various', 7, 'DIDIER DONGO', 3, '3', '2025-01-06 12:00:00', 'b4607d7135f3f925c5cbec31879f0a22a691b331c1f3bf517b40f9d6d640a801', '576c1f986301546a18cc4b129e1bbbae7159971343b2899a4dbdc2c7bf7db081', '{\"mycompany\":{\"name\":\"UNIVELECT\",\"phone\":\"2721280041\",\"fax\":\"+225 21269320\",\"email\":\"info@univelect.com\",\"idprof1\":\"1100418F\",\"localtax1_assuj\":0,\"localtax2_assuj\":0,\"managers\":\"M.SOMDO JEAN CLAUDE\",\"capital\":100000000,\"forme_juridique_code\":0,\"country_code\":\"CI\",\"address\":\"Abidjan- Marcory-Zone 4 C - 681 Avenue Abdoulaye Sawadogo\",\"zip\":\"11 BP 2943\",\"town\":\"Abidjan\"},\"ref\":\"3\",\"date\":1736164800,\"type_code\":\"LIQ\",\"amount\":100000}', '21.0.2', 0);

-- --------------------------------------------------------

--
-- Structure de la table `llx_blockedlog_authority`
--

CREATE TABLE IF NOT EXISTS `llx_blockedlog_authority` (
  `rowid` int(11) NOT NULL AUTO_INCREMENT,
  `blockchain` longtext COLLATE utf8_unicode_ci NOT NULL,
  `signature` varchar(100) COLLATE utf8_unicode_ci NOT NULL,
  `tms` timestamp NULL DEFAULT CURRENT_TIMESTAMP ON UPDATE CURRENT_TIMESTAMP,
  PRIMARY KEY (`rowid`),
  KEY `signature` (`signature`)
) ENGINE=InnoDB DEFAULT CHARSET=utf8 COLLATE=utf8_unicode_ci;

-- --------------------------------------------------------

--
-- Structure de la table `llx_bookmark`
--

CREATE TABLE IF NOT EXISTS `llx_bookmark` (
  `rowid` int(11) NOT NULL AUTO_INCREMENT,
  `fk_user` int(11) NOT NULL,
  `dateb` datetime DEFAULT NULL,
  `url` text COLLATE utf8_unicode_ci,
  `target` varchar(16) COLLATE utf8_unicode_ci DEFAULT NULL,
  `title` varchar(64) COLLATE utf8_unicode_ci DEFAULT NULL,
  `favicon` varchar(24) COLLATE utf8_unicode_ci DEFAULT NULL,
  `position` int(11) DEFAULT '0',
  `entity` int(11) NOT NULL DEFAULT '1',
  PRIMARY KEY (`rowid`),
  UNIQUE KEY `uk_bookmark_title` (`fk_user`,`entity`,`title`)
) ENGINE=InnoDB DEFAULT CHARSET=utf8 COLLATE=utf8_unicode_ci;

-- --------------------------------------------------------

--
-- Structure de la table `llx_bordereau_cheque`
--

CREATE TABLE IF NOT EXISTS `llx_bordereau_cheque` (
  `rowid` int(11) NOT NULL AUTO_INCREMENT,
  `ref` varchar(30) COLLATE utf8_unicode_ci NOT NULL,
  `label` varchar(255) COLLATE utf8_unicode_ci DEFAULT NULL,
  `ref_ext` varchar(255) COLLATE utf8_unicode_ci DEFAULT NULL,
  `type` varchar(6) COLLATE utf8_unicode_ci DEFAULT 'CHQ',
  `datec` datetime NOT NULL,
  `date_bordereau` date DEFAULT NULL,
  `amount` double(24,8) NOT NULL,
  `nbcheque` smallint(6) NOT NULL,
  `fk_bank_account` int(11) DEFAULT NULL,
  `fk_user_author` int(11) DEFAULT NULL,
  `statut` smallint(6) NOT NULL DEFAULT '0',
  `tms` timestamp NULL DEFAULT CURRENT_TIMESTAMP ON UPDATE CURRENT_TIMESTAMP,
  `note` text COLLATE utf8_unicode_ci,
  `entity` int(11) NOT NULL DEFAULT '1',
  PRIMARY KEY (`rowid`),
  UNIQUE KEY `uk_bordereau_cheque` (`ref`,`entity`)
) ENGINE=InnoDB AUTO_INCREMENT=3 DEFAULT CHARSET=utf8 COLLATE=utf8_unicode_ci;

--
-- Déchargement des données de la table `llx_bordereau_cheque`
--

INSERT INTO `llx_bordereau_cheque` (`rowid`, `ref`, `label`, `ref_ext`, `type`, `datec`, `date_bordereau`, `amount`, `nbcheque`, `fk_bank_account`, `fk_user_author`, `statut`, `tms`, `note`, `entity`) VALUES
(1, 'CHK2511-0001', NULL, '', 'CHQ', '2025-11-22 20:02:48', '2025-11-22', 10000.00000000, 1, 4, 7, 1, '2025-11-22 20:03:08', NULL, 1),
(2, 'CHK2511-0002', NULL, '', 'CHQ', '2025-11-22 20:28:29', '2025-11-22', 300900.00000000, 1, 1, 7, 1, '2025-11-22 20:29:39', NULL, 1);

-- --------------------------------------------------------

--
-- Structure de la table `llx_boxes`
--

CREATE TABLE IF NOT EXISTS `llx_boxes` (
  `rowid` int(11) NOT NULL AUTO_INCREMENT,
  `entity` int(11) NOT NULL DEFAULT '1',
  `box_id` int(11) NOT NULL,
  `position` smallint(6) NOT NULL,
  `box_order` varchar(3) COLLATE utf8_unicode_ci NOT NULL,
  `fk_user` int(11) NOT NULL DEFAULT '0',
  `maxline` int(11) DEFAULT NULL,
  `params` varchar(255) COLLATE utf8_unicode_ci DEFAULT NULL,
  PRIMARY KEY (`rowid`),
  UNIQUE KEY `uk_boxes` (`entity`,`box_id`,`position`,`fk_user`),
  KEY `idx_boxes_boxid` (`box_id`),
  KEY `idx_boxes_fk_user` (`fk_user`)
) ENGINE=InnoDB AUTO_INCREMENT=51 DEFAULT CHARSET=utf8 COLLATE=utf8_unicode_ci;

--
-- Déchargement des données de la table `llx_boxes`
--

INSERT INTO `llx_boxes` (`rowid`, `entity`, `box_id`, `position`, `box_order`, `fk_user`, `maxline`, `params`) VALUES
(1, 1, 1, 0, 'A01', 0, NULL, NULL),
(2, 1, 2, 0, 'B02', 0, NULL, NULL),
(3, 1, 3, 0, 'A03', 0, NULL, NULL),
(4, 1, 4, 0, 'B04', 0, NULL, NULL),
(5, 1, 5, 0, 'A05', 0, NULL, NULL),
(6, 1, 6, 0, 'B06', 0, NULL, NULL),
(7, 1, 7, 0, 'A07', 0, NULL, NULL),
(8, 1, 8, 0, 'B08', 0, NULL, NULL),
(9, 1, 9, 0, 'A09', 0, NULL, NULL),
(10, 1, 10, 0, 'B10', 0, NULL, NULL),
(11, 1, 11, 0, 'A11', 0, NULL, NULL),
(12, 1, 12, 0, 'B12', 0, NULL, NULL),
(13, 1, 13, 0, 'A13', 0, NULL, NULL),
(14, 1, 14, 0, 'B14', 0, NULL, NULL),
(15, 1, 15, 0, 'A15', 0, NULL, NULL),
(16, 1, 16, 0, 'B16', 0, NULL, NULL),
(17, 1, 17, 0, 'A17', 0, NULL, NULL),
(18, 1, 18, 0, 'B18', 0, NULL, NULL),
(19, 1, 19, 0, 'A19', 0, NULL, NULL),
(20, 1, 20, 0, 'B20', 0, NULL, NULL),
(21, 1, 21, 0, 'A21', 0, NULL, NULL),
(22, 1, 22, 0, 'B22', 0, NULL, NULL),
(23, 1, 23, 0, 'A23', 0, NULL, NULL),
(24, 1, 24, 0, 'B24', 0, NULL, NULL),
(25, 1, 25, 0, 'A25', 0, NULL, NULL),
(26, 1, 26, 0, 'B26', 0, NULL, NULL),
(27, 1, 27, 0, 'A27', 0, NULL, NULL),
(28, 1, 28, 0, 'B28', 0, NULL, NULL),
(29, 1, 31, 0, 'A29', 0, NULL, NULL),
(30, 1, 32, 0, 'B30', 0, NULL, NULL),
(31, 1, 33, 0, 'A31', 0, NULL, NULL),
(38, 1, 40, 0, 'B32', 0, NULL, NULL),
(39, 1, 41, 0, 'A33', 0, NULL, NULL),
(40, 1, 42, 0, 'B34', 0, NULL, NULL),
(41, 1, 43, 0, 'A35', 0, NULL, NULL),
(44, 1, 1, 0, 'A01', 22, NULL, NULL),
(45, 1, 3, 0, 'B01', 22, NULL, NULL),
(46, 1, 44, 0, '0', 0, NULL, NULL),
(47, 1, 45, 0, '0', 0, NULL, NULL),
(48, 1, 46, 0, '0', 0, NULL, NULL),
(49, 1, 47, 0, '0', 0, NULL, NULL),
(50, 1, 48, 0, '0', 0, NULL, NULL);

-- --------------------------------------------------------

--
-- Structure de la table `llx_boxes_def`
--

CREATE TABLE IF NOT EXISTS `llx_boxes_def` (
  `rowid` int(11) NOT NULL AUTO_INCREMENT,
  `file` varchar(200) COLLATE utf8_unicode_ci NOT NULL,
  `entity` int(11) NOT NULL DEFAULT '1',
  `fk_user` int(11) NOT NULL DEFAULT '0',
  `tms` timestamp NULL DEFAULT CURRENT_TIMESTAMP ON UPDATE CURRENT_TIMESTAMP,
  `note` varchar(130) COLLATE utf8_unicode_ci DEFAULT NULL,
  PRIMARY KEY (`rowid`),
  UNIQUE KEY `uk_boxes_def` (`file`,`entity`,`note`)
) ENGINE=InnoDB AUTO_INCREMENT=49 DEFAULT CHARSET=utf8 COLLATE=utf8_unicode_ci;

--
-- Déchargement des données de la table `llx_boxes_def`
--

INSERT INTO `llx_boxes_def` (`rowid`, `file`, `entity`, `fk_user`, `tms`, `note`) VALUES
(1, 'box_lastlogin.php', 1, 0, '2025-08-01 10:48:57', NULL),
(2, 'box_birthdays.php', 1, 0, '2025-08-01 10:48:57', NULL),
(3, 'box_dolibarr_state_board.php', 1, 0, '2025-08-01 10:48:57', NULL),
(4, 'box_actions.php', 1, 0, '2025-08-01 10:48:58', NULL),
(5, 'box_actions_future.php', 1, 0, '2025-08-01 10:48:58', NULL),
(6, 'box_clients.php', 1, 0, '2025-08-01 10:49:20', NULL),
(7, 'box_prospect.php', 1, 0, '2025-08-01 10:49:20', NULL),
(8, 'box_contacts.php', 1, 0, '2025-08-01 10:49:20', NULL),
(9, 'box_activity.php', 1, 0, '2025-08-01 10:49:20', '(WarningUsingThisBoxSlowDown)'),
(10, 'box_goodcustomers.php', 1, 0, '2025-08-01 10:49:20', '(WarningUsingThisBoxSlowDown)'),
(11, 'box_graph_propales_permonth.php', 1, 0, '2025-08-01 10:49:22', NULL),
(12, 'box_propales.php', 1, 0, '2025-08-01 10:49:22', NULL),
(13, 'box_commandes.php', 1, 0, '2025-08-01 10:49:24', NULL),
(14, 'box_graph_orders_permonth.php', 1, 0, '2025-08-01 10:49:24', NULL),
(15, 'box_shipments.php', 1, 0, '2025-08-01 10:49:28', NULL),
(16, 'box_ficheinter.php', 1, 0, '2025-08-01 10:49:31', NULL),
(17, 'box_graph_invoices_supplier_permonth.php', 1, 0, '2025-08-01 10:49:34', NULL),
(18, 'box_graph_orders_supplier_permonth.php', 1, 0, '2025-08-01 10:49:34', NULL),
(19, 'box_fournisseurs.php', 1, 0, '2025-08-01 10:49:34', NULL),
(20, 'box_factures_fourn_imp.php', 1, 0, '2025-08-01 10:49:34', NULL),
(21, 'box_factures_fourn.php', 1, 0, '2025-08-01 10:49:34', NULL),
(22, 'box_supplier_orders.php', 1, 0, '2025-08-01 10:49:34', NULL),
(23, 'box_supplier_orders_awaiting_reception.php', 1, 0, '2025-08-01 10:49:34', NULL),
(24, 'box_factures_imp.php', 1, 0, '2025-08-01 10:49:42', NULL),
(25, 'box_factures.php', 1, 0, '2025-08-01 10:49:42', NULL),
(26, 'box_graph_invoices_permonth.php', 1, 0, '2025-08-01 10:49:42', NULL),
(27, 'box_customers_outstanding_bill_reached.php', 1, 0, '2025-08-01 10:49:42', NULL),
(28, 'box_comptes.php', 1, 0, '2025-08-01 10:49:47', NULL),
(29, 'box_accountancy_last_manual_entries.php', 1, 0, '2025-08-01 10:49:53', NULL),
(30, 'box_accountancy_suspense_account.php', 1, 0, '2025-08-01 10:49:53', NULL),
(31, 'box_produits.php', 1, 0, '2025-08-01 10:49:56', NULL),
(32, 'box_produits_alerte_stock.php', 1, 0, '2025-08-01 10:49:56', NULL),
(33, 'box_graph_product_distribution.php', 1, 0, '2025-08-01 10:49:56', NULL),
(40, 'box_contracts.php', 1, 0, '2025-08-06 08:17:07', NULL),
(41, 'box_services_expired.php', 1, 0, '2025-08-06 08:17:07', NULL),
(42, 'box_scheduled_jobs.php', 1, 0, '2025-08-06 08:17:34', NULL),
(43, 'box_services_contracts.php', 1, 0, '2025-09-18 08:45:35', NULL),
(44, 'box_project.php', 1, 0, '2025-12-24 09:02:21', NULL),
(45, 'box_project_opportunities.php', 1, 0, '2025-12-24 09:02:21', NULL),
(46, 'box_task.php', 1, 0, '2025-12-24 09:02:21', NULL),
(47, 'box_validated_projects.php', 1, 0, '2025-12-24 09:02:21', NULL),
(48, 'box_funnel_of_prospection.php', 1, 0, '2025-12-24 09:02:21', NULL);

-- --------------------------------------------------------

--
-- Structure de la table `llx_categorie`
--

CREATE TABLE IF NOT EXISTS `llx_categorie` (
  `rowid` int(11) NOT NULL AUTO_INCREMENT,
  `entity` int(11) NOT NULL DEFAULT '1',
  `fk_parent` int(11) NOT NULL DEFAULT '0',
  `label` varchar(180) COLLATE utf8_unicode_ci NOT NULL,
  `ref_ext` varchar(255) COLLATE utf8_unicode_ci DEFAULT NULL,
  `type` int(11) NOT NULL DEFAULT '1',
  `description` text COLLATE utf8_unicode_ci,
  `color` varchar(8) COLLATE utf8_unicode_ci DEFAULT NULL,
  `position` int(11) DEFAULT '0',
  `fk_soc` int(11) DEFAULT NULL,
  `visible` tinyint(4) NOT NULL DEFAULT '1',
  `date_creation` datetime DEFAULT NULL,
  `tms` timestamp NULL DEFAULT CURRENT_TIMESTAMP ON UPDATE CURRENT_TIMESTAMP,
  `fk_user_creat` int(11) DEFAULT NULL,
  `fk_user_modif` int(11) DEFAULT NULL,
  `import_key` varchar(14) COLLATE utf8_unicode_ci DEFAULT NULL,
  PRIMARY KEY (`rowid`),
  UNIQUE KEY `uk_categorie_ref` (`entity`,`fk_parent`,`label`,`type`)
) ENGINE=InnoDB AUTO_INCREMENT=43 DEFAULT CHARSET=utf8 COLLATE=utf8_unicode_ci;

--
-- Déchargement des données de la table `llx_categorie`
--

INSERT INTO `llx_categorie` (`rowid`, `entity`, `fk_parent`, `label`, `ref_ext`, `type`, `description`, `color`, `position`, `fk_soc`, `visible`, `date_creation`, `tms`, `fk_user_creat`, `fk_user_modif`, `import_key`) VALUES
(1, 1, 0, 'BIENS', NULL, 1, '', '', 0, NULL, 0, '2025-10-01 10:19:11', '2025-10-01 10:19:11', 1, NULL, NULL),
(2, 1, 0, 'SERVICES', NULL, 1, '', '', 0, NULL, 0, '2025-10-01 10:19:32', '2025-10-01 10:19:32', 1, NULL, NULL),
(3, 1, 0, 'CLIMATISATION', NULL, 0, '', '', 0, NULL, 0, '2025-10-07 13:31:04', '2025-10-07 13:31:04', 1, NULL, NULL),
(4, 1, 0, 'ELECTRICITE', NULL, 0, '', '', 0, NULL, 0, '2025-10-07 13:31:22', '2025-10-07 13:31:22', 1, NULL, NULL),
(5, 1, 0, 'GROUPE ELECTROGENE', NULL, 0, '', '', 0, NULL, 0, '2025-10-07 13:31:37', '2025-10-07 13:31:37', 1, NULL, NULL),
(6, 1, 0, 'AUTRE', NULL, 0, '', '', 0, NULL, 0, '2025-10-07 13:31:54', '2025-10-07 13:31:54', 1, NULL, NULL),
(7, 1, 0, 'PLOMBERIE', NULL, 0, '', '', 0, NULL, 0, '2025-10-07 13:32:04', '2025-10-07 13:32:04', 1, NULL, NULL),
(8, 1, 0, 'SOUDURE', NULL, 0, '', '', 0, NULL, 0, '2025-10-07 13:32:15', '2025-10-07 13:32:15', 1, NULL, NULL),
(9, 1, 0, 'PRESTATION', NULL, 0, '', '', 0, NULL, 0, '2025-10-07 13:32:38', '2025-10-07 13:32:38', 1, NULL, NULL),
(10, 1, 3, 'AACC', NULL, 0, '', '', 0, NULL, 0, '2025-10-07 14:04:31', '2025-10-07 14:04:31', 1, NULL, NULL),
(11, 1, 3, 'CACC', '', 0, 'CLIMATISATION ACCESSOIRES', '', 0, NULL, 0, '2025-10-07 14:04:49', '2025-10-13 10:41:46', 1, 1, NULL),
(12, 1, 3, 'SPLI', '', 0, 'SPLIT', '', 0, NULL, 0, '2025-10-07 14:05:11', '2025-10-13 10:42:19', 1, 1, NULL),
(13, 1, 3, 'COND', '', 0, 'CONDENSATEUR', '', 0, NULL, 0, '2025-10-07 14:05:43', '2025-10-13 10:42:45', 1, 1, NULL),
(14, 1, 3, 'TUYA', NULL, 0, '', '', 0, NULL, 0, '2025-10-07 14:05:57', '2025-10-07 14:05:57', 1, NULL, NULL),
(15, 1, 3, 'AUTM', NULL, 0, '', '', 0, NULL, 0, '2025-10-07 14:06:52', '2025-10-07 14:06:52', 1, NULL, NULL),
(16, 1, 4, 'LUMI', NULL, 0, '', '', 0, NULL, 0, '2025-10-07 14:08:37', '2025-10-07 14:08:37', 1, NULL, NULL),
(17, 1, 4, 'EACC', NULL, 0, '', '', 0, NULL, 0, '2025-10-07 14:09:13', '2025-10-07 14:09:13', 1, NULL, NULL),
(18, 1, 4, 'TUYA', NULL, 0, '', '', 0, NULL, 0, '2025-10-07 14:10:21', '2025-10-07 14:10:21', 1, NULL, NULL),
(19, 1, 4, 'DISJ', NULL, 0, '', '', 0, NULL, 0, '2025-10-07 14:10:41', '2025-10-07 14:10:41', 1, NULL, NULL),
(20, 1, 4, 'BORN', NULL, 0, '', '', 0, NULL, 0, '2025-10-07 14:11:29', '2025-10-07 14:11:29', 1, NULL, NULL),
(21, 1, 4, 'ONDU', NULL, 0, '', '', 0, NULL, 0, '2025-10-07 14:11:59', '2025-10-07 14:11:59', 1, NULL, NULL),
(22, 1, 4, 'REGU', NULL, 0, '', '', 0, NULL, 0, '2025-10-07 14:12:15', '2025-10-07 14:12:15', 1, NULL, NULL),
(23, 1, 4, 'CONT', NULL, 0, '', '', 0, NULL, 0, '2025-10-07 14:12:32', '2025-10-07 14:12:32', 1, NULL, NULL),
(24, 1, 4, 'AACC', NULL, 0, '', '', 0, NULL, 0, '2025-10-07 14:12:54', '2025-10-07 14:12:54', 1, NULL, NULL),
(25, 1, 4, 'COFF', NULL, 0, '', '', 0, NULL, 0, '2025-10-07 14:13:58', '2025-10-07 14:13:58', 1, NULL, NULL),
(26, 1, 4, 'CABL', NULL, 0, '', '', 0, NULL, 0, '2025-10-07 14:14:56', '2025-10-07 14:14:56', 1, NULL, NULL),
(27, 1, 4, 'PARF', NULL, 0, '', '', 0, NULL, 0, '2025-10-07 14:15:43', '2025-10-07 14:15:43', 1, NULL, NULL),
(28, 1, 4, 'APPA', NULL, 0, 'APPAREILLAGE', '', 0, NULL, 0, '2025-10-14 14:02:28', '2025-10-14 14:02:28', 1, NULL, NULL),
(29, 1, 4, 'GOUL', NULL, 0, 'GOULOTTE', '', 0, NULL, 0, '2025-10-14 14:14:26', '2025-10-14 14:14:26', 1, NULL, NULL),
(30, 1, 4, 'BOIT', NULL, 0, 'BOITE', '', 0, NULL, 0, '2025-10-14 14:18:02', '2025-10-14 14:18:02', 1, NULL, NULL),
(31, 1, 0, 'ALIMENTATION DE SECOURS', NULL, 0, '', '', 0, NULL, 0, '2025-10-14 14:27:01', '2025-10-14 14:27:01', 1, NULL, NULL),
(32, 1, 31, 'ONDU', NULL, 0, '', '', 0, NULL, 0, '2025-10-14 14:27:25', '2025-10-14 14:27:25', 1, NULL, NULL),
(33, 1, 31, 'SACC', NULL, 0, 'SECOURS ACCESSOIRE', '', 0, NULL, 0, '2025-10-14 15:36:23', '2025-10-14 15:36:23', 1, NULL, NULL),
(34, 1, 31, 'REGU', NULL, 0, 'REGULATEUR', '', 0, NULL, 0, '2025-10-14 15:37:00', '2025-10-14 15:37:00', 1, NULL, NULL),
(35, 1, 31, 'GRPE', NULL, 0, 'GROUPE ELECTROGENE', '', 0, NULL, 0, '2025-10-14 15:37:34', '2025-10-14 15:37:34', 1, NULL, NULL),
(36, 1, 31, 'INVE', NULL, 0, 'INVERSEUR', '', 0, NULL, 0, '2025-10-14 15:38:07', '2025-10-14 15:38:07', 1, NULL, NULL),
(37, 1, 3, 'ACCS', NULL, 0, '', '', 0, NULL, 0, '2025-10-17 12:55:46', '2025-10-17 12:55:46', 1, NULL, NULL),
(38, 1, 5, 'APPA', NULL, 0, '', '', 0, NULL, 0, '2025-10-17 13:20:44', '2025-10-17 13:20:44', 1, NULL, NULL),
(39, 1, 5, 'GACC', NULL, 0, '', '', 0, NULL, 0, '2025-10-17 13:21:36', '2025-10-17 13:21:36', 1, NULL, NULL),
(40, 1, 7, 'PACC', NULL, 0, 'PLOMBERIE ACCESSOIRES', '', 0, NULL, 0, '2025-10-17 13:46:49', '2025-10-17 13:46:49', 1, NULL, NULL),
(41, 1, 7, 'APPA', NULL, 0, 'PLOMBERIE APPAREILLAGE', '', 0, NULL, 0, '2025-10-17 13:47:35', '2025-10-17 13:47:35', 1, NULL, NULL),
(42, 1, 7, 'TUYA', NULL, 0, 'TUYAU', '', 0, NULL, 0, '2025-10-17 13:47:58', '2025-10-17 13:47:58', 1, NULL, NULL);

-- --------------------------------------------------------

--
-- Structure de la table `llx_categories_extrafields`
--

CREATE TABLE IF NOT EXISTS `llx_categories_extrafields` (
  `rowid` int(11) NOT NULL AUTO_INCREMENT,
  `tms` timestamp NULL DEFAULT CURRENT_TIMESTAMP ON UPDATE CURRENT_TIMESTAMP,
  `fk_object` int(11) NOT NULL,
  `import_key` varchar(14) COLLATE utf8_unicode_ci DEFAULT NULL,
  PRIMARY KEY (`rowid`),
  UNIQUE KEY `uk_categories_extrafields` (`fk_object`)
) ENGINE=InnoDB DEFAULT CHARSET=utf8 COLLATE=utf8_unicode_ci;

-- --------------------------------------------------------

--
-- Structure de la table `llx_categorie_account`
--

CREATE TABLE IF NOT EXISTS `llx_categorie_account` (
  `fk_categorie` int(11) NOT NULL,
  `fk_account` int(11) NOT NULL,
  `import_key` varchar(14) COLLATE utf8_unicode_ci DEFAULT NULL,
  PRIMARY KEY (`fk_categorie`,`fk_account`),
  KEY `idx_categorie_account_fk_categorie` (`fk_categorie`),
  KEY `idx_categorie_account_fk_account` (`fk_account`)
) ENGINE=InnoDB DEFAULT CHARSET=utf8 COLLATE=utf8_unicode_ci;

-- --------------------------------------------------------

--
-- Structure de la table `llx_categorie_actioncomm`
--

CREATE TABLE IF NOT EXISTS `llx_categorie_actioncomm` (
  `fk_categorie` int(11) NOT NULL,
  `fk_actioncomm` int(11) NOT NULL,
  `import_key` varchar(14) COLLATE utf8_unicode_ci DEFAULT NULL,
  PRIMARY KEY (`fk_categorie`,`fk_actioncomm`),
  KEY `idx_categorie_actioncomm_fk_categorie` (`fk_categorie`),
  KEY `idx_categorie_actioncomm_fk_actioncomm` (`fk_actioncomm`)
) ENGINE=InnoDB DEFAULT CHARSET=utf8 COLLATE=utf8_unicode_ci;

-- --------------------------------------------------------

--
-- Structure de la table `llx_categorie_contact`
--

CREATE TABLE IF NOT EXISTS `llx_categorie_contact` (
  `fk_categorie` int(11) NOT NULL,
  `fk_socpeople` int(11) NOT NULL,
  `import_key` varchar(14) COLLATE utf8_unicode_ci DEFAULT NULL,
  PRIMARY KEY (`fk_categorie`,`fk_socpeople`),
  KEY `idx_categorie_contact_fk_categorie` (`fk_categorie`),
  KEY `idx_categorie_contact_fk_socpeople` (`fk_socpeople`)
) ENGINE=InnoDB DEFAULT CHARSET=utf8 COLLATE=utf8_unicode_ci;

-- --------------------------------------------------------

--
-- Structure de la table `llx_categorie_fournisseur`
--

CREATE TABLE IF NOT EXISTS `llx_categorie_fournisseur` (
  `fk_categorie` int(11) NOT NULL,
  `fk_soc` int(11) NOT NULL,
  `import_key` varchar(14) COLLATE utf8_unicode_ci DEFAULT NULL,
  PRIMARY KEY (`fk_categorie`,`fk_soc`),
  KEY `idx_categorie_fournisseur_fk_categorie` (`fk_categorie`),
  KEY `idx_categorie_fournisseur_fk_societe` (`fk_soc`)
) ENGINE=InnoDB DEFAULT CHARSET=utf8 COLLATE=utf8_unicode_ci;

--
-- Déchargement des données de la table `llx_categorie_fournisseur`
--

INSERT INTO `llx_categorie_fournisseur` (`fk_categorie`, `fk_soc`, `import_key`) VALUES
(1, 410, NULL),
(1, 413, NULL),
(1, 414, NULL),
(1, 415, NULL),
(1, 416, NULL),
(1, 418, NULL),
(1, 420, NULL),
(1, 421, NULL),
(1, 423, NULL),
(1, 424, NULL),
(1, 425, NULL),
(1, 426, NULL),
(1, 428, NULL),
(1, 429, NULL),
(1, 430, NULL),
(1, 431, NULL),
(1, 433, NULL),
(1, 435, NULL),
(1, 436, NULL),
(1, 437, NULL),
(1, 439, NULL),
(1, 440, NULL),
(1, 442, NULL),
(1, 443, NULL),
(1, 444, NULL),
(1, 445, NULL),
(1, 446, NULL),
(1, 448, NULL),
(1, 451, NULL),
(1, 452, NULL),
(1, 453, NULL),
(1, 454, NULL),
(1, 455, NULL),
(1, 456, NULL),
(1, 457, NULL),
(1, 458, NULL),
(1, 459, NULL),
(1, 461, NULL),
(1, 462, NULL),
(1, 463, NULL),
(1, 465, NULL),
(1, 466, NULL),
(1, 468, NULL),
(1, 470, NULL),
(1, 471, NULL),
(1, 472, NULL),
(2, 636, NULL),
(2, 637, NULL),
(2, 638, NULL),
(2, 639, NULL),
(2, 640, NULL),
(2, 641, NULL),
(2, 642, NULL),
(2, 644, NULL),
(2, 646, NULL),
(2, 647, NULL),
(2, 648, NULL),
(2, 650, NULL),
(2, 651, NULL),
(2, 652, NULL),
(2, 653, NULL),
(2, 654, NULL),
(2, 655, NULL),
(2, 656, NULL),
(2, 657, NULL),
(2, 658, NULL),
(2, 659, NULL),
(2, 660, NULL),
(2, 661, NULL),
(2, 662, NULL),
(2, 665, NULL),
(2, 666, NULL),
(2, 667, NULL),
(2, 668, NULL),
(2, 669, NULL),
(2, 670, NULL),
(2, 671, NULL),
(2, 672, NULL),
(2, 673, NULL),
(2, 674, NULL),
(2, 675, NULL),
(2, 676, NULL),
(2, 677, NULL),
(2, 680, NULL),
(2, 685, NULL),
(2, 686, NULL),
(2, 687, NULL),
(2, 688, NULL),
(2, 689, NULL),
(2, 690, NULL),
(2, 691, NULL);

-- --------------------------------------------------------

--
-- Structure de la table `llx_categorie_invoice`
--

CREATE TABLE IF NOT EXISTS `llx_categorie_invoice` (
  `fk_categorie` int(11) NOT NULL,
  `fk_invoice` int(11) NOT NULL,
  `import_key` varchar(14) COLLATE utf8_unicode_ci DEFAULT NULL,
  PRIMARY KEY (`fk_categorie`,`fk_invoice`),
  KEY `idx_categorie_invoice_fk_categorie` (`fk_categorie`),
  KEY `idx_categorie_invoice_fk_invoice` (`fk_invoice`)
) ENGINE=InnoDB DEFAULT CHARSET=utf8 COLLATE=utf8_unicode_ci;

-- --------------------------------------------------------

--
-- Structure de la table `llx_categorie_lang`
--

CREATE TABLE IF NOT EXISTS `llx_categorie_lang` (
  `rowid` int(11) NOT NULL AUTO_INCREMENT,
  `fk_category` int(11) NOT NULL DEFAULT '0',
  `lang` varchar(5) COLLATE utf8_unicode_ci NOT NULL DEFAULT '0',
  `label` varchar(255) COLLATE utf8_unicode_ci NOT NULL,
  `description` text COLLATE utf8_unicode_ci,
  PRIMARY KEY (`rowid`),
  UNIQUE KEY `uk_category_lang` (`fk_category`,`lang`)
) ENGINE=InnoDB DEFAULT CHARSET=utf8 COLLATE=utf8_unicode_ci;

-- --------------------------------------------------------

--
-- Structure de la table `llx_categorie_member`
--

CREATE TABLE IF NOT EXISTS `llx_categorie_member` (
  `fk_categorie` int(11) NOT NULL,
  `fk_member` int(11) NOT NULL,
  PRIMARY KEY (`fk_categorie`,`fk_member`),
  KEY `idx_categorie_member_fk_categorie` (`fk_categorie`),
  KEY `idx_categorie_member_fk_member` (`fk_member`)
) ENGINE=InnoDB DEFAULT CHARSET=utf8 COLLATE=utf8_unicode_ci;

-- --------------------------------------------------------

--
-- Structure de la table `llx_categorie_order`
--

CREATE TABLE IF NOT EXISTS `llx_categorie_order` (
  `fk_categorie` int(11) NOT NULL,
  `fk_order` int(11) NOT NULL,
  `import_key` varchar(14) COLLATE utf8_unicode_ci DEFAULT NULL,
  PRIMARY KEY (`fk_categorie`,`fk_order`),
  KEY `idx_categorie_order_fk_categorie` (`fk_categorie`),
  KEY `idx_categorie_order_fk_order` (`fk_order`)
) ENGINE=InnoDB DEFAULT CHARSET=utf8 COLLATE=utf8_unicode_ci;

-- --------------------------------------------------------

--
-- Structure de la table `llx_categorie_product`
--

CREATE TABLE IF NOT EXISTS `llx_categorie_product` (
  `fk_categorie` int(11) NOT NULL,
  `fk_product` int(11) NOT NULL,
  `import_key` varchar(14) COLLATE utf8_unicode_ci DEFAULT NULL,
  PRIMARY KEY (`fk_categorie`,`fk_product`),
  KEY `idx_categorie_product_fk_categorie` (`fk_categorie`),
  KEY `idx_categorie_product_fk_product` (`fk_product`)
) ENGINE=InnoDB DEFAULT CHARSET=utf8 COLLATE=utf8_unicode_ci;

--
-- Déchargement des données de la table `llx_categorie_product`
--

INSERT INTO `llx_categorie_product` (`fk_categorie`, `fk_product`, `import_key`) VALUES
(11, 378, NULL),
(11, 379, NULL),
(11, 380, NULL),
(11, 381, NULL),
(11, 382, NULL),
(11, 383, NULL),
(11, 384, NULL),
(11, 385, NULL),
(11, 386, NULL),
(11, 387, NULL),
(11, 388, NULL),
(11, 389, NULL),
(11, 390, NULL),
(11, 391, NULL),
(11, 392, NULL),
(11, 393, NULL),
(11, 394, NULL),
(11, 395, NULL),
(11, 396, NULL),
(11, 397, NULL),
(11, 398, NULL),
(11, 399, NULL),
(11, 400, NULL),
(11, 401, NULL),
(11, 402, NULL),
(11, 403, NULL),
(11, 404, NULL),
(11, 405, NULL),
(11, 406, NULL),
(11, 407, NULL),
(11, 408, NULL),
(11, 409, NULL),
(11, 410, NULL),
(11, 411, NULL),
(11, 412, NULL),
(11, 413, NULL),
(11, 414, NULL),
(11, 415, NULL),
(11, 416, NULL),
(11, 417, NULL),
(11, 418, NULL),
(11, 419, NULL),
(11, 420, NULL),
(11, 421, NULL),
(11, 422, NULL),
(11, 423, NULL),
(11, 424, NULL),
(11, 425, NULL),
(11, 426, NULL),
(11, 427, NULL),
(11, 428, NULL),
(11, 429, NULL),
(11, 430, NULL),
(11, 431, NULL),
(11, 432, NULL),
(11, 433, NULL),
(11, 2502, NULL),
(12, 434, NULL),
(12, 435, NULL),
(12, 436, NULL),
(12, 437, NULL),
(12, 438, NULL),
(12, 439, NULL),
(12, 440, NULL),
(12, 441, NULL),
(12, 442, NULL),
(12, 443, NULL),
(12, 444, NULL),
(12, 445, NULL),
(12, 446, NULL),
(12, 447, NULL),
(12, 448, NULL),
(12, 449, NULL),
(12, 450, NULL),
(12, 451, NULL),
(12, 452, NULL),
(12, 453, NULL),
(12, 454, NULL),
(12, 455, NULL),
(12, 456, NULL),
(12, 457, NULL),
(12, 458, NULL),
(12, 459, NULL),
(12, 460, NULL),
(12, 461, NULL),
(12, 462, NULL),
(12, 463, NULL),
(12, 464, NULL),
(12, 465, NULL),
(12, 466, NULL),
(12, 467, NULL),
(12, 468, NULL),
(12, 469, NULL),
(12, 470, NULL),
(12, 471, NULL),
(12, 472, NULL),
(12, 473, NULL),
(12, 474, NULL),
(12, 475, NULL),
(12, 476, NULL),
(12, 477, NULL),
(12, 478, NULL),
(12, 479, NULL),
(12, 480, NULL),
(12, 481, NULL),
(12, 482, NULL),
(12, 483, NULL),
(12, 484, NULL),
(12, 485, NULL),
(13, 486, NULL),
(13, 487, NULL),
(13, 488, NULL),
(13, 489, NULL),
(13, 490, NULL),
(13, 491, NULL),
(13, 492, NULL),
(13, 493, NULL),
(13, 494, NULL),
(13, 495, NULL),
(13, 496, NULL),
(13, 497, NULL),
(13, 498, NULL),
(13, 499, NULL),
(13, 500, NULL),
(13, 501, NULL),
(13, 502, NULL),
(13, 503, NULL),
(14, 2503, NULL),
(14, 2504, NULL),
(14, 2505, NULL),
(16, 2200, NULL),
(16, 2201, NULL),
(16, 2202, NULL),
(16, 2203, NULL),
(16, 2204, NULL),
(16, 2205, NULL),
(16, 2206, NULL),
(16, 2207, NULL),
(16, 2208, NULL),
(16, 2209, NULL),
(16, 2210, NULL),
(16, 2211, NULL),
(16, 2212, NULL),
(16, 2213, NULL),
(16, 2214, NULL),
(16, 2215, NULL),
(16, 2216, NULL),
(16, 2217, NULL),
(16, 2218, NULL),
(16, 2219, NULL),
(16, 2220, NULL),
(16, 2221, NULL),
(16, 2222, NULL),
(16, 2223, NULL),
(16, 2224, NULL),
(16, 2225, NULL),
(16, 2226, NULL),
(16, 2227, NULL),
(16, 2228, NULL),
(16, 2229, NULL),
(16, 2230, NULL),
(16, 2231, NULL),
(16, 2232, NULL),
(16, 2233, NULL),
(16, 2234, NULL),
(16, 2235, NULL),
(16, 2236, NULL),
(16, 2237, NULL),
(16, 2238, NULL),
(16, 2239, NULL),
(16, 2240, NULL),
(16, 2241, NULL),
(16, 2242, NULL),
(16, 2243, NULL),
(16, 2244, NULL),
(16, 2245, NULL),
(16, 2246, NULL),
(16, 2247, NULL),
(16, 2248, NULL),
(16, 2249, NULL),
(16, 2250, NULL),
(16, 2251, NULL),
(16, 2252, NULL),
(16, 2253, NULL),
(16, 2254, NULL),
(16, 2255, NULL),
(16, 2256, NULL),
(16, 2257, NULL),
(16, 2258, NULL),
(16, 2259, NULL),
(16, 2260, NULL),
(16, 2261, NULL),
(16, 2262, NULL),
(16, 2263, NULL),
(16, 2264, NULL),
(16, 2265, NULL),
(16, 2266, NULL),
(16, 2267, NULL),
(16, 2268, NULL),
(16, 2269, NULL),
(16, 2270, NULL),
(16, 2271, NULL),
(16, 2272, NULL),
(16, 2273, NULL),
(16, 2274, NULL),
(16, 2275, NULL),
(16, 2276, NULL),
(16, 2277, NULL),
(16, 2278, NULL),
(16, 2279, NULL),
(16, 2280, NULL),
(16, 2281, NULL),
(16, 2282, NULL),
(16, 2283, NULL),
(16, 2284, NULL),
(16, 2285, NULL),
(16, 2286, NULL),
(16, 2287, NULL),
(16, 2288, NULL),
(16, 2289, NULL),
(16, 2290, NULL),
(16, 2291, NULL),
(16, 2292, NULL),
(16, 2293, NULL),
(16, 2294, NULL),
(16, 2295, NULL),
(16, 2296, NULL),
(16, 2297, NULL),
(16, 2298, NULL),
(16, 2299, NULL),
(16, 2300, NULL),
(16, 2301, NULL),
(16, 2302, NULL),
(16, 2303, NULL),
(16, 2304, NULL),
(16, 2305, NULL),
(16, 2306, NULL),
(16, 2307, NULL),
(16, 2308, NULL),
(16, 2309, NULL),
(16, 2310, NULL),
(16, 2311, NULL),
(16, 2312, NULL),
(16, 2313, NULL),
(16, 2314, NULL),
(16, 2315, NULL),
(16, 2316, NULL),
(16, 2317, NULL),
(16, 2318, NULL),
(16, 2319, NULL),
(16, 2320, NULL),
(16, 2321, NULL),
(16, 2322, NULL),
(16, 2323, NULL),
(16, 2324, NULL),
(16, 2325, NULL),
(16, 2326, NULL),
(16, 2327, NULL),
(16, 2328, NULL),
(16, 2329, NULL),
(16, 2330, NULL),
(16, 2331, NULL),
(16, 2332, NULL),
(16, 2333, NULL),
(16, 2334, NULL),
(16, 2335, NULL),
(16, 2336, NULL),
(17, 1827, NULL),
(17, 1828, NULL),
(17, 1829, NULL),
(17, 1830, NULL),
(17, 1831, NULL),
(17, 1832, NULL),
(17, 1833, NULL),
(17, 1834, NULL),
(17, 1835, NULL),
(17, 1836, NULL),
(17, 1837, NULL),
(17, 1838, NULL),
(17, 1839, NULL),
(17, 1840, NULL),
(17, 1841, NULL),
(17, 1842, NULL),
(17, 1843, NULL),
(17, 1844, NULL),
(17, 1845, NULL),
(17, 1846, NULL),
(17, 1847, NULL),
(17, 1848, NULL),
(17, 1849, NULL),
(17, 1850, NULL),
(17, 1851, NULL),
(17, 1852, NULL),
(17, 1853, NULL),
(17, 1854, NULL),
(17, 1855, NULL),
(17, 1856, NULL),
(17, 1857, NULL),
(17, 1858, NULL),
(17, 1859, NULL),
(17, 1860, NULL),
(17, 1861, NULL),
(17, 1862, NULL),
(17, 1863, NULL),
(17, 1864, NULL),
(17, 1865, NULL),
(17, 1866, NULL),
(17, 1867, NULL),
(18, 1739, NULL),
(18, 1740, NULL),
(18, 1741, NULL),
(18, 1742, NULL),
(18, 1743, NULL),
(18, 1744, NULL),
(19, 1745, NULL),
(19, 1746, NULL),
(19, 1747, NULL),
(19, 1748, NULL),
(19, 1749, NULL),
(19, 1750, NULL),
(19, 1751, NULL),
(19, 1752, NULL),
(19, 1753, NULL),
(19, 1754, NULL),
(19, 1755, NULL),
(19, 1756, NULL),
(19, 1757, NULL),
(19, 1758, NULL),
(19, 1759, NULL),
(19, 1760, NULL),
(19, 1761, NULL),
(19, 1762, NULL),
(19, 1763, NULL),
(19, 1764, NULL),
(19, 1765, NULL),
(19, 1766, NULL),
(19, 1767, NULL),
(19, 1768, NULL),
(19, 1769, NULL),
(19, 1770, NULL),
(19, 1771, NULL),
(19, 1772, NULL),
(19, 1773, NULL),
(19, 1774, NULL),
(19, 1775, NULL),
(19, 1776, NULL),
(19, 1777, NULL),
(19, 1778, NULL),
(19, 1779, NULL),
(19, 1780, NULL),
(19, 1781, NULL),
(19, 1782, NULL),
(19, 1783, NULL),
(19, 1784, NULL),
(19, 1785, NULL),
(19, 1786, NULL),
(19, 1787, NULL),
(19, 1788, NULL),
(19, 1789, NULL),
(19, 1790, NULL),
(19, 1791, NULL),
(19, 1792, NULL),
(19, 1793, NULL),
(19, 1794, NULL),
(19, 1795, NULL),
(19, 1796, NULL),
(19, 1797, NULL),
(19, 1798, NULL),
(19, 1799, NULL),
(19, 1800, NULL),
(19, 1801, NULL),
(19, 1802, NULL),
(19, 1803, NULL),
(19, 1804, NULL),
(19, 1805, NULL),
(19, 1806, NULL),
(19, 1807, NULL),
(19, 1808, NULL),
(19, 1809, NULL),
(19, 1810, NULL),
(19, 1811, NULL),
(19, 1812, NULL),
(19, 1813, NULL),
(19, 1814, NULL),
(19, 1815, NULL),
(19, 1816, NULL),
(19, 1817, NULL),
(19, 1818, NULL),
(19, 1819, NULL),
(19, 1820, NULL),
(19, 1821, NULL),
(19, 1822, NULL),
(19, 1823, NULL),
(19, 1824, NULL),
(19, 1825, NULL),
(19, 1826, NULL),
(23, 1868, NULL),
(23, 1869, NULL),
(23, 1870, NULL),
(23, 1871, NULL),
(23, 1872, NULL),
(23, 1873, NULL),
(23, 1874, NULL),
(23, 1875, NULL),
(23, 1876, NULL),
(23, 1877, NULL),
(23, 1878, NULL),
(23, 1879, NULL),
(23, 1880, NULL),
(23, 1881, NULL),
(23, 1882, NULL),
(23, 1883, NULL),
(23, 1884, NULL),
(23, 1885, NULL),
(23, 1886, NULL),
(23, 1887, NULL),
(23, 1888, NULL),
(23, 1889, NULL),
(23, 1890, NULL),
(23, 1891, NULL),
(23, 1892, NULL),
(23, 1893, NULL),
(23, 1894, NULL),
(25, 1961, NULL),
(25, 1962, NULL),
(25, 1963, NULL),
(25, 1964, NULL),
(25, 1965, NULL),
(25, 1966, NULL),
(25, 1967, NULL),
(25, 1968, NULL),
(25, 1969, NULL),
(26, 1970, NULL),
(26, 1971, NULL),
(26, 1972, NULL),
(26, 1973, NULL),
(26, 1974, NULL),
(26, 1975, NULL),
(26, 1976, NULL),
(26, 1977, NULL),
(26, 1978, NULL),
(26, 1979, NULL),
(26, 1980, NULL),
(26, 1981, NULL),
(26, 1982, NULL),
(26, 1983, NULL),
(26, 1984, NULL),
(26, 1985, NULL),
(26, 1986, NULL),
(26, 1987, NULL),
(26, 1988, NULL),
(26, 1989, NULL),
(26, 1990, NULL),
(26, 1991, NULL),
(26, 1992, NULL),
(26, 1993, NULL),
(26, 1994, NULL),
(26, 1995, NULL),
(26, 1996, NULL),
(26, 1997, NULL),
(26, 1998, NULL),
(26, 1999, NULL),
(26, 2000, NULL),
(26, 2001, NULL),
(26, 2002, NULL),
(26, 2003, NULL),
(26, 2004, NULL),
(26, 2005, NULL),
(26, 2006, NULL),
(26, 2007, NULL),
(26, 2008, NULL),
(26, 2009, NULL),
(26, 2010, NULL),
(26, 2011, NULL),
(26, 2012, NULL),
(26, 2013, NULL),
(26, 2014, NULL),
(26, 2015, NULL),
(26, 2016, NULL),
(26, 2017, NULL),
(26, 2018, NULL),
(26, 2019, NULL),
(26, 2020, NULL),
(26, 2021, NULL),
(26, 2022, NULL),
(26, 2023, NULL),
(26, 2024, NULL),
(26, 2025, NULL),
(26, 2026, NULL),
(26, 2027, NULL),
(26, 2028, NULL),
(26, 2029, NULL),
(26, 2030, NULL),
(26, 2031, NULL),
(26, 2032, NULL),
(26, 2033, NULL),
(26, 2034, NULL),
(26, 2035, NULL),
(26, 2036, NULL),
(26, 2037, NULL),
(26, 2038, NULL),
(26, 2039, NULL),
(26, 2040, NULL),
(26, 2041, NULL),
(26, 2042, NULL),
(26, 2043, NULL),
(26, 2044, NULL),
(26, 2045, NULL),
(26, 2046, NULL),
(26, 2047, NULL),
(26, 2048, NULL),
(26, 2049, NULL),
(26, 2050, NULL),
(26, 2051, NULL),
(26, 2052, NULL),
(26, 2053, NULL),
(26, 2054, NULL),
(26, 2055, NULL),
(26, 2056, NULL),
(26, 2057, NULL),
(26, 2058, NULL),
(26, 2059, NULL),
(26, 2060, NULL),
(26, 2061, NULL),
(26, 2062, NULL),
(26, 2063, NULL),
(26, 2064, NULL),
(26, 2065, NULL),
(26, 2066, NULL),
(26, 2067, NULL),
(26, 2068, NULL),
(26, 2069, NULL),
(26, 2070, NULL),
(26, 2071, NULL),
(26, 2072, NULL),
(26, 2073, NULL),
(26, 2074, NULL),
(26, 2075, NULL),
(26, 2076, NULL),
(26, 2077, NULL),
(26, 2078, NULL),
(26, 2079, NULL),
(26, 2080, NULL),
(26, 2081, NULL),
(26, 2082, NULL),
(26, 2083, NULL),
(26, 2084, NULL),
(26, 2085, NULL),
(26, 2086, NULL),
(26, 2087, NULL),
(26, 2088, NULL),
(26, 2089, NULL),
(26, 2090, NULL),
(26, 2091, NULL),
(26, 2092, NULL),
(26, 2093, NULL),
(26, 2094, NULL),
(26, 2095, NULL),
(26, 2096, NULL),
(26, 2097, NULL),
(26, 2098, NULL),
(26, 2099, NULL),
(26, 2100, NULL),
(26, 2101, NULL),
(26, 2102, NULL),
(26, 2103, NULL),
(26, 2104, NULL),
(26, 2105, NULL),
(26, 2106, NULL),
(26, 2107, NULL),
(26, 2108, NULL),
(26, 2109, NULL),
(26, 2110, NULL),
(26, 2111, NULL),
(26, 2112, NULL),
(26, 2113, NULL),
(26, 2114, NULL),
(26, 2115, NULL),
(26, 2116, NULL),
(26, 2117, NULL),
(26, 2118, NULL),
(26, 2119, NULL),
(26, 2120, NULL),
(26, 2121, NULL),
(26, 2122, NULL),
(26, 2123, NULL),
(26, 2124, NULL),
(26, 2125, NULL),
(26, 2126, NULL),
(26, 2127, NULL),
(26, 2128, NULL),
(26, 2129, NULL),
(26, 2130, NULL),
(26, 2131, NULL),
(26, 2132, NULL),
(26, 2133, NULL),
(26, 2134, NULL),
(26, 2135, NULL),
(26, 2136, NULL),
(26, 2137, NULL),
(26, 2138, NULL),
(26, 2139, NULL),
(26, 2140, NULL),
(26, 2141, NULL),
(26, 2142, NULL),
(26, 2143, NULL),
(26, 2144, NULL),
(26, 2145, NULL),
(26, 2146, NULL),
(26, 2147, NULL),
(26, 2148, NULL),
(26, 2149, NULL),
(26, 2150, NULL),
(26, 2151, NULL),
(26, 2152, NULL),
(26, 2153, NULL),
(26, 2154, NULL),
(26, 2155, NULL),
(26, 2156, NULL),
(26, 2157, NULL),
(26, 2158, NULL),
(26, 2159, NULL),
(26, 2160, NULL),
(26, 2161, NULL),
(26, 2162, NULL),
(26, 2163, NULL),
(26, 2164, NULL),
(26, 2165, NULL),
(26, 2166, NULL),
(26, 2167, NULL),
(26, 2168, NULL),
(26, 2169, NULL),
(26, 2170, NULL),
(26, 2171, NULL),
(26, 2172, NULL),
(26, 2173, NULL),
(26, 2174, NULL),
(26, 2175, NULL),
(26, 2176, NULL),
(26, 2177, NULL),
(26, 2178, NULL),
(26, 2179, NULL),
(26, 2180, NULL),
(26, 2181, NULL),
(26, 2182, NULL),
(26, 2183, NULL),
(26, 2184, NULL),
(26, 2185, NULL),
(26, 2186, NULL),
(26, 2187, NULL),
(26, 2188, NULL),
(26, 2189, NULL),
(26, 2190, NULL),
(26, 2191, NULL),
(26, 2192, NULL),
(26, 2193, NULL),
(26, 2194, NULL),
(26, 2195, NULL),
(26, 2196, NULL),
(26, 2197, NULL),
(26, 2198, NULL),
(26, 2199, NULL),
(28, 1895, NULL),
(28, 1896, NULL),
(28, 1897, NULL),
(28, 1898, NULL),
(28, 1899, NULL),
(28, 1900, NULL),
(28, 1901, NULL),
(28, 1902, NULL),
(28, 1903, NULL),
(28, 1904, NULL),
(28, 1905, NULL),
(28, 1906, NULL),
(28, 1907, NULL),
(28, 1908, NULL),
(28, 1909, NULL),
(28, 1910, NULL),
(28, 1911, NULL),
(28, 1912, NULL),
(28, 1913, NULL),
(28, 1914, NULL),
(28, 1915, NULL),
(28, 1916, NULL),
(28, 1917, NULL),
(28, 1918, NULL),
(28, 1919, NULL),
(28, 1920, NULL),
(28, 1921, NULL),
(28, 1922, NULL),
(28, 1923, NULL),
(28, 1924, NULL),
(28, 1925, NULL),
(28, 1926, NULL),
(28, 1927, NULL),
(28, 1928, NULL),
(28, 1929, NULL),
(28, 1930, NULL),
(28, 1931, NULL),
(28, 1932, NULL),
(28, 1933, NULL),
(28, 1934, NULL),
(28, 1935, NULL),
(28, 1936, NULL),
(28, 1937, NULL),
(28, 1938, NULL),
(28, 1939, NULL),
(28, 1940, NULL),
(28, 1941, NULL),
(28, 1942, NULL),
(28, 1943, NULL),
(28, 1944, NULL),
(28, 1945, NULL),
(28, 1946, NULL),
(28, 1947, NULL),
(28, 1948, NULL),
(28, 1949, NULL),
(28, 1950, NULL),
(28, 1951, NULL),
(28, 1952, NULL),
(28, 1953, NULL),
(28, 1954, NULL),
(28, 1955, NULL),
(28, 1956, NULL),
(28, 1957, NULL),
(28, 1958, NULL),
(28, 1959, NULL),
(28, 1960, NULL),
(29, 2337, NULL),
(29, 2338, NULL),
(29, 2339, NULL),
(29, 2340, NULL),
(29, 2341, NULL),
(29, 2342, NULL),
(29, 2343, NULL),
(29, 2344, NULL),
(29, 2345, NULL),
(29, 2346, NULL),
(29, 2347, NULL),
(29, 2348, NULL),
(29, 2349, NULL),
(29, 2350, NULL),
(29, 2351, NULL),
(29, 2352, NULL),
(29, 2353, NULL),
(29, 2354, NULL),
(30, 2355, NULL),
(30, 2356, NULL),
(30, 2357, NULL),
(30, 2358, NULL),
(30, 2359, NULL),
(30, 2360, NULL),
(30, 2361, NULL),
(30, 2362, NULL),
(30, 2363, NULL),
(30, 2364, NULL),
(30, 2365, NULL),
(30, 2366, NULL),
(30, 2367, NULL),
(30, 2368, NULL),
(30, 2369, NULL),
(30, 2370, NULL),
(30, 2371, NULL),
(30, 2372, NULL),
(30, 2373, NULL),
(30, 2374, NULL),
(30, 2375, NULL),
(30, 2376, NULL),
(30, 2377, NULL),
(30, 2378, NULL),
(30, 2379, NULL),
(30, 2380, NULL),
(30, 2381, NULL),
(32, 2442, NULL),
(32, 2443, NULL),
(32, 2444, NULL),
(32, 2445, NULL),
(32, 2446, NULL),
(32, 2447, NULL),
(32, 2448, NULL),
(32, 2449, NULL),
(32, 2450, NULL),
(32, 2451, NULL),
(32, 2452, NULL),
(32, 2453, NULL),
(32, 2454, NULL),
(32, 2455, NULL),
(32, 2456, NULL),
(35, 2458, NULL),
(35, 2459, NULL),
(35, 2460, NULL),
(35, 2461, NULL),
(35, 2462, NULL),
(35, 2463, NULL),
(35, 2464, NULL),
(35, 2465, NULL),
(35, 2466, NULL),
(35, 2467, NULL),
(35, 2468, NULL),
(35, 2469, NULL),
(35, 2470, NULL),
(35, 2471, NULL),
(35, 2472, NULL),
(35, 2473, NULL),
(35, 2474, NULL),
(35, 2475, NULL),
(35, 2476, NULL),
(35, 2477, NULL),
(35, 2478, NULL),
(35, 2479, NULL),
(35, 2480, NULL),
(36, 2481, NULL),
(36, 2482, NULL),
(36, 2483, NULL),
(36, 2484, NULL),
(36, 2485, NULL),
(36, 2486, NULL),
(36, 2487, NULL),
(36, 2488, NULL),
(36, 2489, NULL),
(36, 2490, NULL),
(36, 2491, NULL),
(36, 2492, NULL),
(36, 2493, NULL),
(36, 2494, NULL),
(36, 2495, NULL),
(36, 2496, NULL),
(36, 2497, NULL),
(36, 2498, NULL),
(36, 2499, NULL),
(36, 2500, NULL),
(36, 2501, NULL),
(38, 2457, NULL),
(38, 2565, NULL),
(38, 2566, NULL),
(38, 2567, NULL),
(38, 2568, NULL),
(38, 2569, NULL),
(38, 2570, NULL),
(38, 2571, NULL),
(38, 2572, NULL),
(38, 2573, NULL),
(38, 2574, NULL),
(38, 2575, NULL),
(38, 2576, NULL),
(38, 2577, NULL),
(38, 2578, NULL),
(38, 2579, NULL),
(38, 2580, NULL),
(38, 2581, NULL),
(38, 2582, NULL),
(38, 2583, NULL),
(38, 2584, NULL),
(40, 2659, NULL),
(40, 2660, NULL),
(40, 2661, NULL),
(41, 2662, NULL),
(41, 2663, NULL),
(42, 2664, NULL),
(42, 2665, NULL),
(42, 2666, NULL),
(42, 2667, NULL),
(42, 2668, NULL),
(42, 2669, NULL),
(42, 2670, NULL),
(42, 2671, NULL),
(42, 2672, NULL),
(42, 2673, NULL),
(42, 2674, NULL),
(42, 2675, NULL),
(42, 2676, NULL),
(42, 2677, NULL),
(42, 2678, NULL),
(42, 2679, NULL),
(42, 2680, NULL),
(42, 2681, NULL),
(42, 2682, NULL),
(42, 2683, NULL),
(42, 2684, NULL),
(42, 2685, NULL),
(42, 2686, NULL),
(42, 2687, NULL),
(42, 2688, NULL),
(42, 2689, NULL),
(42, 2690, NULL),
(42, 2691, NULL);

-- --------------------------------------------------------

--
-- Structure de la table `llx_categorie_project`
--

CREATE TABLE IF NOT EXISTS `llx_categorie_project` (
  `fk_categorie` int(11) NOT NULL,
  `fk_project` int(11) NOT NULL,
  `import_key` varchar(14) COLLATE utf8_unicode_ci DEFAULT NULL,
  PRIMARY KEY (`fk_categorie`,`fk_project`),
  KEY `idx_categorie_project_fk_categorie` (`fk_categorie`),
  KEY `idx_categorie_project_fk_project` (`fk_project`)
) ENGINE=InnoDB DEFAULT CHARSET=utf8 COLLATE=utf8_unicode_ci;

-- --------------------------------------------------------

--
-- Structure de la table `llx_categorie_societe`
--

CREATE TABLE IF NOT EXISTS `llx_categorie_societe` (
  `fk_categorie` int(11) NOT NULL,
  `fk_soc` int(11) NOT NULL,
  `import_key` varchar(14) COLLATE utf8_unicode_ci DEFAULT NULL,
  PRIMARY KEY (`fk_categorie`,`fk_soc`),
  KEY `idx_categorie_societe_fk_categorie` (`fk_categorie`),
  KEY `idx_categorie_societe_fk_societe` (`fk_soc`)
) ENGINE=InnoDB DEFAULT CHARSET=utf8 COLLATE=utf8_unicode_ci;

-- --------------------------------------------------------

--
-- Structure de la table `llx_categorie_supplier_invoice`
--

CREATE TABLE IF NOT EXISTS `llx_categorie_supplier_invoice` (
  `fk_categorie` int(11) NOT NULL,
  `fk_supplier_invoice` int(11) NOT NULL,
  `import_key` varchar(14) COLLATE utf8_unicode_ci DEFAULT NULL,
  PRIMARY KEY (`fk_categorie`,`fk_supplier_invoice`),
  KEY `idx_categorie_supplier_invoice_fk_categorie` (`fk_categorie`),
  KEY `idx_categorie_supplier_invoice_fk_supplier_invoice` (`fk_supplier_invoice`)
) ENGINE=InnoDB DEFAULT CHARSET=utf8 COLLATE=utf8_unicode_ci;

-- --------------------------------------------------------

--
-- Structure de la table `llx_categorie_supplier_order`
--

CREATE TABLE IF NOT EXISTS `llx_categorie_supplier_order` (
  `fk_categorie` int(11) NOT NULL,
  `fk_supplier_order` int(11) NOT NULL,
  `import_key` varchar(14) COLLATE utf8_unicode_ci DEFAULT NULL,
  PRIMARY KEY (`fk_categorie`,`fk_supplier_order`),
  KEY `idx_categorie_supplier_order_fk_categorie` (`fk_categorie`),
  KEY `idx_categorie_supplier_order_fk_supplier_order` (`fk_supplier_order`)
) ENGINE=InnoDB DEFAULT CHARSET=utf8 COLLATE=utf8_unicode_ci;

-- --------------------------------------------------------

--
-- Structure de la table `llx_categorie_user`
--

CREATE TABLE IF NOT EXISTS `llx_categorie_user` (
  `fk_categorie` int(11) NOT NULL,
  `fk_user` int(11) NOT NULL,
  `import_key` varchar(14) COLLATE utf8_unicode_ci DEFAULT NULL,
  PRIMARY KEY (`fk_categorie`,`fk_user`),
  KEY `idx_categorie_user_fk_categorie` (`fk_categorie`),
  KEY `idx_categorie_user_fk_user` (`fk_user`)
) ENGINE=InnoDB DEFAULT CHARSET=utf8 COLLATE=utf8_unicode_ci;

-- --------------------------------------------------------

--
-- Structure de la table `llx_categorie_warehouse`
--

CREATE TABLE IF NOT EXISTS `llx_categorie_warehouse` (
  `fk_categorie` int(11) NOT NULL,
  `fk_warehouse` int(11) NOT NULL,
  `import_key` varchar(14) COLLATE utf8_unicode_ci DEFAULT NULL,
  PRIMARY KEY (`fk_categorie`,`fk_warehouse`),
  KEY `idx_categorie_warehouse_fk_categorie` (`fk_categorie`),
  KEY `idx_categorie_warehouse_fk_warehouse` (`fk_warehouse`)
) ENGINE=InnoDB DEFAULT CHARSET=utf8 COLLATE=utf8_unicode_ci;

-- --------------------------------------------------------

--
-- Structure de la table `llx_category_bank`
--

CREATE TABLE IF NOT EXISTS `llx_category_bank` (
  `rowid` int(11) NOT NULL AUTO_INCREMENT,
  `label` varchar(255) COLLATE utf8_unicode_ci DEFAULT NULL,
  `entity` int(11) NOT NULL DEFAULT '1',
  PRIMARY KEY (`rowid`)
) ENGINE=InnoDB DEFAULT CHARSET=utf8 COLLATE=utf8_unicode_ci;

-- --------------------------------------------------------

--
-- Structure de la table `llx_category_bankline`
--

CREATE TABLE IF NOT EXISTS `llx_category_bankline` (
  `lineid` int(11) NOT NULL,
  `fk_categ` int(11) NOT NULL,
  UNIQUE KEY `uk_category_bankline_lineid` (`lineid`,`fk_categ`)
) ENGINE=InnoDB DEFAULT CHARSET=utf8 COLLATE=utf8_unicode_ci;

-- --------------------------------------------------------

--
-- Structure de la table `llx_chargesociales`
--

CREATE TABLE IF NOT EXISTS `llx_chargesociales` (
  `rowid` int(11) NOT NULL AUTO_INCREMENT,
  `ref` varchar(16) COLLATE utf8_unicode_ci DEFAULT NULL,
  `date_ech` datetime NOT NULL,
  `libelle` varchar(80) COLLATE utf8_unicode_ci NOT NULL,
  `entity` int(11) NOT NULL DEFAULT '1',
  `tms` timestamp NULL DEFAULT CURRENT_TIMESTAMP ON UPDATE CURRENT_TIMESTAMP,
  `date_creation` datetime DEFAULT NULL,
  `date_valid` datetime DEFAULT NULL,
  `fk_user` int(11) DEFAULT NULL,
  `fk_user_author` int(11) DEFAULT NULL,
  `fk_user_modif` int(11) DEFAULT NULL,
  `fk_user_valid` int(11) DEFAULT NULL,
  `fk_type` int(11) NOT NULL,
  `fk_account` int(11) DEFAULT NULL,
  `fk_mode_reglement` int(11) DEFAULT NULL,
  `amount` double(24,8) NOT NULL DEFAULT '0.00000000',
  `paye` smallint(6) NOT NULL DEFAULT '0',
  `periode` date DEFAULT NULL,
  `fk_projet` int(11) DEFAULT NULL,
  `note_private` text COLLATE utf8_unicode_ci,
  `note_public` text COLLATE utf8_unicode_ci,
  `import_key` varchar(14) COLLATE utf8_unicode_ci DEFAULT NULL,
  PRIMARY KEY (`rowid`),
  KEY `idx_chargesociales_fk_type` (`fk_type`),
  KEY `idx_chargesociales_fk_account` (`fk_account`),
  KEY `idx_chargesociales_fk_mode_reglement` (`fk_mode_reglement`),
  KEY `idx_chargesociales_fk_user_author` (`fk_user_author`),
  KEY `idx_chargesociales_fk_user_modif` (`fk_user_modif`),
  KEY `idx_chargesociales_fk_user_valid` (`fk_user_valid`),
  KEY `idx_chargesociales_fk_projet` (`fk_projet`),
  KEY `idx_chargesociales_fk_user` (`fk_user`)
) ENGINE=InnoDB DEFAULT CHARSET=utf8 COLLATE=utf8_unicode_ci;

-- --------------------------------------------------------

--
-- Structure de la table `llx_commande`
--

CREATE TABLE IF NOT EXISTS `llx_commande` (
  `rowid` int(11) NOT NULL AUTO_INCREMENT,
  `ref` varchar(30) COLLATE utf8_unicode_ci NOT NULL,
  `entity` int(11) NOT NULL DEFAULT '1',
  `ref_ext` varchar(255) COLLATE utf8_unicode_ci DEFAULT NULL,
  `ref_client` varchar(255) COLLATE utf8_unicode_ci DEFAULT NULL,
  `fk_soc` int(11) NOT NULL,
  `fk_projet` int(11) DEFAULT NULL,
  `tms` timestamp NULL DEFAULT CURRENT_TIMESTAMP ON UPDATE CURRENT_TIMESTAMP,
  `date_creation` datetime DEFAULT NULL,
  `date_valid` datetime DEFAULT NULL,
  `date_cloture` datetime DEFAULT NULL,
  `date_commande` date DEFAULT NULL,
  `fk_user_author` int(11) DEFAULT NULL,
  `fk_user_modif` int(11) DEFAULT NULL,
  `fk_user_valid` int(11) DEFAULT NULL,
  `fk_user_cloture` int(11) DEFAULT NULL,
  `source` smallint(6) DEFAULT NULL,
  `fk_statut` smallint(6) DEFAULT '0',
  `amount_ht` double(24,8) DEFAULT '0.00000000',
  `remise_percent` double DEFAULT '0',
  `remise_absolue` double DEFAULT '0',
  `remise` double DEFAULT '0',
  `total_tva` double(24,8) DEFAULT '0.00000000',
  `localtax1` double(24,8) DEFAULT '0.00000000',
  `localtax2` double(24,8) DEFAULT '0.00000000',
  `revenuestamp` double(24,8) DEFAULT '0.00000000',
  `total_ht` double(24,8) DEFAULT '0.00000000',
  `total_ttc` double(24,8) DEFAULT '0.00000000',
  `signed_status` smallint(6) DEFAULT NULL,
  `note_private` text COLLATE utf8_unicode_ci,
  `note_public` text COLLATE utf8_unicode_ci,
  `model_pdf` varchar(255) COLLATE utf8_unicode_ci DEFAULT NULL,
  `last_main_doc` varchar(255) COLLATE utf8_unicode_ci DEFAULT NULL,
  `module_source` varchar(32) COLLATE utf8_unicode_ci DEFAULT NULL,
  `pos_source` varchar(32) COLLATE utf8_unicode_ci DEFAULT NULL,
  `facture` tinyint(4) DEFAULT '0',
  `fk_account` int(11) DEFAULT NULL,
  `fk_currency` varchar(3) COLLATE utf8_unicode_ci DEFAULT NULL,
  `fk_cond_reglement` int(11) DEFAULT NULL,
  `deposit_percent` varchar(63) COLLATE utf8_unicode_ci DEFAULT NULL,
  `fk_mode_reglement` int(11) DEFAULT NULL,
  `date_livraison` datetime DEFAULT NULL,
  `fk_shipping_method` int(11) DEFAULT NULL,
  `fk_warehouse` int(11) DEFAULT NULL,
  `fk_availability` int(11) DEFAULT NULL,
  `fk_input_reason` int(11) DEFAULT NULL,
  `fk_delivery_address` int(11) DEFAULT NULL,
  `fk_incoterms` int(11) DEFAULT NULL,
  `location_incoterms` varchar(255) COLLATE utf8_unicode_ci DEFAULT NULL,
  `import_key` varchar(14) COLLATE utf8_unicode_ci DEFAULT NULL,
  `extraparams` varchar(255) COLLATE utf8_unicode_ci DEFAULT NULL,
  `fk_multicurrency` int(11) DEFAULT NULL,
  `multicurrency_code` varchar(3) COLLATE utf8_unicode_ci DEFAULT NULL,
  `multicurrency_tx` double(24,8) DEFAULT '1.00000000',
  `multicurrency_total_ht` double(24,8) DEFAULT '0.00000000',
  `multicurrency_total_tva` double(24,8) DEFAULT '0.00000000',
  `multicurrency_total_ttc` double(24,8) DEFAULT '0.00000000',
  `site` int(11) DEFAULT NULL,
  `domaine` int(11) DEFAULT NULL,
  `fk_typeact` int(11) DEFAULT NULL,
  `fk_achat` int(11) DEFAULT NULL,
  `date_emission` datetime DEFAULT NULL,
  `date_souhaite` datetime DEFAULT NULL,
  `poste_budgetaire` varchar(255) COLLATE utf8_unicode_ci DEFAULT NULL,
  `type` int(11) DEFAULT NULL,
  `fk_user_valid2` int(11) DEFAULT NULL,
  `fk_user_valid3` int(11) DEFAULT NULL,
  `fk_user_valid4` int(11) DEFAULT NULL,
  `periode_souhaite` varchar(255) COLLATE utf8_unicode_ci DEFAULT NULL,
  `date_valid2` date DEFAULT NULL,
  `date_valid3` date DEFAULT NULL,
  `date_valid4` date DEFAULT NULL,
  `num_devis` varchar(255) COLLATE utf8_unicode_ci DEFAULT NULL,
  `num_contrat` varchar(255) COLLATE utf8_unicode_ci DEFAULT NULL,
  `objet` varchar(255) COLLATE utf8_unicode_ci DEFAULT NULL,
  `fk_affectation` int(11) DEFAULT NULL,
  PRIMARY KEY (`rowid`),
  UNIQUE KEY `uk_commande_ref` (`ref`,`entity`),
  KEY `idx_commande_fk_soc` (`fk_soc`),
  KEY `idx_commande_fk_user_author` (`fk_user_author`),
  KEY `idx_commande_fk_user_valid` (`fk_user_valid`),
  KEY `idx_commande_fk_user_cloture` (`fk_user_cloture`),
  KEY `idx_commande_fk_projet` (`fk_projet`),
  KEY `idx_commande_fk_account` (`fk_account`),
  KEY `idx_commande_fk_currency` (`fk_currency`)
) ENGINE=InnoDB AUTO_INCREMENT=27 DEFAULT CHARSET=utf8 COLLATE=utf8_unicode_ci;

--
-- Déchargement des données de la table `llx_commande`
--

INSERT INTO `llx_commande` (`rowid`, `ref`, `entity`, `ref_ext`, `ref_client`, `fk_soc`, `fk_projet`, `tms`, `date_creation`, `date_valid`, `date_cloture`, `date_commande`, `fk_user_author`, `fk_user_modif`, `fk_user_valid`, `fk_user_cloture`, `source`, `fk_statut`, `amount_ht`, `remise_percent`, `remise_absolue`, `remise`, `total_tva`, `localtax1`, `localtax2`, `revenuestamp`, `total_ht`, `total_ttc`, `signed_status`, `note_private`, `note_public`, `model_pdf`, `last_main_doc`, `module_source`, `pos_source`, `facture`, `fk_account`, `fk_currency`, `fk_cond_reglement`, `deposit_percent`, `fk_mode_reglement`, `date_livraison`, `fk_shipping_method`, `fk_warehouse`, `fk_availability`, `fk_input_reason`, `fk_delivery_address`, `fk_incoterms`, `location_incoterms`, `import_key`, `extraparams`, `fk_multicurrency`, `multicurrency_code`, `multicurrency_tx`, `multicurrency_total_ht`, `multicurrency_total_tva`, `multicurrency_total_ttc`, `site`, `domaine`, `fk_typeact`, `fk_achat`, `date_emission`, `date_souhaite`, `poste_budgetaire`, `type`, `fk_user_valid2`, `fk_user_valid3`, `fk_user_valid4`, `periode_souhaite`, `date_valid2`, `date_valid3`, `date_valid4`, `num_devis`, `num_contrat`, `objet`, `fk_affectation`) VALUES
(4, 'DA25000001', 1, NULL, NULL, 693, NULL, '2025-11-13 07:33:55', '2025-11-12 18:57:25', '2025-11-12 18:58:00', NULL, '2025-11-12', 7, 7, 7, NULL, NULL, 6, 0.00000000, 0, 0, 0, 0.00000000, 0.00000000, 0.00000000, 0.00000000, 0.00000000, 0.00000000, NULL, '', '', 'eratosthene', 'commande/DA25000001/DA25000001.pdf', NULL, NULL, 0, NULL, NULL, NULL, NULL, NULL, NULL, NULL, NULL, NULL, NULL, NULL, 0, '', NULL, NULL, 0, 'XOF', 1.00000000, 0.00000000, 0.00000000, 0.00000000, 16, 1, 2, 1, '2025-11-12 00:00:00', '2025-11-14 00:00:00', NULL, 0, 7, 7, 7, NULL, '2025-11-12', '2025-11-12', '2025-11-13', NULL, NULL, NULL, NULL),
(5, 'DA25000002', 1, NULL, NULL, 1, NULL, '2026-01-05 10:42:34', '2025-11-13 08:58:11', '2025-11-13 08:58:58', NULL, '2025-11-13', 7, 7, 7, NULL, NULL, 5, 0.00000000, 0, 0, 0, 0.00000000, 0.00000000, 0.00000000, 0.00000000, 0.00000000, 0.00000000, NULL, '', '', 'eratosthene', 'commande/DA25000002/DA25000002.pdf', NULL, NULL, 0, NULL, NULL, NULL, NULL, NULL, NULL, NULL, NULL, NULL, NULL, NULL, 0, '', NULL, NULL, 0, 'XOF', 1.00000000, 0.00000000, 0.00000000, 0.00000000, 19, 1, 5, NULL, '2025-11-13 00:00:00', NULL, NULL, 2, NULL, 7, NULL, '14/11/2025', NULL, '2025-11-13', NULL, NULL, NULL, NULL, NULL),
(6, 'DA25000003', 1, NULL, NULL, 693, NULL, '2025-11-14 14:21:26', '2025-11-13 16:43:06', '2025-11-13 16:43:56', NULL, '2025-11-13', 7, 7, 7, NULL, NULL, 6, 0.00000000, 0, 0, 0, 0.00000000, 0.00000000, 0.00000000, 0.00000000, 0.00000000, 0.00000000, NULL, '', '', 'eratosthene', 'commande/DA25000003/DA25000003.pdf', NULL, NULL, 0, NULL, NULL, NULL, NULL, NULL, NULL, NULL, NULL, NULL, NULL, NULL, 0, '', NULL, NULL, 0, 'XOF', 1.00000000, 0.00000000, 0.00000000, 0.00000000, 16, 2, 2, 1, '2025-11-13 16:00:00', '2025-11-17 10:00:00', NULL, 0, 7, 7, 7, NULL, '2025-11-13', '2025-11-13', '2025-11-13', NULL, NULL, NULL, NULL),
(7, 'DA25000004', 1, NULL, NULL, 131, NULL, '2025-11-22 21:25:38', '2025-11-22 20:53:58', '2025-11-22 20:54:59', NULL, '2025-11-22', 7, 7, 7, NULL, NULL, 6, 0.00000000, 0, 0, 0, 0.00000000, 0.00000000, 0.00000000, 0.00000000, 0.00000000, 0.00000000, NULL, '', '', 'eratosthene', 'commande/DA25000004/DA25000004.pdf', NULL, NULL, 0, NULL, NULL, NULL, NULL, NULL, NULL, NULL, NULL, NULL, NULL, NULL, 0, '', NULL, NULL, 0, 'XOF', 1.00000000, 0.00000000, 0.00000000, 0.00000000, 10, 2, 1, NULL, '2025-11-22 20:00:00', '2025-11-25 00:00:00', NULL, 0, 7, 7, 7, NULL, '2025-11-22', '2025-11-22', '2025-11-22', NULL, NULL, NULL, NULL),
(8, 'DA25000005', 1, NULL, NULL, 131, NULL, '2025-11-28 16:49:52', '2025-11-28 16:47:37', '2025-11-28 16:48:41', NULL, '2025-11-28', 7, 7, 7, NULL, NULL, 6, 0.00000000, 0, 0, 0, 0.00000000, 0.00000000, 0.00000000, 0.00000000, 0.00000000, 0.00000000, NULL, '', '', '', 'commande/DA25000005/DA25000005.pdf', NULL, NULL, 0, NULL, NULL, NULL, NULL, NULL, NULL, NULL, NULL, NULL, NULL, NULL, 0, '', NULL, NULL, 0, 'XOF', 1.00000000, 0.00000000, 0.00000000, 0.00000000, 9, 2, 2, 1, '2025-11-28 00:00:00', '2025-12-02 10:00:00', NULL, 0, 7, 7, 7, NULL, '2025-11-28', '2025-11-28', '2025-11-28', NULL, NULL, NULL, NULL),
(9, 'DA25000006', 1, NULL, NULL, 1, NULL, '2025-12-05 14:19:45', '2025-12-05 13:55:25', '2025-12-05 13:56:58', NULL, '2025-12-05', 7, 7, 7, NULL, NULL, 5, 0.00000000, 0, 0, 0, 0.00000000, 0.00000000, 0.00000000, 0.00000000, 0.00000000, 0.00000000, NULL, '', '', '', 'commande/DA25000006/DA25000006.pdf', NULL, NULL, 0, NULL, NULL, NULL, NULL, NULL, NULL, NULL, NULL, NULL, NULL, NULL, 0, '', NULL, NULL, 0, 'XOF', 1.00000000, 0.00000000, 0.00000000, 0.00000000, 19, 1, 5, 2, '2025-12-05 00:00:00', '2025-12-09 00:00:00', NULL, 1, NULL, 7, NULL, NULL, NULL, '2025-12-05', NULL, NULL, NULL, 'ACHAT DE CONDENSATEUR', 5),
(10, 'DA25000007', 1, NULL, NULL, 110, NULL, '2025-12-06 18:35:34', '2025-12-06 18:33:35', '2025-12-06 18:35:34', NULL, '2025-12-06', 7, 7, 7, NULL, NULL, 1, 0.00000000, 0, 0, 0, 0.00000000, 0.00000000, 0.00000000, 0.00000000, 0.00000000, 0.00000000, NULL, '', '', '', 'commande/DA25000007/DA25000007.pdf', NULL, NULL, 0, NULL, NULL, NULL, NULL, NULL, NULL, NULL, NULL, NULL, NULL, NULL, 0, '', NULL, NULL, 0, 'XOF', 1.00000000, 0.00000000, 0.00000000, 0.00000000, 14, 2, 2, 2, '2025-12-08 00:00:00', '2025-12-09 00:00:00', NULL, 0, NULL, NULL, NULL, NULL, NULL, NULL, NULL, '3', NULL, NULL, NULL),
(11, 'DA25000008', 1, NULL, NULL, 110, NULL, '2025-12-16 18:45:33', '2025-12-08 12:17:43', '2025-12-08 12:18:11', NULL, '2025-12-08', 34, 34, 34, NULL, NULL, 4, 0.00000000, 0, 0, 0, 0.00000000, 0.00000000, 0.00000000, 0.00000000, 0.00000000, 0.00000000, NULL, '', '', '', 'commande/DA25000008/DA25000008.pdf', NULL, NULL, 0, NULL, NULL, NULL, NULL, NULL, NULL, NULL, NULL, NULL, NULL, NULL, 0, '', NULL, NULL, 0, 'XOF', 1.00000000, 0.00000000, 0.00000000, 0.00000000, 14, 3, 2, 1, '2025-12-08 12:00:00', '2025-12-10 10:00:00', NULL, 0, 7, NULL, NULL, NULL, '2025-12-16', NULL, NULL, '3', NULL, NULL, NULL),
(12, 'DA25000009', 1, NULL, NULL, 1, NULL, '2025-12-08 13:24:45', '2025-12-08 13:24:17', '2025-12-08 13:24:45', NULL, '2025-12-08', 7, 7, 7, NULL, NULL, 1, 0.00000000, 0, 0, 0, 0.00000000, 0.00000000, 0.00000000, 0.00000000, 0.00000000, 0.00000000, NULL, '', '', '', 'commande/DA25000009/DA25000009.pdf', NULL, NULL, 0, NULL, NULL, NULL, NULL, NULL, NULL, NULL, NULL, NULL, NULL, NULL, 0, '', NULL, NULL, 0, 'XOF', 1.00000000, 0.00000000, 0.00000000, 0.00000000, 19, 1, 2, 1, '2025-12-08 13:00:00', '2025-12-10 00:00:00', NULL, 1, NULL, NULL, NULL, NULL, NULL, NULL, NULL, NULL, NULL, NULL, 5),
(13, 'DA25000010', 1, NULL, NULL, 110, NULL, '2025-12-19 15:30:00', '2025-12-19 15:27:54', '2025-12-19 15:28:37', NULL, '2025-12-19', 7, 7, 7, NULL, NULL, 6, 0.00000000, 0, 0, 0, 0.00000000, 0.00000000, 0.00000000, 0.00000000, 0.00000000, 0.00000000, NULL, '', '', '', 'commande/DA25000010/DA25000010.pdf', NULL, NULL, 0, NULL, NULL, NULL, NULL, NULL, NULL, NULL, NULL, NULL, NULL, NULL, 0, '', NULL, NULL, 0, 'XOF', 1.00000000, 0.00000000, 0.00000000, 0.00000000, 13, 1, 2, 1, '2025-12-19 00:00:00', '2025-12-23 10:00:00', NULL, 0, 7, 7, 7, NULL, '2025-12-19', '2025-12-19', '2025-12-19', NULL, NULL, NULL, NULL),
(14, 'DA25000011', 1, NULL, NULL, 105, NULL, '2025-12-24 14:19:04', '2025-12-24 14:15:42', '2025-12-24 14:17:17', NULL, '2025-12-24', 7, 7, 7, NULL, NULL, 3, 0.00000000, 0, 0, 0, 0.00000000, 0.00000000, 0.00000000, 0.00000000, 0.00000000, 0.00000000, NULL, '', '', '', 'commande/DA25000011/DA25000011.pdf', NULL, NULL, 0, NULL, NULL, NULL, NULL, NULL, NULL, NULL, NULL, NULL, NULL, NULL, 0, '', NULL, NULL, 0, 'XOF', 1.00000000, 0.00000000, 0.00000000, 0.00000000, 26, 1, 2, 1, '2025-12-24 14:00:00', '2025-12-27 00:00:00', NULL, 0, 7, 7, 7, NULL, '2025-12-24', '2025-12-24', '2025-12-24', NULL, NULL, NULL, NULL),
(15, 'DA25000012', 1, NULL, NULL, 110, NULL, '2025-12-26 11:00:09', '2025-12-26 10:22:20', '2025-12-26 10:25:33', NULL, '2025-12-26', 7, 7, 7, NULL, NULL, 3, 0.00000000, 0, 0, 0, 0.00000000, 0.00000000, 0.00000000, 0.00000000, 0.00000000, 0.00000000, NULL, '', '', '', 'commande/DA25000012/DA25000012.pdf', NULL, NULL, 0, NULL, NULL, NULL, NULL, NULL, NULL, NULL, NULL, NULL, NULL, NULL, 0, '', NULL, NULL, 0, 'XOF', 1.00000000, 0.00000000, 0.00000000, 0.00000000, 14, 1, 2, 1, '2025-12-26 10:00:00', '2025-12-30 10:00:00', NULL, 0, 7, 7, 7, NULL, '2025-12-26', '2025-12-26', '2025-12-26', '3', NULL, NULL, NULL),
(16, '(PROV16)', 1, NULL, NULL, 1, NULL, '2025-12-26 11:08:00', '2025-12-26 11:07:08', NULL, NULL, '2025-12-26', 7, NULL, NULL, NULL, NULL, 0, 0.00000000, 0, 0, 0, 0.00000000, 0.00000000, 0.00000000, 0.00000000, 0.00000000, 0.00000000, NULL, '', '', '', NULL, NULL, NULL, 0, NULL, NULL, NULL, NULL, NULL, NULL, NULL, NULL, NULL, NULL, NULL, 0, '', NULL, NULL, 0, 'XOF', 1.00000000, 0.00000000, 0.00000000, 0.00000000, 19, 2, 2, 1, '2025-12-26 11:00:00', '2025-12-31 00:00:00', NULL, 1, NULL, NULL, NULL, NULL, NULL, NULL, NULL, NULL, NULL, NULL, 3),
(17, 'DA25000013', 1, NULL, NULL, 1, NULL, '2025-12-28 20:25:59', '2025-12-26 11:10:20', '2025-12-26 11:13:49', NULL, '2025-12-26', 7, 7, 7, NULL, NULL, -1, 0.00000000, 0, 0, 0, 0.00000000, 0.00000000, 0.00000000, 0.00000000, 0.00000000, 0.00000000, NULL, 'Prière revoir le montant car cela n\'est pas conforme au devis.', '', 'eratosthene', 'commande/DA25000013/DA25000013.pdf', NULL, NULL, 0, NULL, NULL, NULL, NULL, NULL, NULL, NULL, NULL, NULL, NULL, NULL, 0, '', NULL, NULL, 0, 'XOF', 1.00000000, 0.00000000, 0.00000000, 0.00000000, 19, 17, 1, NULL, '2025-12-26 11:00:00', NULL, NULL, 2, NULL, NULL, NULL, '31/12/2025', NULL, NULL, NULL, NULL, NULL, NULL, 1),
(18, '(PROV18)', 1, NULL, NULL, 2, NULL, '2025-12-26 11:17:57', '2025-12-26 11:17:43', NULL, NULL, '2025-12-26', 7, NULL, NULL, NULL, NULL, 0, 0.00000000, 0, 0, 0, 0.00000000, 0.00000000, 0.00000000, 0.00000000, 0.00000000, 0.00000000, NULL, '', '', '', 'commande/(PROV18)/(PROV18).pdf', NULL, NULL, 0, NULL, NULL, NULL, NULL, NULL, NULL, NULL, NULL, NULL, NULL, NULL, 0, '', NULL, NULL, 0, 'XOF', 1.00000000, 0.00000000, 0.00000000, 0.00000000, 1, 7, 2, NULL, '2025-12-26 11:00:00', NULL, NULL, 3, NULL, NULL, NULL, '30/12/2025', NULL, NULL, NULL, NULL, NULL, NULL, NULL),
(19, 'DA25000014', 1, NULL, NULL, 110, NULL, '2025-12-29 14:56:11', '2025-12-29 14:44:09', '2025-12-29 14:44:47', NULL, '2025-12-29', 7, 7, 7, NULL, NULL, 6, 0.00000000, 0, 0, 0, 0.00000000, 0.00000000, 0.00000000, 0.00000000, 0.00000000, 0.00000000, NULL, 'Prière revoir la quantité demandée car je pense qu\'on pourrais utiliser seulement que 2.', '', '', 'commande/DA25000014/DA25000014.pdf', NULL, NULL, 0, NULL, NULL, NULL, NULL, NULL, NULL, NULL, NULL, NULL, NULL, NULL, 0, '', NULL, NULL, 0, 'XOF', 1.00000000, 0.00000000, 0.00000000, 0.00000000, 14, 1, 2, 1, '2025-12-29 14:00:00', '2025-12-31 10:00:00', NULL, 0, 7, 7, 7, NULL, '2025-12-29', '2025-12-29', '2025-12-29', '3', NULL, NULL, NULL),
(20, 'DA25000015', 1, NULL, NULL, 110, NULL, '2025-12-29 16:27:01', '2025-12-29 16:20:21', '2025-12-29 16:23:15', NULL, '2025-12-29', 7, 7, 7, NULL, NULL, 6, 0.00000000, 0, 0, 0, 0.00000000, 0.00000000, 0.00000000, 0.00000000, 0.00000000, 0.00000000, NULL, '', '', '', 'commande/DA25000015/DA25000015.pdf', NULL, NULL, 0, NULL, NULL, NULL, NULL, NULL, NULL, NULL, NULL, NULL, NULL, NULL, 0, '', NULL, NULL, 0, 'XOF', 1.00000000, 0.00000000, 0.00000000, 0.00000000, 14, 1, 2, 1, '2025-12-29 16:00:00', '2025-12-31 10:00:00', NULL, 0, 7, 7, 7, NULL, '2025-12-29', '2025-12-29', '2025-12-29', '3', NULL, NULL, NULL),
(21, 'DA25000016', 1, NULL, NULL, 105, NULL, '2025-12-29 16:38:17', '2025-12-29 16:33:42', '2025-12-29 16:37:35', NULL, '2025-12-29', 7, 7, 7, NULL, NULL, 6, 0.00000000, 0, 0, 0, 0.00000000, 0.00000000, 0.00000000, 0.00000000, 0.00000000, 0.00000000, NULL, '', 'Prière revoir la quantité demandée.', '', 'commande/DA25000016/DA25000016.pdf', NULL, NULL, 0, NULL, NULL, NULL, NULL, NULL, NULL, NULL, NULL, NULL, NULL, NULL, 0, '', NULL, NULL, 0, 'XOF', 1.00000000, 0.00000000, 0.00000000, 0.00000000, 25, 3, 1, 1, '2025-12-29 16:00:00', '2025-12-31 09:00:00', NULL, 0, 7, 7, 7, NULL, '2025-12-29', '2025-12-29', '2025-12-29', NULL, '3', NULL, NULL),
(22, 'DA25000017', 1, NULL, NULL, 1, NULL, '2025-12-29 16:44:08', '2025-12-29 16:41:25', '2025-12-29 16:43:03', NULL, '2025-12-29', 7, 7, 7, NULL, NULL, 6, 0.00000000, 0, 0, 0, 0.00000000, 0.00000000, 0.00000000, 0.00000000, 0.00000000, 0.00000000, NULL, '', '', '', 'commande/DA25000017/DA25000017.pdf', NULL, NULL, 0, NULL, NULL, NULL, NULL, NULL, NULL, NULL, NULL, NULL, NULL, NULL, 0, '', NULL, NULL, 0, 'XOF', 1.00000000, 0.00000000, 0.00000000, 0.00000000, 19, 17, 5, 3, '2025-12-29 16:00:00', '2025-12-31 00:00:00', NULL, 1, NULL, 7, 7, NULL, NULL, '2025-12-29', '2025-12-29', NULL, NULL, 'ACHAT D\'IMPRIMANTE', 7),
(23, 'DA25000018', 1, NULL, NULL, 110, NULL, '2026-01-07 15:30:49', '2025-12-29 16:52:14', '2025-12-29 16:52:50', NULL, '2025-12-29', 29, 29, 29, NULL, NULL, 4, 0.00000000, 0, 0, 0, 0.00000000, 0.00000000, 0.00000000, 0.00000000, 0.00000000, 0.00000000, NULL, '', '', 'eratosthene', 'commande/DA25000018/DA25000018.pdf', NULL, NULL, 0, NULL, NULL, NULL, NULL, NULL, NULL, NULL, NULL, NULL, NULL, NULL, 0, '', NULL, NULL, 0, 'XOF', 1.00000000, 0.00000000, 0.00000000, 0.00000000, 3, 2, 2, 1, '2025-12-29 16:00:00', '2025-12-31 00:00:00', NULL, 0, 1, NULL, NULL, NULL, '2026-01-07', NULL, NULL, '3', NULL, NULL, NULL),
(24, 'DA25000019', 1, NULL, NULL, 1, NULL, '2026-01-07 11:25:25', '2025-12-30 15:04:45', '2025-12-30 15:05:36', NULL, '2025-12-30', 7, 7, 7, NULL, NULL, 5, 0.00000000, 0, 0, 0, 0.00000000, 0.00000000, 0.00000000, 0.00000000, 0.00000000, 0.00000000, NULL, '', '', 'eratosthene', 'commande/DA25000019/DA25000019.pdf', NULL, NULL, 0, NULL, NULL, NULL, NULL, NULL, NULL, NULL, NULL, NULL, NULL, NULL, 0, '', NULL, NULL, 0, 'XOF', 1.00000000, 0.00000000, 0.00000000, 0.00000000, 19, 1, 2, NULL, '2025-12-30 15:00:00', NULL, NULL, 2, NULL, 7, NULL, '05/01/2026', NULL, '2026-01-07', NULL, NULL, NULL, NULL, 1),
(25, 'DA25000020', 1, NULL, NULL, 1, NULL, '2026-01-05 10:40:54', '2025-12-31 09:25:50', '2025-12-31 09:26:51', NULL, '2025-12-31', 7, 1, 7, NULL, NULL, 0, 0.00000000, 0, 0, 0, 0.00000000, 0.00000000, 0.00000000, 0.00000000, 0.00000000, 0.00000000, NULL, '', '', 'eratosthene', 'commande/DA25000020/DA25000020.pdf', NULL, NULL, 0, NULL, NULL, NULL, NULL, NULL, NULL, NULL, NULL, NULL, NULL, NULL, 0, '', NULL, NULL, 0, 'XOF', 1.00000000, 0.00000000, 0.00000000, 0.00000000, 19, 1, 2, NULL, '2025-12-31 09:00:00', NULL, NULL, 2, NULL, NULL, NULL, '05/01/2026', NULL, NULL, NULL, NULL, NULL, NULL, 1),
(26, '(PROV26)', 1, NULL, NULL, 104, NULL, '2026-01-06 12:06:28', '2026-01-06 12:05:46', NULL, NULL, '2026-01-06', 7, NULL, NULL, NULL, NULL, 0, 0.00000000, 0, 0, 0, 0.00000000, 0.00000000, 0.00000000, 0.00000000, 0.00000000, 0.00000000, NULL, '', '', '', 'commande/(PROV26)/(PROV26).pdf', NULL, NULL, 0, NULL, NULL, NULL, NULL, NULL, NULL, NULL, NULL, NULL, NULL, NULL, 0, '', NULL, NULL, 0, 'XOF', 1.00000000, 0.00000000, 0.00000000, 0.00000000, 86, 2, 2, NULL, '2026-01-06 12:00:00', NULL, NULL, 3, NULL, NULL, NULL, '10/01/2026', NULL, NULL, NULL, NULL, NULL, NULL, NULL);

-- --------------------------------------------------------

--
-- Structure de la table `llx_commandedet`
--

CREATE TABLE IF NOT EXISTS `llx_commandedet` (
  `rowid` int(11) NOT NULL AUTO_INCREMENT,
  `fk_commande` int(11) NOT NULL,
  `fk_parent_line` int(11) DEFAULT NULL,
  `fk_product` int(11) DEFAULT NULL,
  `label` varchar(255) COLLATE utf8_unicode_ci DEFAULT NULL,
  `description` text COLLATE utf8_unicode_ci,
  `vat_src_code` varchar(10) COLLATE utf8_unicode_ci DEFAULT '',
  `tva_tx` double(7,4) DEFAULT NULL,
  `localtax1_tx` double(7,4) DEFAULT '0.0000',
  `localtax1_type` varchar(10) COLLATE utf8_unicode_ci DEFAULT NULL,
  `localtax2_tx` double(7,4) DEFAULT '0.0000',
  `localtax2_type` varchar(10) COLLATE utf8_unicode_ci DEFAULT NULL,
  `qty` double DEFAULT NULL,
  `remise_percent` double DEFAULT '0',
  `remise` double DEFAULT '0',
  `fk_remise_except` int(11) DEFAULT NULL,
  `price` double DEFAULT NULL,
  `subprice` double(24,8) DEFAULT '0.00000000',
  `subprice_ttc` double(24,8) DEFAULT '0.00000000',
  `total_ht` double(24,8) DEFAULT '0.00000000',
  `total_tva` double(24,8) DEFAULT '0.00000000',
  `total_localtax1` double(24,8) DEFAULT '0.00000000',
  `total_localtax2` double(24,8) DEFAULT '0.00000000',
  `total_ttc` double(24,8) DEFAULT '0.00000000',
  `product_type` int(11) DEFAULT '0',
  `date_start` datetime DEFAULT NULL,
  `date_end` datetime DEFAULT NULL,
  `info_bits` int(11) DEFAULT '0',
  `buy_price_ht` double(24,8) DEFAULT '0.00000000',
  `fk_product_fournisseur_price` int(11) DEFAULT NULL,
  `special_code` int(11) DEFAULT '0',
  `rang` int(11) DEFAULT '0',
  `fk_unit` int(11) DEFAULT NULL,
  `import_key` varchar(14) COLLATE utf8_unicode_ci DEFAULT NULL,
  `ref_ext` varchar(255) COLLATE utf8_unicode_ci DEFAULT NULL,
  `fk_commandefourndet` int(11) DEFAULT NULL,
  `fk_multicurrency` int(11) DEFAULT NULL,
  `multicurrency_code` varchar(3) COLLATE utf8_unicode_ci DEFAULT NULL,
  `multicurrency_subprice` double(24,8) DEFAULT '0.00000000',
  `multicurrency_subprice_ttc` double(24,8) DEFAULT '0.00000000',
  `multicurrency_total_ht` double(24,8) DEFAULT '0.00000000',
  `multicurrency_total_tva` double(24,8) DEFAULT '0.00000000',
  `multicurrency_total_ttc` double(24,8) DEFAULT '0.00000000',
  PRIMARY KEY (`rowid`),
  KEY `idx_commandedet_fk_commande` (`fk_commande`),
  KEY `idx_commandedet_fk_product` (`fk_product`),
  KEY `fk_commandedet_fk_unit` (`fk_unit`),
  KEY `fk_commandedet_fk_commandefourndet` (`fk_commandefourndet`)
) ENGINE=InnoDB AUTO_INCREMENT=31 DEFAULT CHARSET=utf8 COLLATE=utf8_unicode_ci;

--
-- Déchargement des données de la table `llx_commandedet`
--

INSERT INTO `llx_commandedet` (`rowid`, `fk_commande`, `fk_parent_line`, `fk_product`, `label`, `description`, `vat_src_code`, `tva_tx`, `localtax1_tx`, `localtax1_type`, `localtax2_tx`, `localtax2_type`, `qty`, `remise_percent`, `remise`, `fk_remise_except`, `price`, `subprice`, `subprice_ttc`, `total_ht`, `total_tva`, `total_localtax1`, `total_localtax2`, `total_ttc`, `product_type`, `date_start`, `date_end`, `info_bits`, `buy_price_ht`, `fk_product_fournisseur_price`, `special_code`, `rang`, `fk_unit`, `import_key`, `ref_ext`, `fk_commandefourndet`, `fk_multicurrency`, `multicurrency_code`, `multicurrency_subprice`, `multicurrency_subprice_ttc`, `multicurrency_total_ht`, `multicurrency_total_tva`, `multicurrency_total_ttc`) VALUES
(4, 4, NULL, 2464, NULL, '', '', 0.0000, 0.0000, '0', 0.0000, '0', 1, 0, 0, NULL, 0, 0.00000000, 0.00000000, 0.00000000, 0.00000000, 0.00000000, 0.00000000, 0.00000000, 0, NULL, NULL, 0, 0.00000000, NULL, 0, 1, 37, NULL, '', NULL, NULL, 'XOF', 0.00000000, 0.00000000, 0.00000000, 0.00000000, 0.00000000),
(5, 5, NULL, NULL, NULL, 'Maintenance des clim', '', 0.0000, 0.0000, '0', 0.0000, '0', 1, 0, 0, NULL, 0, 0.00000000, 0.00000000, 0.00000000, 0.00000000, 0.00000000, 0.00000000, 0.00000000, 1, NULL, NULL, 0, 0.00000000, NULL, 0, 1, 37, NULL, '', NULL, NULL, 'XOF', 0.00000000, 0.00000000, 0.00000000, 0.00000000, 0.00000000),
(6, 6, NULL, 1928, NULL, '', '', 0.0000, 0.0000, '0', 0.0000, '0', 5, 0, 0, NULL, NULL, 0.00000000, 0.00000000, 0.00000000, 0.00000000, 0.00000000, 0.00000000, 0.00000000, 0, NULL, NULL, 0, 0.00000000, NULL, 0, 1, 37, NULL, '', NULL, NULL, 'XOF', 0.00000000, 0.00000000, 0.00000000, 0.00000000, 0.00000000),
(7, 7, NULL, 2464, NULL, '', '', 0.0000, 0.0000, '0', 0.0000, '0', 2, 0, 0, NULL, 0, 0.00000000, 0.00000000, 0.00000000, 0.00000000, 0.00000000, 0.00000000, 0.00000000, 0, NULL, NULL, 0, 0.00000000, NULL, 0, 1, 37, NULL, '', NULL, NULL, 'XOF', 0.00000000, 0.00000000, 0.00000000, 0.00000000, 0.00000000),
(8, 7, NULL, 2482, NULL, '', '', 0.0000, 0.0000, '0', 0.0000, '0', 3, 0, 0, NULL, NULL, 0.00000000, 0.00000000, 0.00000000, 0.00000000, 0.00000000, 0.00000000, 0.00000000, 0, NULL, NULL, 0, 0.00000000, NULL, 0, 2, 37, NULL, '', NULL, NULL, 'XOF', 0.00000000, 0.00000000, 0.00000000, 0.00000000, 0.00000000),
(9, 8, NULL, 378, NULL, '', '', 0.0000, 0.0000, '0', 0.0000, '0', 5, 0, 0, NULL, NULL, 0.00000000, 0.00000000, 0.00000000, 0.00000000, 0.00000000, 0.00000000, 0.00000000, 0, NULL, NULL, 0, 0.00000000, NULL, 0, 1, 39, NULL, '', NULL, NULL, 'XOF', 0.00000000, 0.00000000, 0.00000000, 0.00000000, 0.00000000),
(10, 9, NULL, 488, NULL, '', '', 0.0000, 0.0000, '0', 0.0000, '0', 1, 0, 0, NULL, NULL, 0.00000000, 0.00000000, 0.00000000, 0.00000000, 0.00000000, 0.00000000, 0.00000000, 0, NULL, NULL, 0, 0.00000000, NULL, 0, 1, 37, NULL, '', NULL, NULL, 'XOF', 0.00000000, 0.00000000, 0.00000000, 0.00000000, 0.00000000),
(11, 10, NULL, 1895, NULL, '', '', 0.0000, 0.0000, '0', 0.0000, '0', 1, 0, 0, NULL, NULL, 0.00000000, 0.00000000, 0.00000000, 0.00000000, 0.00000000, 0.00000000, 0.00000000, 0, NULL, NULL, 0, 0.00000000, NULL, 0, 1, 37, NULL, '', NULL, NULL, 'XOF', 0.00000000, 0.00000000, 0.00000000, 0.00000000, 0.00000000),
(12, 11, NULL, 2464, NULL, '', '', 0.0000, 0.0000, '0', 0.0000, '0', 2, 0, 0, NULL, 0, 0.00000000, 0.00000000, 0.00000000, 0.00000000, 0.00000000, 0.00000000, 0.00000000, 0, NULL, NULL, 0, 0.00000000, NULL, 0, 1, 37, NULL, '', NULL, NULL, 'XOF', 0.00000000, 0.00000000, 0.00000000, 0.00000000, 0.00000000),
(13, 12, NULL, 2464, NULL, '', '', 0.0000, 0.0000, '0', 0.0000, '0', 1, 0, 0, NULL, 0, 0.00000000, 0.00000000, 0.00000000, 0.00000000, 0.00000000, 0.00000000, 0.00000000, 0, NULL, NULL, 0, 0.00000000, NULL, 0, 1, 37, NULL, '', NULL, NULL, 'XOF', 0.00000000, 0.00000000, 0.00000000, 0.00000000, 0.00000000),
(14, 13, NULL, 2503, NULL, '', '', 0.0000, 0.0000, '0', 0.0000, '0', 5, 0, 0, NULL, 0, 0.00000000, 0.00000000, 0.00000000, 0.00000000, 0.00000000, 0.00000000, 0.00000000, 0, NULL, NULL, 0, 0.00000000, NULL, 0, 1, NULL, NULL, '', NULL, NULL, 'XOF', 0.00000000, 0.00000000, 0.00000000, 0.00000000, 0.00000000),
(15, 14, NULL, 2464, NULL, '', '', 0.0000, 0.0000, '0', 0.0000, '0', 10, 0, 0, NULL, 0, 0.00000000, 0.00000000, 0.00000000, 0.00000000, 0.00000000, 0.00000000, 0.00000000, 0, NULL, NULL, 0, 0.00000000, NULL, 0, 1, 37, NULL, '', NULL, NULL, 'XOF', 0.00000000, 0.00000000, 0.00000000, 0.00000000, 0.00000000),
(16, 15, NULL, 378, NULL, '', '', 0.0000, 0.0000, '0', 0.0000, '0', 2, 0, 0, NULL, NULL, 0.00000000, 0.00000000, 0.00000000, 0.00000000, 0.00000000, 0.00000000, 0.00000000, 0, NULL, NULL, 0, 0.00000000, NULL, 0, 1, 39, NULL, '', NULL, NULL, 'XOF', 0.00000000, 0.00000000, 0.00000000, 0.00000000, 0.00000000),
(21, 17, NULL, NULL, NULL, 'travaux menuisierie', '', 0.0000, 0.0000, '0', 0.0000, '0', 1, 0, 0, NULL, 0, 0.00000000, 0.00000000, 0.00000000, 0.00000000, 0.00000000, 0.00000000, 0.00000000, 1, NULL, NULL, 0, 0.00000000, NULL, 0, 1, 37, NULL, '', NULL, NULL, 'XOF', 0.00000000, 0.00000000, 0.00000000, 0.00000000, 0.00000000),
(22, 18, NULL, 2910, NULL, '', '', 0.0000, 0.0000, '0', 0.0000, '0', 1, 0, 0, NULL, 0, 0.00000000, 0.00000000, 0.00000000, 0.00000000, 0.00000000, 0.00000000, 0.00000000, 1, NULL, NULL, 0, 0.00000000, NULL, 0, 1, NULL, NULL, '', NULL, NULL, 'XOF', 0.00000000, 0.00000000, 0.00000000, 0.00000000, 0.00000000),
(23, 19, NULL, 378, NULL, '', '', 0.0000, 0.0000, '0', 0.0000, '0', 5, 0, 0, NULL, NULL, 0.00000000, 0.00000000, 0.00000000, 0.00000000, 0.00000000, 0.00000000, 0.00000000, 0, NULL, NULL, 0, 0.00000000, NULL, 0, 1, 39, NULL, '', NULL, NULL, 'XOF', 0.00000000, 0.00000000, 0.00000000, 0.00000000, 0.00000000),
(24, 20, NULL, 378, NULL, '', '', 0.0000, 0.0000, '0', 0.0000, '0', 3, 0, 0, NULL, NULL, 0.00000000, 0.00000000, 0.00000000, 0.00000000, 0.00000000, 0.00000000, 0.00000000, 0, NULL, NULL, 0, 0.00000000, NULL, 0, 1, 39, NULL, '', NULL, NULL, 'XOF', 0.00000000, 0.00000000, 0.00000000, 0.00000000, 0.00000000),
(25, 21, NULL, 2466, NULL, '', '', 0.0000, 0.0000, '0', 0.0000, '0', 1, 0, 0, NULL, 0, 0.00000000, 0.00000000, 0.00000000, 0.00000000, 0.00000000, 0.00000000, 0.00000000, 0, NULL, NULL, 0, 0.00000000, NULL, 0, 1, 37, NULL, '', NULL, NULL, 'XOF', 0.00000000, 0.00000000, 0.00000000, 0.00000000, 0.00000000),
(26, 22, NULL, NULL, NULL, 'IMPRIMANTE HP 7580 ANNEE 2025', '', 0.0000, 0.0000, '0', 0.0000, '0', 1, 0, 0, NULL, 0, 0.00000000, 0.00000000, 0.00000000, 0.00000000, 0.00000000, 0.00000000, 0.00000000, 0, NULL, NULL, 0, 0.00000000, NULL, 0, 1, 37, NULL, '', NULL, NULL, 'XOF', 0.00000000, 0.00000000, 0.00000000, 0.00000000, 0.00000000),
(27, 23, NULL, 1899, NULL, '', '', 0.0000, 0.0000, '0', 0.0000, '0', 10, 0, 0, NULL, NULL, 0.00000000, 0.00000000, 0.00000000, 0.00000000, 0.00000000, 0.00000000, 0.00000000, 0, NULL, NULL, 0, 0.00000000, NULL, 0, 1, 37, NULL, '', NULL, NULL, 'XOF', 0.00000000, 0.00000000, 0.00000000, 0.00000000, 0.00000000),
(28, 24, NULL, 2910, NULL, '', '', 0.0000, 0.0000, '0', 0.0000, '0', 1, 0, 0, NULL, 0, 0.00000000, 0.00000000, 0.00000000, 0.00000000, 0.00000000, 0.00000000, 0.00000000, 1, NULL, NULL, 0, 0.00000000, NULL, 0, 1, NULL, NULL, '', NULL, NULL, 'XOF', 0.00000000, 0.00000000, 0.00000000, 0.00000000, 0.00000000),
(29, 25, NULL, 2910, NULL, '', '', 0.0000, 0.0000, '0', 0.0000, '0', 1, 0, 0, NULL, 0, 0.00000000, 0.00000000, 0.00000000, 0.00000000, 0.00000000, 0.00000000, 0.00000000, 1, NULL, NULL, 0, 0.00000000, NULL, 0, 1, NULL, NULL, '', NULL, NULL, 'XOF', 0.00000000, 0.00000000, 0.00000000, 0.00000000, 0.00000000),
(30, 26, NULL, NULL, NULL, 'REPARATION', '', 0.0000, 0.0000, '0', 0.0000, '0', 1, 0, 0, NULL, 0, 0.00000000, 0.00000000, 0.00000000, 0.00000000, 0.00000000, 0.00000000, 0.00000000, 1, NULL, NULL, 0, 0.00000000, NULL, 0, 1, 37, NULL, '', NULL, NULL, 'XOF', 0.00000000, 0.00000000, 0.00000000, 0.00000000, 0.00000000);

-- --------------------------------------------------------

--
-- Structure de la table `llx_commandedet_extrafields`
--

